[INFO] cloning repository https://github.com/acmumn/thetis
[INFO] running `Command { std: "git" "-c" "credential.helper=" "-c" "credential.helper=/workspace/cargo-home/bin/git-credential-null" "clone" "--bare" "https://github.com/acmumn/thetis" "/workspace/cache/git-repos/https%3A%2F%2Fgithub.com%2Facmumn%2Fthetis", kill_on_drop: false }`
[INFO] [stderr] Cloning into bare repository '/workspace/cache/git-repos/https%3A%2F%2Fgithub.com%2Facmumn%2Fthetis'...
[INFO] running `Command { std: "git" "rev-parse" "HEAD", kill_on_drop: false }`
[INFO] [stdout] f1cb7efd4f4950e618c959f6e7a6908f43bff891
[INFO] documenting acmumn/thetis against 1.75.0 for beta-1.76-rustdoc-1
[INFO] running `Command { std: "git" "clone" "/workspace/cache/git-repos/https%3A%2F%2Fgithub.com%2Facmumn%2Fthetis" "/workspace/builds/worker-7-tc1/source", kill_on_drop: false }`
[INFO] [stderr] Cloning into '/workspace/builds/worker-7-tc1/source'...
[INFO] [stderr] done.
[INFO] validating manifest of git repo https://github.com/acmumn/thetis on toolchain 1.75.0
[INFO] running `Command { std: CARGO_HOME="/workspace/cargo-home" RUSTUP_HOME="/workspace/rustup-home" "/workspace/cargo-home/bin/cargo" "+1.75.0" "metadata" "--manifest-path" "Cargo.toml" "--no-deps", kill_on_drop: false }`
[INFO] started tweaking git repo https://github.com/acmumn/thetis
[INFO] finished tweaking git repo https://github.com/acmumn/thetis
[INFO] tweaked toml for git repo https://github.com/acmumn/thetis written to /workspace/builds/worker-7-tc1/source/Cargo.toml
[INFO] crate git repo https://github.com/acmumn/thetis already has a lockfile, it will not be regenerated
[INFO] running `Command { std: CARGO_HOME="/workspace/cargo-home" RUSTUP_HOME="/workspace/rustup-home" "/workspace/cargo-home/bin/cargo" "+1.75.0" "fetch" "--manifest-path" "Cargo.toml", kill_on_drop: false }`
[INFO] [stderr]     Updating crates.io index
[INFO] [stderr]  Downloading crates ...
[INFO] [stderr]   Downloaded tokio v0.1.8
[INFO] [stderr]   Downloaded tokio-io v0.1.8
[INFO] [stderr]   Downloaded tokio-executor v0.1.4
[INFO] [stderr]   Downloaded proc-macro2 v0.4.18
[INFO] [stderr]   Downloaded pest_derive v1.0.8
[INFO] [stderr]   Downloaded structopt-derive v0.2.10
[INFO] [stderr]   Downloaded string_cache_codegen v0.4.1
[INFO] [stderr]   Downloaded diff v0.1.11
[INFO] [stderr]   Downloaded syslog v4.0.1
[INFO] [stderr]   Downloaded string_cache v0.7.3
[INFO] [stderr]   Downloaded serde_json v1.0.28
[INFO] [stderr]   Downloaded mime v0.3.9
[INFO] [stderr]   Downloaded tokio-current-thread v0.1.1
[INFO] [stderr]   Downloaded lettre v0.8.2
[INFO] [stderr]   Downloaded frunk_core v0.2.0
[INFO] [stderr]   Downloaded tokio-timer v0.2.6
[INFO] [stderr]   Downloaded syn v0.15.1
[INFO] [stderr]   Downloaded http v0.1.12
[INFO] [stderr]   Downloaded diesel v1.3.3
[INFO] [stderr]   Downloaded regex v1.0.5
[INFO] [stderr]   Downloaded hyper v0.12.9
[INFO] [stderr]   Downloaded tera v0.11.16
[INFO] [stderr]   Downloaded tungstenite v0.6.0
[INFO] [stderr]   Downloaded docopt v0.8.3
[INFO] [stderr]   Downloaded warp v0.1.3
[INFO] [stderr]   Downloaded tokio-threadpool v0.1.6
[INFO] [stderr]   Downloaded lettre_email v0.8.2
[INFO] [stderr]   Downloaded bit-set v0.5.0
[INFO] [stderr]   Downloaded jsonwebtoken v5.0.1
[INFO] [stderr]   Downloaded tokio-reactor v0.1.5
[INFO] [stderr]   Downloaded bit-vec v0.5.0
[INFO] [stderr]   Downloaded structopt v0.2.10
[INFO] [stderr]   Downloaded digest v0.7.5
[INFO] [stderr]   Downloaded fall v0.1.2
[INFO] [stderr]   Downloaded ena v0.9.3
[INFO] [stderr]   Downloaded frunk_derives v0.2.0
[INFO] [stderr]   Downloaded lalrpop-util v0.16.0
[INFO] [stderr]   Downloaded frunk v0.2.0
[INFO] [stderr]   Downloaded lalrpop v0.16.0
[INFO] [stderr]   Downloaded lalrpop-snap v0.16.0
[INFO] running `Command { std: "docker" "create" "-v" "/var/lib/crater-agent-workspace/builds/worker-7-tc1/target:/opt/rustwide/target:rw,Z" "-v" "/var/lib/crater-agent-workspace/builds/worker-7-tc1/source:/opt/rustwide/workdir:ro,Z" "-v" "/var/lib/crater-agent-workspace/cargo-home:/opt/rustwide/cargo-home:ro,Z" "-v" "/var/lib/crater-agent-workspace/rustup-home:/opt/rustwide/rustup-home:ro,Z" "-e" "SOURCE_DIR=/opt/rustwide/workdir" "-e" "CARGO_TARGET_DIR=/opt/rustwide/target" "-e" "CARGO_HOME=/opt/rustwide/cargo-home" "-e" "RUSTUP_HOME=/opt/rustwide/rustup-home" "-w" "/opt/rustwide/workdir" "-m" "1610612736" "--user" "0:0" "--network" "none" "ghcr.io/rust-lang/crates-build-env/linux@sha256:2788e3201cd34a07e3172128adcd8b3090168a8e3bcc40d7c032b9dda1df7d1c" "/opt/rustwide/cargo-home/bin/cargo" "+1.75.0" "metadata" "--no-deps" "--format-version=1", kill_on_drop: false }`
[INFO] [stdout] e598165449cad8473231fb8c165034f68e2c9eaaed33821eeeaa35c02daaacdb
[INFO] running `Command { std: "docker" "start" "-a" "e598165449cad8473231fb8c165034f68e2c9eaaed33821eeeaa35c02daaacdb", kill_on_drop: false }`
[INFO] running `Command { std: "docker" "inspect" "e598165449cad8473231fb8c165034f68e2c9eaaed33821eeeaa35c02daaacdb", kill_on_drop: false }`
[INFO] running `Command { std: "docker" "rm" "-f" "e598165449cad8473231fb8c165034f68e2c9eaaed33821eeeaa35c02daaacdb", kill_on_drop: false }`
[INFO] [stdout] e598165449cad8473231fb8c165034f68e2c9eaaed33821eeeaa35c02daaacdb
[INFO] running `Command { std: "docker" "create" "-v" "/var/lib/crater-agent-workspace/builds/worker-7-tc1/target:/opt/rustwide/target:rw,Z" "-v" "/var/lib/crater-agent-workspace/builds/worker-7-tc1/source:/opt/rustwide/workdir:ro,Z" "-v" "/var/lib/crater-agent-workspace/cargo-home:/opt/rustwide/cargo-home:ro,Z" "-v" "/var/lib/crater-agent-workspace/rustup-home:/opt/rustwide/rustup-home:ro,Z" "-e" "SOURCE_DIR=/opt/rustwide/workdir" "-e" "CARGO_TARGET_DIR=/opt/rustwide/target" "-e" "CARGO_INCREMENTAL=0" "-e" "RUST_BACKTRACE=full" "-e" "RUSTFLAGS=--cap-lints=warn" "-e" "RUSTDOCFLAGS=--cap-lints=warn" "-e" "CARGO_HOME=/opt/rustwide/cargo-home" "-e" "RUSTUP_HOME=/opt/rustwide/rustup-home" "-w" "/opt/rustwide/workdir" "-m" "1610612736" "--user" "0:0" "--network" "none" "ghcr.io/rust-lang/crates-build-env/linux@sha256:2788e3201cd34a07e3172128adcd8b3090168a8e3bcc40d7c032b9dda1df7d1c" "/opt/rustwide/cargo-home/bin/cargo" "+1.75.0" "doc" "--frozen" "--no-deps" "--document-private-items" "--message-format=json", kill_on_drop: false }`
[INFO] [stdout] 9b256175a9276a91a16cedb535761390c2888c4c7bf204050a2e553c7e3e71b3
[INFO] running `Command { std: "docker" "start" "-a" "9b256175a9276a91a16cedb535761390c2888c4c7bf204050a2e553c7e3e71b3", kill_on_drop: false }`
[INFO] [stderr]    Compiling version_check v0.1.4
[INFO] [stderr]     Checking libc v0.2.43
[INFO] [stderr]    Compiling unicode-xid v0.1.0
[INFO] [stderr]     Checking cfg-if v0.1.5
[INFO] [stderr]    Compiling cc v1.0.23
[INFO] [stderr]     Checking byteorder v1.2.6
[INFO] [stderr]    Compiling proc-macro2 v0.4.18
[INFO] [stderr]    Compiling serde v1.0.79
[INFO] [stderr]    Compiling typenum v1.10.0
[INFO] [stderr]    Compiling siphasher v0.2.3
[INFO] [stderr]    Compiling rand_core v0.2.1
[INFO] [stderr]     Checking futures v0.1.24
[INFO] [stderr]    Compiling pkg-config v0.3.14
[INFO] [stderr]     Checking itoa v0.4.3
[INFO] [stderr]     Checking log v0.4.5
[INFO] [stderr]    Compiling proc-macro2 v0.3.8
[INFO] [stderr]     Checking scopeguard v0.3.3
[INFO] [stderr]    Compiling ucd-util v0.1.1
[INFO] [stderr]     Checking crossbeam-utils v0.5.0
[INFO] [stderr]    Compiling regex v1.0.5
[INFO] [stderr]     Checking slab v0.4.1
[INFO] [stderr]    Compiling ryu v0.2.6
[INFO] [stderr]     Checking void v1.0.2
[INFO] [stderr]    Compiling lazy_static v1.1.0
[INFO] [stderr]    Compiling unicase v1.4.2
[INFO] [stderr]    Compiling string_cache_shared v0.3.0
[INFO] [stderr]     Checking unreachable v1.0.0
[INFO] [stderr]     Checking stable_deref_trait v1.1.1
[INFO] [stderr]    Compiling utf8-ranges v1.0.1
[INFO] [stderr]     Checking matches v0.1.8
[INFO] [stderr]     Checking owning_ref v0.3.3
[INFO] [stderr]     Checking unicode-bidi v0.3.4
[INFO] [stderr]     Checking iovec v0.1.2
[INFO] [stderr]    Compiling rand v0.5.5
[INFO] [stderr]    Compiling quote v0.5.2
[INFO] [stderr]    Compiling memchr v2.0.2
[INFO] [stderr]     Checking bytes v0.4.10
[INFO] [stderr]    Compiling aho-corasick v0.6.8
[INFO] [stderr]     Checking num_cpus v1.8.0
[INFO] [stderr]    Compiling thread_local v0.3.6
[INFO] [stderr]     Checking net2 v0.2.33
[INFO] [stderr]    Compiling phf_shared v0.7.23
[INFO] [stderr]     Checking time v0.1.40
[INFO] [stderr]    Compiling quote v0.6.8
[INFO] [stderr]     Checking smallvec v0.6.5
[INFO] [stderr]     Checking rustc-demangle v0.1.9
[INFO] [stderr]     Checking lazycell v1.0.0
[INFO] [stderr]     Checking unicode-normalization v0.1.7
[INFO] [stderr]    Compiling new_debug_unreachable v1.0.1
[INFO] [stderr]     Checking mio v0.6.16
[INFO] [stderr]     Checking lock_api v0.1.3
[INFO] [stderr]    Compiling syn v0.15.1
[INFO] [stderr]    Compiling regex-syntax v0.6.2
[INFO] [stderr]    Compiling term v0.4.6
[INFO] [stderr]    Compiling fixedbitset v0.1.9
[INFO] [stderr]    Compiling backtrace-sys v0.1.24
[INFO] [stderr]    Compiling num-traits v0.2.5
[INFO] [stderr]    Compiling precomputed-hash v0.1.1
[INFO] [stderr]    Compiling ordermap v0.3.5
[INFO] [stderr]     Checking nodrop v0.1.12
[INFO] [stderr]     Checking tokio-executor v0.1.4
[INFO] [stderr]     Checking tokio-io v0.1.8
[INFO] [stderr]    Compiling either v1.5.0
[INFO] [stderr]    Compiling bit-vec v0.5.0
[INFO] [stderr]     Checking encoding_index_tests v0.1.4
[INFO] [stderr]     Checking generic-array v0.9.0
[INFO] [stderr]     Checking percent-encoding v1.0.1
[INFO] [stderr]     Checking parking_lot_core v0.3.0
[INFO] [stderr]    Compiling bit-set v0.5.0
[INFO] [stderr]    Compiling itertools v0.7.8
[INFO] [stderr]    Compiling phf_generator v0.7.23
[INFO] [stderr]    Compiling ascii-canvas v1.0.0
[INFO] [stderr]    Compiling petgraph v0.4.13
[INFO] [stderr]     Checking arrayvec v0.4.7
[INFO] [stderr]     Checking digest v0.7.5
[INFO] [stderr]    Compiling string_cache_codegen v0.4.1
[INFO] [stderr]    Compiling openssl-sys v0.9.35
[INFO] [stderr]     Checking parking_lot v0.6.4
[INFO] [stderr]    Compiling ena v0.9.3
[INFO] [stderr]    Compiling syn v0.14.9
[INFO] [stderr]    Compiling atty v0.2.11
[INFO] [stderr]     Checking safemem v0.2.0
[INFO] [stderr]    Compiling regex-syntax v0.4.2
[INFO] [stderr]    Compiling diff v0.1.11
[INFO] [stderr]    Compiling regex v0.2.11
[INFO] [stderr]     Checking arrayref v0.3.5
[INFO] [stderr]    Compiling lalrpop-util v0.16.0
[INFO] [stderr]    Compiling string_cache v0.7.3
[INFO] [stderr]    Compiling num-integer v0.1.39
[INFO] [stderr]     Checking byte-tools v0.2.0
[INFO] [stderr]     Checking idna v0.1.5
[INFO] [stderr]     Checking memoffset v0.2.1
[INFO] [stderr]     Checking block-buffer v0.3.3
[INFO] [stderr]     Checking crossbeam-epoch v0.5.2
[INFO] [stderr]     Checking backtrace v0.3.9
[INFO] [stderr]     Checking base64 v0.9.2
[INFO] [stderr] The following warnings were emitted during compilation:
[INFO] [stderr] 
[INFO] [stderr] warning: openssl-sys@0.9.35: /opt/rustwide/target/debug/build/openssl-sys-4a278c7947f67d7f/out/expando.c:4:24: error: pasting "RUST_VERSION_OPENSSL_" and "(" does not give a valid preprocessing token
[INFO] [stderr] warning: openssl-sys@0.9.35:     4 | #define VERSION2(n, v) RUST_VERSION_ ## n ## _ ## v
[INFO] [stderr] warning: openssl-sys@0.9.35:       |                        ^~~~~~~~~~~~~
[INFO] [stderr] warning: openssl-sys@0.9.35: /opt/rustwide/target/debug/build/openssl-sys-4a278c7947f67d7f/out/expando.c:5:23: note: in expansion of macro 'VERSION2'
[INFO] [stderr] warning: openssl-sys@0.9.35:     5 | #define VERSION(n, v) VERSION2(n, v)
[INFO] [stderr] warning: openssl-sys@0.9.35:       |                       ^~~~~~~~
[INFO] [stderr] warning: openssl-sys@0.9.35: /opt/rustwide/target/debug/build/openssl-sys-4a278c7947f67d7f/out/expando.c:7:1: note: in expansion of macro 'VERSION'
[INFO] [stderr] warning: openssl-sys@0.9.35:     7 | VERSION(OPENSSL, OPENSSL_VERSION_NUMBER)
[INFO] [stderr] warning: openssl-sys@0.9.35:       | ^~~~~~~
[INFO] [stderr] 
[INFO] [stderr] error: failed to run custom build command for `openssl-sys v0.9.35`
[INFO] [stderr] note: To improve backtraces for build dependencies, set the CARGO_PROFILE_DEV_BUILD_OVERRIDE_DEBUG=true environment variable to enable debug information generation.
[INFO] [stderr] 
[INFO] [stderr] Caused by:
[INFO] [stderr]   process didn't exit successfully: `/opt/rustwide/target/debug/build/openssl-sys-ba81151c2202c62a/build-script-main` (exit status: 101)
[INFO] [stderr]   --- stdout
[INFO] [stderr]   cargo:rerun-if-env-changed=X86_64_UNKNOWN_LINUX_GNU_OPENSSL_LIB_DIR
[INFO] [stderr]   cargo:rerun-if-env-changed=OPENSSL_LIB_DIR
[INFO] [stderr]   cargo:rerun-if-env-changed=X86_64_UNKNOWN_LINUX_GNU_OPENSSL_INCLUDE_DIR
[INFO] [stderr]   cargo:rerun-if-env-changed=OPENSSL_INCLUDE_DIR
[INFO] [stderr]   cargo:rerun-if-env-changed=X86_64_UNKNOWN_LINUX_GNU_OPENSSL_DIR
[INFO] [stderr]   cargo:rerun-if-env-changed=OPENSSL_DIR
[INFO] [stderr]   cargo:rustc-link-lib=ssl
[INFO] [stderr]   cargo:rustc-link-lib=crypto
[INFO] [stderr]   OPT_LEVEL = Some("0")
[INFO] [stderr]   TARGET = Some("x86_64-unknown-linux-gnu")
[INFO] [stderr]   HOST = Some("x86_64-unknown-linux-gnu")
[INFO] [stderr]   TARGET = Some("x86_64-unknown-linux-gnu")
[INFO] [stderr]   TARGET = Some("x86_64-unknown-linux-gnu")
[INFO] [stderr]   HOST = Some("x86_64-unknown-linux-gnu")
[INFO] [stderr]   CC_x86_64-unknown-linux-gnu = None
[INFO] [stderr]   CC_x86_64_unknown_linux_gnu = None
[INFO] [stderr]   HOST_CC = None
[INFO] [stderr]   CC = None
[INFO] [stderr]   HOST = Some("x86_64-unknown-linux-gnu")
[INFO] [stderr]   TARGET = Some("x86_64-unknown-linux-gnu")
[INFO] [stderr]   HOST = Some("x86_64-unknown-linux-gnu")
[INFO] [stderr]   CFLAGS_x86_64-unknown-linux-gnu = None
[INFO] [stderr]   CFLAGS_x86_64_unknown_linux_gnu = None
[INFO] [stderr]   HOST_CFLAGS = None
[INFO] [stderr]   CFLAGS = None
[INFO] [stderr]   DEBUG = Some("true")
[INFO] [stderr]   TARGET = Some("x86_64-unknown-linux-gnu")
[INFO] [stderr]   HOST = Some("x86_64-unknown-linux-gnu")
[INFO] [stderr]   CFLAGS_x86_64-unknown-linux-gnu = None
[INFO] [stderr]   CFLAGS_x86_64_unknown_linux_gnu = None
[INFO] [stderr]   HOST_CFLAGS = None
[INFO] [stderr]   CFLAGS = None
[INFO] [stderr]   TARGET = Some("x86_64-unknown-linux-gnu")
[INFO] [stderr]   HOST = Some("x86_64-unknown-linux-gnu")
[INFO] [stderr]   CFLAGS_x86_64-unknown-linux-gnu = None
[INFO] [stderr]   CFLAGS_x86_64_unknown_linux_gnu = None
[INFO] [stderr]   HOST_CFLAGS = None
[INFO] [stderr]   CFLAGS = None
[INFO] [stderr]   running: "cc" "-O0" "-ffunction-sections" "-fdata-sections" "-fPIC" "-g" "-fno-omit-frame-pointer" "-m64" "-Wall" "-Wextra" "-E" "/opt/rustwide/target/debug/build/openssl-sys-4a278c7947f67d7f/out/expando.c"
[INFO] [stderr]   cargo:warning=/opt/rustwide/target/debug/build/openssl-sys-4a278c7947f67d7f/out/expando.c:4:24: error: pasting "RUST_VERSION_OPENSSL_" and "(" does not give a valid preprocessing token
[INFO] [stderr]   cargo:warning=    4 | #define VERSION2(n, v) RUST_VERSION_ ## n ## _ ## v
[INFO] [stderr]   cargo:warning=      |                        ^~~~~~~~~~~~~
[INFO] [stderr]   cargo:warning=/opt/rustwide/target/debug/build/openssl-sys-4a278c7947f67d7f/out/expando.c:5:23: note: in expansion of macro 'VERSION2'
[INFO] [stderr]   cargo:warning=    5 | #define VERSION(n, v) VERSION2(n, v)
[INFO] [stderr]   cargo:warning=      |                       ^~~~~~~~
[INFO] [stderr]   cargo:warning=/opt/rustwide/target/debug/build/openssl-sys-4a278c7947f67d7f/out/expando.c:7:1: note: in expansion of macro 'VERSION'
[INFO] [stderr]   cargo:warning=    7 | VERSION(OPENSSL, OPENSSL_VERSION_NUMBER)
[INFO] [stderr]   cargo:warning=      | ^~~~~~~
[INFO] [stderr]   exit status: 1
[INFO] [stderr] 
[INFO] [stderr]   --- stderr
[INFO] [stderr]   thread 'main' panicked at /opt/rustwide/cargo-home/registry/src/index.crates.io-6f17d22bba15001f/openssl-sys-0.9.35/build/main.rs:428:13:
[INFO] [stderr] 
[INFO] [stderr]   Header expansion error:
[INFO] [stderr]   Error { kind: ToolExecError, message: "Command \"cc\" \"-O0\" \"-ffunction-sections\" \"-fdata-sections\" \"-fPIC\" \"-g\" \"-fno-omit-frame-pointer\" \"-m64\" \"-Wall\" \"-Wextra\" \"-E\" \"/opt/rustwide/target/debug/build/openssl-sys-4a278c7947f67d7f/out/expando.c\" with args \"cc\" did not execute successfully (status code exit status: 1)." }
[INFO] [stderr] 
[INFO] [stderr]   Failed to find OpenSSL development headers.
[INFO] [stderr] 
[INFO] [stderr]   You can try fixing this setting the `OPENSSL_DIR` environment variable
[INFO] [stderr]   pointing to your OpenSSL installation or installing OpenSSL headers package
[INFO] [stderr]   specific to your distribution:
[INFO] [stderr] 
[INFO] [stderr]       # On Ubuntu
[INFO] [stderr]       sudo apt-get install libssl-dev
[INFO] [stderr]       # On Arch Linux
[INFO] [stderr]       sudo pacman -S openssl
[INFO] [stderr]       # On Fedora
[INFO] [stderr]       sudo dnf install openssl-devel
[INFO] [stderr] 
[INFO] [stderr]   See rust-openssl README for more information:
[INFO] [stderr] 
[INFO] [stderr]       https://github.com/sfackler/rust-openssl#linux
[INFO] [stderr] 
[INFO] [stderr]   stack backtrace:
[INFO] [stderr]      0:     0x55a6fdc601cc - std::backtrace_rs::backtrace::libunwind::trace::ha637c64ce894333a
[INFO] [stderr]                                  at /rustc/82e1608dfa6e0b5569232559e3d385fea5a93112/library/std/src/../../backtrace/src/backtrace/libunwind.rs:104:5
[INFO] [stderr]      1:     0x55a6fdc601cc - std::backtrace_rs::backtrace::trace_unsynchronized::h47f62dea28e0c88d
[INFO] [stderr]                                  at /rustc/82e1608dfa6e0b5569232559e3d385fea5a93112/library/std/src/../../backtrace/src/backtrace/mod.rs:66:5
[INFO] [stderr]      2:     0x55a6fdc601cc - std::sys_common::backtrace::_print_fmt::h9eef0abe20ede486
[INFO] [stderr]                                  at /rustc/82e1608dfa6e0b5569232559e3d385fea5a93112/library/std/src/sys_common/backtrace.rs:67:5
[INFO] [stderr]      3:     0x55a6fdc601cc - <std::sys_common::backtrace::_print::DisplayBacktrace as core::fmt::Display>::fmt::hed7f999df88cc644
[INFO] [stderr]                                  at /rustc/82e1608dfa6e0b5569232559e3d385fea5a93112/library/std/src/sys_common/backtrace.rs:44:22
[INFO] [stderr]      4:     0x55a6fdc86300 - core::fmt::rt::Argument::fmt::h1539a9308b8d058d
[INFO] [stderr]                                  at /rustc/82e1608dfa6e0b5569232559e3d385fea5a93112/library/core/src/fmt/rt.rs:142:9
[INFO] [stderr]      5:     0x55a6fdc86300 - core::fmt::write::h3a39390d8560d9c9
[INFO] [stderr]                                  at /rustc/82e1608dfa6e0b5569232559e3d385fea5a93112/library/core/src/fmt/mod.rs:1120:17
[INFO] [stderr]      6:     0x55a6fdc5db0f - std::io::Write::write_fmt::h5fc9997dfe05f882
[INFO] [stderr]                                  at /rustc/82e1608dfa6e0b5569232559e3d385fea5a93112/library/std/src/io/mod.rs:1762:15
[INFO] [stderr]      7:     0x55a6fdc5ffb4 - std::sys_common::backtrace::_print::h894006fb5c6f3d45
[INFO] [stderr]                                  at /rustc/82e1608dfa6e0b5569232559e3d385fea5a93112/library/std/src/sys_common/backtrace.rs:47:5
[INFO] [stderr]      8:     0x55a6fdc5ffb4 - std::sys_common::backtrace::print::h23a2d212c6fff936
[INFO] [stderr]                                  at /rustc/82e1608dfa6e0b5569232559e3d385fea5a93112/library/std/src/sys_common/backtrace.rs:34:9
[INFO] [stderr]      9:     0x55a6fdc617c7 - std::panicking::default_hook::{{closure}}::h8a1d2ee00185001a
[INFO] [stderr]     10:     0x55a6fdc6152f - std::panicking::default_hook::h6038f2eba384e475
[INFO] [stderr]                                  at /rustc/82e1608dfa6e0b5569232559e3d385fea5a93112/library/std/src/panicking.rs:292:9
[INFO] [stderr]     11:     0x55a6fdc61c48 - std::panicking::rust_panic_with_hook::h2b5517d590cab22e
[INFO] [stderr]                                  at /rustc/82e1608dfa6e0b5569232559e3d385fea5a93112/library/std/src/panicking.rs:779:13
[INFO] [stderr]     12:     0x55a6fdc61b2e - std::panicking::begin_panic_handler::{{closure}}::h233112c06e0ef43e
[INFO] [stderr]                                  at /rustc/82e1608dfa6e0b5569232559e3d385fea5a93112/library/std/src/panicking.rs:657:13
[INFO] [stderr]     13:     0x55a6fdc60696 - std::sys_common::backtrace::__rust_end_short_backtrace::h6e893f24d7ebbff8
[INFO] [stderr]                                  at /rustc/82e1608dfa6e0b5569232559e3d385fea5a93112/library/std/src/sys_common/backtrace.rs:170:18
[INFO] [stderr]     14:     0x55a6fdc61892 - rust_begin_unwind
[INFO] [stderr]                                  at /rustc/82e1608dfa6e0b5569232559e3d385fea5a93112/library/std/src/panicking.rs:645:5
[INFO] [stderr]     15:     0x55a6fdbe2685 - core::panicking::panic_fmt::hbf0e066aabfa482c
[INFO] [stderr]                                  at /rustc/82e1608dfa6e0b5569232559e3d385fea5a93112/library/core/src/panicking.rs:72:14
[INFO] [stderr]     16:     0x55a6fdbe9acf - build_script_main::validate_headers::hf290f0f2610ad0ca
[INFO] [stderr]     17:     0x55a6fdbef9af - build_script_main::imp::try_pkg_config::hca57d9cdecab277b
[INFO] [stderr]     18:     0x55a6fdbee874 - build_script_main::imp::find_openssl_dir::h4193bef0f12fb522
[INFO] [stderr]     19:     0x55a6fdbee712 - build_script_main::imp::get_openssl::{{closure}}::h0b9f7407ce6811f4
[INFO] [stderr]     20:     0x55a6fdbe4c39 - core::option::Option<T>::unwrap_or_else::h0674189fe5b964a1
[INFO] [stderr]     21:     0x55a6fdbee511 - build_script_main::imp::get_openssl::hac0ddd22a4ce4f3e
[INFO] [stderr]     22:     0x55a6fdbe7620 - build_script_main::main::he78586d9aec46c3a
[INFO] [stderr]     23:     0x55a6fdbe3c53 - core::ops::function::FnOnce::call_once::h0418417d97372cd3
[INFO] [stderr]     24:     0x55a6fdbe3866 - std::sys_common::backtrace::__rust_begin_short_backtrace::hcc09bb32833a4d2e
[INFO] [stderr]     25:     0x55a6fdbeb579 - std::rt::lang_start::{{closure}}::h4eed1b93a2f93bf8
[INFO] [stderr]     26:     0x55a6fdc5a057 - core::ops::function::impls::<impl core::ops::function::FnOnce<A> for &F>::call_once::hd95060ecd5e1ca24
[INFO] [stderr]                                  at /rustc/82e1608dfa6e0b5569232559e3d385fea5a93112/library/core/src/ops/function.rs:284:13
[INFO] [stderr]     27:     0x55a6fdc5a057 - std::panicking::try::do_call::h6e8cf51db32a6e4b
[INFO] [stderr]                                  at /rustc/82e1608dfa6e0b5569232559e3d385fea5a93112/library/std/src/panicking.rs:552:40
[INFO] [stderr]     28:     0x55a6fdc5a057 - std::panicking::try::h3a52eefe24fe3c29
[INFO] [stderr]                                  at /rustc/82e1608dfa6e0b5569232559e3d385fea5a93112/library/std/src/panicking.rs:516:19
[INFO] [stderr]     29:     0x55a6fdc5a057 - std::panic::catch_unwind::h24c28c23c02c3841
[INFO] [stderr]                                  at /rustc/82e1608dfa6e0b5569232559e3d385fea5a93112/library/std/src/panic.rs:142:14
[INFO] [stderr]     30:     0x55a6fdc5a057 - std::rt::lang_start_internal::{{closure}}::h705d3c9cbc06ef47
[INFO] [stderr]                                  at /rustc/82e1608dfa6e0b5569232559e3d385fea5a93112/library/std/src/rt.rs:148:48
[INFO] [stderr]     31:     0x55a6fdc5a057 - std::panicking::try::do_call::ha21f52ba13158470
[INFO] [stderr]                                  at /rustc/82e1608dfa6e0b5569232559e3d385fea5a93112/library/std/src/panicking.rs:552:40
[INFO] [stderr]     32:     0x55a6fdc5a057 - std::panicking::try::h5581346bf6aeb1f8
[INFO] [stderr]                                  at /rustc/82e1608dfa6e0b5569232559e3d385fea5a93112/library/std/src/panicking.rs:516:19
[INFO] [stderr]     33:     0x55a6fdc5a057 - std::panic::catch_unwind::h7919645a6b72e25b
[INFO] [stderr]                                  at /rustc/82e1608dfa6e0b5569232559e3d385fea5a93112/library/std/src/panic.rs:142:14
[INFO] [stderr]     34:     0x55a6fdc5a057 - std::rt::lang_start_internal::h12de51168669836e
[INFO] [stderr]                                  at /rustc/82e1608dfa6e0b5569232559e3d385fea5a93112/library/std/src/rt.rs:148:20
[INFO] [stderr]     35:     0x55a6fdbeb557 - std::rt::lang_start::hd73efaf7b1976608
[INFO] [stderr]     36:     0x55a6fdbea9f5 - main
[INFO] [stderr]     37:     0x7f8be4c56d90 - <unknown>
[INFO] [stderr]     38:     0x7f8be4c56e40 - __libc_start_main
[INFO] [stderr]     39:     0x55a6fdbe2e95 - _start
[INFO] [stderr]     40:                0x0 - <unknown>
[INFO] [stderr] warning: build failed, waiting for other jobs to finish...
[INFO] running `Command { std: "docker" "inspect" "9b256175a9276a91a16cedb535761390c2888c4c7bf204050a2e553c7e3e71b3", kill_on_drop: false }`
[INFO] running `Command { std: "docker" "rm" "-f" "9b256175a9276a91a16cedb535761390c2888c4c7bf204050a2e553c7e3e71b3", kill_on_drop: false }`
[INFO] [stdout] 9b256175a9276a91a16cedb535761390c2888c4c7bf204050a2e553c7e3e71b3
