[INFO] cloning repository https://github.com/aclueless/rust-frontend-framework-comparision
[INFO] running `Command { std: "git" "-c" "credential.helper=" "-c" "credential.helper=/workspace/cargo-home/bin/git-credential-null" "clone" "--bare" "https://github.com/aclueless/rust-frontend-framework-comparision" "/workspace/cache/git-repos/https%3A%2F%2Fgithub.com%2Faclueless%2Frust-frontend-framework-comparision", kill_on_drop: false }`
[INFO] [stderr] Cloning into bare repository '/workspace/cache/git-repos/https%3A%2F%2Fgithub.com%2Faclueless%2Frust-frontend-framework-comparision'...
[INFO] running `Command { std: "git" "rev-parse" "HEAD", kill_on_drop: false }`
[INFO] [stdout] 61ba7d70ea46bba290676f824937f8e0b80e650f
[INFO] documenting aclueless/rust-frontend-framework-comparision against 1.75.0 for beta-1.76-rustdoc-1
[INFO] running `Command { std: "git" "clone" "/workspace/cache/git-repos/https%3A%2F%2Fgithub.com%2Faclueless%2Frust-frontend-framework-comparision" "/workspace/builds/worker-0-tc1/source", kill_on_drop: false }`
[INFO] [stderr] Cloning into '/workspace/builds/worker-0-tc1/source'...
[INFO] [stderr] done.
[INFO] validating manifest of git repo https://github.com/aclueless/rust-frontend-framework-comparision on toolchain 1.75.0
[INFO] running `Command { std: CARGO_HOME="/workspace/cargo-home" RUSTUP_HOME="/workspace/rustup-home" "/workspace/cargo-home/bin/cargo" "+1.75.0" "metadata" "--manifest-path" "Cargo.toml" "--no-deps", kill_on_drop: false }`
[INFO] started tweaking git repo https://github.com/aclueless/rust-frontend-framework-comparision
[INFO] finished tweaking git repo https://github.com/aclueless/rust-frontend-framework-comparision
[INFO] tweaked toml for git repo https://github.com/aclueless/rust-frontend-framework-comparision written to /workspace/builds/worker-0-tc1/source/Cargo.toml
[INFO] crate git repo https://github.com/aclueless/rust-frontend-framework-comparision already has a lockfile, it will not be regenerated
[INFO] running `Command { std: CARGO_HOME="/workspace/cargo-home" RUSTUP_HOME="/workspace/rustup-home" "/workspace/cargo-home/bin/cargo" "+1.75.0" "fetch" "--manifest-path" "Cargo.toml", kill_on_drop: false }`
[INFO] [stderr] warning: virtual workspace defaulting to `resolver = "1"` despite one or more workspace members being on edition 2021 which implies `resolver = "2"`
[INFO] [stderr] note: to keep the current resolver, specify `workspace.resolver = "1"` in the workspace root's manifest
[INFO] [stderr] note: to use the edition 2021 resolver, specify `workspace.resolver = "2"` in the workspace root's manifest
[INFO] [stderr] note: for more details see https://doc.rust-lang.org/cargo/reference/resolver.html#resolver-versions
[INFO] [stderr]     Updating crates.io index
[INFO] [stderr]     Updating git repository `https://github.com/sycamore-rs/sycamore.git`
[INFO] [stderr]     Updating git repository `https://github.com/yewstack/yew.git`
[INFO] [stderr]  Downloading crates ...
[INFO] [stderr]   Downloaded serde-wasm-bindgen v0.3.1
[INFO] [stderr]   Downloaded gloo-net v0.2.4
[INFO] [stderr]   Downloaded syn-rsx v0.9.0
[INFO] [stderr]   Downloaded implicit-clone v0.3.2
[INFO] [stderr]   Downloaded spair v0.0.9
[INFO] [stderr]   Downloaded futures-signals v0.3.31
[INFO] [stderr]   Downloaded gloo-history v0.1.0
[INFO] [stderr]   Downloaded prettyplease v0.1.19
[INFO] [stderr]   Downloaded leptos_core v0.0.17
[INFO] [stderr]   Downloaded leptos_dom v0.0.17
[INFO] [stderr]   Downloaded leptos_macro v0.0.17
[INFO] [stderr]   Downloaded leptos_reactive v0.0.17
[INFO] [stderr]   Downloaded leptos v0.0.17
[INFO] [stderr]   Downloaded leptos_server v0.0.17
[INFO] [stderr]   Downloaded dominator v0.5.30
[INFO] running `Command { std: "docker" "create" "-v" "/var/lib/crater-agent-workspace/builds/worker-0-tc1/target:/opt/rustwide/target:rw,Z" "-v" "/var/lib/crater-agent-workspace/builds/worker-0-tc1/source:/opt/rustwide/workdir:ro,Z" "-v" "/var/lib/crater-agent-workspace/cargo-home:/opt/rustwide/cargo-home:ro,Z" "-v" "/var/lib/crater-agent-workspace/rustup-home:/opt/rustwide/rustup-home:ro,Z" "-e" "SOURCE_DIR=/opt/rustwide/workdir" "-e" "CARGO_TARGET_DIR=/opt/rustwide/target" "-e" "CARGO_HOME=/opt/rustwide/cargo-home" "-e" "RUSTUP_HOME=/opt/rustwide/rustup-home" "-w" "/opt/rustwide/workdir" "-m" "1610612736" "--user" "0:0" "--network" "none" "ghcr.io/rust-lang/crates-build-env/linux@sha256:2788e3201cd34a07e3172128adcd8b3090168a8e3bcc40d7c032b9dda1df7d1c" "/opt/rustwide/cargo-home/bin/cargo" "+1.75.0" "metadata" "--no-deps" "--format-version=1", kill_on_drop: false }`
[INFO] [stdout] 9c25ac17c5a10c0871f2ab0d4b1928aff2efd00eb0d7394807cd13853b237058
[INFO] running `Command { std: "docker" "start" "-a" "9c25ac17c5a10c0871f2ab0d4b1928aff2efd00eb0d7394807cd13853b237058", kill_on_drop: false }`
[INFO] running `Command { std: "docker" "inspect" "9c25ac17c5a10c0871f2ab0d4b1928aff2efd00eb0d7394807cd13853b237058", kill_on_drop: false }`
[INFO] running `Command { std: "docker" "rm" "-f" "9c25ac17c5a10c0871f2ab0d4b1928aff2efd00eb0d7394807cd13853b237058", kill_on_drop: false }`
[INFO] [stdout] 9c25ac17c5a10c0871f2ab0d4b1928aff2efd00eb0d7394807cd13853b237058
[INFO] running `Command { std: "docker" "create" "-v" "/var/lib/crater-agent-workspace/builds/worker-0-tc1/target:/opt/rustwide/target:rw,Z" "-v" "/var/lib/crater-agent-workspace/builds/worker-0-tc1/source:/opt/rustwide/workdir:ro,Z" "-v" "/var/lib/crater-agent-workspace/cargo-home:/opt/rustwide/cargo-home:ro,Z" "-v" "/var/lib/crater-agent-workspace/rustup-home:/opt/rustwide/rustup-home:ro,Z" "-e" "SOURCE_DIR=/opt/rustwide/workdir" "-e" "CARGO_TARGET_DIR=/opt/rustwide/target" "-e" "CARGO_INCREMENTAL=0" "-e" "RUST_BACKTRACE=full" "-e" "RUSTFLAGS=--cap-lints=warn" "-e" "RUSTDOCFLAGS=--cap-lints=warn" "-e" "CARGO_HOME=/opt/rustwide/cargo-home" "-e" "RUSTUP_HOME=/opt/rustwide/rustup-home" "-w" "/opt/rustwide/workdir" "-m" "1610612736" "--user" "0:0" "--network" "none" "ghcr.io/rust-lang/crates-build-env/linux@sha256:2788e3201cd34a07e3172128adcd8b3090168a8e3bcc40d7c032b9dda1df7d1c" "/opt/rustwide/cargo-home/bin/cargo" "+1.75.0" "doc" "--frozen" "--no-deps" "--document-private-items" "--message-format=json", kill_on_drop: false }`
[INFO] [stdout] 4a24b1d0d089e8e34f01d1503e50286f835018835e90ed258e59e2315918971d
[INFO] running `Command { std: "docker" "start" "-a" "4a24b1d0d089e8e34f01d1503e50286f835018835e90ed258e59e2315918971d", kill_on_drop: false }`
[INFO] [stderr] warning: virtual workspace defaulting to `resolver = "1"` despite one or more workspace members being on edition 2021 which implies `resolver = "2"`
[INFO] [stderr] note: to keep the current resolver, specify `workspace.resolver = "1"` in the workspace root's manifest
[INFO] [stderr] note: to use the edition 2021 resolver, specify `workspace.resolver = "2"` in the workspace root's manifest
[INFO] [stderr] note: for more details see https://doc.rust-lang.org/cargo/reference/resolver.html#resolver-versions
[INFO] [stderr]    Compiling unicode-ident v1.0.4
[INFO] [stderr]    Compiling syn v1.0.103
[INFO] [stderr]    Compiling serde_derive v1.0.145
[INFO] [stderr]    Compiling serde v1.0.145
[INFO] [stderr]    Compiling once_cell v1.15.0
[INFO] [stderr]    Compiling wasm-bindgen-shared v0.2.83
[INFO] [stderr]    Compiling log v0.4.17
[INFO] [stderr]    Compiling bumpalo v3.11.0
[INFO] [stderr]    Compiling proc-macro2 v1.0.47
[INFO] [stderr]    Compiling wasm-bindgen v0.2.83
[INFO] [stderr]    Compiling futures-core v0.3.24
[INFO] [stderr]    Compiling libc v0.2.133
[INFO] [stderr]    Compiling thiserror v1.0.37
[INFO] [stderr]    Compiling futures-channel v0.3.24
[INFO] [stderr]    Compiling futures-task v0.3.24
[INFO] [stderr]    Compiling futures-util v0.3.24
[INFO] [stderr]    Compiling quote v1.0.21
[INFO] [stderr]    Compiling slotmap v1.0.6
[INFO] [stderr]     Checking futures-sink v0.3.24
[INFO] [stderr]     Checking futures-io v0.3.24
[INFO] [stderr]    Compiling ryu v1.0.11
[INFO] [stderr]    Compiling itoa v1.0.3
[INFO] [stderr]    Compiling rustversion v1.0.9
[INFO] [stderr]    Compiling slab v0.4.7
[INFO] [stderr]     Checking utf8-width v0.1.6
[INFO] [stderr]     Checking html-escape v0.2.11
[INFO] [stderr]    Compiling proc-macro-error-attr v1.0.4
[INFO] [stderr]    Compiling base64 v0.13.1
[INFO] [stderr]     Checking getrandom v0.2.7
[INFO] [stderr]     Checking ahash v0.7.6
[INFO] [stderr]     Checking smallvec v1.9.0
[INFO] [stderr]    Compiling prettyplease v0.1.19
[INFO] [stderr]     Checking anymap2 v0.13.0
[INFO] [stderr]     Checking tracing-core v0.1.29
[INFO] [stderr]     Checking discard v1.0.4
[INFO] [stderr]    Compiling boolinator v2.4.0
[INFO] [stderr]     Checking linear-map v1.2.0
[INFO] [stderr]     Checking implicit-clone v0.3.2
[INFO] [stderr]    Compiling paste v1.0.9
[INFO] [stderr]    Compiling wasm-bindgen-backend v0.2.83
[INFO] [stderr]    Compiling proc-macro-error v1.0.4
[INFO] [stderr]    Compiling wasm-bindgen-macro-support v0.2.83
[INFO] [stderr]    Compiling thiserror-impl v1.0.37
[INFO] [stderr]    Compiling futures-macro v0.3.24
[INFO] [stderr]    Compiling pin-project-internal v1.0.12
[INFO] [stderr]    Compiling strum_macros v0.24.3
[INFO] [stderr]    Compiling tracing-attributes v0.1.22
[INFO] [stderr]    Compiling sycamore-macro v0.8.2 (https://github.com/sycamore-rs/sycamore.git#bcf311d5)
[INFO] [stderr]    Compiling wasm-bindgen-macro v0.2.83
[INFO] [stderr]     Checking pin-project v1.0.12
[INFO] [stderr]    Compiling yew-macro v0.19.3 (https://github.com/yewstack/yew.git#6c91afa1)
[INFO] [stderr]     Checking tracing v0.1.36
[INFO] [stderr]    Compiling syn-rsx v0.9.0
[INFO] [stderr]     Checking strum v0.24.1
[INFO] [stderr]     Checking futures-executor v0.3.24
[INFO] [stderr]     Checking futures v0.3.24
[INFO] [stderr]     Checking serde_json v1.0.85
[INFO] [stderr]     Checking serde_urlencoded v0.7.1
[INFO] [stderr]     Checking bincode v1.3.3
[INFO] [stderr]     Checking futures-signals v0.3.31
[INFO] [stderr]     Checking uuid v0.8.2
[INFO] [stderr]     Checking sycamore-reactive v0.8.1 (https://github.com/sycamore-rs/sycamore.git#bcf311d5)
[INFO] [stderr]     Checking sycamore-core v0.8.2 (https://github.com/sycamore-rs/sycamore.git#bcf311d5)
[INFO] [stderr]     Checking js-sys v0.3.60
[INFO] [stderr]     Checking uuid v1.2.2
[INFO] [stderr]     Checking console_error_panic_hook v0.1.7
[INFO] [stderr]     Checking web-sys v0.3.60
[INFO] [stderr]     Checking wasm-bindgen-futures v0.4.33
[INFO] [stderr]     Checking serde-wasm-bindgen v0.4.5
[INFO] [stderr]     Checking serde-wasm-bindgen v0.3.1
[INFO] [stderr]     Checking gloo-timers v0.2.4
[INFO] [stderr]     Checking gloo-utils v0.1.5
[INFO] [stderr]     Checking gloo-events v0.1.2
[INFO] [stderr]     Checking leptos_reactive v0.0.17
[INFO] [stderr]     Checking spair v0.0.9
[INFO] [stderr]     Checking gloo-render v0.1.1
[INFO] [stderr]     Checking gloo-dialogs v0.1.1
[INFO] [stderr]     Checking sycamore-web v0.8.2 (https://github.com/sycamore-rs/sycamore.git#bcf311d5)
[INFO] [stderr]     Checking gloo-file v0.2.3
[INFO] [stderr]     Checking dominator v0.5.30
[INFO] [stderr]     Checking gloo-storage v0.2.2
[INFO] [stderr]     Checking gloo-net v0.2.4
[INFO] [stderr]     Checking gloo-console v0.2.3
[INFO] [stderr]     Checking todomvc_shared v0.1.0 (/opt/rustwide/workdir/todomvc/todomvc_shared)
[INFO] [stderr]     Checking gloo-history v0.1.0
[INFO] [stderr]     Checking gloo-worker v0.2.1
[INFO] [stderr]     Checking sycamore v0.8.2 (https://github.com/sycamore-rs/sycamore.git#bcf311d5)
[INFO] [stderr]  Documenting todomvc_shared v0.1.0 (/opt/rustwide/workdir/todomvc/todomvc_shared)
[INFO] [stderr]     Checking leptos_dom v0.0.17
[INFO] [stderr]     Checking gloo v0.8.0
[INFO] [stderr]     Checking yew v0.19.3 (https://github.com/yewstack/yew.git#6c91afa1)
[INFO] [stderr]     Checking leptos_server v0.0.17
[INFO] [stderr]  Documenting todomvc_dominator v0.1.0 (/opt/rustwide/workdir/todomvc/dominator)
[INFO] [stderr]     Checking spair_shared v0.1.0 (/opt/rustwide/workdir/todomvc/spair_shared)
[INFO] [stderr]  Documenting spair_shared v0.1.0 (/opt/rustwide/workdir/todomvc/spair_shared)
[INFO] [stderr]  Documenting todomvc_sycamore v0.1.0 (/opt/rustwide/workdir/todomvc/sycamore)
[INFO] [stdout] error[E0659]: `KEY` is ambiguous
[INFO] [stdout]   --> todomvc/spair_shared/src/lib.rs:25:30
[INFO] [stdout]    |
[INFO] [stdout] 25 |         self.data.save_todos(KEY).unwrap_throw();
[INFO] [stdout]    |                              ^^^ ambiguous name
[INFO] [stdout]    |
[INFO] [stdout]    = note: ambiguous because of multiple glob imports of a name in the same module
[INFO] [stdout] note: `KEY` could refer to the constant imported here
[INFO] [stdout]   --> todomvc/spair_shared/src/lib.rs:12:5
[INFO] [stdout]    |
[INFO] [stdout] 12 | use keyed::*;
[INFO] [stdout]    |     ^^^^^^^^
[INFO] [stdout]    = help: consider adding an explicit import of `KEY` to disambiguate
[INFO] [stdout] note: `KEY` could also refer to the constant imported here
[INFO] [stdout]   --> todomvc/spair_shared/src/lib.rs:14:5
[INFO] [stdout]    |
[INFO] [stdout] 14 | use non_keyed::*;
[INFO] [stdout]    |     ^^^^^^^^^^^^
[INFO] [stdout]    = help: consider adding an explicit import of `KEY` to disambiguate
[INFO] [stdout] 
[INFO] [stdout] 
[INFO] [stdout] error[E0659]: `KEY` is ambiguous
[INFO] [stdout]   --> todomvc/spair_shared/src/lib.rs:25:30
[INFO] [stdout]    |
[INFO] [stdout] 25 |         self.data.save_todos(KEY).unwrap_throw();
[INFO] [stdout]    |                              ^^^ ambiguous name
[INFO] [stdout]    |
[INFO] [stdout]    = note: ambiguous because of multiple glob imports of a name in the same module
[INFO] [stdout] note: `KEY` could refer to the constant imported here
[INFO] [stdout]   --> todomvc/spair_shared/src/lib.rs:12:5
[INFO] [stdout]    |
[INFO] [stdout] 12 | use keyed::*;
[INFO] [stdout]    |     ^^^^^^^^
[INFO] [stdout]    = help: consider adding an explicit import of `KEY` to disambiguate
[INFO] [stdout] note: `KEY` could also refer to the constant imported here
[INFO] [stdout]   --> todomvc/spair_shared/src/lib.rs:14:5
[INFO] [stdout]    |
[INFO] [stdout] 14 | use non_keyed::*;
[INFO] [stdout]    |     ^^^^^^^^^^^^
[INFO] [stdout]    = help: consider adding an explicit import of `KEY` to disambiguate
[INFO] [stdout] 
[INFO] [stdout] 
[INFO] [stdout] error[E0659]: `render_list` is ambiguous
[INFO] [stdout]    --> todomvc/spair_shared/src/lib.rs:174:21
[INFO] [stdout]     |
[INFO] [stdout] 174 |                 .ul(render_list);
[INFO] [stdout]     |                     ^^^^^^^^^^^ ambiguous name
[INFO] [stdout]     |
[INFO] [stdout]     = note: ambiguous because of multiple glob imports of a name in the same module
[INFO] [stdout] note: `render_list` could refer to the function imported here
[INFO] [stdout]    --> todomvc/spair_shared/src/lib.rs:12:5
[INFO] [stdout]     |
[INFO] [stdout] 12  | use keyed::*;
[INFO] [stdout]     |     ^^^^^^^^
[INFO] [stdout]     = help: consider adding an explicit import of `render_list` to disambiguate
[INFO] [stdout] note: `render_list` could also refer to the function imported here
[INFO] [stdout]    --> todomvc/spair_shared/src/lib.rs:14:5
[INFO] [stdout]     |
[INFO] [stdout] 14  | use non_keyed::*;
[INFO] [stdout]     |     ^^^^^^^^^^^^
[INFO] [stdout]     = help: consider adding an explicit import of `render_list` to disambiguate
[INFO] [stdout] 
[INFO] [stdout] 
[INFO] [stdout] error[E0659]: `KEY` is ambiguous
[INFO] [stdout]    --> todomvc/spair_shared/src/lib.rs:344:37
[INFO] [stdout]     |
[INFO] [stdout] 344 |             data: Todos::load_todos(KEY),
[INFO] [stdout]     |                                     ^^^ ambiguous name
[INFO] [stdout]     |
[INFO] [stdout]     = note: ambiguous because of multiple glob imports of a name in the same module
[INFO] [stdout] note: `KEY` could refer to the constant imported here
[INFO] [stdout]    --> todomvc/spair_shared/src/lib.rs:12:5
[INFO] [stdout]     |
[INFO] [stdout] 12  | use keyed::*;
[INFO] [stdout]     |     ^^^^^^^^
[INFO] [stdout]     = help: consider adding an explicit import of `KEY` to disambiguate
[INFO] [stdout] note: `KEY` could also refer to the constant imported here
[INFO] [stdout]    --> todomvc/spair_shared/src/lib.rs:14:5
[INFO] [stdout]     |
[INFO] [stdout] 14  | use non_keyed::*;
[INFO] [stdout]     |     ^^^^^^^^^^^^
[INFO] [stdout]     = help: consider adding an explicit import of `KEY` to disambiguate
[INFO] [stdout] 
[INFO] [stdout] 
[INFO] [stdout] warning: unused import: `non_keyed::*`
[INFO] [stdout]   --> todomvc/spair_shared/src/lib.rs:14:5
[INFO] [stdout]    |
[INFO] [stdout] 14 | use non_keyed::*;
[INFO] [stdout]    |     ^^^^^^^^^^^^
[INFO] [stdout]    |
[INFO] [stdout]    = note: `#[warn(unused_imports)]` on by default
[INFO] [stdout] 
[INFO] [stdout] 
[INFO] [stdout] error[E0659]: `render_list` is ambiguous
[INFO] [stdout]    --> todomvc/spair_shared/src/lib.rs:174:21
[INFO] [stdout]     |
[INFO] [stdout] 174 |                 .ul(render_list);
[INFO] [stdout]     |                     ^^^^^^^^^^^ ambiguous name
[INFO] [stdout]     |
[INFO] [stdout]     = note: ambiguous because of multiple glob imports of a name in the same module
[INFO] [stdout] note: `render_list` could refer to the function imported here
[INFO] [stdout]    --> todomvc/spair_shared/src/lib.rs:12:5
[INFO] [stdout]     |
[INFO] [stdout] 12  | use keyed::*;
[INFO] [stdout]     |     ^^^^^^^^
[INFO] [stdout]     = help: consider adding an explicit import of `render_list` to disambiguate
[INFO] [stdout] note: `render_list` could also refer to the function imported here
[INFO] [stdout]    --> todomvc/spair_shared/src/lib.rs:14:5
[INFO] [stdout]     |
[INFO] [stdout] 14  | use non_keyed::*;
[INFO] [stdout]     |     ^^^^^^^^^^^^
[INFO] [stdout]     = help: consider adding an explicit import of `render_list` to disambiguate
[INFO] [stdout] 
[INFO] [stdout] 
[INFO] [stdout] error[E0659]: `KEY` is ambiguous
[INFO] [stdout]    --> todomvc/spair_shared/src/lib.rs:344:37
[INFO] [stdout]     |
[INFO] [stdout] 344 |             data: Todos::load_todos(KEY),
[INFO] [stdout]     |                                     ^^^ ambiguous name
[INFO] [stdout]     |
[INFO] [stdout]     = note: ambiguous because of multiple glob imports of a name in the same module
[INFO] [stdout] note: `KEY` could refer to the constant imported here
[INFO] [stdout]    --> todomvc/spair_shared/src/lib.rs:12:5
[INFO] [stdout]     |
[INFO] [stdout] 12  | use keyed::*;
[INFO] [stdout]     |     ^^^^^^^^
[INFO] [stdout]     = help: consider adding an explicit import of `KEY` to disambiguate
[INFO] [stdout] note: `KEY` could also refer to the constant imported here
[INFO] [stdout]    --> todomvc/spair_shared/src/lib.rs:14:5
[INFO] [stdout]     |
[INFO] [stdout] 14  | use non_keyed::*;
[INFO] [stdout]     |     ^^^^^^^^^^^^
[INFO] [stdout]     = help: consider adding an explicit import of `KEY` to disambiguate
[INFO] [stdout] 
[INFO] [stdout] 
[INFO] [stdout] error: aborting due to 3 previous errors
[INFO] [stdout] 
[INFO] [stdout] 
[INFO] [stdout] For more information about this error, try `rustc --explain E0659`.
[INFO] [stdout] 
[INFO] [stderr] error: could not document `spair_shared`
[INFO] [stderr] 
[INFO] [stderr] Caused by:
[INFO] [stderr]   process didn't exit successfully: `/opt/rustwide/rustup-home/toolchains/1.75.0-x86_64-unknown-linux-gnu/bin/rustdoc --edition=2021 --crate-type lib --crate-name spair_shared todomvc/spair_shared/src/lib.rs -o /opt/rustwide/target/doc --cfg 'feature="keyed-app"' --cfg 'feature="non-keyed-app"' --error-format=json --json=diagnostic-rendered-ansi,artifacts,future-incompat --document-private-items -C metadata=027793e1167ba13e -L dependency=/opt/rustwide/target/debug/deps --extern spair=/opt/rustwide/target/debug/deps/libspair-80ba64587cb303c2.rmeta --extern todomvc_shared=/opt/rustwide/target/debug/deps/libtodomvc_shared-9c66aca1d53642ae.rmeta --extern uuid=/opt/rustwide/target/debug/deps/libuuid-5d65ff42b402bbb8.rmeta --cap-lints=warn --crate-version 0.1.0` (exit status: 1)
[INFO] [stderr] warning: build failed, waiting for other jobs to finish...
[INFO] [stdout] error: aborting due to 3 previous errors; 1 warning emitted
[INFO] [stdout] 
[INFO] [stdout] 
[INFO] [stdout] For more information about this error, try `rustc --explain E0659`.
[INFO] [stdout] 
[INFO] [stderr] error: could not compile `spair_shared` (lib) due to 4 previous errors; 1 warning emitted
[INFO] running `Command { std: "docker" "inspect" "4a24b1d0d089e8e34f01d1503e50286f835018835e90ed258e59e2315918971d", kill_on_drop: false }`
[INFO] running `Command { std: "docker" "rm" "-f" "4a24b1d0d089e8e34f01d1503e50286f835018835e90ed258e59e2315918971d", kill_on_drop: false }`
[INFO] [stdout] 4a24b1d0d089e8e34f01d1503e50286f835018835e90ed258e59e2315918971d
[INFO] documenting aclueless/rust-frontend-framework-comparision against beta-2023-12-22 for beta-1.76-rustdoc-1
[INFO] running `Command { std: "git" "clone" "/workspace/cache/git-repos/https%3A%2F%2Fgithub.com%2Faclueless%2Frust-frontend-framework-comparision" "/workspace/builds/worker-0-tc2/source", kill_on_drop: false }`
[INFO] [stderr] Cloning into '/workspace/builds/worker-0-tc2/source'...
[INFO] [stderr] done.
[INFO] validating manifest of git repo https://github.com/aclueless/rust-frontend-framework-comparision on toolchain beta-2023-12-22
[INFO] running `Command { std: CARGO_HOME="/workspace/cargo-home" RUSTUP_HOME="/workspace/rustup-home" "/workspace/cargo-home/bin/cargo" "+beta-2023-12-22" "metadata" "--manifest-path" "Cargo.toml" "--no-deps", kill_on_drop: false }`
[INFO] started tweaking git repo https://github.com/aclueless/rust-frontend-framework-comparision
[INFO] finished tweaking git repo https://github.com/aclueless/rust-frontend-framework-comparision
[INFO] tweaked toml for git repo https://github.com/aclueless/rust-frontend-framework-comparision written to /workspace/builds/worker-0-tc2/source/Cargo.toml
[INFO] crate git repo https://github.com/aclueless/rust-frontend-framework-comparision already has a lockfile, it will not be regenerated
[INFO] running `Command { std: CARGO_HOME="/workspace/cargo-home" RUSTUP_HOME="/workspace/rustup-home" "/workspace/cargo-home/bin/cargo" "+beta-2023-12-22" "fetch" "--manifest-path" "Cargo.toml", kill_on_drop: false }`
[INFO] [stderr] warning: virtual workspace defaulting to `resolver = "1"` despite one or more workspace members being on edition 2021 which implies `resolver = "2"`
[INFO] [stderr] note: to keep the current resolver, specify `workspace.resolver = "1"` in the workspace root's manifest
[INFO] [stderr] note: to use the edition 2021 resolver, specify `workspace.resolver = "2"` in the workspace root's manifest
[INFO] [stderr] note: for more details see https://doc.rust-lang.org/cargo/reference/resolver.html#resolver-versions
[INFO] running `Command { std: "docker" "create" "-v" "/var/lib/crater-agent-workspace/builds/worker-0-tc2/target:/opt/rustwide/target:rw,Z" "-v" "/var/lib/crater-agent-workspace/builds/worker-0-tc2/source:/opt/rustwide/workdir:ro,Z" "-v" "/var/lib/crater-agent-workspace/cargo-home:/opt/rustwide/cargo-home:ro,Z" "-v" "/var/lib/crater-agent-workspace/rustup-home:/opt/rustwide/rustup-home:ro,Z" "-e" "SOURCE_DIR=/opt/rustwide/workdir" "-e" "CARGO_TARGET_DIR=/opt/rustwide/target" "-e" "CARGO_HOME=/opt/rustwide/cargo-home" "-e" "RUSTUP_HOME=/opt/rustwide/rustup-home" "-w" "/opt/rustwide/workdir" "-m" "1610612736" "--user" "0:0" "--network" "none" "ghcr.io/rust-lang/crates-build-env/linux@sha256:2788e3201cd34a07e3172128adcd8b3090168a8e3bcc40d7c032b9dda1df7d1c" "/opt/rustwide/cargo-home/bin/cargo" "+beta-2023-12-22" "metadata" "--no-deps" "--format-version=1", kill_on_drop: false }`
[INFO] [stdout] 5f1d95c53097d545a2951c21f3a78421531e70b6c83170d7489ef470e2dfa8bb
[INFO] running `Command { std: "docker" "start" "-a" "5f1d95c53097d545a2951c21f3a78421531e70b6c83170d7489ef470e2dfa8bb", kill_on_drop: false }`
[INFO] running `Command { std: "docker" "inspect" "5f1d95c53097d545a2951c21f3a78421531e70b6c83170d7489ef470e2dfa8bb", kill_on_drop: false }`
[INFO] running `Command { std: "docker" "rm" "-f" "5f1d95c53097d545a2951c21f3a78421531e70b6c83170d7489ef470e2dfa8bb", kill_on_drop: false }`
[INFO] [stdout] 5f1d95c53097d545a2951c21f3a78421531e70b6c83170d7489ef470e2dfa8bb
[INFO] running `Command { std: "docker" "create" "-v" "/var/lib/crater-agent-workspace/builds/worker-0-tc2/target:/opt/rustwide/target:rw,Z" "-v" "/var/lib/crater-agent-workspace/builds/worker-0-tc2/source:/opt/rustwide/workdir:ro,Z" "-v" "/var/lib/crater-agent-workspace/cargo-home:/opt/rustwide/cargo-home:ro,Z" "-v" "/var/lib/crater-agent-workspace/rustup-home:/opt/rustwide/rustup-home:ro,Z" "-e" "SOURCE_DIR=/opt/rustwide/workdir" "-e" "CARGO_TARGET_DIR=/opt/rustwide/target" "-e" "CARGO_INCREMENTAL=0" "-e" "RUST_BACKTRACE=full" "-e" "RUSTFLAGS=--cap-lints=warn" "-e" "RUSTDOCFLAGS=--cap-lints=warn" "-e" "CARGO_HOME=/opt/rustwide/cargo-home" "-e" "RUSTUP_HOME=/opt/rustwide/rustup-home" "-w" "/opt/rustwide/workdir" "-m" "1610612736" "--user" "0:0" "--network" "none" "ghcr.io/rust-lang/crates-build-env/linux@sha256:2788e3201cd34a07e3172128adcd8b3090168a8e3bcc40d7c032b9dda1df7d1c" "/opt/rustwide/cargo-home/bin/cargo" "+beta-2023-12-22" "doc" "--frozen" "--no-deps" "--document-private-items" "--message-format=json", kill_on_drop: false }`
[INFO] [stdout] fdc13598053e6a34c935c1df02d38a128261f958b5fd5bdfd333032d571d391a
[INFO] running `Command { std: "docker" "start" "-a" "fdc13598053e6a34c935c1df02d38a128261f958b5fd5bdfd333032d571d391a", kill_on_drop: false }`
[INFO] [stderr] warning: virtual workspace defaulting to `resolver = "1"` despite one or more workspace members being on edition 2021 which implies `resolver = "2"`
[INFO] [stderr] note: to keep the current resolver, specify `workspace.resolver = "1"` in the workspace root's manifest
[INFO] [stderr] note: to use the edition 2021 resolver, specify `workspace.resolver = "2"` in the workspace root's manifest
[INFO] [stderr] note: for more details see https://doc.rust-lang.org/cargo/reference/resolver.html#resolver-versions
[INFO] [stderr]    Compiling unicode-ident v1.0.4
[INFO] [stderr]    Compiling syn v1.0.103
[INFO] [stderr]    Compiling serde_derive v1.0.145
[INFO] [stderr]    Compiling serde v1.0.145
[INFO] [stderr]    Compiling once_cell v1.15.0
[INFO] [stderr]    Compiling wasm-bindgen-shared v0.2.83
[INFO] [stderr]    Compiling log v0.4.17
[INFO] [stderr]    Compiling bumpalo v3.11.0
[INFO] [stderr]    Compiling proc-macro2 v1.0.47
[INFO] [stderr]    Compiling wasm-bindgen v0.2.83
[INFO] [stderr]    Compiling libc v0.2.133
[INFO] [stderr]    Compiling futures-core v0.3.24
[INFO] [stderr]    Compiling thiserror v1.0.37
[INFO] [stderr]    Compiling futures-channel v0.3.24
[INFO] [stderr]    Compiling futures-task v0.3.24
[INFO] [stderr]    Compiling futures-util v0.3.24
[INFO] [stderr]    Compiling slotmap v1.0.6
[INFO] [stderr]    Compiling quote v1.0.21
[INFO] [stderr]     Checking futures-sink v0.3.24
[INFO] [stderr]     Checking futures-io v0.3.24
[INFO] [stderr]    Compiling ryu v1.0.11
[INFO] [stderr]    Compiling itoa v1.0.3
[INFO] [stderr]    Compiling rustversion v1.0.9
[INFO] [stderr]    Compiling slab v0.4.7
[INFO] [stderr]     Checking utf8-width v0.1.6
[INFO] [stderr]     Checking html-escape v0.2.11
[INFO] [stderr]    Compiling proc-macro-error-attr v1.0.4
[INFO] [stderr]    Compiling base64 v0.13.1
[INFO] [stderr]     Checking getrandom v0.2.7
[INFO] [stderr]     Checking ahash v0.7.6
[INFO] [stderr]     Checking smallvec v1.9.0
[INFO] [stderr]    Compiling prettyplease v0.1.19
[INFO] [stderr]     Checking anymap2 v0.13.0
[INFO] [stderr]     Checking tracing-core v0.1.29
[INFO] [stderr]     Checking linear-map v1.2.0
[INFO] [stderr]     Checking discard v1.0.4
[INFO] [stderr]    Compiling boolinator v2.4.0
[INFO] [stderr]     Checking implicit-clone v0.3.2
[INFO] [stderr]    Compiling paste v1.0.9
[INFO] [stderr]    Compiling wasm-bindgen-backend v0.2.83
[INFO] [stderr]    Compiling proc-macro-error v1.0.4
[INFO] [stderr]    Compiling wasm-bindgen-macro-support v0.2.83
[INFO] [stderr]    Compiling thiserror-impl v1.0.37
[INFO] [stderr]    Compiling futures-macro v0.3.24
[INFO] [stderr]    Compiling pin-project-internal v1.0.12
[INFO] [stderr]    Compiling strum_macros v0.24.3
[INFO] [stderr]    Compiling tracing-attributes v0.1.22
[INFO] [stderr]    Compiling sycamore-macro v0.8.2 (https://github.com/sycamore-rs/sycamore.git#bcf311d5)
[INFO] [stderr]    Compiling wasm-bindgen-macro v0.2.83
[INFO] [stderr]     Checking pin-project v1.0.12
[INFO] [stderr]    Compiling yew-macro v0.19.3 (https://github.com/yewstack/yew.git#6c91afa1)
[INFO] [stderr]    Compiling syn-rsx v0.9.0
[INFO] [stderr]     Checking tracing v0.1.36
[INFO] [stderr]     Checking strum v0.24.1
[INFO] [stderr]     Checking futures-executor v0.3.24
[INFO] [stderr]     Checking futures v0.3.24
[INFO] [stderr]     Checking serde_json v1.0.85
[INFO] [stderr]     Checking serde_urlencoded v0.7.1
[INFO] [stderr]     Checking bincode v1.3.3
[INFO] [stderr]     Checking futures-signals v0.3.31
[INFO] [stderr]     Checking uuid v0.8.2
[INFO] [stderr]     Checking sycamore-reactive v0.8.1 (https://github.com/sycamore-rs/sycamore.git#bcf311d5)
[INFO] [stderr]     Checking sycamore-core v0.8.2 (https://github.com/sycamore-rs/sycamore.git#bcf311d5)
[INFO] [stderr]     Checking js-sys v0.3.60
[INFO] [stderr]     Checking uuid v1.2.2
[INFO] [stderr]     Checking console_error_panic_hook v0.1.7
[INFO] [stderr]     Checking web-sys v0.3.60
[INFO] [stderr]     Checking wasm-bindgen-futures v0.4.33
[INFO] [stderr]     Checking serde-wasm-bindgen v0.4.5
[INFO] [stderr]     Checking serde-wasm-bindgen v0.3.1
[INFO] [stderr]     Checking gloo-timers v0.2.4
[INFO] [stderr]     Checking gloo-utils v0.1.5
[INFO] [stderr]     Checking gloo-events v0.1.2
[INFO] [stderr]     Checking leptos_reactive v0.0.17
[INFO] [stderr]     Checking spair v0.0.9
[INFO] [stderr]     Checking gloo-dialogs v0.1.1
[INFO] [stderr]     Checking gloo-render v0.1.1
[INFO] [stderr]     Checking sycamore-web v0.8.2 (https://github.com/sycamore-rs/sycamore.git#bcf311d5)
[INFO] [stderr]     Checking gloo-storage v0.2.2
[INFO] [stderr]     Checking gloo-net v0.2.4
[INFO] [stderr]     Checking gloo-console v0.2.3
[INFO] [stderr]     Checking gloo-history v0.1.0
[INFO] [stderr]     Checking gloo-worker v0.2.1
[INFO] [stderr]     Checking todomvc_shared v0.1.0 (/opt/rustwide/workdir/todomvc/todomvc_shared)
[INFO] [stderr]     Checking gloo-file v0.2.3
[INFO] [stderr]     Checking sycamore v0.8.2 (https://github.com/sycamore-rs/sycamore.git#bcf311d5)
[INFO] [stdout] error[E0495]: cannot infer an appropriate lifetime for lifetime parameter '_ in generic type due to conflicting requirements
[INFO] [stdout]    --> /opt/rustwide/cargo-home/registry/src/index.crates.io-6f17d22bba15001f/spair-0.0.9/src/render/html/attributes.rs:396:5
[INFO] [stdout]     |
[INFO] [stdout] 396 |     fn html_element_updater_mut(&mut self) -> &'er mut HtmlElementUpdater<C> {
[INFO] [stdout]     |     ^^^^^^^^^^^^^^^^^^^^^^^^^^^^^^^^^^^^^^^^^^^^^^^^^^^^^^^^^^^^^^^^^^^^^^^^
[INFO] [stdout]     |
[INFO] [stdout] note: first, the lifetime cannot outlive the anonymous lifetime defined here...
[INFO] [stdout]    --> /opt/rustwide/cargo-home/registry/src/index.crates.io-6f17d22bba15001f/spair-0.0.9/src/render/html/element.rs:62:33
[INFO] [stdout]     |
[INFO] [stdout] 62  |     fn html_element_updater_mut(&mut self) -> &mut HtmlElementUpdater<C>;
[INFO] [stdout]     |                                 ^^^^^^^^^
[INFO] [stdout] note: ...so that the method type is compatible with trait
[INFO] [stdout]    --> /opt/rustwide/cargo-home/registry/src/index.crates.io-6f17d22bba15001f/spair-0.0.9/src/render/html/attributes.rs:396:5
[INFO] [stdout]     |
[INFO] [stdout] 396 |     fn html_element_updater_mut(&mut self) -> &'er mut HtmlElementUpdater<C> {
[INFO] [stdout]     |     ^^^^^^^^^^^^^^^^^^^^^^^^^^^^^^^^^^^^^^^^^^^^^^^^^^^^^^^^^^^^^^^^^^^^^^^^
[INFO] [stdout]     = note: expected `fn(&mut html::attributes::AttributesOnly<'_, _>) -> &mut html::element::HtmlElementUpdater<'_, _>`
[INFO] [stdout]                found `fn(&mut html::attributes::AttributesOnly<'_, _>) -> &'er mut html::element::HtmlElementUpdater<'_, _>`
[INFO] [stdout] note: but, the lifetime must be valid for the lifetime `'er` as defined here...
[INFO] [stdout]    --> /opt/rustwide/cargo-home/registry/src/index.crates.io-6f17d22bba15001f/spair-0.0.9/src/render/html/attributes.rs:395:6
[INFO] [stdout]     |
[INFO] [stdout] 395 | impl<'er, C: Component> HtmlElementUpdaterMut<C> for AttributesOnly<'er, C> {
[INFO] [stdout]     |      ^^^
[INFO] [stdout] note: ...so that the reference type `&'er mut html::element::HtmlElementUpdater<'_, C>` does not outlive the data it points at
[INFO] [stdout]    --> /opt/rustwide/cargo-home/registry/src/index.crates.io-6f17d22bba15001f/spair-0.0.9/src/render/html/attributes.rs:396:5
[INFO] [stdout]     |
[INFO] [stdout] 396 |     fn html_element_updater_mut(&mut self) -> &'er mut HtmlElementUpdater<C> {
[INFO] [stdout]     |     ^^^^^^^^^^^^^^^^^^^^^^^^^^^^^^^^^^^^^^^^^^^^^^^^^^^^^^^^^^^^^^^^^^^^^^^^
[INFO] [stdout] 
[INFO] [stdout] 
[INFO] [stdout] error[E0495]: cannot infer an appropriate lifetime for lifetime parameter '_ in generic type due to conflicting requirements
[INFO] [stdout]    --> /opt/rustwide/cargo-home/registry/src/index.crates.io-6f17d22bba15001f/spair-0.0.9/src/render/html/attributes.rs:410:5
[INFO] [stdout]     |
[INFO] [stdout] 410 |     fn html_element_updater_mut(&mut self) -> &'er mut HtmlElementUpdater<C> {
[INFO] [stdout]     |     ^^^^^^^^^^^^^^^^^^^^^^^^^^^^^^^^^^^^^^^^^^^^^^^^^^^^^^^^^^^^^^^^^^^^^^^^
[INFO] [stdout]     |
[INFO] [stdout] note: first, the lifetime cannot outlive the anonymous lifetime defined here...
[INFO] [stdout]    --> /opt/rustwide/cargo-home/registry/src/index.crates.io-6f17d22bba15001f/spair-0.0.9/src/render/html/element.rs:62:33
[INFO] [stdout]     |
[INFO] [stdout] 62  |     fn html_element_updater_mut(&mut self) -> &mut HtmlElementUpdater<C>;
[INFO] [stdout]     |                                 ^^^^^^^^^
[INFO] [stdout] note: ...so that the method type is compatible with trait
[INFO] [stdout]    --> /opt/rustwide/cargo-home/registry/src/index.crates.io-6f17d22bba15001f/spair-0.0.9/src/render/html/attributes.rs:410:5
[INFO] [stdout]     |
[INFO] [stdout] 410 |     fn html_element_updater_mut(&mut self) -> &'er mut HtmlElementUpdater<C> {
[INFO] [stdout]     |     ^^^^^^^^^^^^^^^^^^^^^^^^^^^^^^^^^^^^^^^^^^^^^^^^^^^^^^^^^^^^^^^^^^^^^^^^
[INFO] [stdout]     = note: expected `fn(&mut html::attributes::StaticAttributesOnly<'_, _>) -> &mut html::element::HtmlElementUpdater<'_, _>`
[INFO] [stdout]                found `fn(&mut html::attributes::StaticAttributesOnly<'_, _>) -> &'er mut html::element::HtmlElementUpdater<'_, _>`
[INFO] [stdout] note: but, the lifetime must be valid for the lifetime `'er` as defined here...
[INFO] [stdout]    --> /opt/rustwide/cargo-home/registry/src/index.crates.io-6f17d22bba15001f/spair-0.0.9/src/render/html/attributes.rs:409:6
[INFO] [stdout]     |
[INFO] [stdout] 409 | impl<'er, C: Component> HtmlElementUpdaterMut<C> for StaticAttributesOnly<'er, C> {
[INFO] [stdout]     |      ^^^
[INFO] [stdout] note: ...so that the reference type `&'er mut html::element::HtmlElementUpdater<'_, C>` does not outlive the data it points at
[INFO] [stdout]    --> /opt/rustwide/cargo-home/registry/src/index.crates.io-6f17d22bba15001f/spair-0.0.9/src/render/html/attributes.rs:410:5
[INFO] [stdout]     |
[INFO] [stdout] 410 |     fn html_element_updater_mut(&mut self) -> &'er mut HtmlElementUpdater<C> {
[INFO] [stdout]     |     ^^^^^^^^^^^^^^^^^^^^^^^^^^^^^^^^^^^^^^^^^^^^^^^^^^^^^^^^^^^^^^^^^^^^^^^^
[INFO] [stdout] 
[INFO] [stdout] 
[INFO] [stdout] error[E0495]: cannot infer an appropriate lifetime for lifetime parameter '_ in generic type due to conflicting requirements
[INFO] [stdout]    --> /opt/rustwide/cargo-home/registry/src/index.crates.io-6f17d22bba15001f/spair-0.0.9/src/render/html/attributes.rs:424:5
[INFO] [stdout]     |
[INFO] [stdout] 424 |     fn html_element_updater_mut(&mut self) -> &'er mut HtmlElementUpdater<C> {
[INFO] [stdout]     |     ^^^^^^^^^^^^^^^^^^^^^^^^^^^^^^^^^^^^^^^^^^^^^^^^^^^^^^^^^^^^^^^^^^^^^^^^
[INFO] [stdout]     |
[INFO] [stdout] note: first, the lifetime cannot outlive the anonymous lifetime defined here...
[INFO] [stdout]    --> /opt/rustwide/cargo-home/registry/src/index.crates.io-6f17d22bba15001f/spair-0.0.9/src/render/html/element.rs:62:33
[INFO] [stdout]     |
[INFO] [stdout] 62  |     fn html_element_updater_mut(&mut self) -> &mut HtmlElementUpdater<C>;
[INFO] [stdout]     |                                 ^^^^^^^^^
[INFO] [stdout] note: ...so that the method type is compatible with trait
[INFO] [stdout]    --> /opt/rustwide/cargo-home/registry/src/index.crates.io-6f17d22bba15001f/spair-0.0.9/src/render/html/attributes.rs:424:5
[INFO] [stdout]     |
[INFO] [stdout] 424 |     fn html_element_updater_mut(&mut self) -> &'er mut HtmlElementUpdater<C> {
[INFO] [stdout]     |     ^^^^^^^^^^^^^^^^^^^^^^^^^^^^^^^^^^^^^^^^^^^^^^^^^^^^^^^^^^^^^^^^^^^^^^^^
[INFO] [stdout]     = note: expected `fn(&mut html::attributes::StaticAttributes<'_, _>) -> &mut html::element::HtmlElementUpdater<'_, _>`
[INFO] [stdout]                found `fn(&mut html::attributes::StaticAttributes<'_, _>) -> &'er mut html::element::HtmlElementUpdater<'_, _>`
[INFO] [stdout] note: but, the lifetime must be valid for the lifetime `'er` as defined here...
[INFO] [stdout]    --> /opt/rustwide/cargo-home/registry/src/index.crates.io-6f17d22bba15001f/spair-0.0.9/src/render/html/attributes.rs:423:6
[INFO] [stdout]     |
[INFO] [stdout] 423 | impl<'er, C: Component> HtmlElementUpdaterMut<C> for StaticAttributes<'er, C> {
[INFO] [stdout]     |      ^^^
[INFO] [stdout] note: ...so that the reference type `&'er mut html::element::HtmlElementUpdater<'_, C>` does not outlive the data it points at
[INFO] [stdout]    --> /opt/rustwide/cargo-home/registry/src/index.crates.io-6f17d22bba15001f/spair-0.0.9/src/render/html/attributes.rs:424:5
[INFO] [stdout]     |
[INFO] [stdout] 424 |     fn html_element_updater_mut(&mut self) -> &'er mut HtmlElementUpdater<C> {
[INFO] [stdout]     |     ^^^^^^^^^^^^^^^^^^^^^^^^^^^^^^^^^^^^^^^^^^^^^^^^^^^^^^^^^^^^^^^^^^^^^^^^
[INFO] [stdout] 
[INFO] [stdout] 
[INFO] [stdout] error[E0495]: cannot infer an appropriate lifetime for lifetime parameter '_ in generic type due to conflicting requirements
[INFO] [stdout]   --> /opt/rustwide/cargo-home/registry/src/index.crates.io-6f17d22bba15001f/spair-0.0.9/src/render/html/element.rs:80:5
[INFO] [stdout]    |
[INFO] [stdout] 80 |     fn element_updater_mut(&mut self) -> &'er mut ElementUpdater<C> {
[INFO] [stdout]    |     ^^^^^^^^^^^^^^^^^^^^^^^^^^^^^^^^^^^^^^^^^^^^^^^^^^^^^^^^^^^^^^^
[INFO] [stdout]    |
[INFO] [stdout] note: first, the lifetime cannot outlive the anonymous lifetime defined here...
[INFO] [stdout]   --> /opt/rustwide/cargo-home/registry/src/index.crates.io-6f17d22bba15001f/spair-0.0.9/src/render/base/element.rs:19:28
[INFO] [stdout]    |
[INFO] [stdout] 19 |     fn element_updater_mut(&mut self) -> &mut ElementUpdater<C>;
[INFO] [stdout]    |                            ^^^^^^^^^
[INFO] [stdout] note: ...so that the method type is compatible with trait
[INFO] [stdout]   --> /opt/rustwide/cargo-home/registry/src/index.crates.io-6f17d22bba15001f/spair-0.0.9/src/render/html/element.rs:80:5
[INFO] [stdout]    |
[INFO] [stdout] 80 |     fn element_updater_mut(&mut self) -> &'er mut ElementUpdater<C> {
[INFO] [stdout]    |     ^^^^^^^^^^^^^^^^^^^^^^^^^^^^^^^^^^^^^^^^^^^^^^^^^^^^^^^^^^^^^^^
[INFO] [stdout]    = note: expected `fn(&mut html::element::HtmlElementUpdater<'_, _>) -> &mut base::element::ElementUpdater<'_, _>`
[INFO] [stdout]               found `fn(&mut html::element::HtmlElementUpdater<'_, _>) -> &'er mut base::element::ElementUpdater<'_, _>`
[INFO] [stdout] note: but, the lifetime must be valid for the lifetime `'er` as defined here...
[INFO] [stdout]   --> /opt/rustwide/cargo-home/registry/src/index.crates.io-6f17d22bba15001f/spair-0.0.9/src/render/html/element.rs:75:6
[INFO] [stdout]    |
[INFO] [stdout] 75 | impl<'er, C: Component> ElementUpdaterMut<C> for HtmlElementUpdater<'er, C> {
[INFO] [stdout]    |      ^^^
[INFO] [stdout] note: ...so that the reference type `&'er mut base::element::ElementUpdater<'_, C>` does not outlive the data it points at
[INFO] [stdout]   --> /opt/rustwide/cargo-home/registry/src/index.crates.io-6f17d22bba15001f/spair-0.0.9/src/render/html/element.rs:80:5
[INFO] [stdout]    |
[INFO] [stdout] 80 |     fn element_updater_mut(&mut self) -> &'er mut ElementUpdater<C> {
[INFO] [stdout]    |     ^^^^^^^^^^^^^^^^^^^^^^^^^^^^^^^^^^^^^^^^^^^^^^^^^^^^^^^^^^^^^^^
[INFO] [stdout] 
[INFO] [stdout] 
[INFO] [stdout] error[E0495]: cannot infer an appropriate lifetime for lifetime parameter '_ in generic type due to conflicting requirements
[INFO] [stdout]   --> /opt/rustwide/cargo-home/registry/src/index.crates.io-6f17d22bba15001f/spair-0.0.9/src/render/html/element.rs:86:5
[INFO] [stdout]    |
[INFO] [stdout] 86 |     fn html_element_updater_mut(&mut self) -> &'er mut HtmlElementUpdater<C> {
[INFO] [stdout]    |     ^^^^^^^^^^^^^^^^^^^^^^^^^^^^^^^^^^^^^^^^^^^^^^^^^^^^^^^^^^^^^^^^^^^^^^^^
[INFO] [stdout]    |
[INFO] [stdout] note: first, the lifetime cannot outlive the anonymous lifetime defined here...
[INFO] [stdout]   --> /opt/rustwide/cargo-home/registry/src/index.crates.io-6f17d22bba15001f/spair-0.0.9/src/render/html/element.rs:62:33
[INFO] [stdout]    |
[INFO] [stdout] 62 |     fn html_element_updater_mut(&mut self) -> &mut HtmlElementUpdater<C>;
[INFO] [stdout]    |                                 ^^^^^^^^^
[INFO] [stdout] note: ...so that the method type is compatible with trait
[INFO] [stdout]   --> /opt/rustwide/cargo-home/registry/src/index.crates.io-6f17d22bba15001f/spair-0.0.9/src/render/html/element.rs:86:5
[INFO] [stdout]    |
[INFO] [stdout] 86 |     fn html_element_updater_mut(&mut self) -> &'er mut HtmlElementUpdater<C> {
[INFO] [stdout]    |     ^^^^^^^^^^^^^^^^^^^^^^^^^^^^^^^^^^^^^^^^^^^^^^^^^^^^^^^^^^^^^^^^^^^^^^^^
[INFO] [stdout]    = note: expected `fn(&mut html::element::HtmlElementUpdater<'_, _>) -> &mut html::element::HtmlElementUpdater<'_, _>`
[INFO] [stdout]               found `fn(&mut html::element::HtmlElementUpdater<'_, _>) -> &'er mut html::element::HtmlElementUpdater<'_, _>`
[INFO] [stdout] note: but, the lifetime must be valid for the lifetime `'er` as defined here...
[INFO] [stdout]   --> /opt/rustwide/cargo-home/registry/src/index.crates.io-6f17d22bba15001f/spair-0.0.9/src/render/html/element.rs:85:6
[INFO] [stdout]    |
[INFO] [stdout] 85 | impl<'er, C: Component> HtmlElementUpdaterMut<C> for HtmlElementUpdater<'er, C> {
[INFO] [stdout]    |      ^^^
[INFO] [stdout] note: ...so that the reference type `&'er mut html::element::HtmlElementUpdater<'_, C>` does not outlive the data it points at
[INFO] [stdout]   --> /opt/rustwide/cargo-home/registry/src/index.crates.io-6f17d22bba15001f/spair-0.0.9/src/render/html/element.rs:86:5
[INFO] [stdout]    |
[INFO] [stdout] 86 |     fn html_element_updater_mut(&mut self) -> &'er mut HtmlElementUpdater<C> {
[INFO] [stdout]    |     ^^^^^^^^^^^^^^^^^^^^^^^^^^^^^^^^^^^^^^^^^^^^^^^^^^^^^^^^^^^^^^^^^^^^^^^^
[INFO] [stdout] 
[INFO] [stdout] 
[INFO] [stdout] error[E0495]: cannot infer an appropriate lifetime for lifetime parameter '_ in generic type due to conflicting requirements
[INFO] [stdout]   --> /opt/rustwide/cargo-home/registry/src/index.crates.io-6f17d22bba15001f/spair-0.0.9/src/render/html/nodes.rs:27:5
[INFO] [stdout]    |
[INFO] [stdout] 27 |     fn nodes_updater_mut(&mut self) -> &'n mut NodesUpdater<C> {
[INFO] [stdout]    |     ^^^^^^^^^^^^^^^^^^^^^^^^^^^^^^^^^^^^^^^^^^^^^^^^^^^^^^^^^^
[INFO] [stdout]    |
[INFO] [stdout] note: first, the lifetime cannot outlive the anonymous lifetime defined here...
[INFO] [stdout]   --> /opt/rustwide/cargo-home/registry/src/index.crates.io-6f17d22bba15001f/spair-0.0.9/src/render/base/nodes.rs:11:26
[INFO] [stdout]    |
[INFO] [stdout] 11 |     fn nodes_updater_mut(&mut self) -> &mut NodesUpdater<C>;
[INFO] [stdout]    |                          ^^^^^^^^^
[INFO] [stdout] note: ...so that the method type is compatible with trait
[INFO] [stdout]   --> /opt/rustwide/cargo-home/registry/src/index.crates.io-6f17d22bba15001f/spair-0.0.9/src/render/html/nodes.rs:27:5
[INFO] [stdout]    |
[INFO] [stdout] 27 |     fn nodes_updater_mut(&mut self) -> &'n mut NodesUpdater<C> {
[INFO] [stdout]    |     ^^^^^^^^^^^^^^^^^^^^^^^^^^^^^^^^^^^^^^^^^^^^^^^^^^^^^^^^^^
[INFO] [stdout]    = note: expected `fn(&mut HtmlNodesUpdater<'_, _>) -> &mut base::nodes::NodesUpdater<'_, _>`
[INFO] [stdout]               found `fn(&mut HtmlNodesUpdater<'_, _>) -> &'n mut base::nodes::NodesUpdater<'_, _>`
[INFO] [stdout] note: but, the lifetime must be valid for the lifetime `'n` as defined here...
[INFO] [stdout]   --> /opt/rustwide/cargo-home/registry/src/index.crates.io-6f17d22bba15001f/spair-0.0.9/src/render/html/nodes.rs:26:6
[INFO] [stdout]    |
[INFO] [stdout] 26 | impl<'n, C: Component> NodesUpdaterMut<C> for HtmlNodesUpdater<'n, C> {
[INFO] [stdout]    |      ^^
[INFO] [stdout] note: ...so that the reference type `&'n mut base::nodes::NodesUpdater<'_, C>` does not outlive the data it points at
[INFO] [stdout]   --> /opt/rustwide/cargo-home/registry/src/index.crates.io-6f17d22bba15001f/spair-0.0.9/src/render/html/nodes.rs:27:5
[INFO] [stdout]    |
[INFO] [stdout] 27 |     fn nodes_updater_mut(&mut self) -> &'n mut NodesUpdater<C> {
[INFO] [stdout]    |     ^^^^^^^^^^^^^^^^^^^^^^^^^^^^^^^^^^^^^^^^^^^^^^^^^^^^^^^^^^
[INFO] [stdout] 
[INFO] [stdout] 
[INFO] [stdout] error[E0495]: cannot infer an appropriate lifetime for lifetime parameter '_ in generic type due to conflicting requirements
[INFO] [stdout]    --> /opt/rustwide/cargo-home/registry/src/index.crates.io-6f17d22bba15001f/spair-0.0.9/src/render/html/nodes.rs:235:5
[INFO] [stdout]     |
[INFO] [stdout] 235 |     fn nodes_updater_mut(&mut self) -> &'n mut NodesUpdater<C> {
[INFO] [stdout]     |     ^^^^^^^^^^^^^^^^^^^^^^^^^^^^^^^^^^^^^^^^^^^^^^^^^^^^^^^^^^
[INFO] [stdout]     |
[INFO] [stdout] note: first, the lifetime cannot outlive the anonymous lifetime defined here...
[INFO] [stdout]    --> /opt/rustwide/cargo-home/registry/src/index.crates.io-6f17d22bba15001f/spair-0.0.9/src/render/base/nodes.rs:11:26
[INFO] [stdout]     |
[INFO] [stdout] 11  |     fn nodes_updater_mut(&mut self) -> &mut NodesUpdater<C>;
[INFO] [stdout]     |                          ^^^^^^^^^
[INFO] [stdout] note: ...so that the method type is compatible with trait
[INFO] [stdout]    --> /opt/rustwide/cargo-home/registry/src/index.crates.io-6f17d22bba15001f/spair-0.0.9/src/render/html/nodes.rs:235:5
[INFO] [stdout]     |
[INFO] [stdout] 235 |     fn nodes_updater_mut(&mut self) -> &'n mut NodesUpdater<C> {
[INFO] [stdout]     |     ^^^^^^^^^^^^^^^^^^^^^^^^^^^^^^^^^^^^^^^^^^^^^^^^^^^^^^^^^^
[INFO] [stdout]     = note: expected `fn(&mut html::nodes::NodesOwned<'_, _>) -> &mut base::nodes::NodesUpdater<'_, _>`
[INFO] [stdout]                found `fn(&mut html::nodes::NodesOwned<'_, _>) -> &'n mut base::nodes::NodesUpdater<'_, _>`
[INFO] [stdout] note: but, the lifetime must be valid for the lifetime `'n` as defined here...
[INFO] [stdout]    --> /opt/rustwide/cargo-home/registry/src/index.crates.io-6f17d22bba15001f/spair-0.0.9/src/render/html/nodes.rs:234:6
[INFO] [stdout]     |
[INFO] [stdout] 234 | impl<'n, C: Component> NodesUpdaterMut<C> for NodesOwned<'n, C> {
[INFO] [stdout]     |      ^^
[INFO] [stdout] note: ...so that the reference type `&'n mut base::nodes::NodesUpdater<'_, C>` does not outlive the data it points at
[INFO] [stdout]    --> /opt/rustwide/cargo-home/registry/src/index.crates.io-6f17d22bba15001f/spair-0.0.9/src/render/html/nodes.rs:235:5
[INFO] [stdout]     |
[INFO] [stdout] 235 |     fn nodes_updater_mut(&mut self) -> &'n mut NodesUpdater<C> {
[INFO] [stdout]     |     ^^^^^^^^^^^^^^^^^^^^^^^^^^^^^^^^^^^^^^^^^^^^^^^^^^^^^^^^^^
[INFO] [stdout] 
[INFO] [stdout] 
[INFO] [stdout] error[E0495]: cannot infer an appropriate lifetime for lifetime parameter '_ in generic type due to conflicting requirements
[INFO] [stdout]    --> /opt/rustwide/cargo-home/registry/src/index.crates.io-6f17d22bba15001f/spair-0.0.9/src/render/html/nodes.rs:241:5
[INFO] [stdout]     |
[INFO] [stdout] 241 |     fn nodes_updater_mut(&mut self) -> &'n mut NodesUpdater<C> {
[INFO] [stdout]     |     ^^^^^^^^^^^^^^^^^^^^^^^^^^^^^^^^^^^^^^^^^^^^^^^^^^^^^^^^^^
[INFO] [stdout]     |
[INFO] [stdout] note: first, the lifetime cannot outlive the anonymous lifetime defined here...
[INFO] [stdout]    --> /opt/rustwide/cargo-home/registry/src/index.crates.io-6f17d22bba15001f/spair-0.0.9/src/render/base/nodes.rs:11:26
[INFO] [stdout]     |
[INFO] [stdout] 11  |     fn nodes_updater_mut(&mut self) -> &mut NodesUpdater<C>;
[INFO] [stdout]     |                          ^^^^^^^^^
[INFO] [stdout] note: ...so that the method type is compatible with trait
[INFO] [stdout]    --> /opt/rustwide/cargo-home/registry/src/index.crates.io-6f17d22bba15001f/spair-0.0.9/src/render/html/nodes.rs:241:5
[INFO] [stdout]     |
[INFO] [stdout] 241 |     fn nodes_updater_mut(&mut self) -> &'n mut NodesUpdater<C> {
[INFO] [stdout]     |     ^^^^^^^^^^^^^^^^^^^^^^^^^^^^^^^^^^^^^^^^^^^^^^^^^^^^^^^^^^
[INFO] [stdout]     = note: expected `fn(&mut html::nodes::StaticNodesOwned<'_, _>) -> &mut base::nodes::NodesUpdater<'_, _>`
[INFO] [stdout]                found `fn(&mut html::nodes::StaticNodesOwned<'_, _>) -> &'n mut base::nodes::NodesUpdater<'_, _>`
[INFO] [stdout] note: but, the lifetime must be valid for the lifetime `'n` as defined here...
[INFO] [stdout]    --> /opt/rustwide/cargo-home/registry/src/index.crates.io-6f17d22bba15001f/spair-0.0.9/src/render/html/nodes.rs:240:6
[INFO] [stdout]     |
[INFO] [stdout] 240 | impl<'n, C: Component> NodesUpdaterMut<C> for StaticNodesOwned<'n, C> {
[INFO] [stdout]     |      ^^
[INFO] [stdout] note: ...so that the reference type `&'n mut base::nodes::NodesUpdater<'_, C>` does not outlive the data it points at
[INFO] [stdout]    --> /opt/rustwide/cargo-home/registry/src/index.crates.io-6f17d22bba15001f/spair-0.0.9/src/render/html/nodes.rs:241:5
[INFO] [stdout]     |
[INFO] [stdout] 241 |     fn nodes_updater_mut(&mut self) -> &'n mut NodesUpdater<C> {
[INFO] [stdout]     |     ^^^^^^^^^^^^^^^^^^^^^^^^^^^^^^^^^^^^^^^^^^^^^^^^^^^^^^^^^^
[INFO] [stdout] 
[INFO] [stdout] 
[INFO] [stdout] error[E0495]: cannot infer an appropriate lifetime for lifetime parameter '_ in generic type due to conflicting requirements
[INFO] [stdout]    --> /opt/rustwide/cargo-home/registry/src/index.crates.io-6f17d22bba15001f/spair-0.0.9/src/render/html/nodes.rs:247:5
[INFO] [stdout]     |
[INFO] [stdout] 247 |     fn nodes_updater_mut(&mut self) -> &'n mut NodesUpdater<C> {
[INFO] [stdout]     |     ^^^^^^^^^^^^^^^^^^^^^^^^^^^^^^^^^^^^^^^^^^^^^^^^^^^^^^^^^^
[INFO] [stdout]     |
[INFO] [stdout] note: first, the lifetime cannot outlive the lifetime `'h` as defined here...
[INFO] [stdout]    --> /opt/rustwide/cargo-home/registry/src/index.crates.io-6f17d22bba15001f/spair-0.0.9/src/render/html/nodes.rs:246:6
[INFO] [stdout]     |
[INFO] [stdout] 246 | impl<'h, 'n: 'h, C: Component> NodesUpdaterMut<C> for Nodes<'h, 'n, C> {
[INFO] [stdout]     |      ^^
[INFO] [stdout] note: ...so that the reference type `&'n mut base::nodes::NodesUpdater<'_, C>` does not outlive the data it points at
[INFO] [stdout]    --> /opt/rustwide/cargo-home/registry/src/index.crates.io-6f17d22bba15001f/spair-0.0.9/src/render/html/nodes.rs:247:5
[INFO] [stdout]     |
[INFO] [stdout] 247 |     fn nodes_updater_mut(&mut self) -> &'n mut NodesUpdater<C> {
[INFO] [stdout]     |     ^^^^^^^^^^^^^^^^^^^^^^^^^^^^^^^^^^^^^^^^^^^^^^^^^^^^^^^^^^
[INFO] [stdout] note: but, the lifetime must be valid for the lifetime `'n` as defined here...
[INFO] [stdout]    --> /opt/rustwide/cargo-home/registry/src/index.crates.io-6f17d22bba15001f/spair-0.0.9/src/render/html/nodes.rs:246:10
[INFO] [stdout]     |
[INFO] [stdout] 246 | impl<'h, 'n: 'h, C: Component> NodesUpdaterMut<C> for Nodes<'h, 'n, C> {
[INFO] [stdout]     |          ^^
[INFO] [stdout] note: ...so that the reference type `&'n mut base::nodes::NodesUpdater<'_, C>` does not outlive the data it points at
[INFO] [stdout]    --> /opt/rustwide/cargo-home/registry/src/index.crates.io-6f17d22bba15001f/spair-0.0.9/src/render/html/nodes.rs:247:5
[INFO] [stdout]     |
[INFO] [stdout] 247 |     fn nodes_updater_mut(&mut self) -> &'n mut NodesUpdater<C> {
[INFO] [stdout]     |     ^^^^^^^^^^^^^^^^^^^^^^^^^^^^^^^^^^^^^^^^^^^^^^^^^^^^^^^^^^
[INFO] [stdout] 
[INFO] [stdout] 
[INFO] [stdout] error[E0495]: cannot infer an appropriate lifetime for lifetime parameter '_ in generic type due to conflicting requirements
[INFO] [stdout]    --> /opt/rustwide/cargo-home/registry/src/index.crates.io-6f17d22bba15001f/spair-0.0.9/src/render/html/nodes.rs:253:5
[INFO] [stdout]     |
[INFO] [stdout] 253 |     fn nodes_updater_mut(&mut self) -> &'n mut NodesUpdater<C> {
[INFO] [stdout]     |     ^^^^^^^^^^^^^^^^^^^^^^^^^^^^^^^^^^^^^^^^^^^^^^^^^^^^^^^^^^
[INFO] [stdout]     |
[INFO] [stdout] note: first, the lifetime cannot outlive the lifetime `'h` as defined here...
[INFO] [stdout]    --> /opt/rustwide/cargo-home/registry/src/index.crates.io-6f17d22bba15001f/spair-0.0.9/src/render/html/nodes.rs:252:6
[INFO] [stdout]     |
[INFO] [stdout] 252 | impl<'h, 'n: 'h, C: Component> NodesUpdaterMut<C> for StaticNodes<'h, 'n, C> {
[INFO] [stdout]     |      ^^
[INFO] [stdout] note: ...so that the reference type `&'n mut base::nodes::NodesUpdater<'_, C>` does not outlive the data it points at
[INFO] [stdout]    --> /opt/rustwide/cargo-home/registry/src/index.crates.io-6f17d22bba15001f/spair-0.0.9/src/render/html/nodes.rs:253:5
[INFO] [stdout]     |
[INFO] [stdout] 253 |     fn nodes_updater_mut(&mut self) -> &'n mut NodesUpdater<C> {
[INFO] [stdout]     |     ^^^^^^^^^^^^^^^^^^^^^^^^^^^^^^^^^^^^^^^^^^^^^^^^^^^^^^^^^^
[INFO] [stdout] note: but, the lifetime must be valid for the lifetime `'n` as defined here...
[INFO] [stdout]    --> /opt/rustwide/cargo-home/registry/src/index.crates.io-6f17d22bba15001f/spair-0.0.9/src/render/html/nodes.rs:252:10
[INFO] [stdout]     |
[INFO] [stdout] 252 | impl<'h, 'n: 'h, C: Component> NodesUpdaterMut<C> for StaticNodes<'h, 'n, C> {
[INFO] [stdout]     |          ^^
[INFO] [stdout] note: ...so that the reference type `&'n mut base::nodes::NodesUpdater<'_, C>` does not outlive the data it points at
[INFO] [stdout]    --> /opt/rustwide/cargo-home/registry/src/index.crates.io-6f17d22bba15001f/spair-0.0.9/src/render/html/nodes.rs:253:5
[INFO] [stdout]     |
[INFO] [stdout] 253 |     fn nodes_updater_mut(&mut self) -> &'n mut NodesUpdater<C> {
[INFO] [stdout]     |     ^^^^^^^^^^^^^^^^^^^^^^^^^^^^^^^^^^^^^^^^^^^^^^^^^^^^^^^^^^
[INFO] [stdout] 
[INFO] [stdout] 
[INFO] [stderr]     Checking dominator v0.5.30
[INFO] [stderr]  Documenting todomvc_shared v0.1.0 (/opt/rustwide/workdir/todomvc/todomvc_shared)
[INFO] [stderr]     Checking gloo v0.8.0
[INFO] [stderr]     Checking leptos_dom v0.0.17
[INFO] [stderr]     Checking yew v0.19.3 (https://github.com/yewstack/yew.git#6c91afa1)
[INFO] [stdout] error: aborting due to 10 previous errors
[INFO] [stdout] 
[INFO] [stdout] 
[INFO] [stdout] For more information about this error, try `rustc --explain E0495`.
[INFO] [stdout] 
[INFO] [stderr] error: could not compile `spair` (lib) due to 11 previous errors
[INFO] [stderr] warning: build failed, waiting for other jobs to finish...
[INFO] running `Command { std: "docker" "inspect" "fdc13598053e6a34c935c1df02d38a128261f958b5fd5bdfd333032d571d391a", kill_on_drop: false }`
[INFO] running `Command { std: "docker" "rm" "-f" "fdc13598053e6a34c935c1df02d38a128261f958b5fd5bdfd333032d571d391a", kill_on_drop: false }`
[INFO] [stdout] fdc13598053e6a34c935c1df02d38a128261f958b5fd5bdfd333032d571d391a
