[INFO] cloning repository https://github.com/ackxolotl/rheinfall
[INFO] running `Command { std: "git" "-c" "credential.helper=" "-c" "credential.helper=/workspace/cargo-home/bin/git-credential-null" "clone" "--bare" "https://github.com/ackxolotl/rheinfall" "/workspace/cache/git-repos/https%3A%2F%2Fgithub.com%2Fackxolotl%2Frheinfall", kill_on_drop: false }`
[INFO] [stderr] Cloning into bare repository '/workspace/cache/git-repos/https%3A%2F%2Fgithub.com%2Fackxolotl%2Frheinfall'...
[INFO] running `Command { std: "git" "rev-parse" "HEAD", kill_on_drop: false }`
[INFO] [stdout] 94ea4e81398f37c4bc09a1c5c44e122d7f8d9d02
[INFO] documenting ackxolotl/rheinfall against 1.75.0 for beta-1.76-rustdoc-1
[INFO] running `Command { std: "git" "clone" "/workspace/cache/git-repos/https%3A%2F%2Fgithub.com%2Fackxolotl%2Frheinfall" "/workspace/builds/worker-3-tc1/source", kill_on_drop: false }`
[INFO] [stderr] Cloning into '/workspace/builds/worker-3-tc1/source'...
[INFO] [stderr] done.
[INFO] validating manifest of git repo https://github.com/ackxolotl/rheinfall on toolchain 1.75.0
[INFO] running `Command { std: CARGO_HOME="/workspace/cargo-home" RUSTUP_HOME="/workspace/rustup-home" "/workspace/cargo-home/bin/cargo" "+1.75.0" "metadata" "--manifest-path" "Cargo.toml" "--no-deps", kill_on_drop: false }`
[INFO] started tweaking git repo https://github.com/ackxolotl/rheinfall
[INFO] finished tweaking git repo https://github.com/ackxolotl/rheinfall
[INFO] tweaked toml for git repo https://github.com/ackxolotl/rheinfall written to /workspace/builds/worker-3-tc1/source/Cargo.toml
[INFO] crate git repo https://github.com/ackxolotl/rheinfall already has a lockfile, it will not be regenerated
[INFO] running `Command { std: CARGO_HOME="/workspace/cargo-home" RUSTUP_HOME="/workspace/rustup-home" "/workspace/cargo-home/bin/cargo" "+1.75.0" "fetch" "--manifest-path" "Cargo.toml", kill_on_drop: false }`
[INFO] [stderr]     Updating git repository `https://gitlab.redox-os.org/redox-os/event.git`
[INFO] running `Command { std: "docker" "create" "-v" "/var/lib/crater-agent-workspace/builds/worker-3-tc1/target:/opt/rustwide/target:rw,Z" "-v" "/var/lib/crater-agent-workspace/builds/worker-3-tc1/source:/opt/rustwide/workdir:ro,Z" "-v" "/var/lib/crater-agent-workspace/cargo-home:/opt/rustwide/cargo-home:ro,Z" "-v" "/var/lib/crater-agent-workspace/rustup-home:/opt/rustwide/rustup-home:ro,Z" "-e" "SOURCE_DIR=/opt/rustwide/workdir" "-e" "CARGO_TARGET_DIR=/opt/rustwide/target" "-e" "CARGO_HOME=/opt/rustwide/cargo-home" "-e" "RUSTUP_HOME=/opt/rustwide/rustup-home" "-w" "/opt/rustwide/workdir" "-m" "1610612736" "--user" "0:0" "--network" "none" "ghcr.io/rust-lang/crates-build-env/linux@sha256:2788e3201cd34a07e3172128adcd8b3090168a8e3bcc40d7c032b9dda1df7d1c" "/opt/rustwide/cargo-home/bin/cargo" "+1.75.0" "metadata" "--no-deps" "--format-version=1", kill_on_drop: false }`
[INFO] [stdout] 8338cade10ef7153b8dd52c2c1ca82a2eb2058cd7a27004b7c2d5a9d37fecd53
[INFO] running `Command { std: "docker" "start" "-a" "8338cade10ef7153b8dd52c2c1ca82a2eb2058cd7a27004b7c2d5a9d37fecd53", kill_on_drop: false }`
[INFO] running `Command { std: "docker" "inspect" "8338cade10ef7153b8dd52c2c1ca82a2eb2058cd7a27004b7c2d5a9d37fecd53", kill_on_drop: false }`
[INFO] running `Command { std: "docker" "rm" "-f" "8338cade10ef7153b8dd52c2c1ca82a2eb2058cd7a27004b7c2d5a9d37fecd53", kill_on_drop: false }`
[INFO] [stdout] 8338cade10ef7153b8dd52c2c1ca82a2eb2058cd7a27004b7c2d5a9d37fecd53
[INFO] running `Command { std: "docker" "create" "-v" "/var/lib/crater-agent-workspace/builds/worker-3-tc1/target:/opt/rustwide/target:rw,Z" "-v" "/var/lib/crater-agent-workspace/builds/worker-3-tc1/source:/opt/rustwide/workdir:ro,Z" "-v" "/var/lib/crater-agent-workspace/cargo-home:/opt/rustwide/cargo-home:ro,Z" "-v" "/var/lib/crater-agent-workspace/rustup-home:/opt/rustwide/rustup-home:ro,Z" "-e" "SOURCE_DIR=/opt/rustwide/workdir" "-e" "CARGO_TARGET_DIR=/opt/rustwide/target" "-e" "CARGO_INCREMENTAL=0" "-e" "RUST_BACKTRACE=full" "-e" "RUSTFLAGS=--cap-lints=warn" "-e" "RUSTDOCFLAGS=--cap-lints=warn" "-e" "CARGO_HOME=/opt/rustwide/cargo-home" "-e" "RUSTUP_HOME=/opt/rustwide/rustup-home" "-w" "/opt/rustwide/workdir" "-m" "1610612736" "--user" "0:0" "--network" "none" "ghcr.io/rust-lang/crates-build-env/linux@sha256:2788e3201cd34a07e3172128adcd8b3090168a8e3bcc40d7c032b9dda1df7d1c" "/opt/rustwide/cargo-home/bin/cargo" "+1.75.0" "doc" "--frozen" "--no-deps" "--document-private-items" "--message-format=json", kill_on_drop: false }`
[INFO] [stdout] 222aae979d493cc1b17e41b81af820441af78a2013e3a1032ad26a022751a767
[INFO] running `Command { std: "docker" "start" "-a" "222aae979d493cc1b17e41b81af820441af78a2013e3a1032ad26a022751a767", kill_on_drop: false }`
[INFO] [stderr]     Checking redox_syscall v0.1.54
[INFO] [stdout] error[E0557]: feature has been removed
[INFO] [stdout]  --> /opt/rustwide/cargo-home/registry/src/index.crates.io-6f17d22bba15001f/redox_syscall-0.1.54/src/lib.rs:2:12
[INFO] [stdout]   |
[INFO] [stdout] 2 | #![feature(const_fn)]
[INFO] [stdout]   |            ^^^^^^^^ feature has been removed
[INFO] [stdout]   |
[INFO] [stdout]   = note: split into finer-grained feature gates
[INFO] [stdout] 
[INFO] [stdout] 
[INFO] [stdout] error: cannot find macro `asm` in this scope
[INFO] [stdout]  --> /opt/rustwide/cargo-home/registry/src/index.crates.io-6f17d22bba15001f/redox_syscall-0.1.54/src/arch/x86_64.rs:4:5
[INFO] [stdout]   |
[INFO] [stdout] 4 |     asm!("syscall"
[INFO] [stdout]   |     ^^^
[INFO] [stdout]   |
[INFO] [stdout] help: consider importing this macro
[INFO] [stdout]   |
[INFO] [stdout] 1 + use core::arch::asm;
[INFO] [stdout]   |
[INFO] [stdout] 
[INFO] [stdout] 
[INFO] [stdout] error: cannot find macro `asm` in this scope
[INFO] [stdout]   --> /opt/rustwide/cargo-home/registry/src/index.crates.io-6f17d22bba15001f/redox_syscall-0.1.54/src/arch/x86_64.rs:14:5
[INFO] [stdout]    |
[INFO] [stdout] 14 |     asm!("syscall"
[INFO] [stdout]    |     ^^^
[INFO] [stdout]    |
[INFO] [stdout] help: consider importing this macro
[INFO] [stdout]    |
[INFO] [stdout] 1  + use core::arch::asm;
[INFO] [stdout]    |
[INFO] [stdout] 
[INFO] [stdout] 
[INFO] [stdout] error: cannot find macro `asm` in this scope
[INFO] [stdout]   --> /opt/rustwide/cargo-home/registry/src/index.crates.io-6f17d22bba15001f/redox_syscall-0.1.54/src/arch/x86_64.rs:25:5
[INFO] [stdout]    |
[INFO] [stdout] 25 |     asm!("syscall"
[INFO] [stdout]    |     ^^^
[INFO] [stdout]    |
[INFO] [stdout] help: consider importing this macro
[INFO] [stdout]    |
[INFO] [stdout] 1  + use core::arch::asm;
[INFO] [stdout]    |
[INFO] [stdout] 
[INFO] [stdout] 
[INFO] [stdout] error: cannot find macro `asm` in this scope
[INFO] [stdout]   --> /opt/rustwide/cargo-home/registry/src/index.crates.io-6f17d22bba15001f/redox_syscall-0.1.54/src/arch/x86_64.rs:36:5
[INFO] [stdout]    |
[INFO] [stdout] 36 |     asm!("syscall"
[INFO] [stdout]    |     ^^^
[INFO] [stdout]    |
[INFO] [stdout] help: consider importing this macro
[INFO] [stdout]    |
[INFO] [stdout] 1  + use core::arch::asm;
[INFO] [stdout]    |
[INFO] [stdout] 
[INFO] [stdout] 
[INFO] [stdout] error: cannot find macro `asm` in this scope
[INFO] [stdout]   --> /opt/rustwide/cargo-home/registry/src/index.crates.io-6f17d22bba15001f/redox_syscall-0.1.54/src/arch/x86_64.rs:46:5
[INFO] [stdout]    |
[INFO] [stdout] 46 |     asm!("syscall"
[INFO] [stdout]    |     ^^^
[INFO] [stdout]    |
[INFO] [stdout] help: consider importing this macro
[INFO] [stdout]    |
[INFO] [stdout] 1  + use core::arch::asm;
[INFO] [stdout]    |
[INFO] [stdout] 
[INFO] [stdout] 
[INFO] [stdout] error: cannot find macro `asm` in this scope
[INFO] [stdout]   --> /opt/rustwide/cargo-home/registry/src/index.crates.io-6f17d22bba15001f/redox_syscall-0.1.54/src/arch/x86_64.rs:56:5
[INFO] [stdout]    |
[INFO] [stdout] 56 |     asm!("syscall"
[INFO] [stdout]    |     ^^^
[INFO] [stdout]    |
[INFO] [stdout] help: consider importing this macro
[INFO] [stdout]    |
[INFO] [stdout] 1  + use core::arch::asm;
[INFO] [stdout]    |
[INFO] [stdout] 
[INFO] [stdout] 
[INFO] [stdout] error: cannot find macro `asm` in this scope
[INFO] [stdout]   --> /opt/rustwide/cargo-home/registry/src/index.crates.io-6f17d22bba15001f/redox_syscall-0.1.54/src/arch/x86_64.rs:67:5
[INFO] [stdout]    |
[INFO] [stdout] 67 |     asm!("syscall"
[INFO] [stdout]    |     ^^^
[INFO] [stdout]    |
[INFO] [stdout] help: consider importing this macro
[INFO] [stdout]    |
[INFO] [stdout] 1  + use core::arch::asm;
[INFO] [stdout]    |
[INFO] [stdout] 
[INFO] [stdout] 
[INFO] [stdout] error: cannot find macro `asm` in this scope
[INFO] [stdout]   --> /opt/rustwide/cargo-home/registry/src/index.crates.io-6f17d22bba15001f/redox_syscall-0.1.54/src/io/pio.rs:31:13
[INFO] [stdout]    |
[INFO] [stdout] 31 |             asm!("in $0, $1" : "={al}"(value) : "{dx}"(self.port) : "memory" : "intel", "volatile");
[INFO] [stdout]    |             ^^^
[INFO] [stdout]    |
[INFO] [stdout] help: consider importing this macro
[INFO] [stdout]    |
[INFO] [stdout] 1  + use core::arch::asm;
[INFO] [stdout]    |
[INFO] [stdout] 
[INFO] [stdout] 
[INFO] [stdout] error: cannot find macro `asm` in this scope
[INFO] [stdout]   --> /opt/rustwide/cargo-home/registry/src/index.crates.io-6f17d22bba15001f/redox_syscall-0.1.54/src/io/pio.rs:40:13
[INFO] [stdout]    |
[INFO] [stdout] 40 |             asm!("out $1, $0" : : "{al}"(value), "{dx}"(self.port) : "memory" : "intel", "volatile");
[INFO] [stdout]    |             ^^^
[INFO] [stdout]    |
[INFO] [stdout] help: consider importing this macro
[INFO] [stdout]    |
[INFO] [stdout] 1  + use core::arch::asm;
[INFO] [stdout]    |
[INFO] [stdout] 
[INFO] [stdout] 
[INFO] [stdout] error: cannot find macro `asm` in this scope
[INFO] [stdout]   --> /opt/rustwide/cargo-home/registry/src/index.crates.io-6f17d22bba15001f/redox_syscall-0.1.54/src/io/pio.rs:54:13
[INFO] [stdout]    |
[INFO] [stdout] 54 |             asm!("in $0, $1" : "={ax}"(value) : "{dx}"(self.port) : "memory" : "intel", "volatile");
[INFO] [stdout]    |             ^^^
[INFO] [stdout]    |
[INFO] [stdout] help: consider importing this macro
[INFO] [stdout]    |
[INFO] [stdout] 1  + use core::arch::asm;
[INFO] [stdout]    |
[INFO] [stdout] 
[INFO] [stdout] 
[INFO] [stdout] error: cannot find macro `asm` in this scope
[INFO] [stdout]   --> /opt/rustwide/cargo-home/registry/src/index.crates.io-6f17d22bba15001f/redox_syscall-0.1.54/src/io/pio.rs:63:13
[INFO] [stdout]    |
[INFO] [stdout] 63 |             asm!("out $1, $0" : : "{ax}"(value), "{dx}"(self.port) : "memory" : "intel", "volatile");
[INFO] [stdout]    |             ^^^
[INFO] [stdout]    |
[INFO] [stdout] help: consider importing this macro
[INFO] [stdout]    |
[INFO] [stdout] 1  + use core::arch::asm;
[INFO] [stdout]    |
[INFO] [stdout] 
[INFO] [stdout] 
[INFO] [stdout] error: cannot find macro `asm` in this scope
[INFO] [stdout]   --> /opt/rustwide/cargo-home/registry/src/index.crates.io-6f17d22bba15001f/redox_syscall-0.1.54/src/io/pio.rs:77:13
[INFO] [stdout]    |
[INFO] [stdout] 77 |             asm!("in $0, $1" : "={eax}"(value) : "{dx}"(self.port) : "memory" : "intel", "volatile");
[INFO] [stdout]    |             ^^^
[INFO] [stdout]    |
[INFO] [stdout] help: consider importing this macro
[INFO] [stdout]    |
[INFO] [stdout] 1  + use core::arch::asm;
[INFO] [stdout]    |
[INFO] [stdout] 
[INFO] [stdout] 
[INFO] [stdout] error: cannot find macro `asm` in this scope
[INFO] [stdout]   --> /opt/rustwide/cargo-home/registry/src/index.crates.io-6f17d22bba15001f/redox_syscall-0.1.54/src/io/pio.rs:86:13
[INFO] [stdout]    |
[INFO] [stdout] 86 |             asm!("out $1, $0" : : "{eax}"(value), "{dx}"(self.port) : "memory" : "intel", "volatile");
[INFO] [stdout]    |             ^^^
[INFO] [stdout]    |
[INFO] [stdout] help: consider importing this macro
[INFO] [stdout]    |
[INFO] [stdout] 1  + use core::arch::asm;
[INFO] [stdout]    |
[INFO] [stdout] 
[INFO] [stdout] 
[INFO] [stdout] error[E0554]: `#![feature]` may not be used on the stable release channel
[INFO] [stdout]  --> /opt/rustwide/cargo-home/registry/src/index.crates.io-6f17d22bba15001f/redox_syscall-0.1.54/src/lib.rs:1:12
[INFO] [stdout]   |
[INFO] [stdout] 1 | #![feature(asm)]
[INFO] [stdout]   |            ^^^
[INFO] [stdout] 
[INFO] [stdout] 
[INFO] [stdout] error: aborting due to 15 previous errors
[INFO] [stdout] 
[INFO] [stdout] 
[INFO] [stdout] Some errors have detailed explanations: E0554, E0557.
[INFO] [stdout] 
[INFO] [stdout] For more information about an error, try `rustc --explain E0554`.
[INFO] [stdout] 
[INFO] [stderr] error: could not compile `redox_syscall` (lib) due to 16 previous errors
[INFO] running `Command { std: "docker" "inspect" "222aae979d493cc1b17e41b81af820441af78a2013e3a1032ad26a022751a767", kill_on_drop: false }`
[INFO] running `Command { std: "docker" "rm" "-f" "222aae979d493cc1b17e41b81af820441af78a2013e3a1032ad26a022751a767", kill_on_drop: false }`
[INFO] [stdout] 222aae979d493cc1b17e41b81af820441af78a2013e3a1032ad26a022751a767
[INFO] documenting ackxolotl/rheinfall against beta-2023-12-22 for beta-1.76-rustdoc-1
[INFO] running `Command { std: "git" "clone" "/workspace/cache/git-repos/https%3A%2F%2Fgithub.com%2Fackxolotl%2Frheinfall" "/workspace/builds/worker-3-tc2/source", kill_on_drop: false }`
[INFO] [stderr] Cloning into '/workspace/builds/worker-3-tc2/source'...
[INFO] [stderr] done.
[INFO] validating manifest of git repo https://github.com/ackxolotl/rheinfall on toolchain beta-2023-12-22
[INFO] running `Command { std: CARGO_HOME="/workspace/cargo-home" RUSTUP_HOME="/workspace/rustup-home" "/workspace/cargo-home/bin/cargo" "+beta-2023-12-22" "metadata" "--manifest-path" "Cargo.toml" "--no-deps", kill_on_drop: false }`
[INFO] started tweaking git repo https://github.com/ackxolotl/rheinfall
[INFO] finished tweaking git repo https://github.com/ackxolotl/rheinfall
[INFO] tweaked toml for git repo https://github.com/ackxolotl/rheinfall written to /workspace/builds/worker-3-tc2/source/Cargo.toml
[INFO] crate git repo https://github.com/ackxolotl/rheinfall already has a lockfile, it will not be regenerated
[INFO] running `Command { std: CARGO_HOME="/workspace/cargo-home" RUSTUP_HOME="/workspace/rustup-home" "/workspace/cargo-home/bin/cargo" "+beta-2023-12-22" "fetch" "--manifest-path" "Cargo.toml", kill_on_drop: false }`
[INFO] running `Command { std: "docker" "create" "-v" "/var/lib/crater-agent-workspace/builds/worker-3-tc2/target:/opt/rustwide/target:rw,Z" "-v" "/var/lib/crater-agent-workspace/builds/worker-3-tc2/source:/opt/rustwide/workdir:ro,Z" "-v" "/var/lib/crater-agent-workspace/cargo-home:/opt/rustwide/cargo-home:ro,Z" "-v" "/var/lib/crater-agent-workspace/rustup-home:/opt/rustwide/rustup-home:ro,Z" "-e" "SOURCE_DIR=/opt/rustwide/workdir" "-e" "CARGO_TARGET_DIR=/opt/rustwide/target" "-e" "CARGO_HOME=/opt/rustwide/cargo-home" "-e" "RUSTUP_HOME=/opt/rustwide/rustup-home" "-w" "/opt/rustwide/workdir" "-m" "1610612736" "--user" "0:0" "--network" "none" "ghcr.io/rust-lang/crates-build-env/linux@sha256:2788e3201cd34a07e3172128adcd8b3090168a8e3bcc40d7c032b9dda1df7d1c" "/opt/rustwide/cargo-home/bin/cargo" "+beta-2023-12-22" "metadata" "--no-deps" "--format-version=1", kill_on_drop: false }`
[INFO] [stdout] d16e15c86daefe54b3833f53970a315b9ec3609ddc4317d9f6d30d10bbdc0bd4
[INFO] running `Command { std: "docker" "start" "-a" "d16e15c86daefe54b3833f53970a315b9ec3609ddc4317d9f6d30d10bbdc0bd4", kill_on_drop: false }`
[INFO] running `Command { std: "docker" "inspect" "d16e15c86daefe54b3833f53970a315b9ec3609ddc4317d9f6d30d10bbdc0bd4", kill_on_drop: false }`
[INFO] running `Command { std: "docker" "rm" "-f" "d16e15c86daefe54b3833f53970a315b9ec3609ddc4317d9f6d30d10bbdc0bd4", kill_on_drop: false }`
[INFO] [stdout] d16e15c86daefe54b3833f53970a315b9ec3609ddc4317d9f6d30d10bbdc0bd4
[INFO] running `Command { std: "docker" "create" "-v" "/var/lib/crater-agent-workspace/builds/worker-3-tc2/target:/opt/rustwide/target:rw,Z" "-v" "/var/lib/crater-agent-workspace/builds/worker-3-tc2/source:/opt/rustwide/workdir:ro,Z" "-v" "/var/lib/crater-agent-workspace/cargo-home:/opt/rustwide/cargo-home:ro,Z" "-v" "/var/lib/crater-agent-workspace/rustup-home:/opt/rustwide/rustup-home:ro,Z" "-e" "SOURCE_DIR=/opt/rustwide/workdir" "-e" "CARGO_TARGET_DIR=/opt/rustwide/target" "-e" "CARGO_INCREMENTAL=0" "-e" "RUST_BACKTRACE=full" "-e" "RUSTFLAGS=--cap-lints=warn" "-e" "RUSTDOCFLAGS=--cap-lints=warn" "-e" "CARGO_HOME=/opt/rustwide/cargo-home" "-e" "RUSTUP_HOME=/opt/rustwide/rustup-home" "-w" "/opt/rustwide/workdir" "-m" "1610612736" "--user" "0:0" "--network" "none" "ghcr.io/rust-lang/crates-build-env/linux@sha256:2788e3201cd34a07e3172128adcd8b3090168a8e3bcc40d7c032b9dda1df7d1c" "/opt/rustwide/cargo-home/bin/cargo" "+beta-2023-12-22" "doc" "--frozen" "--no-deps" "--document-private-items" "--message-format=json", kill_on_drop: false }`
[INFO] [stdout] 2cbd1fe6e8b427501be531fa414a2e2b8bf7510a88fe78c10736472ecb1995be
[INFO] running `Command { std: "docker" "start" "-a" "2cbd1fe6e8b427501be531fa414a2e2b8bf7510a88fe78c10736472ecb1995be", kill_on_drop: false }`
[INFO] [stderr]     Checking redox_syscall v0.1.54
[INFO] [stdout] error[E0557]: feature has been removed
[INFO] [stdout]  --> /opt/rustwide/cargo-home/registry/src/index.crates.io-6f17d22bba15001f/redox_syscall-0.1.54/src/lib.rs:2:12
[INFO] [stdout]   |
[INFO] [stdout] 2 | #![feature(const_fn)]
[INFO] [stdout]   |            ^^^^^^^^ feature has been removed
[INFO] [stdout]   |
[INFO] [stdout]   = note: split into finer-grained feature gates
[INFO] [stdout] 
[INFO] [stdout] 
[INFO] [stdout] error: cannot find macro `asm` in this scope
[INFO] [stdout]  --> /opt/rustwide/cargo-home/registry/src/index.crates.io-6f17d22bba15001f/redox_syscall-0.1.54/src/arch/x86_64.rs:4:5
[INFO] [stdout]   |
[INFO] [stdout] 4 |     asm!("syscall"
[INFO] [stdout]   |     ^^^
[INFO] [stdout]   |
[INFO] [stdout] help: consider importing this macro
[INFO] [stdout]   |
[INFO] [stdout] 1 + use core::arch::asm;
[INFO] [stdout]   |
[INFO] [stdout] 
[INFO] [stdout] 
[INFO] [stdout] error: cannot find macro `asm` in this scope
[INFO] [stdout]   --> /opt/rustwide/cargo-home/registry/src/index.crates.io-6f17d22bba15001f/redox_syscall-0.1.54/src/arch/x86_64.rs:14:5
[INFO] [stdout]    |
[INFO] [stdout] 14 |     asm!("syscall"
[INFO] [stdout]    |     ^^^
[INFO] [stdout]    |
[INFO] [stdout] help: consider importing this macro
[INFO] [stdout]    |
[INFO] [stdout] 1  + use core::arch::asm;
[INFO] [stdout]    |
[INFO] [stdout] 
[INFO] [stdout] 
[INFO] [stdout] error: cannot find macro `asm` in this scope
[INFO] [stdout]   --> /opt/rustwide/cargo-home/registry/src/index.crates.io-6f17d22bba15001f/redox_syscall-0.1.54/src/arch/x86_64.rs:25:5
[INFO] [stdout]    |
[INFO] [stdout] 25 |     asm!("syscall"
[INFO] [stdout]    |     ^^^
[INFO] [stdout]    |
[INFO] [stdout] help: consider importing this macro
[INFO] [stdout]    |
[INFO] [stdout] 1  + use core::arch::asm;
[INFO] [stdout]    |
[INFO] [stdout] 
[INFO] [stdout] 
[INFO] [stdout] error: cannot find macro `asm` in this scope
[INFO] [stdout]   --> /opt/rustwide/cargo-home/registry/src/index.crates.io-6f17d22bba15001f/redox_syscall-0.1.54/src/arch/x86_64.rs:36:5
[INFO] [stdout]    |
[INFO] [stdout] 36 |     asm!("syscall"
[INFO] [stdout]    |     ^^^
[INFO] [stdout]    |
[INFO] [stdout] help: consider importing this macro
[INFO] [stdout]    |
[INFO] [stdout] 1  + use core::arch::asm;
[INFO] [stdout]    |
[INFO] [stdout] 
[INFO] [stdout] 
[INFO] [stdout] error: cannot find macro `asm` in this scope
[INFO] [stdout]   --> /opt/rustwide/cargo-home/registry/src/index.crates.io-6f17d22bba15001f/redox_syscall-0.1.54/src/arch/x86_64.rs:46:5
[INFO] [stdout]    |
[INFO] [stdout] 46 |     asm!("syscall"
[INFO] [stdout]    |     ^^^
[INFO] [stdout]    |
[INFO] [stdout] help: consider importing this macro
[INFO] [stdout]    |
[INFO] [stdout] 1  + use core::arch::asm;
[INFO] [stdout]    |
[INFO] [stdout] 
[INFO] [stdout] 
[INFO] [stdout] error: cannot find macro `asm` in this scope
[INFO] [stdout]   --> /opt/rustwide/cargo-home/registry/src/index.crates.io-6f17d22bba15001f/redox_syscall-0.1.54/src/arch/x86_64.rs:56:5
[INFO] [stdout]    |
[INFO] [stdout] 56 |     asm!("syscall"
[INFO] [stdout]    |     ^^^
[INFO] [stdout]    |
[INFO] [stdout] help: consider importing this macro
[INFO] [stdout]    |
[INFO] [stdout] 1  + use core::arch::asm;
[INFO] [stdout]    |
[INFO] [stdout] 
[INFO] [stdout] 
[INFO] [stdout] error: cannot find macro `asm` in this scope
[INFO] [stdout]   --> /opt/rustwide/cargo-home/registry/src/index.crates.io-6f17d22bba15001f/redox_syscall-0.1.54/src/arch/x86_64.rs:67:5
[INFO] [stdout]    |
[INFO] [stdout] 67 |     asm!("syscall"
[INFO] [stdout]    |     ^^^
[INFO] [stdout]    |
[INFO] [stdout] help: consider importing this macro
[INFO] [stdout]    |
[INFO] [stdout] 1  + use core::arch::asm;
[INFO] [stdout]    |
[INFO] [stdout] 
[INFO] [stdout] 
[INFO] [stdout] error: cannot find macro `asm` in this scope
[INFO] [stdout]   --> /opt/rustwide/cargo-home/registry/src/index.crates.io-6f17d22bba15001f/redox_syscall-0.1.54/src/io/pio.rs:31:13
[INFO] [stdout]    |
[INFO] [stdout] 31 |             asm!("in $0, $1" : "={al}"(value) : "{dx}"(self.port) : "memory" : "intel", "volatile");
[INFO] [stdout]    |             ^^^
[INFO] [stdout]    |
[INFO] [stdout] help: consider importing this macro
[INFO] [stdout]    |
[INFO] [stdout] 1  + use core::arch::asm;
[INFO] [stdout]    |
[INFO] [stdout] 
[INFO] [stdout] 
[INFO] [stdout] error: cannot find macro `asm` in this scope
[INFO] [stdout]   --> /opt/rustwide/cargo-home/registry/src/index.crates.io-6f17d22bba15001f/redox_syscall-0.1.54/src/io/pio.rs:40:13
[INFO] [stdout]    |
[INFO] [stdout] 40 |             asm!("out $1, $0" : : "{al}"(value), "{dx}"(self.port) : "memory" : "intel", "volatile");
[INFO] [stdout]    |             ^^^
[INFO] [stdout]    |
[INFO] [stdout] help: consider importing this macro
[INFO] [stdout]    |
[INFO] [stdout] 1  + use core::arch::asm;
[INFO] [stdout]    |
[INFO] [stdout] 
[INFO] [stdout] 
[INFO] [stdout] error: cannot find macro `asm` in this scope
[INFO] [stdout]   --> /opt/rustwide/cargo-home/registry/src/index.crates.io-6f17d22bba15001f/redox_syscall-0.1.54/src/io/pio.rs:54:13
[INFO] [stdout]    |
[INFO] [stdout] 54 |             asm!("in $0, $1" : "={ax}"(value) : "{dx}"(self.port) : "memory" : "intel", "volatile");
[INFO] [stdout]    |             ^^^
[INFO] [stdout]    |
[INFO] [stdout] help: consider importing this macro
[INFO] [stdout]    |
[INFO] [stdout] 1  + use core::arch::asm;
[INFO] [stdout]    |
[INFO] [stdout] 
[INFO] [stdout] 
[INFO] [stdout] error: cannot find macro `asm` in this scope
[INFO] [stdout]   --> /opt/rustwide/cargo-home/registry/src/index.crates.io-6f17d22bba15001f/redox_syscall-0.1.54/src/io/pio.rs:63:13
[INFO] [stdout]    |
[INFO] [stdout] 63 |             asm!("out $1, $0" : : "{ax}"(value), "{dx}"(self.port) : "memory" : "intel", "volatile");
[INFO] [stdout]    |             ^^^
[INFO] [stdout]    |
[INFO] [stdout] help: consider importing this macro
[INFO] [stdout]    |
[INFO] [stdout] 1  + use core::arch::asm;
[INFO] [stdout]    |
[INFO] [stdout] 
[INFO] [stdout] 
[INFO] [stdout] error: cannot find macro `asm` in this scope
[INFO] [stdout]   --> /opt/rustwide/cargo-home/registry/src/index.crates.io-6f17d22bba15001f/redox_syscall-0.1.54/src/io/pio.rs:77:13
[INFO] [stdout]    |
[INFO] [stdout] 77 |             asm!("in $0, $1" : "={eax}"(value) : "{dx}"(self.port) : "memory" : "intel", "volatile");
[INFO] [stdout]    |             ^^^
[INFO] [stdout]    |
[INFO] [stdout] help: consider importing this macro
[INFO] [stdout]    |
[INFO] [stdout] 1  + use core::arch::asm;
[INFO] [stdout]    |
[INFO] [stdout] 
[INFO] [stdout] 
[INFO] [stdout] error: cannot find macro `asm` in this scope
[INFO] [stdout]   --> /opt/rustwide/cargo-home/registry/src/index.crates.io-6f17d22bba15001f/redox_syscall-0.1.54/src/io/pio.rs:86:13
[INFO] [stdout]    |
[INFO] [stdout] 86 |             asm!("out $1, $0" : : "{eax}"(value), "{dx}"(self.port) : "memory" : "intel", "volatile");
[INFO] [stdout]    |             ^^^
[INFO] [stdout]    |
[INFO] [stdout] help: consider importing this macro
[INFO] [stdout]    |
[INFO] [stdout] 1  + use core::arch::asm;
[INFO] [stdout]    |
[INFO] [stdout] 
[INFO] [stdout] 
[INFO] [stdout] error[E0554]: `#![feature]` may not be used on the beta release channel
[INFO] [stdout]  --> /opt/rustwide/cargo-home/registry/src/index.crates.io-6f17d22bba15001f/redox_syscall-0.1.54/src/lib.rs:1:12
[INFO] [stdout]   |
[INFO] [stdout] 1 | #![feature(asm)]
[INFO] [stdout]   |            ^^^
[INFO] [stdout] 
[INFO] [stdout] 
[INFO] [stdout] error: aborting due to 15 previous errors
[INFO] [stdout] 
[INFO] [stdout] 
[INFO] [stdout] Some errors have detailed explanations: E0554, E0557.
[INFO] [stdout] 
[INFO] [stdout] For more information about an error, try `rustc --explain E0554`.
[INFO] [stdout] 
[INFO] [stderr] error: could not compile `redox_syscall` (lib) due to 16 previous errors
[INFO] running `Command { std: "docker" "inspect" "2cbd1fe6e8b427501be531fa414a2e2b8bf7510a88fe78c10736472ecb1995be", kill_on_drop: false }`
[INFO] running `Command { std: "docker" "rm" "-f" "2cbd1fe6e8b427501be531fa414a2e2b8bf7510a88fe78c10736472ecb1995be", kill_on_drop: false }`
[INFO] [stdout] 2cbd1fe6e8b427501be531fa414a2e2b8bf7510a88fe78c10736472ecb1995be
