[INFO] cloning repository https://github.com/ackwill/rust-face-rec
[INFO] running `Command { std: "git" "-c" "credential.helper=" "-c" "credential.helper=/workspace/cargo-home/bin/git-credential-null" "clone" "--bare" "https://github.com/ackwill/rust-face-rec" "/workspace/cache/git-repos/https%3A%2F%2Fgithub.com%2Fackwill%2Frust-face-rec", kill_on_drop: false }`
[INFO] [stderr] Cloning into bare repository '/workspace/cache/git-repos/https%3A%2F%2Fgithub.com%2Fackwill%2Frust-face-rec'...
[INFO] running `Command { std: "git" "rev-parse" "HEAD", kill_on_drop: false }`
[INFO] [stdout] d2b8746319f30c2caeb7b0c1743ce55faad0357d
[INFO] documenting ackwill/rust-face-rec against 1.75.0 for beta-1.76-rustdoc-1
[INFO] running `Command { std: "git" "clone" "/workspace/cache/git-repos/https%3A%2F%2Fgithub.com%2Fackwill%2Frust-face-rec" "/workspace/builds/worker-6-tc1/source", kill_on_drop: false }`
[INFO] [stderr] Cloning into '/workspace/builds/worker-6-tc1/source'...
[INFO] [stderr] done.
[INFO] validating manifest of git repo https://github.com/ackwill/rust-face-rec on toolchain 1.75.0
[INFO] running `Command { std: CARGO_HOME="/workspace/cargo-home" RUSTUP_HOME="/workspace/rustup-home" "/workspace/cargo-home/bin/cargo" "+1.75.0" "metadata" "--manifest-path" "Cargo.toml" "--no-deps", kill_on_drop: false }`
[INFO] started tweaking git repo https://github.com/ackwill/rust-face-rec
[INFO] finished tweaking git repo https://github.com/ackwill/rust-face-rec
[INFO] tweaked toml for git repo https://github.com/ackwill/rust-face-rec written to /workspace/builds/worker-6-tc1/source/Cargo.toml
[INFO] crate git repo https://github.com/ackwill/rust-face-rec already has a lockfile, it will not be regenerated
[INFO] running `Command { std: CARGO_HOME="/workspace/cargo-home" RUSTUP_HOME="/workspace/rustup-home" "/workspace/cargo-home/bin/cargo" "+1.75.0" "fetch" "--manifest-path" "Cargo.toml", kill_on_drop: false }`
[INFO] [stderr]     Updating crates.io index
[INFO] [stderr]  Downloading crates ...
[INFO] [stderr]   Downloaded flate2 v0.2.13
[INFO] [stderr]   Downloaded nn v0.1.6
[INFO] [stderr]   Downloaded gcc v0.3.22
[INFO] [stderr]   Downloaded rustc-serialize v0.3.17
[INFO] running `Command { std: "docker" "create" "-v" "/var/lib/crater-agent-workspace/builds/worker-6-tc1/target:/opt/rustwide/target:rw,Z" "-v" "/var/lib/crater-agent-workspace/builds/worker-6-tc1/source:/opt/rustwide/workdir:ro,Z" "-v" "/var/lib/crater-agent-workspace/cargo-home:/opt/rustwide/cargo-home:ro,Z" "-v" "/var/lib/crater-agent-workspace/rustup-home:/opt/rustwide/rustup-home:ro,Z" "-e" "SOURCE_DIR=/opt/rustwide/workdir" "-e" "CARGO_TARGET_DIR=/opt/rustwide/target" "-e" "CARGO_HOME=/opt/rustwide/cargo-home" "-e" "RUSTUP_HOME=/opt/rustwide/rustup-home" "-w" "/opt/rustwide/workdir" "-m" "1610612736" "--user" "0:0" "--network" "none" "ghcr.io/rust-lang/crates-build-env/linux@sha256:2788e3201cd34a07e3172128adcd8b3090168a8e3bcc40d7c032b9dda1df7d1c" "/opt/rustwide/cargo-home/bin/cargo" "+1.75.0" "metadata" "--no-deps" "--format-version=1", kill_on_drop: false }`
[INFO] [stdout] bea359b5022f2e661780092119cfca357d32de52012ef4c35bf850fc0db3960e
[INFO] running `Command { std: "docker" "start" "-a" "bea359b5022f2e661780092119cfca357d32de52012ef4c35bf850fc0db3960e", kill_on_drop: false }`
[INFO] running `Command { std: "docker" "inspect" "bea359b5022f2e661780092119cfca357d32de52012ef4c35bf850fc0db3960e", kill_on_drop: false }`
[INFO] running `Command { std: "docker" "rm" "-f" "bea359b5022f2e661780092119cfca357d32de52012ef4c35bf850fc0db3960e", kill_on_drop: false }`
[INFO] [stdout] bea359b5022f2e661780092119cfca357d32de52012ef4c35bf850fc0db3960e
[INFO] running `Command { std: "docker" "create" "-v" "/var/lib/crater-agent-workspace/builds/worker-6-tc1/target:/opt/rustwide/target:rw,Z" "-v" "/var/lib/crater-agent-workspace/builds/worker-6-tc1/source:/opt/rustwide/workdir:ro,Z" "-v" "/var/lib/crater-agent-workspace/cargo-home:/opt/rustwide/cargo-home:ro,Z" "-v" "/var/lib/crater-agent-workspace/rustup-home:/opt/rustwide/rustup-home:ro,Z" "-e" "SOURCE_DIR=/opt/rustwide/workdir" "-e" "CARGO_TARGET_DIR=/opt/rustwide/target" "-e" "CARGO_INCREMENTAL=0" "-e" "RUST_BACKTRACE=full" "-e" "RUSTFLAGS=--cap-lints=warn" "-e" "RUSTDOCFLAGS=--cap-lints=warn" "-e" "CARGO_HOME=/opt/rustwide/cargo-home" "-e" "RUSTUP_HOME=/opt/rustwide/rustup-home" "-w" "/opt/rustwide/workdir" "-m" "1610612736" "--user" "0:0" "--network" "none" "ghcr.io/rust-lang/crates-build-env/linux@sha256:2788e3201cd34a07e3172128adcd8b3090168a8e3bcc40d7c032b9dda1df7d1c" "/opt/rustwide/cargo-home/bin/cargo" "+1.75.0" "doc" "--frozen" "--no-deps" "--document-private-items" "--message-format=json", kill_on_drop: false }`
[INFO] [stdout] 69398d15ba13a1c446ad165b776e7e95384f02f8ab6450abd4ced57698db50e7
[INFO] running `Command { std: "docker" "start" "-a" "69398d15ba13a1c446ad165b776e7e95384f02f8ab6450abd4ced57698db50e7", kill_on_drop: false }`
[INFO] [stderr]    Compiling winapi-build v0.1.1
[INFO] [stderr]     Checking winapi v0.2.5
[INFO] [stderr]     Checking libc v0.2.6
[INFO] [stderr]    Compiling gcc v0.3.22
[INFO] [stderr]     Checking rustc-serialize v0.3.17
[INFO] [stderr]     Checking inflate v0.1.0
[INFO] [stderr]     Checking color_quant v1.0.0
[INFO] [stderr]     Checking lzw v0.9.0
[INFO] [stderr]     Checking bitflags v0.3.3
[INFO] [stderr]     Checking byteorder v0.4.2
[INFO] [stderr]     Checking glob v0.2.10
[INFO] [stderr]    Compiling advapi32-sys v0.1.2
[INFO] [stderr]    Compiling kernel32-sys v0.2.1
[INFO] [stdout] error[E0642]: patterns aren't allowed in functions without bodies
[INFO] [stdout]    --> /opt/rustwide/cargo-home/registry/src/index.crates.io-6f17d22bba15001f/rustc-serialize-0.3.17/src/serialize.rs:145:45
[INFO] [stdout]     |
[INFO] [stdout] 145 | ...                   &f_name: &str,
[INFO] [stdout]     |                       ^^^^^^^ pattern not allowed in function without body
[INFO] [stdout] 
[INFO] [stdout] 
[INFO] [stderr]     Checking gif v0.7.0
[INFO] [stderr]    Compiling miniz-sys v0.1.7
[INFO] [stderr]     Checking rand v0.3.13
[INFO] [stderr]     Checking time v0.1.34
[INFO] [stdout] error: aborting due to previous error
[INFO] [stdout] 
[INFO] [stdout] 
[INFO] [stdout] For more information about this error, try `rustc --explain E0642`.
[INFO] [stdout] 
[INFO] [stderr] error: could not compile `rustc-serialize` (lib) due to 2 previous errors; 1 warning emitted
[INFO] [stderr] warning: build failed, waiting for other jobs to finish...
[INFO] running `Command { std: "docker" "inspect" "69398d15ba13a1c446ad165b776e7e95384f02f8ab6450abd4ced57698db50e7", kill_on_drop: false }`
[INFO] running `Command { std: "docker" "rm" "-f" "69398d15ba13a1c446ad165b776e7e95384f02f8ab6450abd4ced57698db50e7", kill_on_drop: false }`
[INFO] [stdout] 69398d15ba13a1c446ad165b776e7e95384f02f8ab6450abd4ced57698db50e7
[INFO] documenting ackwill/rust-face-rec against beta-2023-12-22 for beta-1.76-rustdoc-1
[INFO] running `Command { std: "git" "clone" "/workspace/cache/git-repos/https%3A%2F%2Fgithub.com%2Fackwill%2Frust-face-rec" "/workspace/builds/worker-6-tc2/source", kill_on_drop: false }`
[INFO] [stderr] Cloning into '/workspace/builds/worker-6-tc2/source'...
[INFO] [stderr] done.
[INFO] validating manifest of git repo https://github.com/ackwill/rust-face-rec on toolchain beta-2023-12-22
[INFO] running `Command { std: CARGO_HOME="/workspace/cargo-home" RUSTUP_HOME="/workspace/rustup-home" "/workspace/cargo-home/bin/cargo" "+beta-2023-12-22" "metadata" "--manifest-path" "Cargo.toml" "--no-deps", kill_on_drop: false }`
[INFO] started tweaking git repo https://github.com/ackwill/rust-face-rec
[INFO] finished tweaking git repo https://github.com/ackwill/rust-face-rec
[INFO] tweaked toml for git repo https://github.com/ackwill/rust-face-rec written to /workspace/builds/worker-6-tc2/source/Cargo.toml
[INFO] crate git repo https://github.com/ackwill/rust-face-rec already has a lockfile, it will not be regenerated
[INFO] running `Command { std: CARGO_HOME="/workspace/cargo-home" RUSTUP_HOME="/workspace/rustup-home" "/workspace/cargo-home/bin/cargo" "+beta-2023-12-22" "fetch" "--manifest-path" "Cargo.toml", kill_on_drop: false }`
[INFO] running `Command { std: "docker" "create" "-v" "/var/lib/crater-agent-workspace/builds/worker-6-tc2/target:/opt/rustwide/target:rw,Z" "-v" "/var/lib/crater-agent-workspace/builds/worker-6-tc2/source:/opt/rustwide/workdir:ro,Z" "-v" "/var/lib/crater-agent-workspace/cargo-home:/opt/rustwide/cargo-home:ro,Z" "-v" "/var/lib/crater-agent-workspace/rustup-home:/opt/rustwide/rustup-home:ro,Z" "-e" "SOURCE_DIR=/opt/rustwide/workdir" "-e" "CARGO_TARGET_DIR=/opt/rustwide/target" "-e" "CARGO_HOME=/opt/rustwide/cargo-home" "-e" "RUSTUP_HOME=/opt/rustwide/rustup-home" "-w" "/opt/rustwide/workdir" "-m" "1610612736" "--user" "0:0" "--network" "none" "ghcr.io/rust-lang/crates-build-env/linux@sha256:2788e3201cd34a07e3172128adcd8b3090168a8e3bcc40d7c032b9dda1df7d1c" "/opt/rustwide/cargo-home/bin/cargo" "+beta-2023-12-22" "metadata" "--no-deps" "--format-version=1", kill_on_drop: false }`
[INFO] [stdout] 11b8f7ea5c848bbad89461c9ac03f5ee26384410263d67f48abcde97e9631e05
[INFO] running `Command { std: "docker" "start" "-a" "11b8f7ea5c848bbad89461c9ac03f5ee26384410263d67f48abcde97e9631e05", kill_on_drop: false }`
[INFO] running `Command { std: "docker" "inspect" "11b8f7ea5c848bbad89461c9ac03f5ee26384410263d67f48abcde97e9631e05", kill_on_drop: false }`
[INFO] running `Command { std: "docker" "rm" "-f" "11b8f7ea5c848bbad89461c9ac03f5ee26384410263d67f48abcde97e9631e05", kill_on_drop: false }`
[INFO] [stdout] 11b8f7ea5c848bbad89461c9ac03f5ee26384410263d67f48abcde97e9631e05
[INFO] running `Command { std: "docker" "create" "-v" "/var/lib/crater-agent-workspace/builds/worker-6-tc2/target:/opt/rustwide/target:rw,Z" "-v" "/var/lib/crater-agent-workspace/builds/worker-6-tc2/source:/opt/rustwide/workdir:ro,Z" "-v" "/var/lib/crater-agent-workspace/cargo-home:/opt/rustwide/cargo-home:ro,Z" "-v" "/var/lib/crater-agent-workspace/rustup-home:/opt/rustwide/rustup-home:ro,Z" "-e" "SOURCE_DIR=/opt/rustwide/workdir" "-e" "CARGO_TARGET_DIR=/opt/rustwide/target" "-e" "CARGO_INCREMENTAL=0" "-e" "RUST_BACKTRACE=full" "-e" "RUSTFLAGS=--cap-lints=warn" "-e" "RUSTDOCFLAGS=--cap-lints=warn" "-e" "CARGO_HOME=/opt/rustwide/cargo-home" "-e" "RUSTUP_HOME=/opt/rustwide/rustup-home" "-w" "/opt/rustwide/workdir" "-m" "1610612736" "--user" "0:0" "--network" "none" "ghcr.io/rust-lang/crates-build-env/linux@sha256:2788e3201cd34a07e3172128adcd8b3090168a8e3bcc40d7c032b9dda1df7d1c" "/opt/rustwide/cargo-home/bin/cargo" "+beta-2023-12-22" "doc" "--frozen" "--no-deps" "--document-private-items" "--message-format=json", kill_on_drop: false }`
[INFO] [stdout] 46e42847f41a3ef99b6c6e57a8b3903ca4de33f247846d0abb662c5acee3a02e
[INFO] running `Command { std: "docker" "start" "-a" "46e42847f41a3ef99b6c6e57a8b3903ca4de33f247846d0abb662c5acee3a02e", kill_on_drop: false }`
[INFO] [stderr]    Compiling winapi-build v0.1.1
[INFO] [stderr]     Checking winapi v0.2.5
[INFO] [stderr]     Checking libc v0.2.6
[INFO] [stderr]    Compiling gcc v0.3.22
[INFO] [stderr]     Checking rustc-serialize v0.3.17
[INFO] [stderr]     Checking color_quant v1.0.0
[INFO] [stderr]     Checking lzw v0.9.0
[INFO] [stderr]     Checking inflate v0.1.0
[INFO] [stderr]     Checking bitflags v0.3.3
[INFO] [stderr]     Checking glob v0.2.10
[INFO] [stderr]     Checking byteorder v0.4.2
[INFO] [stdout] error[E0642]: patterns aren't allowed in functions without bodies
[INFO] [stdout]    --> /opt/rustwide/cargo-home/registry/src/index.crates.io-6f17d22bba15001f/rustc-serialize-0.3.17/src/serialize.rs:145:45
[INFO] [stdout]     |
[INFO] [stdout] 145 | ...                   &f_name: &str,
[INFO] [stdout]     |                       ^^^^^^^ pattern not allowed in function without body
[INFO] [stdout] 
[INFO] [stdout] 
[INFO] [stderr]    Compiling advapi32-sys v0.1.2
[INFO] [stderr]    Compiling kernel32-sys v0.2.1
[INFO] [stderr]     Checking gif v0.7.0
[INFO] [stdout] error[E0310]: the parameter type `T` may not live long enough
[INFO] [stdout]    --> /opt/rustwide/cargo-home/registry/src/index.crates.io-6f17d22bba15001f/rustc-serialize-0.3.17/src/serialize.rs:452:5
[INFO] [stdout]     |
[INFO] [stdout] 452 |     fn decode<D: Decoder>(d: &mut D) -> Result<Cow<'static, T>, D::Error> {
[INFO] [stdout]     |     ^^^^^^^^^^^^^^^^^^^^^^^^^^^^^^^^^^^^^^^^^^^^^^^^^^^^^^^^^^^^^^^^^^^^^
[INFO] [stdout]     |     |
[INFO] [stdout]     |     the parameter type `T` must be valid for the static lifetime...
[INFO] [stdout]     |     ...so that the type `T` will meet its required lifetime bounds...
[INFO] [stdout]     |
[INFO] [stdout] note: ...that is required by this bound
[INFO] [stdout]    --> /rustc/0e09125c6c3c2fd70d7de961bcf0e51575235fad/library/alloc/src/borrow.rs:180:30
[INFO] [stdout] help: consider adding an explicit lifetime bound
[INFO] [stdout]     |
[INFO] [stdout] 448 | impl<'a, T: ?Sized + 'static> Decodable for Cow<'a, T>
[INFO] [stdout]     |                    +++++++++
[INFO] [stdout] 
[INFO] [stdout] 
[INFO] [stderr]     Checking rand v0.3.13
[INFO] [stderr]     Checking time v0.1.34
[INFO] [stderr]    Compiling miniz-sys v0.1.7
[INFO] [stdout] error: aborting due to 2 previous errors
[INFO] [stdout] 
[INFO] [stdout] 
[INFO] [stdout] Some errors have detailed explanations: E0310, E0642.
[INFO] [stdout] 
[INFO] [stdout] For more information about an error, try `rustc --explain E0310`.
[INFO] [stdout] 
[INFO] [stderr] error: could not compile `rustc-serialize` (lib) due to 3 previous errors
[INFO] [stderr] warning: build failed, waiting for other jobs to finish...
[INFO] running `Command { std: "docker" "inspect" "46e42847f41a3ef99b6c6e57a8b3903ca4de33f247846d0abb662c5acee3a02e", kill_on_drop: false }`
[INFO] running `Command { std: "docker" "rm" "-f" "46e42847f41a3ef99b6c6e57a8b3903ca4de33f247846d0abb662c5acee3a02e", kill_on_drop: false }`
[INFO] [stdout] 46e42847f41a3ef99b6c6e57a8b3903ca4de33f247846d0abb662c5acee3a02e
