[INFO] cloning repository https://github.com/abznt/image_processor
[INFO] running `Command { std: "git" "-c" "credential.helper=" "-c" "credential.helper=/workspace/cargo-home/bin/git-credential-null" "clone" "--bare" "https://github.com/abznt/image_processor" "/workspace/cache/git-repos/https%3A%2F%2Fgithub.com%2Fabznt%2Fimage_processor", kill_on_drop: false }`
[INFO] [stderr] Cloning into bare repository '/workspace/cache/git-repos/https%3A%2F%2Fgithub.com%2Fabznt%2Fimage_processor'...
[INFO] running `Command { std: "git" "rev-parse" "HEAD", kill_on_drop: false }`
[INFO] [stdout] 4865ac6e70b5245429f40b438c45e866e93f0b93
[INFO] documenting abznt/image_processor against 1.75.0 for beta-1.76-rustdoc-1
[INFO] running `Command { std: "git" "clone" "/workspace/cache/git-repos/https%3A%2F%2Fgithub.com%2Fabznt%2Fimage_processor" "/workspace/builds/worker-5-tc1/source", kill_on_drop: false }`
[INFO] [stderr] Cloning into '/workspace/builds/worker-5-tc1/source'...
[INFO] [stderr] done.
[INFO] validating manifest of git repo https://github.com/abznt/image_processor on toolchain 1.75.0
[INFO] running `Command { std: CARGO_HOME="/workspace/cargo-home" RUSTUP_HOME="/workspace/rustup-home" "/workspace/cargo-home/bin/cargo" "+1.75.0" "metadata" "--manifest-path" "Cargo.toml" "--no-deps", kill_on_drop: false }`
[INFO] started tweaking git repo https://github.com/abznt/image_processor
[INFO] finished tweaking git repo https://github.com/abznt/image_processor
[INFO] tweaked toml for git repo https://github.com/abznt/image_processor written to /workspace/builds/worker-5-tc1/source/Cargo.toml
[INFO] crate git repo https://github.com/abznt/image_processor already has a lockfile, it will not be regenerated
[INFO] running `Command { std: CARGO_HOME="/workspace/cargo-home" RUSTUP_HOME="/workspace/rustup-home" "/workspace/cargo-home/bin/cargo" "+1.75.0" "fetch" "--manifest-path" "Cargo.toml", kill_on_drop: false }`
[INFO] [stderr] warning: unused manifest key: package.author
[INFO] [stderr]     Updating crates.io index
[INFO] [stderr]  Downloading crates ...
[INFO] [stderr]   Downloaded image2 v1.9.2
[INFO] running `Command { std: "docker" "create" "-v" "/var/lib/crater-agent-workspace/builds/worker-5-tc1/target:/opt/rustwide/target:rw,Z" "-v" "/var/lib/crater-agent-workspace/builds/worker-5-tc1/source:/opt/rustwide/workdir:ro,Z" "-v" "/var/lib/crater-agent-workspace/cargo-home:/opt/rustwide/cargo-home:ro,Z" "-v" "/var/lib/crater-agent-workspace/rustup-home:/opt/rustwide/rustup-home:ro,Z" "-e" "SOURCE_DIR=/opt/rustwide/workdir" "-e" "CARGO_TARGET_DIR=/opt/rustwide/target" "-e" "CARGO_HOME=/opt/rustwide/cargo-home" "-e" "RUSTUP_HOME=/opt/rustwide/rustup-home" "-w" "/opt/rustwide/workdir" "-m" "1610612736" "--user" "0:0" "--network" "none" "ghcr.io/rust-lang/crates-build-env/linux@sha256:2788e3201cd34a07e3172128adcd8b3090168a8e3bcc40d7c032b9dda1df7d1c" "/opt/rustwide/cargo-home/bin/cargo" "+1.75.0" "metadata" "--no-deps" "--format-version=1", kill_on_drop: false }`
[INFO] [stdout] 35a18b6fa4c657e1db812a6e9ce6e942d338edaac6b873921705af479e3fb1aa
[INFO] running `Command { std: "docker" "start" "-a" "35a18b6fa4c657e1db812a6e9ce6e942d338edaac6b873921705af479e3fb1aa", kill_on_drop: false }`
[INFO] running `Command { std: "docker" "inspect" "35a18b6fa4c657e1db812a6e9ce6e942d338edaac6b873921705af479e3fb1aa", kill_on_drop: false }`
[INFO] running `Command { std: "docker" "rm" "-f" "35a18b6fa4c657e1db812a6e9ce6e942d338edaac6b873921705af479e3fb1aa", kill_on_drop: false }`
[INFO] [stdout] 35a18b6fa4c657e1db812a6e9ce6e942d338edaac6b873921705af479e3fb1aa
[INFO] running `Command { std: "docker" "create" "-v" "/var/lib/crater-agent-workspace/builds/worker-5-tc1/target:/opt/rustwide/target:rw,Z" "-v" "/var/lib/crater-agent-workspace/builds/worker-5-tc1/source:/opt/rustwide/workdir:ro,Z" "-v" "/var/lib/crater-agent-workspace/cargo-home:/opt/rustwide/cargo-home:ro,Z" "-v" "/var/lib/crater-agent-workspace/rustup-home:/opt/rustwide/rustup-home:ro,Z" "-e" "SOURCE_DIR=/opt/rustwide/workdir" "-e" "CARGO_TARGET_DIR=/opt/rustwide/target" "-e" "CARGO_INCREMENTAL=0" "-e" "RUST_BACKTRACE=full" "-e" "RUSTFLAGS=--cap-lints=warn" "-e" "RUSTDOCFLAGS=--cap-lints=warn" "-e" "CARGO_HOME=/opt/rustwide/cargo-home" "-e" "RUSTUP_HOME=/opt/rustwide/rustup-home" "-w" "/opt/rustwide/workdir" "-m" "1610612736" "--user" "0:0" "--network" "none" "ghcr.io/rust-lang/crates-build-env/linux@sha256:2788e3201cd34a07e3172128adcd8b3090168a8e3bcc40d7c032b9dda1df7d1c" "/opt/rustwide/cargo-home/bin/cargo" "+1.75.0" "doc" "--frozen" "--no-deps" "--document-private-items" "--message-format=json", kill_on_drop: false }`
[INFO] [stdout] 07708a0f5ed8ac51bd3e7a8c2ee4e1000add203e1eed29ff13f7083a7ef09115
[INFO] running `Command { std: "docker" "start" "-a" "07708a0f5ed8ac51bd3e7a8c2ee4e1000add203e1eed29ff13f7083a7ef09115", kill_on_drop: false }`
[INFO] [stderr] warning: unused manifest key: package.author
[INFO] [stderr]    Compiling proc-macro2 v1.0.56
[INFO] [stderr]    Compiling quote v1.0.26
[INFO] [stderr]    Compiling libc v0.2.141
[INFO] [stderr]    Compiling crossbeam-utils v0.8.15
[INFO] [stderr]    Compiling memchr v2.5.0
[INFO] [stderr]    Compiling memoffset v0.8.0
[INFO] [stderr]    Compiling io-lifetimes v1.0.10
[INFO] [stderr]    Compiling crossbeam-epoch v0.9.14
[INFO] [stderr]    Compiling rustix v0.37.11
[INFO] [stderr]    Compiling regex-syntax v0.7.1
[INFO] [stderr]     Checking linux-raw-sys v0.3.1
[INFO] [stderr]    Compiling aho-corasick v1.0.1
[INFO] [stderr]    Compiling num-traits v0.2.15
[INFO] [stderr]    Compiling rayon-core v1.11.0
[INFO] [stderr]     Checking utf8parse v0.2.1
[INFO] [stderr]    Compiling cc v1.0.79
[INFO] [stderr]    Compiling unicode-xid v0.2.4
[INFO] [stderr]     Checking anstyle-parse v0.2.0
[INFO] [stderr]     Checking crossbeam-deque v0.8.3
[INFO] [stderr]    Compiling syn v2.0.15
[INFO] [stderr]     Checking crossbeam-channel v0.5.8
[INFO] [stderr]    Compiling aho-corasick v0.7.20
[INFO] [stderr]     Checking colorchoice v1.0.0
[INFO] [stderr]    Compiling byteorder v1.4.3
[INFO] [stderr]    Compiling thiserror v1.0.40
[INFO] [stderr]     Checking ttf-parser v0.15.2
[INFO] [stderr]     Checking num_cpus v1.15.0
[INFO] [stderr]     Checking anstyle-query v1.0.0
[INFO] [stderr]     Checking anstyle v1.0.0
[INFO] [stderr]     Checking clap_lex v0.4.1
[INFO] [stderr]     Checking either v1.8.1
[INFO] [stderr]     Checking ab_glyph_rasterizer v0.1.8
[INFO] [stderr]     Checking rayon v1.7.0
[INFO] [stderr]    Compiling regex v1.8.1
[INFO] [stderr]     Checking memmap2 v0.5.10
[INFO] [stderr]     Checking half v2.2.1
[INFO] [stderr]     Checking euclid v0.22.9
[INFO] [stderr]     Checking is-terminal v0.4.7
[INFO] [stderr]     Checking anstream v0.3.0
[INFO] [stderr]     Checking owned_ttf_parser v0.15.2
[INFO] [stderr]     Checking rusttype v0.9.3
[INFO] [stderr]     Checking clap_builder v4.2.2
[INFO] [stderr]    Compiling cpp_common v0.5.8
[INFO] [stderr]    Compiling cpp_build v0.5.8
[INFO] [stderr]    Compiling image2 v1.9.2
[INFO] [stderr]    Compiling cpp_macros v0.5.8
[INFO] [stderr]    Compiling thiserror-impl v1.0.40
[INFO] [stderr]    Compiling clap_derive v4.2.0
[INFO] [stderr] The following warnings were emitted during compilation:
[INFO] [stderr] 
[INFO] [stderr] warning: image2@1.9.2: src/io/oiio.rs:8:14: fatal error: OpenImageIO/paramlist.h: No such file or directory
[INFO] [stderr] warning: image2@1.9.2:     8 |     #include <OpenImageIO/paramlist.h>
[INFO] [stderr] warning: image2@1.9.2:       |              ^~~~~~~~~~~~~~~~~~~~~~~~~
[INFO] [stderr] warning: image2@1.9.2: compilation terminated.
[INFO] [stderr] 
[INFO] [stderr] error: failed to run custom build command for `image2 v1.9.2`
[INFO] [stderr] note: To improve backtraces for build dependencies, set the CARGO_PROFILE_DEV_BUILD_OVERRIDE_DEBUG=true environment variable to enable debug information generation.
[INFO] [stderr] 
[INFO] [stderr] Caused by:
[INFO] [stderr]   process didn't exit successfully: `/opt/rustwide/target/debug/build/image2-7309ca54f8d56136/build-script-build` (exit status: 1)
[INFO] [stderr]   --- stdout
[INFO] [stderr]   TARGET = Some("x86_64-unknown-linux-gnu")
[INFO] [stderr]   OPT_LEVEL = Some("0")
[INFO] [stderr]   HOST = Some("x86_64-unknown-linux-gnu")
[INFO] [stderr]   cargo:rerun-if-env-changed=CXX_x86_64-unknown-linux-gnu
[INFO] [stderr]   CXX_x86_64-unknown-linux-gnu = None
[INFO] [stderr]   cargo:rerun-if-env-changed=CXX_x86_64_unknown_linux_gnu
[INFO] [stderr]   CXX_x86_64_unknown_linux_gnu = None
[INFO] [stderr]   cargo:rerun-if-env-changed=HOST_CXX
[INFO] [stderr]   HOST_CXX = None
[INFO] [stderr]   cargo:rerun-if-env-changed=CXX
[INFO] [stderr]   CXX = None
[INFO] [stderr]   cargo:rerun-if-env-changed=CXXFLAGS_x86_64-unknown-linux-gnu
[INFO] [stderr]   CXXFLAGS_x86_64-unknown-linux-gnu = None
[INFO] [stderr]   cargo:rerun-if-env-changed=CXXFLAGS_x86_64_unknown_linux_gnu
[INFO] [stderr]   CXXFLAGS_x86_64_unknown_linux_gnu = None
[INFO] [stderr]   cargo:rerun-if-env-changed=HOST_CXXFLAGS
[INFO] [stderr]   HOST_CXXFLAGS = None
[INFO] [stderr]   cargo:rerun-if-env-changed=CXXFLAGS
[INFO] [stderr]   CXXFLAGS = None
[INFO] [stderr]   cargo:rerun-if-env-changed=CRATE_CC_NO_DEFAULTS
[INFO] [stderr]   CRATE_CC_NO_DEFAULTS = None
[INFO] [stderr]   DEBUG = Some("true")
[INFO] [stderr]   CARGO_CFG_TARGET_FEATURE = Some("fxsr,sse,sse2")
[INFO] [stderr]   running: "c++" "-O0" "-ffunction-sections" "-fdata-sections" "-fPIC" "-gdwarf-4" "-fno-omit-frame-pointer" "-m64" "-I" "/opt/rustwide/cargo-home/registry/src/index.crates.io-6f17d22bba15001f/image2-1.9.2" "-Wall" "-Wextra" "-std=c++14" "-w" "" "-o" "/opt/rustwide/target/debug/build/image2-f457998d90a3a5a5/out/96efc837b2071f83-cpp_closures.o" "-c" "/opt/rustwide/target/debug/build/image2-f457998d90a3a5a5/out/rust_cpp/cpp_closures.cpp"
[INFO] [stderr]   cargo:warning=src/io/oiio.rs:8:14: fatal error: OpenImageIO/paramlist.h: No such file or directory
[INFO] [stderr]   cargo:warning=    8 |     #include <OpenImageIO/paramlist.h>
[INFO] [stderr]   cargo:warning=      |              ^~~~~~~~~~~~~~~~~~~~~~~~~
[INFO] [stderr]   cargo:warning=compilation terminated.
[INFO] [stderr]   exit status: 1
[INFO] [stderr] 
[INFO] [stderr]   --- stderr
[INFO] [stderr] 
[INFO] [stderr] 
[INFO] [stderr]   error occurred: ToolExecError: Command "c++" "-O0" "-ffunction-sections" "-fdata-sections" "-fPIC" "-gdwarf-4" "-fno-omit-frame-pointer" "-m64" "-I" "/opt/rustwide/cargo-home/registry/src/index.crates.io-6f17d22bba15001f/image2-1.9.2" "-Wall" "-Wextra" "-std=c++14" "-w" "" "-o" "/opt/rustwide/target/debug/build/image2-f457998d90a3a5a5/out/96efc837b2071f83-cpp_closures.o" "-c" "/opt/rustwide/target/debug/build/image2-f457998d90a3a5a5/out/rust_cpp/cpp_closures.cpp" with args "c++" did not execute successfully (status code exit status: 1).
[INFO] [stderr] 
[INFO] [stderr] 
[INFO] [stderr] warning: build failed, waiting for other jobs to finish...
[INFO] running `Command { std: "docker" "inspect" "07708a0f5ed8ac51bd3e7a8c2ee4e1000add203e1eed29ff13f7083a7ef09115", kill_on_drop: false }`
[INFO] running `Command { std: "docker" "rm" "-f" "07708a0f5ed8ac51bd3e7a8c2ee4e1000add203e1eed29ff13f7083a7ef09115", kill_on_drop: false }`
[INFO] [stdout] 07708a0f5ed8ac51bd3e7a8c2ee4e1000add203e1eed29ff13f7083a7ef09115
[INFO] documenting abznt/image_processor against beta-2023-12-22 for beta-1.76-rustdoc-1
[INFO] running `Command { std: "git" "clone" "/workspace/cache/git-repos/https%3A%2F%2Fgithub.com%2Fabznt%2Fimage_processor" "/workspace/builds/worker-5-tc2/source", kill_on_drop: false }`
[INFO] [stderr] Cloning into '/workspace/builds/worker-5-tc2/source'...
[INFO] [stderr] done.
[INFO] validating manifest of git repo https://github.com/abznt/image_processor on toolchain beta-2023-12-22
[INFO] running `Command { std: CARGO_HOME="/workspace/cargo-home" RUSTUP_HOME="/workspace/rustup-home" "/workspace/cargo-home/bin/cargo" "+beta-2023-12-22" "metadata" "--manifest-path" "Cargo.toml" "--no-deps", kill_on_drop: false }`
[INFO] started tweaking git repo https://github.com/abznt/image_processor
[INFO] finished tweaking git repo https://github.com/abznt/image_processor
[INFO] tweaked toml for git repo https://github.com/abznt/image_processor written to /workspace/builds/worker-5-tc2/source/Cargo.toml
[INFO] crate git repo https://github.com/abznt/image_processor already has a lockfile, it will not be regenerated
[INFO] running `Command { std: CARGO_HOME="/workspace/cargo-home" RUSTUP_HOME="/workspace/rustup-home" "/workspace/cargo-home/bin/cargo" "+beta-2023-12-22" "fetch" "--manifest-path" "Cargo.toml", kill_on_drop: false }`
[INFO] [stderr] warning: unused manifest key: package.author
[INFO] running `Command { std: "docker" "create" "-v" "/var/lib/crater-agent-workspace/builds/worker-5-tc2/target:/opt/rustwide/target:rw,Z" "-v" "/var/lib/crater-agent-workspace/builds/worker-5-tc2/source:/opt/rustwide/workdir:ro,Z" "-v" "/var/lib/crater-agent-workspace/cargo-home:/opt/rustwide/cargo-home:ro,Z" "-v" "/var/lib/crater-agent-workspace/rustup-home:/opt/rustwide/rustup-home:ro,Z" "-e" "SOURCE_DIR=/opt/rustwide/workdir" "-e" "CARGO_TARGET_DIR=/opt/rustwide/target" "-e" "CARGO_HOME=/opt/rustwide/cargo-home" "-e" "RUSTUP_HOME=/opt/rustwide/rustup-home" "-w" "/opt/rustwide/workdir" "-m" "1610612736" "--user" "0:0" "--network" "none" "ghcr.io/rust-lang/crates-build-env/linux@sha256:2788e3201cd34a07e3172128adcd8b3090168a8e3bcc40d7c032b9dda1df7d1c" "/opt/rustwide/cargo-home/bin/cargo" "+beta-2023-12-22" "metadata" "--no-deps" "--format-version=1", kill_on_drop: false }`
[INFO] [stdout] 43ce50deeea556cfc568536ccabeac0f5d8daf8ef94bcd0c14d35f1da3864c08
[INFO] running `Command { std: "docker" "start" "-a" "43ce50deeea556cfc568536ccabeac0f5d8daf8ef94bcd0c14d35f1da3864c08", kill_on_drop: false }`
[INFO] running `Command { std: "docker" "inspect" "43ce50deeea556cfc568536ccabeac0f5d8daf8ef94bcd0c14d35f1da3864c08", kill_on_drop: false }`
[INFO] running `Command { std: "docker" "rm" "-f" "43ce50deeea556cfc568536ccabeac0f5d8daf8ef94bcd0c14d35f1da3864c08", kill_on_drop: false }`
[INFO] [stdout] 43ce50deeea556cfc568536ccabeac0f5d8daf8ef94bcd0c14d35f1da3864c08
[INFO] running `Command { std: "docker" "create" "-v" "/var/lib/crater-agent-workspace/builds/worker-5-tc2/target:/opt/rustwide/target:rw,Z" "-v" "/var/lib/crater-agent-workspace/builds/worker-5-tc2/source:/opt/rustwide/workdir:ro,Z" "-v" "/var/lib/crater-agent-workspace/cargo-home:/opt/rustwide/cargo-home:ro,Z" "-v" "/var/lib/crater-agent-workspace/rustup-home:/opt/rustwide/rustup-home:ro,Z" "-e" "SOURCE_DIR=/opt/rustwide/workdir" "-e" "CARGO_TARGET_DIR=/opt/rustwide/target" "-e" "CARGO_INCREMENTAL=0" "-e" "RUST_BACKTRACE=full" "-e" "RUSTFLAGS=--cap-lints=warn" "-e" "RUSTDOCFLAGS=--cap-lints=warn" "-e" "CARGO_HOME=/opt/rustwide/cargo-home" "-e" "RUSTUP_HOME=/opt/rustwide/rustup-home" "-w" "/opt/rustwide/workdir" "-m" "1610612736" "--user" "0:0" "--network" "none" "ghcr.io/rust-lang/crates-build-env/linux@sha256:2788e3201cd34a07e3172128adcd8b3090168a8e3bcc40d7c032b9dda1df7d1c" "/opt/rustwide/cargo-home/bin/cargo" "+beta-2023-12-22" "doc" "--frozen" "--no-deps" "--document-private-items" "--message-format=json", kill_on_drop: false }`
[INFO] [stdout] 8ccf693d1b663e0c65e78f592bace8eb48b16cedba3928432834bfa10e863e94
[INFO] running `Command { std: "docker" "start" "-a" "8ccf693d1b663e0c65e78f592bace8eb48b16cedba3928432834bfa10e863e94", kill_on_drop: false }`
[INFO] [stderr] warning: unused manifest key: package.author
[INFO] [stderr]    Compiling proc-macro2 v1.0.56
[INFO] [stderr]    Compiling quote v1.0.26
[INFO] [stderr]    Compiling libc v0.2.141
[INFO] [stderr]    Compiling crossbeam-utils v0.8.15
[INFO] [stderr]    Compiling memchr v2.5.0
[INFO] [stderr]    Compiling memoffset v0.8.0
[INFO] [stderr]    Compiling io-lifetimes v1.0.10
[INFO] [stderr]    Compiling crossbeam-epoch v0.9.14
[INFO] [stderr]    Compiling rustix v0.37.11
[INFO] [stderr]     Checking linux-raw-sys v0.3.1
[INFO] [stderr]    Compiling aho-corasick v1.0.1
[INFO] [stderr]    Compiling regex-syntax v0.7.1
[INFO] [stderr]    Compiling num-traits v0.2.15
[INFO] [stderr]    Compiling rayon-core v1.11.0
[INFO] [stderr]    Compiling syn v2.0.15
[INFO] [stderr]     Checking utf8parse v0.2.1
[INFO] [stderr]    Compiling cc v1.0.79
[INFO] [stderr]    Compiling unicode-xid v0.2.4
[INFO] [stderr]     Checking anstyle-parse v0.2.0
[INFO] [stderr]     Checking crossbeam-deque v0.8.3
[INFO] [stderr]     Checking crossbeam-channel v0.5.8
[INFO] [stderr]    Compiling aho-corasick v0.7.20
[INFO] [stderr]     Checking num_cpus v1.15.0
[INFO] [stderr]     Checking colorchoice v1.0.0
[INFO] [stderr]     Checking ttf-parser v0.15.2
[INFO] [stderr]     Checking anstyle v1.0.0
[INFO] [stderr]    Compiling thiserror v1.0.40
[INFO] [stderr]    Compiling byteorder v1.4.3
[INFO] [stderr]    Compiling regex v1.8.1
[INFO] [stderr]     Checking anstyle-query v1.0.0
[INFO] [stderr]     Checking is-terminal v0.4.7
[INFO] [stderr]     Checking anstream v0.3.0
[INFO] [stderr]     Checking either v1.8.1
[INFO] [stderr]     Checking clap_lex v0.4.1
[INFO] [stderr]     Checking ab_glyph_rasterizer v0.1.8
[INFO] [stderr]     Checking clap_builder v4.2.2
[INFO] [stderr]     Checking memmap2 v0.5.10
[INFO] [stderr]     Checking rayon v1.7.0
[INFO] [stderr]     Checking half v2.2.1
[INFO] [stderr]     Checking owned_ttf_parser v0.15.2
[INFO] [stderr]     Checking rusttype v0.9.3
[INFO] [stderr]     Checking euclid v0.22.9
[INFO] [stderr]    Compiling cpp_common v0.5.8
[INFO] [stderr]    Compiling cpp_build v0.5.8
[INFO] [stderr]    Compiling thiserror-impl v1.0.40
[INFO] [stderr]    Compiling image2 v1.9.2
[INFO] [stderr]    Compiling cpp_macros v0.5.8
[INFO] [stderr]    Compiling clap_derive v4.2.0
[INFO] [stderr]     Checking cpp v0.5.8
[INFO] [stderr] The following warnings were emitted during compilation:
[INFO] [stderr] 
[INFO] [stderr] warning: image2@1.9.2: src/io/oiio.rs:8:14: fatal error: OpenImageIO/paramlist.h: No such file or directory
[INFO] [stderr] warning: image2@1.9.2:     8 |     #include <OpenImageIO/paramlist.h>
[INFO] [stderr] warning: image2@1.9.2:       |              ^~~~~~~~~~~~~~~~~~~~~~~~~
[INFO] [stderr] warning: image2@1.9.2: compilation terminated.
[INFO] [stderr] 
[INFO] [stderr] error: failed to run custom build command for `image2 v1.9.2`
[INFO] [stderr] note: To improve backtraces for build dependencies, set the CARGO_PROFILE_DEV_BUILD_OVERRIDE_DEBUG=true environment variable to enable debug information generation.
[INFO] [stderr] 
[INFO] [stderr] Caused by:
[INFO] [stderr]   process didn't exit successfully: `/opt/rustwide/target/debug/build/image2-c5994de478b44caa/build-script-build` (exit status: 1)
[INFO] [stderr]   --- stdout
[INFO] [stderr]   TARGET = Some("x86_64-unknown-linux-gnu")
[INFO] [stderr]   OPT_LEVEL = Some("0")
[INFO] [stderr]   HOST = Some("x86_64-unknown-linux-gnu")
[INFO] [stderr]   cargo:rerun-if-env-changed=CXX_x86_64-unknown-linux-gnu
[INFO] [stderr]   CXX_x86_64-unknown-linux-gnu = None
[INFO] [stderr]   cargo:rerun-if-env-changed=CXX_x86_64_unknown_linux_gnu
[INFO] [stderr]   CXX_x86_64_unknown_linux_gnu = None
[INFO] [stderr]   cargo:rerun-if-env-changed=HOST_CXX
[INFO] [stderr]   HOST_CXX = None
[INFO] [stderr]   cargo:rerun-if-env-changed=CXX
[INFO] [stderr]   CXX = None
[INFO] [stderr]   cargo:rerun-if-env-changed=CXXFLAGS_x86_64-unknown-linux-gnu
[INFO] [stderr]   CXXFLAGS_x86_64-unknown-linux-gnu = None
[INFO] [stderr]   cargo:rerun-if-env-changed=CXXFLAGS_x86_64_unknown_linux_gnu
[INFO] [stderr]   CXXFLAGS_x86_64_unknown_linux_gnu = None
[INFO] [stderr]   cargo:rerun-if-env-changed=HOST_CXXFLAGS
[INFO] [stderr]   HOST_CXXFLAGS = None
[INFO] [stderr]   cargo:rerun-if-env-changed=CXXFLAGS
[INFO] [stderr]   CXXFLAGS = None
[INFO] [stderr]   cargo:rerun-if-env-changed=CRATE_CC_NO_DEFAULTS
[INFO] [stderr]   CRATE_CC_NO_DEFAULTS = None
[INFO] [stderr]   DEBUG = Some("true")
[INFO] [stderr]   CARGO_CFG_TARGET_FEATURE = Some("fxsr,sse,sse2")
[INFO] [stderr]   running: "c++" "-O0" "-ffunction-sections" "-fdata-sections" "-fPIC" "-gdwarf-4" "-fno-omit-frame-pointer" "-m64" "-I" "/opt/rustwide/cargo-home/registry/src/index.crates.io-6f17d22bba15001f/image2-1.9.2" "-Wall" "-Wextra" "-std=c++14" "-w" "" "-o" "/opt/rustwide/target/debug/build/image2-225e28d6d1ce69df/out/1b85387123a14096-cpp_closures.o" "-c" "/opt/rustwide/target/debug/build/image2-225e28d6d1ce69df/out/rust_cpp/cpp_closures.cpp"
[INFO] [stderr]   cargo:warning=src/io/oiio.rs:8:14: fatal error: OpenImageIO/paramlist.h: No such file or directory
[INFO] [stderr]   cargo:warning=    8 |     #include <OpenImageIO/paramlist.h>
[INFO] [stderr]   cargo:warning=      |              ^~~~~~~~~~~~~~~~~~~~~~~~~
[INFO] [stderr]   cargo:warning=compilation terminated.
[INFO] [stderr]   exit status: 1
[INFO] [stderr] 
[INFO] [stderr]   --- stderr
[INFO] [stderr] 
[INFO] [stderr] 
[INFO] [stderr]   error occurred: ToolExecError: Command "c++" "-O0" "-ffunction-sections" "-fdata-sections" "-fPIC" "-gdwarf-4" "-fno-omit-frame-pointer" "-m64" "-I" "/opt/rustwide/cargo-home/registry/src/index.crates.io-6f17d22bba15001f/image2-1.9.2" "-Wall" "-Wextra" "-std=c++14" "-w" "" "-o" "/opt/rustwide/target/debug/build/image2-225e28d6d1ce69df/out/1b85387123a14096-cpp_closures.o" "-c" "/opt/rustwide/target/debug/build/image2-225e28d6d1ce69df/out/rust_cpp/cpp_closures.cpp" with args "c++" did not execute successfully (status code exit status: 1).
[INFO] [stderr] 
[INFO] [stderr] 
[INFO] [stderr] warning: build failed, waiting for other jobs to finish...
[INFO] running `Command { std: "docker" "inspect" "8ccf693d1b663e0c65e78f592bace8eb48b16cedba3928432834bfa10e863e94", kill_on_drop: false }`
[INFO] running `Command { std: "docker" "rm" "-f" "8ccf693d1b663e0c65e78f592bace8eb48b16cedba3928432834bfa10e863e94", kill_on_drop: false }`
[INFO] [stdout] 8ccf693d1b663e0c65e78f592bace8eb48b16cedba3928432834bfa10e863e94
