[INFO] cloning repository https://github.com/abhemanyus/rust-axum-leptos
[INFO] running `Command { std: "git" "-c" "credential.helper=" "-c" "credential.helper=/workspace/cargo-home/bin/git-credential-null" "clone" "--bare" "https://github.com/abhemanyus/rust-axum-leptos" "/workspace/cache/git-repos/https%3A%2F%2Fgithub.com%2Fabhemanyus%2Frust-axum-leptos", kill_on_drop: false }`
[INFO] [stderr] Cloning into bare repository '/workspace/cache/git-repos/https%3A%2F%2Fgithub.com%2Fabhemanyus%2Frust-axum-leptos'...
[INFO] running `Command { std: "git" "rev-parse" "HEAD", kill_on_drop: false }`
[INFO] [stdout] 0d7cde3816dd08c09105502bbb37c14650108d86
[INFO] documenting abhemanyus/rust-axum-leptos against 1.75.0 for beta-1.76-rustdoc-1
[INFO] running `Command { std: "git" "clone" "/workspace/cache/git-repos/https%3A%2F%2Fgithub.com%2Fabhemanyus%2Frust-axum-leptos" "/workspace/builds/worker-0-tc1/source", kill_on_drop: false }`
[INFO] [stderr] Cloning into '/workspace/builds/worker-0-tc1/source'...
[INFO] [stderr] done.
[INFO] validating manifest of git repo https://github.com/abhemanyus/rust-axum-leptos on toolchain 1.75.0
[INFO] running `Command { std: CARGO_HOME="/workspace/cargo-home" RUSTUP_HOME="/workspace/rustup-home" "/workspace/cargo-home/bin/cargo" "+1.75.0" "metadata" "--manifest-path" "Cargo.toml" "--no-deps", kill_on_drop: false }`
[INFO] started tweaking git repo https://github.com/abhemanyus/rust-axum-leptos
[INFO] finished tweaking git repo https://github.com/abhemanyus/rust-axum-leptos
[INFO] tweaked toml for git repo https://github.com/abhemanyus/rust-axum-leptos written to /workspace/builds/worker-0-tc1/source/Cargo.toml
[INFO] crate git repo https://github.com/abhemanyus/rust-axum-leptos already has a lockfile, it will not be regenerated
[INFO] running `Command { std: CARGO_HOME="/workspace/cargo-home" RUSTUP_HOME="/workspace/rustup-home" "/workspace/cargo-home/bin/cargo" "+1.75.0" "fetch" "--manifest-path" "Cargo.toml", kill_on_drop: false }`
[INFO] [stderr]     Updating crates.io index
[INFO] [stderr]  Downloading crates ...
[INFO] [stderr]   Downloaded leptos v0.0.19
[INFO] [stderr]   Downloaded leptos_core v0.0.19
[INFO] [stderr]   Downloaded axum-macros v0.3.0
[INFO] [stderr]   Downloaded simple_logger v4.0.0
[INFO] [stderr]   Downloaded html-escape v0.2.12
[INFO] [stderr]   Downloaded leptos_meta v0.0.4
[INFO] [stderr]   Downloaded leptos_server v0.0.19
[INFO] [stderr]   Downloaded leptos_dom v0.0.19
[INFO] [stderr]   Downloaded leptos_axum v0.0.3
[INFO] [stderr]   Downloaded leptos_router v0.0.5
[INFO] [stderr]   Downloaded leptos_macro v0.0.19
[INFO] [stderr]   Downloaded leptos_reactive v0.0.19
[INFO] running `Command { std: "docker" "create" "-v" "/var/lib/crater-agent-workspace/builds/worker-0-tc1/target:/opt/rustwide/target:rw,Z" "-v" "/var/lib/crater-agent-workspace/builds/worker-0-tc1/source:/opt/rustwide/workdir:ro,Z" "-v" "/var/lib/crater-agent-workspace/cargo-home:/opt/rustwide/cargo-home:ro,Z" "-v" "/var/lib/crater-agent-workspace/rustup-home:/opt/rustwide/rustup-home:ro,Z" "-e" "SOURCE_DIR=/opt/rustwide/workdir" "-e" "CARGO_TARGET_DIR=/opt/rustwide/target" "-e" "CARGO_HOME=/opt/rustwide/cargo-home" "-e" "RUSTUP_HOME=/opt/rustwide/rustup-home" "-w" "/opt/rustwide/workdir" "-m" "1610612736" "--user" "0:0" "--network" "none" "ghcr.io/rust-lang/crates-build-env/linux@sha256:2788e3201cd34a07e3172128adcd8b3090168a8e3bcc40d7c032b9dda1df7d1c" "/opt/rustwide/cargo-home/bin/cargo" "+1.75.0" "metadata" "--no-deps" "--format-version=1", kill_on_drop: false }`
[INFO] [stdout] 114952329cc6e9d17fca0c59eda32baaeef8c7fbd66807b3ab24a586fb2a57d2
[INFO] running `Command { std: "docker" "start" "-a" "114952329cc6e9d17fca0c59eda32baaeef8c7fbd66807b3ab24a586fb2a57d2", kill_on_drop: false }`
[INFO] running `Command { std: "docker" "inspect" "114952329cc6e9d17fca0c59eda32baaeef8c7fbd66807b3ab24a586fb2a57d2", kill_on_drop: false }`
[INFO] running `Command { std: "docker" "rm" "-f" "114952329cc6e9d17fca0c59eda32baaeef8c7fbd66807b3ab24a586fb2a57d2", kill_on_drop: false }`
[INFO] [stdout] 114952329cc6e9d17fca0c59eda32baaeef8c7fbd66807b3ab24a586fb2a57d2
[INFO] running `Command { std: "docker" "create" "-v" "/var/lib/crater-agent-workspace/builds/worker-0-tc1/target:/opt/rustwide/target:rw,Z" "-v" "/var/lib/crater-agent-workspace/builds/worker-0-tc1/source:/opt/rustwide/workdir:ro,Z" "-v" "/var/lib/crater-agent-workspace/cargo-home:/opt/rustwide/cargo-home:ro,Z" "-v" "/var/lib/crater-agent-workspace/rustup-home:/opt/rustwide/rustup-home:ro,Z" "-e" "SOURCE_DIR=/opt/rustwide/workdir" "-e" "CARGO_TARGET_DIR=/opt/rustwide/target" "-e" "CARGO_INCREMENTAL=0" "-e" "RUST_BACKTRACE=full" "-e" "RUSTFLAGS=--cap-lints=warn" "-e" "RUSTDOCFLAGS=--cap-lints=warn" "-e" "CARGO_HOME=/opt/rustwide/cargo-home" "-e" "RUSTUP_HOME=/opt/rustwide/rustup-home" "-w" "/opt/rustwide/workdir" "-m" "1610612736" "--user" "0:0" "--network" "none" "ghcr.io/rust-lang/crates-build-env/linux@sha256:2788e3201cd34a07e3172128adcd8b3090168a8e3bcc40d7c032b9dda1df7d1c" "/opt/rustwide/cargo-home/bin/cargo" "+1.75.0" "doc" "--frozen" "--no-deps" "--document-private-items" "--message-format=json", kill_on_drop: false }`
[INFO] [stdout] 81713283b1218e6eb035cb4df25dffb02f09591896ad2d9ab0cc1bcc73a6e4b7
[INFO] running `Command { std: "docker" "start" "-a" "81713283b1218e6eb035cb4df25dffb02f09591896ad2d9ab0cc1bcc73a6e4b7", kill_on_drop: false }`
[INFO] [stderr]    Compiling proc-macro2 v1.0.47
[INFO] [stderr]    Compiling quote v1.0.21
[INFO] [stderr]    Compiling unicode-ident v1.0.5
[INFO] [stderr]    Compiling syn v1.0.105
[INFO] [stderr]    Compiling libc v0.2.138
[INFO] [stderr]    Compiling cfg-if v1.0.0
[INFO] [stderr]    Compiling memchr v2.5.0
[INFO] [stderr]    Compiling once_cell v1.16.0
[INFO] [stderr]    Compiling futures-core v0.3.25
[INFO] [stderr]    Compiling log v0.4.17
[INFO] [stderr]    Compiling serde_derive v1.0.148
[INFO] [stderr]    Compiling cc v1.0.77
[INFO] [stderr]    Compiling serde v1.0.148
[INFO] [stderr]    Compiling lock_api v0.4.9
[INFO] [stderr]    Compiling futures-channel v0.3.25
[INFO] [stderr]    Compiling slab v0.4.7
[INFO] [stderr]    Compiling wasm-bindgen-shared v0.2.83
[INFO] [stderr]    Compiling futures-task v0.3.25
[INFO] [stderr]    Compiling futures-util v0.3.25
[INFO] [stderr]    Compiling bumpalo v3.11.1
[INFO] [stderr]     Checking pin-project-lite v0.2.9
[INFO] [stderr]    Compiling wasm-bindgen v0.2.83
[INFO] [stderr]     Checking scopeguard v1.1.0
[INFO] [stderr]     Checking smallvec v1.10.0
[INFO] [stderr]     Checking bytes v1.3.0
[INFO] [stderr]    Compiling parking_lot_core v0.9.5
[INFO] [stderr]    Compiling num-traits v0.2.15
[INFO] [stderr]     Checking futures-sink v0.3.25
[INFO] [stderr]     Checking itoa v1.0.4
[INFO] [stderr]    Compiling tokio v1.22.0
[INFO] [stderr]    Compiling thiserror v1.0.37
[INFO] [stderr]     Checking futures-io v0.3.25
[INFO] [stderr]     Checking pin-utils v0.1.0
[INFO] [stderr]    Compiling paste v1.0.9
[INFO] [stderr]    Compiling ahash v0.7.6
[INFO] [stderr]    Compiling pkg-config v0.3.26
[INFO] [stderr]    Compiling typenum v1.15.0
[INFO] [stderr]    Compiling slotmap v1.0.6
[INFO] [stderr]    Compiling generic-array v0.14.6
[INFO] [stderr]     Checking socket2 v0.4.7
[INFO] [stderr]     Checking signal-hook-registry v1.4.0
[INFO] [stderr]     Checking num_cpus v1.14.0
[INFO] [stderr]     Checking mio v0.8.5
[INFO] [stderr]     Checking parking_lot v0.12.1
[INFO] [stderr]    Compiling getrandom v0.2.8
[INFO] [stderr]    Compiling byteorder v1.4.3
[INFO] [stderr]     Checking ryu v1.0.11
[INFO] [stderr]    Compiling serde_json v1.0.89
[INFO] [stderr]    Compiling ring v0.16.20
[INFO] [stderr]    Compiling base64 v0.13.1
[INFO] [stderr]    Compiling percent-encoding v2.2.0
[INFO] [stderr]    Compiling form_urlencoded v1.1.0
[INFO] [stderr]    Compiling parking_lot_core v0.8.5
[INFO] [stderr]    Compiling rustls v0.20.7
[INFO] [stderr]     Checking tracing-core v0.1.30
[INFO] [stderr]    Compiling indexmap v1.9.2
[INFO] [stderr]     Checking tinyvec_macros v0.1.0
[INFO] [stderr]    Compiling untrusted v0.7.1
[INFO] [stderr]     Checking bitflags v1.3.2
[INFO] [stderr]    Compiling spin v0.5.2
[INFO] [stderr]     Checking fnv v1.0.7
[INFO] [stderr]     Checking tinyvec v1.6.0
[INFO] [stderr]    Compiling openssl-sys v0.9.78
[INFO] [stderr]    Compiling unicase v2.6.0
[INFO] [stderr]     Checking http v0.2.8
[INFO] [stderr]    Compiling proc-macro-error-attr v1.0.4
[INFO] [stderr]    Compiling half v1.8.2
[INFO] [stderr]     Checking hashbrown v0.12.3
[INFO] [stderr]    Compiling utf8-width v0.1.6
[INFO] [stderr]    Compiling crossbeam-utils v0.8.14
[INFO] [stderr]    Compiling rustversion v1.0.9
[INFO] [stderr]    Compiling ciborium-io v0.2.0
[INFO] [stderr]     Checking tracing v0.1.37
[INFO] [stderr]    Compiling ciborium-ll v0.2.0
[INFO] [stderr]    Compiling rmp v0.8.11
[INFO] [stderr]    Compiling html-escape v0.2.12
[INFO] [stderr]    Compiling proc-macro-error v1.0.4
[INFO] [stderr]     Checking unicode-bidi v0.3.8
[INFO] [stderr]     Checking tower-service v0.3.2
[INFO] [stderr]    Compiling vcpkg v0.2.15
[INFO] [stderr]     Checking http-body v0.4.5
[INFO] [stderr]     Checking unicode-normalization v0.1.22
[INFO] [stderr]    Compiling httparse v1.8.0
[INFO] [stderr]    Compiling crossbeam-queue v0.3.8
[INFO] [stderr]    Compiling linear-map v1.2.0
[INFO] [stderr]     Checking lazy_static v1.4.0
[INFO] [stderr]    Compiling uuid v1.2.2
[INFO] [stderr]     Checking idna v0.3.0
[INFO] [stderr]    Compiling instant v0.1.12
[INFO] [stderr]     Checking try-lock v0.2.3
[INFO] [stderr]     Checking mime v0.3.16
[INFO] [stderr]     Checking foreign-types-shared v0.1.1
[INFO] [stderr]    Compiling openssl v0.10.43
[INFO] [stderr]     Checking either v1.8.0
[INFO] [stderr]     Checking httpdate v1.0.2
[INFO] [stderr]    Compiling libsqlite3-sys v0.24.2
[INFO] [stderr]     Checking foreign-types v0.3.2
[INFO] [stderr]     Checking want v0.3.0
[INFO] [stderr]     Checking itertools v0.10.5
[INFO] [stderr]    Compiling mime_guess v2.0.4
[INFO] [stderr]     Checking url v2.3.1
[INFO] [stderr]    Compiling block-buffer v0.10.3
[INFO] [stderr]    Compiling crypto-common v0.1.6
[INFO] [stderr]    Compiling minimal-lexical v0.2.1
[INFO] [stderr]    Compiling async-trait v0.1.59
[INFO] [stderr]     Checking tower-layer v0.3.2
[INFO] [stderr]    Compiling native-tls v0.2.11
[INFO] [stderr]    Compiling nom v7.1.1
[INFO] [stderr]    Compiling digest v0.10.6
[INFO] [stderr]    Compiling parking_lot v0.11.2
[INFO] [stderr]    Compiling axum-core v0.3.0
[INFO] [stderr]    Compiling spin v0.9.4
[INFO] [stderr]    Compiling unicode-segmentation v1.10.0
[INFO] [stderr]    Compiling unicode_categories v0.1.1
[INFO] [stderr]     Checking openssl-probe v0.1.5
[INFO] [stderr]    Compiling crc-catalog v2.1.0
[INFO] [stderr]    Compiling cpufeatures v0.2.5
[INFO] [stderr]    Compiling crc v3.0.0
[INFO] [stderr]    Compiling heck v0.4.0
[INFO] [stderr]    Compiling sha2 v0.10.6
[INFO] [stderr]    Compiling futures-intrusive v0.4.2
[INFO] [stderr]    Compiling hashlink v0.8.1
[INFO] [stderr]    Compiling stringprep v0.1.2
[INFO] [stderr]    Compiling axum v0.6.1
[INFO] [stderr]    Compiling atoi v1.0.0
[INFO] [stderr]    Compiling rustls-pemfile v1.0.1
[INFO] [stderr]     Checking aho-corasick v0.7.20
[INFO] [stderr]     Checking http-range-header v0.3.0
[INFO] [stderr]    Compiling time-core v0.1.0
[INFO] [stderr]    Compiling wasm-bindgen-backend v0.2.83
[INFO] [stderr]    Compiling event-listener v2.5.3
[INFO] [stderr]     Checking webpki v0.22.0
[INFO] [stderr]     Checking sct v0.7.0
[INFO] [stderr]    Compiling hex v0.4.3
[INFO] [stderr]    Compiling encoding_rs v0.8.31
[INFO] [stderr]     Checking regex-syntax v0.6.28
[INFO] [stderr]    Compiling dotenvy v0.15.6
[INFO] [stderr]     Checking webpki-roots v0.22.5
[INFO] [stderr]    Compiling time-macros v0.2.6
[INFO] [stderr]    Compiling tokio-stream v0.1.11
[INFO] [stderr]    Compiling sqlformat v0.2.0
[INFO] [stderr]     Checking atty v0.2.14
[INFO] [stderr]     Checking sync_wrapper v0.1.1
[INFO] [stderr]    Compiling anyhow v1.0.66
[INFO] [stderr]    Compiling wasm-bindgen-macro-support v0.2.83
[INFO] [stderr]     Checking num_threads v0.1.6
[INFO] [stderr]     Checking matchit v0.7.0
[INFO] [stderr]     Checking urlencoding v2.1.2
[INFO] [stderr]     Checking common_macros v0.1.1
[INFO] [stderr]     Checking colored v2.0.0
[INFO] [stderr]     Checking ipnet v2.5.1
[INFO] [stderr]     Checking time v0.3.17
[INFO] [stderr]     Checking regex v1.7.0
[INFO] [stderr]    Compiling futures-macro v0.3.25
[INFO] [stderr]    Compiling wasm-bindgen-macro v0.2.83
[INFO] [stderr]    Compiling tokio-macros v1.8.2
[INFO] [stderr]    Compiling pin-project-internal v1.0.12
[INFO] [stderr]    Compiling thiserror-impl v1.0.37
[INFO] [stderr]    Compiling openssl-macros v0.1.0
[INFO] [stderr]    Compiling typed-builder v0.11.0
[INFO] [stderr]    Compiling typed-builder v0.10.0
[INFO] [stderr]    Compiling axum-macros v0.3.0
[INFO] [stderr]     Checking simple_logger v4.0.0
[INFO] [stderr]    Compiling tokio-rustls v0.23.4
[INFO] [stderr]    Compiling sqlx-rt v0.6.2
[INFO] [stderr]     Checking js-sys v0.3.60
[INFO] [stderr]    Compiling pin-project v1.0.12
[INFO] [stderr]    Compiling flume v0.10.14
[INFO] [stderr]     Checking console_error_panic_hook v0.1.7
[INFO] [stderr]    Compiling syn-rsx v0.9.0
[INFO] [stderr]     Checking web-sys v0.3.60
[INFO] [stderr]     Checking wasm-bindgen-futures v0.4.33
[INFO] [stderr]     Checking futures-executor v0.3.25
[INFO] [stderr]     Checking futures v0.3.25
[INFO] [stderr]    Compiling sqlx-core v0.6.2
[INFO] [stderr]     Checking tokio-util v0.7.4
[INFO] [stderr]     Checking tower v0.4.13
[INFO] [stderr]     Checking tokio-native-tls v0.3.0
[INFO] [stderr]     Checking h2 v0.3.15
[INFO] [stderr]     Checking tower-http v0.3.5
[INFO] [stderr]     Checking rmp-serde v1.1.1
[INFO] [stderr]     Checking serde-wasm-bindgen v0.4.5
[INFO] [stderr]     Checking serde_urlencoded v0.7.1
[INFO] [stderr]     Checking ciborium v0.2.0
[INFO] [stderr]     Checking serde_path_to_error v0.1.8
[INFO] [stderr]     Checking bincode v1.3.3
[INFO] [stderr]    Compiling sqlx-macros v0.6.2
[INFO] [stderr]     Checking leptos_reactive v0.0.19
[INFO] [stderr]     Checking gloo-utils v0.1.6
[INFO] [stderr]     Checking console_log v0.2.0
[INFO] [stdout] error[E0554]: `#![feature]` may not be used on the stable release channel
[INFO] [stdout]  --> /opt/rustwide/cargo-home/registry/src/index.crates.io-6f17d22bba15001f/leptos_reactive-0.0.19/src/lib.rs:2:38
[INFO] [stdout]   |
[INFO] [stdout] 2 | #![cfg_attr(not(feature = "stable"), feature(fn_traits))]
[INFO] [stdout]   |                                      ^^^^^^^^^^^^^^^^^^
[INFO] [stdout] 
[INFO] [stdout] 
[INFO] [stdout] error[E0554]: `#![feature]` may not be used on the stable release channel
[INFO] [stdout]  --> /opt/rustwide/cargo-home/registry/src/index.crates.io-6f17d22bba15001f/leptos_reactive-0.0.19/src/lib.rs:3:38
[INFO] [stdout]   |
[INFO] [stdout] 3 | #![cfg_attr(not(feature = "stable"), feature(unboxed_closures))]
[INFO] [stdout]   |                                      ^^^^^^^^^^^^^^^^^^^^^^^^^
[INFO] [stdout] 
[INFO] [stdout] 
[INFO] [stderr]     Checking gloo-net v0.2.5
[INFO] [stdout] error[E0554]: `#![feature]` may not be used on the stable release channel
[INFO] [stdout]  --> /opt/rustwide/cargo-home/registry/src/index.crates.io-6f17d22bba15001f/leptos_reactive-0.0.19/src/lib.rs:2:46
[INFO] [stdout]   |
[INFO] [stdout] 2 | #![cfg_attr(not(feature = "stable"), feature(fn_traits))]
[INFO] [stdout]   |                                              ^^^^^^^^^
[INFO] [stdout] 
[INFO] [stdout] 
[INFO] [stdout] error[E0554]: `#![feature]` may not be used on the stable release channel
[INFO] [stdout]  --> /opt/rustwide/cargo-home/registry/src/index.crates.io-6f17d22bba15001f/leptos_reactive-0.0.19/src/lib.rs:2:38
[INFO] [stdout]   |
[INFO] [stdout] 2 | #![cfg_attr(not(feature = "stable"), feature(fn_traits))]
[INFO] [stdout]   |                                      ^^^^^^^^^^^^^^^^^^
[INFO] [stdout] 
[INFO] [stdout] 
[INFO] [stdout] error[E0554]: `#![feature]` may not be used on the stable release channel
[INFO] [stdout]  --> /opt/rustwide/cargo-home/registry/src/index.crates.io-6f17d22bba15001f/leptos_reactive-0.0.19/src/lib.rs:3:38
[INFO] [stdout]   |
[INFO] [stdout] 3 | #![cfg_attr(not(feature = "stable"), feature(unboxed_closures))]
[INFO] [stdout]   |                                      ^^^^^^^^^^^^^^^^^^^^^^^^^
[INFO] [stdout] 
[INFO] [stdout] 
[INFO] [stdout] error[E0554]: `#![feature]` may not be used on the stable release channel
[INFO] [stdout]  --> /opt/rustwide/cargo-home/registry/src/index.crates.io-6f17d22bba15001f/leptos_reactive-0.0.19/src/lib.rs:2:46
[INFO] [stdout]   |
[INFO] [stdout] 2 | #![cfg_attr(not(feature = "stable"), feature(fn_traits))]
[INFO] [stdout]   |                                              ^^^^^^^^^
[INFO] [stdout] 
[INFO] [stdout] 
[INFO] [stdout] error: aborting due to 3 previous errors
[INFO] [stdout] 
[INFO] [stdout] 
[INFO] [stdout] For more information about this error, try `rustc --explain E0554`.
[INFO] [stdout] 
[INFO] [stderr] error: could not compile `leptos_reactive` (lib) due to 4 previous errors
[INFO] [stderr] warning: build failed, waiting for other jobs to finish...
[INFO] [stdout] error: aborting due to 3 previous errors
[INFO] [stdout] 
[INFO] [stdout] 
[INFO] [stdout] For more information about this error, try `rustc --explain E0554`.
[INFO] [stdout] 
[INFO] [stderr] error: could not compile `leptos_reactive` (lib) due to 4 previous errors
[INFO] running `Command { std: "docker" "inspect" "81713283b1218e6eb035cb4df25dffb02f09591896ad2d9ab0cc1bcc73a6e4b7", kill_on_drop: false }`
[INFO] running `Command { std: "docker" "rm" "-f" "81713283b1218e6eb035cb4df25dffb02f09591896ad2d9ab0cc1bcc73a6e4b7", kill_on_drop: false }`
[INFO] [stdout] 81713283b1218e6eb035cb4df25dffb02f09591896ad2d9ab0cc1bcc73a6e4b7
[INFO] documenting abhemanyus/rust-axum-leptos against beta-2023-12-22 for beta-1.76-rustdoc-1
[INFO] running `Command { std: "git" "clone" "/workspace/cache/git-repos/https%3A%2F%2Fgithub.com%2Fabhemanyus%2Frust-axum-leptos" "/workspace/builds/worker-0-tc2/source", kill_on_drop: false }`
[INFO] [stderr] Cloning into '/workspace/builds/worker-0-tc2/source'...
[INFO] [stderr] done.
[INFO] validating manifest of git repo https://github.com/abhemanyus/rust-axum-leptos on toolchain beta-2023-12-22
[INFO] running `Command { std: CARGO_HOME="/workspace/cargo-home" RUSTUP_HOME="/workspace/rustup-home" "/workspace/cargo-home/bin/cargo" "+beta-2023-12-22" "metadata" "--manifest-path" "Cargo.toml" "--no-deps", kill_on_drop: false }`
[INFO] started tweaking git repo https://github.com/abhemanyus/rust-axum-leptos
[INFO] finished tweaking git repo https://github.com/abhemanyus/rust-axum-leptos
[INFO] tweaked toml for git repo https://github.com/abhemanyus/rust-axum-leptos written to /workspace/builds/worker-0-tc2/source/Cargo.toml
[INFO] crate git repo https://github.com/abhemanyus/rust-axum-leptos already has a lockfile, it will not be regenerated
[INFO] running `Command { std: CARGO_HOME="/workspace/cargo-home" RUSTUP_HOME="/workspace/rustup-home" "/workspace/cargo-home/bin/cargo" "+beta-2023-12-22" "fetch" "--manifest-path" "Cargo.toml", kill_on_drop: false }`
[INFO] running `Command { std: "docker" "create" "-v" "/var/lib/crater-agent-workspace/builds/worker-0-tc2/target:/opt/rustwide/target:rw,Z" "-v" "/var/lib/crater-agent-workspace/builds/worker-0-tc2/source:/opt/rustwide/workdir:ro,Z" "-v" "/var/lib/crater-agent-workspace/cargo-home:/opt/rustwide/cargo-home:ro,Z" "-v" "/var/lib/crater-agent-workspace/rustup-home:/opt/rustwide/rustup-home:ro,Z" "-e" "SOURCE_DIR=/opt/rustwide/workdir" "-e" "CARGO_TARGET_DIR=/opt/rustwide/target" "-e" "CARGO_HOME=/opt/rustwide/cargo-home" "-e" "RUSTUP_HOME=/opt/rustwide/rustup-home" "-w" "/opt/rustwide/workdir" "-m" "1610612736" "--user" "0:0" "--network" "none" "ghcr.io/rust-lang/crates-build-env/linux@sha256:2788e3201cd34a07e3172128adcd8b3090168a8e3bcc40d7c032b9dda1df7d1c" "/opt/rustwide/cargo-home/bin/cargo" "+beta-2023-12-22" "metadata" "--no-deps" "--format-version=1", kill_on_drop: false }`
[INFO] [stdout] 97d4248f1d7832cbf78ad7248dd61d7c8c04c0c12f0edbe21823d517f7e911f7
[INFO] running `Command { std: "docker" "start" "-a" "97d4248f1d7832cbf78ad7248dd61d7c8c04c0c12f0edbe21823d517f7e911f7", kill_on_drop: false }`
[INFO] running `Command { std: "docker" "inspect" "97d4248f1d7832cbf78ad7248dd61d7c8c04c0c12f0edbe21823d517f7e911f7", kill_on_drop: false }`
[INFO] running `Command { std: "docker" "rm" "-f" "97d4248f1d7832cbf78ad7248dd61d7c8c04c0c12f0edbe21823d517f7e911f7", kill_on_drop: false }`
[INFO] [stdout] 97d4248f1d7832cbf78ad7248dd61d7c8c04c0c12f0edbe21823d517f7e911f7
[INFO] running `Command { std: "docker" "create" "-v" "/var/lib/crater-agent-workspace/builds/worker-0-tc2/target:/opt/rustwide/target:rw,Z" "-v" "/var/lib/crater-agent-workspace/builds/worker-0-tc2/source:/opt/rustwide/workdir:ro,Z" "-v" "/var/lib/crater-agent-workspace/cargo-home:/opt/rustwide/cargo-home:ro,Z" "-v" "/var/lib/crater-agent-workspace/rustup-home:/opt/rustwide/rustup-home:ro,Z" "-e" "SOURCE_DIR=/opt/rustwide/workdir" "-e" "CARGO_TARGET_DIR=/opt/rustwide/target" "-e" "CARGO_INCREMENTAL=0" "-e" "RUST_BACKTRACE=full" "-e" "RUSTFLAGS=--cap-lints=warn" "-e" "RUSTDOCFLAGS=--cap-lints=warn" "-e" "CARGO_HOME=/opt/rustwide/cargo-home" "-e" "RUSTUP_HOME=/opt/rustwide/rustup-home" "-w" "/opt/rustwide/workdir" "-m" "1610612736" "--user" "0:0" "--network" "none" "ghcr.io/rust-lang/crates-build-env/linux@sha256:2788e3201cd34a07e3172128adcd8b3090168a8e3bcc40d7c032b9dda1df7d1c" "/opt/rustwide/cargo-home/bin/cargo" "+beta-2023-12-22" "doc" "--frozen" "--no-deps" "--document-private-items" "--message-format=json", kill_on_drop: false }`
[INFO] [stdout] 1cef375162a40b448211e8bb7fbd3a8e8e7d7337721fcb522ccfcc560533d762
[INFO] running `Command { std: "docker" "start" "-a" "1cef375162a40b448211e8bb7fbd3a8e8e7d7337721fcb522ccfcc560533d762", kill_on_drop: false }`
[INFO] [stderr]    Compiling proc-macro2 v1.0.47
[INFO] [stderr]    Compiling quote v1.0.21
[INFO] [stderr]    Compiling unicode-ident v1.0.5
[INFO] [stderr]    Compiling syn v1.0.105
[INFO] [stderr]    Compiling libc v0.2.138
[INFO] [stderr]    Compiling cfg-if v1.0.0
[INFO] [stderr]    Compiling memchr v2.5.0
[INFO] [stderr]    Compiling once_cell v1.16.0
[INFO] [stderr]    Compiling futures-core v0.3.25
[INFO] [stderr]    Compiling log v0.4.17
[INFO] [stderr]    Compiling serde_derive v1.0.148
[INFO] [stderr]    Compiling futures-channel v0.3.25
[INFO] [stderr]    Compiling serde v1.0.148
[INFO] [stderr]    Compiling lock_api v0.4.9
[INFO] [stderr]    Compiling cc v1.0.77
[INFO] [stderr]    Compiling slab v0.4.7
[INFO] [stderr]    Compiling wasm-bindgen-shared v0.2.83
[INFO] [stderr]    Compiling futures-task v0.3.25
[INFO] [stderr]    Compiling bumpalo v3.11.1
[INFO] [stderr]    Compiling futures-util v0.3.25
[INFO] [stderr]    Compiling wasm-bindgen v0.2.83
[INFO] [stderr]     Checking scopeguard v1.1.0
[INFO] [stderr]     Checking pin-project-lite v0.2.9
[INFO] [stderr]     Checking smallvec v1.10.0
[INFO] [stderr]    Compiling parking_lot_core v0.9.5
[INFO] [stderr]     Checking bytes v1.3.0
[INFO] [stderr]    Compiling num-traits v0.2.15
[INFO] [stderr]     Checking futures-sink v0.3.25
[INFO] [stderr]     Checking itoa v1.0.4
[INFO] [stderr]    Compiling tokio v1.22.0
[INFO] [stderr]    Compiling thiserror v1.0.37
[INFO] [stderr]     Checking futures-io v0.3.25
[INFO] [stderr]     Checking pin-utils v0.1.0
[INFO] [stderr]    Compiling paste v1.0.9
[INFO] [stderr]    Compiling ahash v0.7.6
[INFO] [stderr]    Compiling pkg-config v0.3.26
[INFO] [stderr]    Compiling typenum v1.15.0
[INFO] [stderr]    Compiling num_cpus v1.14.0
[INFO] [stderr]     Checking signal-hook-registry v1.4.0
[INFO] [stderr]     Checking mio v0.8.5
[INFO] [stderr]     Checking socket2 v0.4.7
[INFO] [stderr]     Checking parking_lot v0.12.1
[INFO] [stderr]    Compiling slotmap v1.0.6
[INFO] [stderr]    Compiling generic-array v0.14.6
[INFO] [stderr]    Compiling ring v0.16.20
[INFO] [stderr]    Compiling getrandom v0.2.8
[INFO] [stderr]    Compiling byteorder v1.4.3
[INFO] [stderr]    Compiling serde_json v1.0.89
[INFO] [stderr]     Checking ryu v1.0.11
[INFO] [stderr]    Compiling percent-encoding v2.2.0
[INFO] [stderr]    Compiling base64 v0.13.1
[INFO] [stderr]    Compiling form_urlencoded v1.1.0
[INFO] [stderr]    Compiling parking_lot_core v0.8.5
[INFO] [stderr]    Compiling rustls v0.20.7
[INFO] [stderr]     Checking tracing-core v0.1.30
[INFO] [stderr]    Compiling indexmap v1.9.2
[INFO] [stderr]    Compiling spin v0.5.2
[INFO] [stderr]     Checking tinyvec_macros v0.1.0
[INFO] [stderr]    Compiling untrusted v0.7.1
[INFO] [stderr]     Checking fnv v1.0.7
[INFO] [stderr]     Checking bitflags v1.3.2
[INFO] [stderr]     Checking tinyvec v1.6.0
[INFO] [stderr]     Checking http v0.2.8
[INFO] [stderr]    Compiling openssl-sys v0.9.78
[INFO] [stderr]    Compiling proc-macro-error-attr v1.0.4
[INFO] [stderr]    Compiling unicase v2.6.0
[INFO] [stderr]     Checking hashbrown v0.12.3
[INFO] [stderr]    Compiling crossbeam-utils v0.8.14
[INFO] [stderr]    Compiling utf8-width v0.1.6
[INFO] [stderr]    Compiling rustversion v1.0.9
[INFO] [stderr]    Compiling half v1.8.2
[INFO] [stderr]    Compiling rmp v0.8.11
[INFO] [stderr]     Checking tracing v0.1.37
[INFO] [stderr]    Compiling ciborium-io v0.2.0
[INFO] [stderr]    Compiling html-escape v0.2.12
[INFO] [stderr]    Compiling proc-macro-error v1.0.4
[INFO] [stderr]     Checking tower-service v0.3.2
[INFO] [stderr]    Compiling ciborium-ll v0.2.0
[INFO] [stderr]    Compiling vcpkg v0.2.15
[INFO] [stderr]     Checking unicode-bidi v0.3.8
[INFO] [stderr]     Checking http-body v0.4.5
[INFO] [stderr]     Checking unicode-normalization v0.1.22
[INFO] [stderr]    Compiling linear-map v1.2.0
[INFO] [stderr]    Compiling httparse v1.8.0
[INFO] [stderr]     Checking lazy_static v1.4.0
[INFO] [stderr]    Compiling crossbeam-queue v0.3.8
[INFO] [stderr]     Checking idna v0.3.0
[INFO] [stderr]    Compiling uuid v1.2.2
[INFO] [stderr]    Compiling instant v0.1.12
[INFO] [stderr]     Checking mime v0.3.16
[INFO] [stderr]     Checking either v1.8.0
[INFO] [stderr]    Compiling openssl v0.10.43
[INFO] [stderr]     Checking try-lock v0.2.3
[INFO] [stderr]     Checking httpdate v1.0.2
[INFO] [stderr]     Checking foreign-types-shared v0.1.1
[INFO] [stderr]     Checking itertools v0.10.5
[INFO] [stderr]    Compiling libsqlite3-sys v0.24.2
[INFO] [stderr]     Checking foreign-types v0.3.2
[INFO] [stderr]     Checking want v0.3.0
[INFO] [stderr]    Compiling mime_guess v2.0.4
[INFO] [stderr]    Compiling block-buffer v0.10.3
[INFO] [stderr]     Checking url v2.3.1
[INFO] [stderr]    Compiling crypto-common v0.1.6
[INFO] [stderr]    Compiling native-tls v0.2.11
[INFO] [stderr]    Compiling async-trait v0.1.59
[INFO] [stderr]     Checking tower-layer v0.3.2
[INFO] [stderr]    Compiling minimal-lexical v0.2.1
[INFO] [stderr]    Compiling digest v0.10.6
[INFO] [stderr]    Compiling parking_lot v0.11.2
[INFO] [stderr]    Compiling axum-core v0.3.0
[INFO] [stderr]    Compiling spin v0.9.4
[INFO] [stderr]    Compiling nom v7.1.1
[INFO] [stderr]    Compiling unicode_categories v0.1.1
[INFO] [stderr]     Checking openssl-probe v0.1.5
[INFO] [stderr]    Compiling crc-catalog v2.1.0
[INFO] [stderr]    Compiling cpufeatures v0.2.5
[INFO] [stderr]    Compiling unicode-segmentation v1.10.0
[INFO] [stderr]    Compiling crc v3.0.0
[INFO] [stderr]    Compiling sha2 v0.10.6
[INFO] [stderr]    Compiling futures-intrusive v0.4.2
[INFO] [stderr]    Compiling heck v0.4.0
[INFO] [stderr]    Compiling hashlink v0.8.1
[INFO] [stderr]    Compiling stringprep v0.1.2
[INFO] [stderr]    Compiling axum v0.6.1
[INFO] [stderr]    Compiling wasm-bindgen-backend v0.2.83
[INFO] [stderr]    Compiling atoi v1.0.0
[INFO] [stderr]    Compiling rustls-pemfile v1.0.1
[INFO] [stderr]     Checking aho-corasick v0.7.20
[INFO] [stderr]    Compiling encoding_rs v0.8.31
[INFO] [stderr]    Compiling hex v0.4.3
[INFO] [stderr]    Compiling event-listener v2.5.3
[INFO] [stderr]    Compiling dotenvy v0.15.6
[INFO] [stderr]     Checking webpki v0.22.0
[INFO] [stderr]     Checking sct v0.7.0
[INFO] [stderr]    Compiling tokio-stream v0.1.11
[INFO] [stderr]     Checking http-range-header v0.3.0
[INFO] [stderr]    Compiling time-core v0.1.0
[INFO] [stderr]     Checking regex-syntax v0.6.28
[INFO] [stderr]    Compiling webpki-roots v0.22.5
[INFO] [stderr]    Compiling time-macros v0.2.6
[INFO] [stderr]     Checking sqlformat v0.2.0
[INFO] [stderr]    Compiling wasm-bindgen-macro-support v0.2.83
[INFO] [stderr]     Checking atty v0.2.14
[INFO] [stderr]    Compiling anyhow v1.0.66
[INFO] [stderr]     Checking matchit v0.7.0
[INFO] [stderr]     Checking common_macros v0.1.1
[INFO] [stderr]     Checking num_threads v0.1.6
[INFO] [stderr]     Checking sync_wrapper v0.1.1
[INFO] [stderr]     Checking urlencoding v2.1.2
[INFO] [stderr]     Checking colored v2.0.0
[INFO] [stderr]     Checking ipnet v2.5.1
[INFO] [stderr]     Checking time v0.3.17
[INFO] [stderr]    Compiling futures-macro v0.3.25
[INFO] [stderr]    Compiling wasm-bindgen-macro v0.2.83
[INFO] [stderr]    Compiling tokio-macros v1.8.2
[INFO] [stderr]    Compiling thiserror-impl v1.0.37
[INFO] [stderr]    Compiling pin-project-internal v1.0.12
[INFO] [stderr]    Compiling openssl-macros v0.1.0
[INFO] [stderr]    Compiling typed-builder v0.11.0
[INFO] [stderr]    Compiling typed-builder v0.10.0
[INFO] [stderr]     Checking regex v1.7.0
[INFO] [stderr]    Compiling axum-macros v0.3.0
[INFO] [stderr]     Checking simple_logger v4.0.0
[INFO] [stderr]    Compiling tokio-rustls v0.23.4
[INFO] [stderr]    Compiling sqlx-rt v0.6.2
[INFO] [stderr]     Checking js-sys v0.3.60
[INFO] [stderr]     Checking console_error_panic_hook v0.1.7
[INFO] [stderr]    Compiling pin-project v1.0.12
[INFO] [stderr]    Compiling flume v0.10.14
[INFO] [stderr]    Compiling syn-rsx v0.9.0
[INFO] [stderr]     Checking web-sys v0.3.60
[INFO] [stderr]     Checking wasm-bindgen-futures v0.4.33
[INFO] [stderr]     Checking futures-executor v0.3.25
[INFO] [stderr]     Checking futures v0.3.25
[INFO] [stderr]    Compiling sqlx-core v0.6.2
[INFO] [stderr]     Checking tokio-util v0.7.4
[INFO] [stderr]     Checking tower v0.4.13
[INFO] [stderr]     Checking tokio-native-tls v0.3.0
[INFO] [stderr]     Checking h2 v0.3.15
[INFO] [stderr]     Checking tower-http v0.3.5
[INFO] [stderr]     Checking serde-wasm-bindgen v0.4.5
[INFO] [stderr]     Checking rmp-serde v1.1.1
[INFO] [stderr]     Checking serde_urlencoded v0.7.1
[INFO] [stderr]     Checking ciborium v0.2.0
[INFO] [stderr]     Checking bincode v1.3.3
[INFO] [stderr]     Checking serde_path_to_error v0.1.8
[INFO] [stderr]     Checking leptos_reactive v0.0.19
[INFO] [stderr]     Checking gloo-utils v0.1.6
[INFO] [stderr]     Checking console_log v0.2.0
[INFO] [stderr]     Checking gloo-net v0.2.5
[INFO] [stdout] error[E0554]: `#![feature]` may not be used on the beta release channel
[INFO] [stdout]  --> /opt/rustwide/cargo-home/registry/src/index.crates.io-6f17d22bba15001f/leptos_reactive-0.0.19/src/lib.rs:2:38
[INFO] [stdout]   |
[INFO] [stdout] 2 | #![cfg_attr(not(feature = "stable"), feature(fn_traits))]
[INFO] [stdout]   |                                      ^^^^^^^^^^^^^^^^^^
[INFO] [stdout] 
[INFO] [stdout] 
[INFO] [stdout] error[E0554]: `#![feature]` may not be used on the beta release channel
[INFO] [stdout]  --> /opt/rustwide/cargo-home/registry/src/index.crates.io-6f17d22bba15001f/leptos_reactive-0.0.19/src/lib.rs:3:38
[INFO] [stdout]   |
[INFO] [stdout] 3 | #![cfg_attr(not(feature = "stable"), feature(unboxed_closures))]
[INFO] [stdout]   |                                      ^^^^^^^^^^^^^^^^^^^^^^^^^
[INFO] [stdout] 
[INFO] [stdout] 
[INFO] [stdout] error[E0554]: `#![feature]` may not be used on the beta release channel
[INFO] [stdout]  --> /opt/rustwide/cargo-home/registry/src/index.crates.io-6f17d22bba15001f/leptos_reactive-0.0.19/src/lib.rs:2:46
[INFO] [stdout]   |
[INFO] [stdout] 2 | #![cfg_attr(not(feature = "stable"), feature(fn_traits))]
[INFO] [stdout]   |                                              ^^^^^^^^^
[INFO] [stdout] 
[INFO] [stdout] 
[INFO] [stdout] error[E0554]: `#![feature]` may not be used on the beta release channel
[INFO] [stdout]  --> /opt/rustwide/cargo-home/registry/src/index.crates.io-6f17d22bba15001f/leptos_reactive-0.0.19/src/lib.rs:2:38
[INFO] [stdout]   |
[INFO] [stdout] 2 | #![cfg_attr(not(feature = "stable"), feature(fn_traits))]
[INFO] [stdout]   |                                      ^^^^^^^^^^^^^^^^^^
[INFO] [stdout] 
[INFO] [stdout] 
[INFO] [stdout] error[E0554]: `#![feature]` may not be used on the beta release channel
[INFO] [stdout]  --> /opt/rustwide/cargo-home/registry/src/index.crates.io-6f17d22bba15001f/leptos_reactive-0.0.19/src/lib.rs:3:38
[INFO] [stdout]   |
[INFO] [stdout] 3 | #![cfg_attr(not(feature = "stable"), feature(unboxed_closures))]
[INFO] [stdout]   |                                      ^^^^^^^^^^^^^^^^^^^^^^^^^
[INFO] [stdout] 
[INFO] [stdout] 
[INFO] [stdout] error[E0554]: `#![feature]` may not be used on the beta release channel
[INFO] [stdout]  --> /opt/rustwide/cargo-home/registry/src/index.crates.io-6f17d22bba15001f/leptos_reactive-0.0.19/src/lib.rs:2:46
[INFO] [stdout]   |
[INFO] [stdout] 2 | #![cfg_attr(not(feature = "stable"), feature(fn_traits))]
[INFO] [stdout]   |                                              ^^^^^^^^^
[INFO] [stdout] 
[INFO] [stdout] 
[INFO] [stderr]    Compiling sqlx-macros v0.6.2
[INFO] [stdout] error: aborting due to 3 previous errors
[INFO] [stdout] 
[INFO] [stdout] 
[INFO] [stdout] For more information about this error, try `rustc --explain E0554`.
[INFO] [stdout] 
[INFO] [stderr] error: could not compile `leptos_reactive` (lib) due to 4 previous errors
[INFO] [stderr] warning: build failed, waiting for other jobs to finish...
[INFO] [stdout] error: aborting due to 3 previous errors
[INFO] [stdout] 
[INFO] [stdout] 
[INFO] [stdout] For more information about this error, try `rustc --explain E0554`.
[INFO] [stdout] 
[INFO] [stderr] error: could not compile `leptos_reactive` (lib) due to 4 previous errors
[INFO] running `Command { std: "docker" "inspect" "1cef375162a40b448211e8bb7fbd3a8e8e7d7337721fcb522ccfcc560533d762", kill_on_drop: false }`
[INFO] running `Command { std: "docker" "rm" "-f" "1cef375162a40b448211e8bb7fbd3a8e8e7d7337721fcb522ccfcc560533d762", kill_on_drop: false }`
[INFO] [stdout] 1cef375162a40b448211e8bb7fbd3a8e8e7d7337721fcb522ccfcc560533d762
