[INFO] cloning repository https://github.com/abhemanyus/lerasium
[INFO] running `Command { std: "git" "-c" "credential.helper=" "-c" "credential.helper=/workspace/cargo-home/bin/git-credential-null" "clone" "--bare" "https://github.com/abhemanyus/lerasium" "/workspace/cache/git-repos/https%3A%2F%2Fgithub.com%2Fabhemanyus%2Flerasium", kill_on_drop: false }`
[INFO] [stderr] Cloning into bare repository '/workspace/cache/git-repos/https%3A%2F%2Fgithub.com%2Fabhemanyus%2Flerasium'...
[INFO] running `Command { std: "git" "rev-parse" "HEAD", kill_on_drop: false }`
[INFO] [stdout] 9a870e4a69909c0bb0496387829e4f2ec6748f32
[INFO] documenting abhemanyus/lerasium against 1.75.0 for beta-1.76-rustdoc-1
[INFO] running `Command { std: "git" "clone" "/workspace/cache/git-repos/https%3A%2F%2Fgithub.com%2Fabhemanyus%2Flerasium" "/workspace/builds/worker-6-tc1/source", kill_on_drop: false }`
[INFO] [stderr] Cloning into '/workspace/builds/worker-6-tc1/source'...
[INFO] [stderr] done.
[INFO] validating manifest of git repo https://github.com/abhemanyus/lerasium on toolchain 1.75.0
[INFO] running `Command { std: CARGO_HOME="/workspace/cargo-home" RUSTUP_HOME="/workspace/rustup-home" "/workspace/cargo-home/bin/cargo" "+1.75.0" "metadata" "--manifest-path" "Cargo.toml" "--no-deps", kill_on_drop: false }`
[INFO] started tweaking git repo https://github.com/abhemanyus/lerasium
[INFO] finished tweaking git repo https://github.com/abhemanyus/lerasium
[INFO] tweaked toml for git repo https://github.com/abhemanyus/lerasium written to /workspace/builds/worker-6-tc1/source/Cargo.toml
[INFO] crate git repo https://github.com/abhemanyus/lerasium already has a lockfile, it will not be regenerated
[INFO] running `Command { std: CARGO_HOME="/workspace/cargo-home" RUSTUP_HOME="/workspace/rustup-home" "/workspace/cargo-home/bin/cargo" "+1.75.0" "fetch" "--manifest-path" "Cargo.toml", kill_on_drop: false }`
[INFO] [stderr]     Updating git repository `https://github.com/leptos-rs/leptos`
[INFO] [stderr]     Updating crates.io index
[INFO] [stderr]  Downloading crates ...
[INFO] [stderr]   Downloaded typed-builder v0.12.0
[INFO] [stderr]   Downloaded axum-macros v0.3.4
[INFO] [stderr]   Downloaded fs v0.0.5
[INFO] [stderr]   Downloaded syn-rsx v0.9.0
[INFO] running `Command { std: "docker" "create" "-v" "/var/lib/crater-agent-workspace/builds/worker-6-tc1/target:/opt/rustwide/target:rw,Z" "-v" "/var/lib/crater-agent-workspace/builds/worker-6-tc1/source:/opt/rustwide/workdir:ro,Z" "-v" "/var/lib/crater-agent-workspace/cargo-home:/opt/rustwide/cargo-home:ro,Z" "-v" "/var/lib/crater-agent-workspace/rustup-home:/opt/rustwide/rustup-home:ro,Z" "-e" "SOURCE_DIR=/opt/rustwide/workdir" "-e" "CARGO_TARGET_DIR=/opt/rustwide/target" "-e" "CARGO_HOME=/opt/rustwide/cargo-home" "-e" "RUSTUP_HOME=/opt/rustwide/rustup-home" "-w" "/opt/rustwide/workdir" "-m" "1610612736" "--user" "0:0" "--network" "none" "ghcr.io/rust-lang/crates-build-env/linux@sha256:2788e3201cd34a07e3172128adcd8b3090168a8e3bcc40d7c032b9dda1df7d1c" "/opt/rustwide/cargo-home/bin/cargo" "+1.75.0" "metadata" "--no-deps" "--format-version=1", kill_on_drop: false }`
[INFO] [stdout] 183a18e895b34ca3961f7ea0b2d6d698daeaa28841569d84bed61082c30bb263
[INFO] running `Command { std: "docker" "start" "-a" "183a18e895b34ca3961f7ea0b2d6d698daeaa28841569d84bed61082c30bb263", kill_on_drop: false }`
[INFO] running `Command { std: "docker" "inspect" "183a18e895b34ca3961f7ea0b2d6d698daeaa28841569d84bed61082c30bb263", kill_on_drop: false }`
[INFO] running `Command { std: "docker" "rm" "-f" "183a18e895b34ca3961f7ea0b2d6d698daeaa28841569d84bed61082c30bb263", kill_on_drop: false }`
[INFO] [stdout] 183a18e895b34ca3961f7ea0b2d6d698daeaa28841569d84bed61082c30bb263
[INFO] running `Command { std: "docker" "create" "-v" "/var/lib/crater-agent-workspace/builds/worker-6-tc1/target:/opt/rustwide/target:rw,Z" "-v" "/var/lib/crater-agent-workspace/builds/worker-6-tc1/source:/opt/rustwide/workdir:ro,Z" "-v" "/var/lib/crater-agent-workspace/cargo-home:/opt/rustwide/cargo-home:ro,Z" "-v" "/var/lib/crater-agent-workspace/rustup-home:/opt/rustwide/rustup-home:ro,Z" "-e" "SOURCE_DIR=/opt/rustwide/workdir" "-e" "CARGO_TARGET_DIR=/opt/rustwide/target" "-e" "CARGO_INCREMENTAL=0" "-e" "RUST_BACKTRACE=full" "-e" "RUSTFLAGS=--cap-lints=warn" "-e" "RUSTDOCFLAGS=--cap-lints=warn" "-e" "CARGO_HOME=/opt/rustwide/cargo-home" "-e" "RUSTUP_HOME=/opt/rustwide/rustup-home" "-w" "/opt/rustwide/workdir" "-m" "1610612736" "--user" "0:0" "--network" "none" "ghcr.io/rust-lang/crates-build-env/linux@sha256:2788e3201cd34a07e3172128adcd8b3090168a8e3bcc40d7c032b9dda1df7d1c" "/opt/rustwide/cargo-home/bin/cargo" "+1.75.0" "doc" "--frozen" "--no-deps" "--document-private-items" "--message-format=json", kill_on_drop: false }`
[INFO] [stdout] 6629ad719df8a11209d36e759f880fd557a16c43117ecba1d4966bdab9f68978
[INFO] running `Command { std: "docker" "start" "-a" "6629ad719df8a11209d36e759f880fd557a16c43117ecba1d4966bdab9f68978", kill_on_drop: false }`
[INFO] [stderr]    Compiling proc-macro2 v1.0.51
[INFO] [stderr]    Compiling quote v1.0.23
[INFO] [stderr]    Compiling unicode-ident v1.0.6
[INFO] [stderr]    Compiling syn v1.0.107
[INFO] [stderr]    Compiling once_cell v1.17.1
[INFO] [stderr]    Compiling autocfg v1.1.0
[INFO] [stderr]    Compiling serde_derive v1.0.152
[INFO] [stderr]    Compiling serde v1.0.152
[INFO] [stderr]    Compiling wasm-bindgen-shared v0.2.84
[INFO] [stderr]    Compiling log v0.4.17
[INFO] [stderr]    Compiling cfg-if v1.0.0
[INFO] [stderr]    Compiling bumpalo v3.12.0
[INFO] [stderr]    Compiling wasm-bindgen v0.2.84
[INFO] [stderr]    Compiling thiserror v1.0.38
[INFO] [stderr]    Compiling memchr v2.5.0
[INFO] [stderr]    Compiling libc v0.2.139
[INFO] [stderr]    Compiling futures-core v0.3.26
[INFO] [stderr]    Compiling futures-channel v0.3.26
[INFO] [stderr]    Compiling futures-task v0.3.26
[INFO] [stderr]    Compiling serde_json v1.0.93
[INFO] [stderr]    Compiling futures-util v0.3.26
[INFO] [stderr]     Checking itoa v1.0.5
[INFO] [stderr]    Compiling ahash v0.7.6
[INFO] [stderr]    Compiling slotmap v1.0.6
[INFO] [stderr]    Compiling slab v0.4.7
[INFO] [stderr]    Compiling num-traits v0.2.15
[INFO] [stderr]    Compiling num-integer v0.1.45
[INFO] [stderr]    Compiling num-bigint v0.4.3
[INFO] [stderr]     Checking ryu v1.0.12
[INFO] [stderr]    Compiling futures-sink v0.3.26
[INFO] [stderr]    Compiling indexmap v1.9.2
[INFO] [stderr]    Compiling pin-project-lite v0.2.9
[INFO] [stderr]    Compiling futures-io v0.3.26
[INFO] [stderr]    Compiling paste v1.0.11
[INFO] [stderr]    Compiling ucd-trie v0.1.5
[INFO] [stderr]    Compiling pin-utils v0.1.0
[INFO] [stderr]    Compiling tracing-core v0.1.30
[INFO] [stderr]    Compiling hashbrown v0.12.3
[INFO] [stderr]     Checking dlv-list v0.3.0
[INFO] [stderr]    Compiling base64 v0.21.0
[INFO] [stderr]    Compiling half v1.8.2
[INFO] [stderr]    Compiling async-trait v0.1.64
[INFO] [stderr]    Compiling ciborium-io v0.2.0
[INFO] [stderr]    Compiling either v1.8.1
[INFO] [stderr]    Compiling percent-encoding v2.2.0
[INFO] [stderr]    Compiling utf8-width v0.1.6
[INFO] [stderr]    Compiling form_urlencoded v1.1.0
[INFO] [stderr]     Checking getrandom v0.2.8
[INFO] [stderr]    Compiling itertools v0.10.5
[INFO] [stderr]    Compiling ciborium-ll v0.2.0
[INFO] [stderr]     Checking num_cpus v1.15.0
[INFO] [stderr]     Checking iovec v0.1.4
[INFO] [stderr]    Compiling html-escape v0.2.13
[INFO] [stderr]     Checking base64 v0.13.1
[INFO] [stderr]     Checking futures v0.1.31
[INFO] [stderr]    Compiling drain_filter_polyfill v0.1.3
[INFO] [stderr]    Compiling pad-adapter v0.1.1
[INFO] [stderr]    Compiling smallvec v1.10.0
[INFO] [stderr]    Compiling prettyplease v0.1.23
[INFO] [stderr]    Compiling rustc-hash v1.1.0
[INFO] [stderr]     Checking byteorder v1.4.3
[INFO] [stderr]     Checking minimal-lexical v0.2.1
[INFO] [stderr]     Checking linked-hash-map v0.5.6
[INFO] [stderr]     Checking yaml-rust v0.4.5
[INFO] [stderr]     Checking bytes v0.4.12
[INFO] [stderr]     Checking nom v7.1.3
[INFO] [stderr]    Compiling proc-macro-error-attr v1.0.4
[INFO] [stderr]     Checking aho-corasick v0.7.20
[INFO] [stderr]    Compiling lazy_static v1.4.0
[INFO] [stderr]     Checking pathdiff v0.2.1
[INFO] [stderr]     Checking ordered-multimap v0.4.3
[INFO] [stderr]     Checking regex-syntax v0.6.28
[INFO] [stderr]    Compiling convert_case v0.6.0
[INFO] [stderr]     Checking rust-ini v0.18.0
[INFO] [stderr]    Compiling time-core v0.1.0
[INFO] [stderr]     Checking atty v0.2.14
[INFO] [stderr]    Compiling time-macros v0.2.6
[INFO] [stderr]     Checking num_threads v0.1.6
[INFO] [stderr]     Checking fnv v1.0.7
[INFO] [stderr]     Checking bytes v1.4.0
[INFO] [stderr]     Checking colored v2.0.0
[INFO] [stderr]     Checking futures-cpupool v0.1.8
[INFO] [stderr]     Checking linear-map v1.2.0
[INFO] [stderr]     Checking common_macros v0.1.1
[INFO] [stderr]     Checking fs v0.0.5
[INFO] [stderr]     Checking http v0.2.8
[INFO] [stderr]     Checking time v0.3.17
[INFO] [stderr]     Checking regex v1.7.1
[INFO] [stderr]     Checking simple_logger v4.0.0
[INFO] [stderr]    Compiling wasm-bindgen-backend v0.2.84
[INFO] [stderr]    Compiling proc-macro-error v1.0.4
[INFO] [stderr]    Compiling wasm-bindgen-macro-support v0.2.84
[INFO] [stderr]    Compiling thiserror-impl v1.0.38
[INFO] [stderr]    Compiling futures-macro v0.3.26
[INFO] [stderr]    Compiling tracing-attributes v0.1.23
[INFO] [stderr]    Compiling pin-project-internal v1.0.12
[INFO] [stderr]    Compiling enum-ordinalize v3.1.12
[INFO] [stderr]    Compiling typed-builder v0.12.0
[INFO] [stderr]    Compiling wasm-bindgen-macro v0.2.84
[INFO] [stderr]    Compiling educe v0.4.20
[INFO] [stderr]    Compiling pest v2.5.5
[INFO] [stderr]    Compiling syn-rsx v0.9.0
[INFO] [stderr]    Compiling pin-project v1.0.12
[INFO] [stderr]    Compiling tracing v0.1.37
[INFO] [stderr]    Compiling js-sys v0.3.61
[INFO] [stderr]     Checking console_error_panic_hook v0.1.7
[INFO] [stderr]    Compiling pest_meta v2.5.5
[INFO] [stderr]    Compiling pest_generator v2.5.5
[INFO] [stderr]     Checking futures-executor v0.3.26
[INFO] [stderr]     Checking futures v0.3.26
[INFO] [stderr]     Checking web-sys v0.3.61
[INFO] [stderr]     Checking wasm-bindgen-futures v0.4.34
[INFO] [stderr]    Compiling pest_derive v2.5.5
[INFO] [stderr]     Checking serde-wasm-bindgen v0.4.5
[INFO] [stderr]     Checking json5 v0.4.1
[INFO] [stderr]     Checking ron v0.7.1
[INFO] [stderr]     Checking toml v0.5.11
[INFO] [stderr]     Checking ciborium v0.2.0
[INFO] [stderr]     Checking serde_urlencoded v0.7.1
[INFO] [stderr]     Checking config v0.13.3
[INFO] [stderr]     Checking leptos_config v0.2.0-alpha (https://github.com/leptos-rs/leptos#8d42e91e)
[INFO] [stderr]     Checking gloo-utils v0.1.6
[INFO] [stderr]     Checking leptos_reactive v0.2.0-alpha (https://github.com/leptos-rs/leptos#8d42e91e)
[INFO] [stderr]     Checking console_log v0.2.0
[INFO] [stderr]     Checking gloo-net v0.2.6
[INFO] [stdout] error[E0554]: `#![feature]` may not be used on the stable release channel
[INFO] [stdout]  --> /opt/rustwide/cargo-home/git/checkouts/leptos-2c8932a5258b3db6/8d42e91/leptos_reactive/src/lib.rs:2:38
[INFO] [stdout]   |
[INFO] [stdout] 2 | #![cfg_attr(not(feature = "stable"), feature(fn_traits))]
[INFO] [stdout]   |                                      ^^^^^^^^^^^^^^^^^^
[INFO] [stdout] 
[INFO] [stdout] 
[INFO] [stdout] error[E0554]: `#![feature]` may not be used on the stable release channel
[INFO] [stdout]  --> /opt/rustwide/cargo-home/git/checkouts/leptos-2c8932a5258b3db6/8d42e91/leptos_reactive/src/lib.rs:3:38
[INFO] [stdout]   |
[INFO] [stdout] 3 | #![cfg_attr(not(feature = "stable"), feature(unboxed_closures))]
[INFO] [stdout]   |                                      ^^^^^^^^^^^^^^^^^^^^^^^^^
[INFO] [stdout] 
[INFO] [stdout] 
[INFO] [stdout] error[E0554]: `#![feature]` may not be used on the stable release channel
[INFO] [stdout]  --> /opt/rustwide/cargo-home/git/checkouts/leptos-2c8932a5258b3db6/8d42e91/leptos_reactive/src/lib.rs:4:38
[INFO] [stdout]   |
[INFO] [stdout] 4 | #![cfg_attr(not(feature = "stable"), feature(type_name_of_val))]
[INFO] [stdout]   |                                      ^^^^^^^^^^^^^^^^^^^^^^^^^
[INFO] [stdout] 
[INFO] [stdout] 
[INFO] [stdout] error[E0554]: `#![feature]` may not be used on the stable release channel
[INFO] [stdout]  --> /opt/rustwide/cargo-home/git/checkouts/leptos-2c8932a5258b3db6/8d42e91/leptos_reactive/src/lib.rs:2:46
[INFO] [stdout]   |
[INFO] [stdout] 2 | #![cfg_attr(not(feature = "stable"), feature(fn_traits))]
[INFO] [stdout]   |                                              ^^^^^^^^^
[INFO] [stdout] 
[INFO] [stdout] 
[INFO] [stdout] error[E0554]: `#![feature]` may not be used on the stable release channel
[INFO] [stdout]  --> /opt/rustwide/cargo-home/git/checkouts/leptos-2c8932a5258b3db6/8d42e91/leptos_reactive/src/lib.rs:4:46
[INFO] [stdout]   |
[INFO] [stdout] 4 | #![cfg_attr(not(feature = "stable"), feature(type_name_of_val))]
[INFO] [stdout]   |                                              ^^^^^^^^^^^^^^^^
[INFO] [stdout] 
[INFO] [stdout] 
[INFO] [stdout] error: aborting due to 5 previous errors
[INFO] [stdout] 
[INFO] [stdout] 
[INFO] [stdout] For more information about this error, try `rustc --explain E0554`.
[INFO] [stdout] 
[INFO] [stderr] error: could not compile `leptos_reactive` (lib) due to 6 previous errors
[INFO] [stderr] warning: build failed, waiting for other jobs to finish...
[INFO] running `Command { std: "docker" "inspect" "6629ad719df8a11209d36e759f880fd557a16c43117ecba1d4966bdab9f68978", kill_on_drop: false }`
[INFO] running `Command { std: "docker" "rm" "-f" "6629ad719df8a11209d36e759f880fd557a16c43117ecba1d4966bdab9f68978", kill_on_drop: false }`
[INFO] [stdout] 6629ad719df8a11209d36e759f880fd557a16c43117ecba1d4966bdab9f68978
[INFO] documenting abhemanyus/lerasium against beta-2023-12-22 for beta-1.76-rustdoc-1
[INFO] running `Command { std: "git" "clone" "/workspace/cache/git-repos/https%3A%2F%2Fgithub.com%2Fabhemanyus%2Flerasium" "/workspace/builds/worker-6-tc2/source", kill_on_drop: false }`
[INFO] [stderr] Cloning into '/workspace/builds/worker-6-tc2/source'...
[INFO] [stderr] done.
[INFO] validating manifest of git repo https://github.com/abhemanyus/lerasium on toolchain beta-2023-12-22
[INFO] running `Command { std: CARGO_HOME="/workspace/cargo-home" RUSTUP_HOME="/workspace/rustup-home" "/workspace/cargo-home/bin/cargo" "+beta-2023-12-22" "metadata" "--manifest-path" "Cargo.toml" "--no-deps", kill_on_drop: false }`
[INFO] started tweaking git repo https://github.com/abhemanyus/lerasium
[INFO] finished tweaking git repo https://github.com/abhemanyus/lerasium
[INFO] tweaked toml for git repo https://github.com/abhemanyus/lerasium written to /workspace/builds/worker-6-tc2/source/Cargo.toml
[INFO] crate git repo https://github.com/abhemanyus/lerasium already has a lockfile, it will not be regenerated
[INFO] running `Command { std: CARGO_HOME="/workspace/cargo-home" RUSTUP_HOME="/workspace/rustup-home" "/workspace/cargo-home/bin/cargo" "+beta-2023-12-22" "fetch" "--manifest-path" "Cargo.toml", kill_on_drop: false }`
[INFO] running `Command { std: "docker" "create" "-v" "/var/lib/crater-agent-workspace/builds/worker-6-tc2/target:/opt/rustwide/target:rw,Z" "-v" "/var/lib/crater-agent-workspace/builds/worker-6-tc2/source:/opt/rustwide/workdir:ro,Z" "-v" "/var/lib/crater-agent-workspace/cargo-home:/opt/rustwide/cargo-home:ro,Z" "-v" "/var/lib/crater-agent-workspace/rustup-home:/opt/rustwide/rustup-home:ro,Z" "-e" "SOURCE_DIR=/opt/rustwide/workdir" "-e" "CARGO_TARGET_DIR=/opt/rustwide/target" "-e" "CARGO_HOME=/opt/rustwide/cargo-home" "-e" "RUSTUP_HOME=/opt/rustwide/rustup-home" "-w" "/opt/rustwide/workdir" "-m" "1610612736" "--user" "0:0" "--network" "none" "ghcr.io/rust-lang/crates-build-env/linux@sha256:2788e3201cd34a07e3172128adcd8b3090168a8e3bcc40d7c032b9dda1df7d1c" "/opt/rustwide/cargo-home/bin/cargo" "+beta-2023-12-22" "metadata" "--no-deps" "--format-version=1", kill_on_drop: false }`
[INFO] [stdout] eab02316368c01564d32de002658075152654fb48a2d89ce3d41b8189880f200
[INFO] running `Command { std: "docker" "start" "-a" "eab02316368c01564d32de002658075152654fb48a2d89ce3d41b8189880f200", kill_on_drop: false }`
[INFO] running `Command { std: "docker" "inspect" "eab02316368c01564d32de002658075152654fb48a2d89ce3d41b8189880f200", kill_on_drop: false }`
[INFO] running `Command { std: "docker" "rm" "-f" "eab02316368c01564d32de002658075152654fb48a2d89ce3d41b8189880f200", kill_on_drop: false }`
[INFO] [stdout] eab02316368c01564d32de002658075152654fb48a2d89ce3d41b8189880f200
[INFO] running `Command { std: "docker" "create" "-v" "/var/lib/crater-agent-workspace/builds/worker-6-tc2/target:/opt/rustwide/target:rw,Z" "-v" "/var/lib/crater-agent-workspace/builds/worker-6-tc2/source:/opt/rustwide/workdir:ro,Z" "-v" "/var/lib/crater-agent-workspace/cargo-home:/opt/rustwide/cargo-home:ro,Z" "-v" "/var/lib/crater-agent-workspace/rustup-home:/opt/rustwide/rustup-home:ro,Z" "-e" "SOURCE_DIR=/opt/rustwide/workdir" "-e" "CARGO_TARGET_DIR=/opt/rustwide/target" "-e" "CARGO_INCREMENTAL=0" "-e" "RUST_BACKTRACE=full" "-e" "RUSTFLAGS=--cap-lints=warn" "-e" "RUSTDOCFLAGS=--cap-lints=warn" "-e" "CARGO_HOME=/opt/rustwide/cargo-home" "-e" "RUSTUP_HOME=/opt/rustwide/rustup-home" "-w" "/opt/rustwide/workdir" "-m" "1610612736" "--user" "0:0" "--network" "none" "ghcr.io/rust-lang/crates-build-env/linux@sha256:2788e3201cd34a07e3172128adcd8b3090168a8e3bcc40d7c032b9dda1df7d1c" "/opt/rustwide/cargo-home/bin/cargo" "+beta-2023-12-22" "doc" "--frozen" "--no-deps" "--document-private-items" "--message-format=json", kill_on_drop: false }`
[INFO] [stdout] a7a15fbe933af8f6abc6ad341d6c226026c102cd3e227cff1571c08c248b8e5b
[INFO] running `Command { std: "docker" "start" "-a" "a7a15fbe933af8f6abc6ad341d6c226026c102cd3e227cff1571c08c248b8e5b", kill_on_drop: false }`
[INFO] [stderr]    Compiling proc-macro2 v1.0.51
[INFO] [stderr]    Compiling quote v1.0.23
[INFO] [stderr]    Compiling unicode-ident v1.0.6
[INFO] [stderr]    Compiling syn v1.0.107
[INFO] [stderr]    Compiling once_cell v1.17.1
[INFO] [stderr]    Compiling autocfg v1.1.0
[INFO] [stderr]    Compiling serde_derive v1.0.152
[INFO] [stderr]    Compiling serde v1.0.152
[INFO] [stderr]    Compiling cfg-if v1.0.0
[INFO] [stderr]    Compiling log v0.4.17
[INFO] [stderr]    Compiling wasm-bindgen-shared v0.2.84
[INFO] [stderr]    Compiling bumpalo v3.12.0
[INFO] [stderr]    Compiling wasm-bindgen v0.2.84
[INFO] [stderr]    Compiling libc v0.2.139
[INFO] [stderr]    Compiling memchr v2.5.0
[INFO] [stderr]    Compiling thiserror v1.0.38
[INFO] [stderr]    Compiling futures-core v0.3.26
[INFO] [stderr]    Compiling futures-channel v0.3.26
[INFO] [stderr]    Compiling futures-task v0.3.26
[INFO] [stderr]    Compiling serde_json v1.0.93
[INFO] [stderr]    Compiling futures-util v0.3.26
[INFO] [stderr]     Checking itoa v1.0.5
[INFO] [stderr]    Compiling ahash v0.7.6
[INFO] [stderr]    Compiling slotmap v1.0.6
[INFO] [stderr]     Checking ryu v1.0.12
[INFO] [stderr]    Compiling slab v0.4.7
[INFO] [stderr]    Compiling num-traits v0.2.15
[INFO] [stderr]    Compiling num-integer v0.1.45
[INFO] [stderr]    Compiling num-bigint v0.4.3
[INFO] [stderr]    Compiling futures-sink v0.3.26
[INFO] [stderr]    Compiling indexmap v1.9.2
[INFO] [stderr]    Compiling pin-project-lite v0.2.9
[INFO] [stderr]    Compiling pin-utils v0.1.0
[INFO] [stderr]    Compiling paste v1.0.11
[INFO] [stderr]    Compiling ucd-trie v0.1.5
[INFO] [stderr]    Compiling futures-io v0.3.26
[INFO] [stderr]    Compiling tracing-core v0.1.30
[INFO] [stderr]     Checking dlv-list v0.3.0
[INFO] [stderr]    Compiling async-trait v0.1.64
[INFO] [stderr]    Compiling ciborium-io v0.2.0
[INFO] [stderr]    Compiling either v1.8.1
[INFO] [stderr]    Compiling base64 v0.21.0
[INFO] [stderr]    Compiling utf8-width v0.1.6
[INFO] [stderr]    Compiling half v1.8.2
[INFO] [stderr]    Compiling hashbrown v0.12.3
[INFO] [stderr]    Compiling percent-encoding v2.2.0
[INFO] [stderr]    Compiling itertools v0.10.5
[INFO] [stderr]    Compiling html-escape v0.2.13
[INFO] [stderr]     Checking getrandom v0.2.8
[INFO] [stderr]    Compiling ciborium-ll v0.2.0
[INFO] [stderr]     Checking num_cpus v1.15.0
[INFO] [stderr]     Checking iovec v0.1.4
[INFO] [stderr]    Compiling form_urlencoded v1.1.0
[INFO] [stderr]     Checking base64 v0.13.1
[INFO] [stderr]     Checking futures v0.1.31
[INFO] [stderr]    Compiling prettyplease v0.1.23
[INFO] [stderr]    Compiling drain_filter_polyfill v0.1.3
[INFO] [stderr]     Checking byteorder v1.4.3
[INFO] [stderr]     Checking minimal-lexical v0.2.1
[INFO] [stderr]     Checking linked-hash-map v0.5.6
[INFO] [stderr]    Compiling rustc-hash v1.1.0
[INFO] [stderr]    Compiling pad-adapter v0.1.1
[INFO] [stderr]    Compiling smallvec v1.10.0
[INFO] [stderr]     Checking bytes v0.4.12
[INFO] [stderr]     Checking yaml-rust v0.4.5
[INFO] [stderr]     Checking nom v7.1.3
[INFO] [stderr]    Compiling proc-macro-error-attr v1.0.4
[INFO] [stderr]     Checking ordered-multimap v0.4.3
[INFO] [stderr]     Checking aho-corasick v0.7.20
[INFO] [stderr]     Checking regex-syntax v0.6.28
[INFO] [stderr]     Checking pathdiff v0.2.1
[INFO] [stderr]    Compiling lazy_static v1.4.0
[INFO] [stderr]    Compiling convert_case v0.6.0
[INFO] [stderr]     Checking rust-ini v0.18.0
[INFO] [stderr]     Checking futures-cpupool v0.1.8
[INFO] [stderr]    Compiling time-core v0.1.0
[INFO] [stderr]     Checking atty v0.2.14
[INFO] [stderr]     Checking num_threads v0.1.6
[INFO] [stderr]     Checking fs v0.0.5
[INFO] [stderr]    Compiling time-macros v0.2.6
[INFO] [stderr]     Checking common_macros v0.1.1
[INFO] [stderr]     Checking colored v2.0.0
[INFO] [stderr]     Checking bytes v1.4.0
[INFO] [stderr]     Checking fnv v1.0.7
[INFO] [stderr]     Checking linear-map v1.2.0
[INFO] [stderr]     Checking http v0.2.8
[INFO] [stderr]     Checking time v0.3.17
[INFO] [stderr]     Checking regex v1.7.1
[INFO] [stderr]     Checking simple_logger v4.0.0
[INFO] [stderr]    Compiling wasm-bindgen-backend v0.2.84
[INFO] [stderr]    Compiling proc-macro-error v1.0.4
[INFO] [stderr]    Compiling wasm-bindgen-macro-support v0.2.84
[INFO] [stderr]    Compiling thiserror-impl v1.0.38
[INFO] [stderr]    Compiling futures-macro v0.3.26
[INFO] [stderr]    Compiling tracing-attributes v0.1.23
[INFO] [stderr]    Compiling pin-project-internal v1.0.12
[INFO] [stderr]    Compiling enum-ordinalize v3.1.12
[INFO] [stderr]    Compiling typed-builder v0.12.0
[INFO] [stderr]    Compiling wasm-bindgen-macro v0.2.84
[INFO] [stderr]    Compiling educe v0.4.20
[INFO] [stderr]    Compiling pest v2.5.5
[INFO] [stderr]    Compiling syn-rsx v0.9.0
[INFO] [stderr]    Compiling pin-project v1.0.12
[INFO] [stderr]    Compiling tracing v0.1.37
[INFO] [stderr]    Compiling js-sys v0.3.61
[INFO] [stderr]     Checking console_error_panic_hook v0.1.7
[INFO] [stderr]    Compiling pest_meta v2.5.5
[INFO] [stderr]    Compiling pest_generator v2.5.5
[INFO] [stderr]    Compiling futures-executor v0.3.26
[INFO] [stderr]    Compiling futures v0.3.26
[INFO] [stderr]    Compiling pest_derive v2.5.5
[INFO] [stderr]     Checking web-sys v0.3.61
[INFO] [stderr]     Checking wasm-bindgen-futures v0.4.34
[INFO] [stderr]     Checking serde-wasm-bindgen v0.4.5
[INFO] [stderr]     Checking json5 v0.4.1
[INFO] [stderr]     Checking toml v0.5.11
[INFO] [stderr]     Checking ron v0.7.1
[INFO] [stderr]     Checking ciborium v0.2.0
[INFO] [stderr]     Checking serde_urlencoded v0.7.1
[INFO] [stderr]     Checking config v0.13.3
[INFO] [stderr]     Checking leptos_config v0.2.0-alpha (https://github.com/leptos-rs/leptos#8d42e91e)
[INFO] [stderr]     Checking leptos_reactive v0.2.0-alpha (https://github.com/leptos-rs/leptos#8d42e91e)
[INFO] [stderr]     Checking gloo-utils v0.1.6
[INFO] [stderr]     Checking console_log v0.2.0
[INFO] [stderr]     Checking gloo-net v0.2.6
[INFO] [stdout] error[E0554]: `#![feature]` may not be used on the beta release channel
[INFO] [stdout]  --> /opt/rustwide/cargo-home/git/checkouts/leptos-2c8932a5258b3db6/8d42e91/leptos_reactive/src/lib.rs:2:38
[INFO] [stdout]   |
[INFO] [stdout] 2 | #![cfg_attr(not(feature = "stable"), feature(fn_traits))]
[INFO] [stdout]   |                                      ^^^^^^^^^^^^^^^^^^
[INFO] [stdout] 
[INFO] [stdout] 
[INFO] [stdout] error[E0554]: `#![feature]` may not be used on the beta release channel
[INFO] [stdout]  --> /opt/rustwide/cargo-home/git/checkouts/leptos-2c8932a5258b3db6/8d42e91/leptos_reactive/src/lib.rs:3:38
[INFO] [stdout]   |
[INFO] [stdout] 3 | #![cfg_attr(not(feature = "stable"), feature(unboxed_closures))]
[INFO] [stdout]   |                                      ^^^^^^^^^^^^^^^^^^^^^^^^^
[INFO] [stdout] 
[INFO] [stdout] 
[INFO] [stdout] error[E0554]: `#![feature]` may not be used on the beta release channel
[INFO] [stdout]  --> /opt/rustwide/cargo-home/git/checkouts/leptos-2c8932a5258b3db6/8d42e91/leptos_reactive/src/lib.rs:4:38
[INFO] [stdout]   |
[INFO] [stdout] 4 | #![cfg_attr(not(feature = "stable"), feature(type_name_of_val))]
[INFO] [stdout]   |                                      ^^^^^^^^^^^^^^^^^^^^^^^^^
[INFO] [stdout] 
[INFO] [stdout] 
[INFO] [stdout] error[E0554]: `#![feature]` may not be used on the beta release channel
[INFO] [stdout]  --> /opt/rustwide/cargo-home/git/checkouts/leptos-2c8932a5258b3db6/8d42e91/leptos_reactive/src/lib.rs:2:46
[INFO] [stdout]   |
[INFO] [stdout] 2 | #![cfg_attr(not(feature = "stable"), feature(fn_traits))]
[INFO] [stdout]   |                                              ^^^^^^^^^
[INFO] [stdout] 
[INFO] [stdout] 
[INFO] [stdout] error[E0554]: `#![feature]` may not be used on the beta release channel
[INFO] [stdout]  --> /opt/rustwide/cargo-home/git/checkouts/leptos-2c8932a5258b3db6/8d42e91/leptos_reactive/src/lib.rs:4:46
[INFO] [stdout]   |
[INFO] [stdout] 4 | #![cfg_attr(not(feature = "stable"), feature(type_name_of_val))]
[INFO] [stdout]   |                                              ^^^^^^^^^^^^^^^^
[INFO] [stdout] 
[INFO] [stdout] 
[INFO] [stdout] error: aborting due to 5 previous errors
[INFO] [stdout] 
[INFO] [stdout] 
[INFO] [stdout] For more information about this error, try `rustc --explain E0554`.
[INFO] [stdout] 
[INFO] [stderr] error: could not compile `leptos_reactive` (lib) due to 6 previous errors
[INFO] [stderr] warning: build failed, waiting for other jobs to finish...
[INFO] [stdout] error[E0554]: `#![feature]` may not be used on the beta release channel
[INFO] [stdout]  --> /opt/rustwide/cargo-home/git/checkouts/leptos-2c8932a5258b3db6/8d42e91/leptos_reactive/src/lib.rs:2:38
[INFO] [stdout]   |
[INFO] [stdout] 2 | #![cfg_attr(not(feature = "stable"), feature(fn_traits))]
[INFO] [stdout]   |                                      ^^^^^^^^^^^^^^^^^^
[INFO] [stdout] 
[INFO] [stdout] 
[INFO] [stdout] error[E0554]: `#![feature]` may not be used on the beta release channel
[INFO] [stdout]  --> /opt/rustwide/cargo-home/git/checkouts/leptos-2c8932a5258b3db6/8d42e91/leptos_reactive/src/lib.rs:3:38
[INFO] [stdout]   |
[INFO] [stdout] 3 | #![cfg_attr(not(feature = "stable"), feature(unboxed_closures))]
[INFO] [stdout]   |                                      ^^^^^^^^^^^^^^^^^^^^^^^^^
[INFO] [stdout] 
[INFO] [stdout] 
[INFO] [stdout] error[E0554]: `#![feature]` may not be used on the beta release channel
[INFO] [stdout]  --> /opt/rustwide/cargo-home/git/checkouts/leptos-2c8932a5258b3db6/8d42e91/leptos_reactive/src/lib.rs:4:38
[INFO] [stdout]   |
[INFO] [stdout] 4 | #![cfg_attr(not(feature = "stable"), feature(type_name_of_val))]
[INFO] [stdout]   |                                      ^^^^^^^^^^^^^^^^^^^^^^^^^
[INFO] [stdout] 
[INFO] [stdout] 
[INFO] [stdout] error[E0554]: `#![feature]` may not be used on the beta release channel
[INFO] [stdout]  --> /opt/rustwide/cargo-home/git/checkouts/leptos-2c8932a5258b3db6/8d42e91/leptos_reactive/src/lib.rs:2:46
[INFO] [stdout]   |
[INFO] [stdout] 2 | #![cfg_attr(not(feature = "stable"), feature(fn_traits))]
[INFO] [stdout]   |                                              ^^^^^^^^^
[INFO] [stdout] 
[INFO] [stdout] 
[INFO] [stdout] error[E0554]: `#![feature]` may not be used on the beta release channel
[INFO] [stdout]  --> /opt/rustwide/cargo-home/git/checkouts/leptos-2c8932a5258b3db6/8d42e91/leptos_reactive/src/lib.rs:4:46
[INFO] [stdout]   |
[INFO] [stdout] 4 | #![cfg_attr(not(feature = "stable"), feature(type_name_of_val))]
[INFO] [stdout]   |                                              ^^^^^^^^^^^^^^^^
[INFO] [stdout] 
[INFO] [stdout] 
[INFO] [stdout] error: aborting due to 5 previous errors
[INFO] [stdout] 
[INFO] [stdout] 
[INFO] [stdout] For more information about this error, try `rustc --explain E0554`.
[INFO] [stdout] 
[INFO] [stderr] error: could not compile `leptos_reactive` (lib) due to 6 previous errors
[INFO] running `Command { std: "docker" "inspect" "a7a15fbe933af8f6abc6ad341d6c226026c102cd3e227cff1571c08c248b8e5b", kill_on_drop: false }`
[INFO] running `Command { std: "docker" "rm" "-f" "a7a15fbe933af8f6abc6ad341d6c226026c102cd3e227cff1571c08c248b8e5b", kill_on_drop: false }`
[INFO] [stdout] a7a15fbe933af8f6abc6ad341d6c226026c102cd3e227cff1571c08c248b8e5b
