[INFO] cloning repository https://github.com/abenezermario/blog-site-next
[INFO] running `Command { std: "git" "-c" "credential.helper=" "-c" "credential.helper=/workspace/cargo-home/bin/git-credential-null" "clone" "--bare" "https://github.com/abenezermario/blog-site-next" "/workspace/cache/git-repos/https%3A%2F%2Fgithub.com%2Fabenezermario%2Fblog-site-next", kill_on_drop: false }`
[INFO] [stderr] Cloning into bare repository '/workspace/cache/git-repos/https%3A%2F%2Fgithub.com%2Fabenezermario%2Fblog-site-next'...
[INFO] running `Command { std: "git" "rev-parse" "HEAD", kill_on_drop: false }`
[INFO] [stdout] 78490bb6d320ff250c07b72663a11fbf09fb74f3
[INFO] documenting abenezermario/blog-site-next against 1.75.0 for beta-1.76-rustdoc-1
[INFO] running `Command { std: "git" "clone" "/workspace/cache/git-repos/https%3A%2F%2Fgithub.com%2Fabenezermario%2Fblog-site-next" "/workspace/builds/worker-6-tc1/source", kill_on_drop: false }`
[INFO] [stderr] Cloning into '/workspace/builds/worker-6-tc1/source'...
[INFO] [stderr] done.
[INFO] [stderr] Updating files:  80% (12646/15630)
Updating files:  81% (12661/15630)
Updating files:  82% (12817/15630)
Updating files:  83% (12973/15630)
Updating files:  84% (13130/15630)
Updating files:  85% (13286/15630)
Updating files:  86% (13442/15630)
Updating files:  87% (13599/15630)
Updating files:  88% (13755/15630)
Updating files:  89% (13911/15630)
Updating files:  90% (14067/15630)
Updating files:  91% (14224/15630)
Updating files:  92% (14380/15630)
Updating files:  93% (14536/15630)
Updating files:  94% (14693/15630)
Updating files:  95% (14849/15630)
Updating files:  96% (15005/15630)
Updating files:  97% (15162/15630)
Updating files:  98% (15318/15630)
Updating files:  99% (15474/15630)
Updating files: 100% (15630/15630)
Updating files: 100% (15630/15630), done.
[INFO] validating manifest of git repo https://github.com/abenezermario/blog-site-next on toolchain 1.75.0
[INFO] running `Command { std: CARGO_HOME="/workspace/cargo-home" RUSTUP_HOME="/workspace/rustup-home" "/workspace/cargo-home/bin/cargo" "+1.75.0" "metadata" "--manifest-path" "Cargo.toml" "--no-deps", kill_on_drop: false }`
[INFO] removed /workspace/builds/worker-6-tc1/source/.cargo/config.toml
[INFO] removed /workspace/builds/worker-6-tc1/source/rust-toolchain
[INFO] started tweaking git repo https://github.com/abenezermario/blog-site-next
[INFO] finished tweaking git repo https://github.com/abenezermario/blog-site-next
[INFO] tweaked toml for git repo https://github.com/abenezermario/blog-site-next written to /workspace/builds/worker-6-tc1/source/Cargo.toml
[INFO] crate git repo https://github.com/abenezermario/blog-site-next already has a lockfile, it will not be regenerated
[INFO] running `Command { std: CARGO_HOME="/workspace/cargo-home" RUSTUP_HOME="/workspace/rustup-home" "/workspace/cargo-home/bin/cargo" "+1.75.0" "fetch" "--manifest-path" "Cargo.toml", kill_on_drop: false }`
[INFO] [stderr]     Updating git repository `https://github.com/vercel/turbo.git`
[INFO] [stderr]     Updating crates.io index
[INFO] [stderr]  Downloading crates ...
[INFO] [stderr]   Downloaded parcel_selectors v0.26.1
[INFO] [stderr]   Downloaded const-str v0.3.2
[INFO] [stderr]   Downloaded swc_atoms v0.5.9
[INFO] [stderr]   Downloaded const-str-proc-macro v0.3.2
[INFO] [stderr]   Downloaded swc_ecma_loader v0.44.3
[INFO] [stderr]   Downloaded swc_ecma_transforms_testing v0.135.4
[INFO] [stderr]   Downloaded swc_common v0.32.1
[INFO] [stderr]   Downloaded swc_ecma_utils v0.122.1
[INFO] [stderr]   Downloaded swc_css_visit v0.138.1
[INFO] [stderr]   Downloaded parcel_sourcemap v2.1.1
[INFO] [stderr]   Downloaded vlq v0.5.1
[INFO] [stderr]   Downloaded lightningcss-derive v1.0.0-alpha.39
[INFO] [stderr]   Downloaded swc_node_comments v0.19.1
[INFO] [stderr]   Downloaded testing v0.34.1
[INFO] [stderr]   Downloaded swc_ecma_codegen v0.144.2
[INFO] [stderr]   Downloaded markdown v1.0.0-alpha.12
[INFO] [stderr]   Downloaded swc_fast_graph v0.20.1
[INFO] [stderr]   Downloaded lightningcss v1.0.0-alpha.45
[INFO] [stderr]   Downloaded binding_macros v0.56.11
[INFO] [stderr]   Downloaded swc_ecma_visit v0.95.1
[INFO] [stderr]   Downloaded swc_core v0.82.11
[INFO] [stderr]   Downloaded swc_css_compat v0.25.1
[INFO] [stderr]   Downloaded swc_emotion v0.41.0
[INFO] [stderr]   Downloaded swc_css_codegen v0.149.1
[INFO] [stderr]   Downloaded swc_css_modules v0.27.1
[INFO] [stderr]   Downloaded swc_ecma_quote_macros v0.50.1
[INFO] [stderr]   Downloaded modularize_imports v0.38.0
[INFO] [stderr]   Downloaded swc_timer v0.20.1
[INFO] [stderr]   Downloaded swc_ecma_testing v0.21.1
[INFO] [stderr]   Downloaded swc_ecma_transforms_classes v0.121.4
[INFO] [stderr]   Downloaded swc_plugin_proxy v0.38.1
[INFO] [stderr]   Downloaded swc_ecma_transforms_proposal v0.166.5
[INFO] [stderr]   Downloaded swc_ecma_transforms v0.223.7
[INFO] [stderr]   Downloaded swc_css_ast v0.139.1
[INFO] [stderr]   Downloaded swc_relay v0.13.0
[INFO] [stderr]   Downloaded swc_graph_analyzer v0.21.1
[INFO] [stderr]   Downloaded swc_ecma_usage_analyzer v0.18.2
[INFO] [stderr]   Downloaded swc_ecma_ext_transforms v0.108.1
[INFO] [stderr]   Downloaded styled_components v0.65.0
[INFO] [stderr]   Downloaded swc_css_utils v0.136.1
[INFO] [stderr]   Downloaded swc v0.265.11
[INFO] [stderr]   Downloaded swc_error_reporters v0.16.1
[INFO] [stderr]   Downloaded swc_ecma_transforms_react v0.178.7
[INFO] [stderr]   Downloaded swc_ecma_lints v0.87.4
[INFO] [stderr]   Downloaded swc_css_parser v0.148.1
[INFO] [stderr]   Downloaded swc_ecma_ast v0.109.1
[INFO] [stderr]   Downloaded styled_jsx v0.42.0
[INFO] [stderr]   Downloaded swc_ecma_transforms_optimization v0.192.7
[INFO] [stderr]   Downloaded swc_plugin_runner v0.101.1
[INFO] [stderr]   Downloaded swc_ecma_transforms_base v0.132.4
[INFO] [stderr]   Downloaded swc_ecma_transforms_module v0.175.7
[INFO] [stderr]   Downloaded mdxjs v0.1.15
[INFO] [stderr]   Downloaded swc_ecma_transforms_typescript v0.182.7
[INFO] [stderr]   Downloaded swc_bundler v0.219.9
[INFO] [stderr]   Downloaded swc_ecma_transforms_compat v0.158.5
[INFO] [stderr]   Downloaded swc_ecma_parser v0.139.1
[INFO] [stderr]   Downloaded swc_ecma_preset_env v0.200.8
[INFO] [stderr]   Downloaded swc_ecma_minifier v0.186.9
[INFO] running `Command { std: "docker" "create" "-v" "/var/lib/crater-agent-workspace/builds/worker-6-tc1/target:/opt/rustwide/target:rw,Z" "-v" "/var/lib/crater-agent-workspace/builds/worker-6-tc1/source:/opt/rustwide/workdir:ro,Z" "-v" "/var/lib/crater-agent-workspace/cargo-home:/opt/rustwide/cargo-home:ro,Z" "-v" "/var/lib/crater-agent-workspace/rustup-home:/opt/rustwide/rustup-home:ro,Z" "-e" "SOURCE_DIR=/opt/rustwide/workdir" "-e" "CARGO_TARGET_DIR=/opt/rustwide/target" "-e" "CARGO_HOME=/opt/rustwide/cargo-home" "-e" "RUSTUP_HOME=/opt/rustwide/rustup-home" "-w" "/opt/rustwide/workdir" "-m" "1610612736" "--user" "0:0" "--network" "none" "ghcr.io/rust-lang/crates-build-env/linux@sha256:2788e3201cd34a07e3172128adcd8b3090168a8e3bcc40d7c032b9dda1df7d1c" "/opt/rustwide/cargo-home/bin/cargo" "+1.75.0" "metadata" "--no-deps" "--format-version=1", kill_on_drop: false }`
[INFO] [stdout] 871f4cc45852783a5fa284412fc944924312ca12226274d235b0f9ce9a925ec9
[INFO] running `Command { std: "docker" "start" "-a" "871f4cc45852783a5fa284412fc944924312ca12226274d235b0f9ce9a925ec9", kill_on_drop: false }`
[INFO] running `Command { std: "docker" "inspect" "871f4cc45852783a5fa284412fc944924312ca12226274d235b0f9ce9a925ec9", kill_on_drop: false }`
[INFO] running `Command { std: "docker" "rm" "-f" "871f4cc45852783a5fa284412fc944924312ca12226274d235b0f9ce9a925ec9", kill_on_drop: false }`
[INFO] [stdout] 871f4cc45852783a5fa284412fc944924312ca12226274d235b0f9ce9a925ec9
[INFO] running `Command { std: "docker" "create" "-v" "/var/lib/crater-agent-workspace/builds/worker-6-tc1/target:/opt/rustwide/target:rw,Z" "-v" "/var/lib/crater-agent-workspace/builds/worker-6-tc1/source:/opt/rustwide/workdir:ro,Z" "-v" "/var/lib/crater-agent-workspace/cargo-home:/opt/rustwide/cargo-home:ro,Z" "-v" "/var/lib/crater-agent-workspace/rustup-home:/opt/rustwide/rustup-home:ro,Z" "-e" "SOURCE_DIR=/opt/rustwide/workdir" "-e" "CARGO_TARGET_DIR=/opt/rustwide/target" "-e" "CARGO_INCREMENTAL=0" "-e" "RUST_BACKTRACE=full" "-e" "RUSTFLAGS=--cap-lints=warn" "-e" "RUSTDOCFLAGS=--cap-lints=warn" "-e" "CARGO_HOME=/opt/rustwide/cargo-home" "-e" "RUSTUP_HOME=/opt/rustwide/rustup-home" "-w" "/opt/rustwide/workdir" "-m" "1610612736" "--user" "0:0" "--network" "none" "ghcr.io/rust-lang/crates-build-env/linux@sha256:2788e3201cd34a07e3172128adcd8b3090168a8e3bcc40d7c032b9dda1df7d1c" "/opt/rustwide/cargo-home/bin/cargo" "+1.75.0" "doc" "--frozen" "--no-deps" "--document-private-items" "--message-format=json", kill_on_drop: false }`
[INFO] [stdout] 184afe275f24e342bd3dd2d822e90e505c227d095ccd09754f2a50ffc5ff1f8c
[INFO] running `Command { std: "docker" "start" "-a" "184afe275f24e342bd3dd2d822e90e505c227d095ccd09754f2a50ffc5ff1f8c", kill_on_drop: false }`
[INFO] [stderr] warning: profile package spec `swc_css_prefixer` in profile `dev` did not match any packages
[INFO] [stderr]    Compiling proc-macro2 v1.0.64
[INFO] [stderr]    Compiling quote v1.0.28
[INFO] [stderr]    Compiling unicode-ident v1.0.9
[INFO] [stderr]    Compiling libc v0.2.146
[INFO] [stderr]    Compiling autocfg v1.1.0
[INFO] [stderr]    Compiling version_check v0.9.4
[INFO] [stderr]    Compiling syn v1.0.109
[INFO] [stderr]    Compiling serde v1.0.171
[INFO] [stderr]    Compiling cfg-if v1.0.0
[INFO] [stderr]    Compiling parking_lot_core v0.9.7
[INFO] [stderr]    Compiling cc v1.0.79
[INFO] [stderr]    Compiling anyhow v1.0.71
[INFO] [stderr]    Compiling semver v1.0.17
[INFO] [stderr]    Compiling percent-encoding v2.3.0
[INFO] [stderr]    Compiling memchr v2.6.2
[INFO] [stderr]    Compiling tinyvec_macros v0.1.1
[INFO] [stderr]    Compiling unicode-bidi v0.3.13
[INFO] [stderr]     Checking once_cell v1.18.0
[INFO] [stderr]    Compiling tinyvec v1.6.0
[INFO] [stderr]    Compiling form_urlencoded v1.2.0
[INFO] [stderr]    Compiling ppv-lite86 v0.2.17
[INFO] [stderr]     Checking scopeguard v1.1.0
[INFO] [stderr]    Compiling siphasher v0.3.10
[INFO] [stderr]    Compiling regex-syntax v0.7.2
[INFO] [stderr]    Compiling glob v0.3.1
[INFO] [stderr]     Checking smallvec v1.10.0
[INFO] [stderr]    Compiling phf_shared v0.10.0
[INFO] [stderr]    Compiling aho-corasick v1.0.1
[INFO] [stderr]    Compiling crossbeam-utils v0.8.15
[INFO] [stderr]     Checking itoa v1.0.6
[INFO] [stderr]    Compiling lazy_static v1.4.0
[INFO] [stderr]     Checking pin-project-lite v0.2.9
[INFO] [stderr]     Checking either v1.8.1
[INFO] [stderr]    Compiling rayon-core v1.11.0
[INFO] [stderr]    Compiling unicode-normalization v0.1.22
[INFO] [stderr]    Compiling thiserror v1.0.40
[INFO] [stderr]    Compiling lock_api v0.4.9
[INFO] [stderr]    Compiling num-traits v0.2.15
[INFO] [stderr]    Compiling ahash v0.7.6
[INFO] [stderr]    Compiling syn v2.0.25
[INFO] [stderr]    Compiling getrandom v0.2.9
[INFO] [stderr]    Compiling num-integer v0.1.45
[INFO] [stderr]    Compiling idna v0.4.0
[INFO] [stderr]    Compiling rand_core v0.6.4
[INFO] [stderr]     Checking num_cpus v1.15.0
[INFO] [stderr]    Compiling memoffset v0.8.0
[INFO] [stderr]    Compiling crossbeam-epoch v0.9.14
[INFO] [stderr]     Checking crossbeam-channel v0.5.8
[INFO] [stderr]    Compiling rand_chacha v0.3.1
[INFO] [stderr]    Compiling indexmap v1.9.3
[INFO] [stderr]    Compiling num-bigint v0.4.3
[INFO] [stderr]     Checking parking_lot v0.12.1
[INFO] [stderr]    Compiling rand v0.8.5
[INFO] [stderr]    Compiling url v2.4.0
[INFO] [stderr]    Compiling ahash v0.8.3
[INFO] [stderr]     Checking tracing-core v0.1.31
[INFO] [stderr]     Checking ryu v1.0.13
[INFO] [stderr]    Compiling serde_json v1.0.96
[INFO] [stderr]    Compiling tokio v1.28.2
[INFO] [stderr]     Checking crossbeam-deque v0.8.3
[INFO] [stderr]    Compiling typenum v1.16.0
[INFO] [stderr]    Compiling regex v1.8.3
[INFO] [stderr]    Compiling proc-macro-error-attr v1.0.4
[INFO] [stderr]    Compiling generic-array v0.14.7
[INFO] [stderr]    Compiling phf_generator v0.10.0
[INFO] [stderr]    Compiling proc-macro-error v1.0.4
[INFO] [stderr]    Compiling string_cache_codegen v0.5.2
[INFO] [stderr]     Checking rayon v1.7.0
[INFO] [stderr]    Compiling log v0.4.18
[INFO] [stderr]    Compiling Inflector v0.11.4
[INFO] [stderr]     Checking stable_deref_trait v1.2.0
[INFO] [stderr]    Compiling proc-macro-hack v0.5.20+deprecated
[INFO] [stderr]     Checking precomputed-hash v0.1.1
[INFO] [stderr]    Compiling smartstring v1.0.1
[INFO] [stderr]    Compiling swc_atoms v0.5.9
[INFO] [stderr]     Checking atty v0.2.14
[INFO] [stderr]     Checking new_debug_unreachable v1.0.4
[INFO] [stderr]    Compiling futures-core v0.3.28
[INFO] [stderr]     Checking unicode-width v0.1.10
[INFO] [stderr]    Compiling slab v0.4.8
[INFO] [stderr]     Checking rustc-hash v1.1.0
[INFO] [stderr]     Checking data-encoding v2.4.0
[INFO] [stderr]     Checking unicode-id v0.3.3
[INFO] [stderr]    Compiling psm v0.1.21
[INFO] [stderr]    Compiling stacker v0.1.15
[INFO] [stderr]     Checking if_chain v1.0.2
[INFO] [stderr]     Checking termcolor v1.2.0
[INFO] [stderr]     Checking scoped-tls v1.0.1
[INFO] [stderr]     Checking better_scoped_tls v0.1.1
[INFO] [stderr]    Compiling futures-channel v0.3.28
[INFO] [stderr]    Compiling futures-task v0.3.28
[INFO] [stderr]     Checking bitflags v2.3.3
[INFO] [stderr]     Checking static_assertions v1.1.0
[INFO] [stderr]    Compiling futures-util v0.3.28
[INFO] [stderr]    Compiling unicode-segmentation v1.10.1
[INFO] [stderr]     Checking adler v1.0.2
[INFO] [stderr]     Checking signal-hook-registry v1.4.1
[INFO] [stderr]     Checking bytes v1.4.0
[INFO] [stderr]     Checking miniz_oxide v0.6.2
[INFO] [stderr]     Checking mio v0.8.6
[INFO] [stderr]     Checking socket2 v0.4.9
[INFO] [stderr]    Compiling convert_case v0.6.0
[INFO] [stderr]    Compiling backtrace v0.3.67
[INFO] [stderr]    Compiling pmutil v0.6.1
[INFO] [stderr]     Checking gimli v0.27.2
[INFO] [stderr]    Compiling rustversion v1.0.12
[INFO] [stderr]    Compiling num_threads v0.1.6
[INFO] [stderr]    Compiling time-core v0.1.0
[INFO] [stderr]    Compiling swc_macros_common v0.3.8
[INFO] [stderr]    Compiling turbo-tasks-macros-shared v0.1.0 (https://github.com/vercel/turbo.git?tag=turbopack-230901.3#d76ad75b)
[INFO] [stdout] error[E0554]: `#![feature]` may not be used on the stable release channel
[INFO] [stdout]  --> /opt/rustwide/cargo-home/git/checkouts/turbo-df7a549334890fa5/d76ad75/crates/turbo-tasks-macros-shared/src/lib.rs:1:1
[INFO] [stdout]   |
[INFO] [stdout] 1 | #![feature(proc_macro_diagnostic)]
[INFO] [stdout]   | ^^^^^^^^^^^^^^^^^^^^^^^^^^^^^^^^^^
[INFO] [stdout] 
[INFO] [stdout] 
[INFO] [stdout] error[E0554]: `#![feature]` may not be used on the stable release channel
[INFO] [stdout]  --> /opt/rustwide/cargo-home/git/checkouts/turbo-df7a549334890fa5/d76ad75/crates/turbo-tasks-macros-shared/src/lib.rs:2:1
[INFO] [stdout]   |
[INFO] [stdout] 2 | #![feature(box_patterns)]
[INFO] [stdout]   | ^^^^^^^^^^^^^^^^^^^^^^^^^
[INFO] [stdout] 
[INFO] [stdout] 
[INFO] [stdout] error[E0554]: `#![feature]` may not be used on the stable release channel
[INFO] [stdout]  --> /opt/rustwide/cargo-home/git/checkouts/turbo-df7a549334890fa5/d76ad75/crates/turbo-tasks-macros-shared/src/lib.rs:1:12
[INFO] [stdout]   |
[INFO] [stdout] 1 | #![feature(proc_macro_diagnostic)]
[INFO] [stdout]   |            ^^^^^^^^^^^^^^^^^^^^^
[INFO] [stdout] 
[INFO] [stdout] 
[INFO] [stdout] error: aborting due to 3 previous errors
[INFO] [stdout] 
[INFO] [stdout] 
[INFO] [stdout] For more information about this error, try `rustc --explain E0554`.
[INFO] [stdout] 
[INFO] [stderr] error: could not compile `turbo-tasks-macros-shared` (lib) due to 4 previous errors
[INFO] [stderr] warning: build failed, waiting for other jobs to finish...
[INFO] running `Command { std: "docker" "inspect" "184afe275f24e342bd3dd2d822e90e505c227d095ccd09754f2a50ffc5ff1f8c", kill_on_drop: false }`
[INFO] running `Command { std: "docker" "rm" "-f" "184afe275f24e342bd3dd2d822e90e505c227d095ccd09754f2a50ffc5ff1f8c", kill_on_drop: false }`
[INFO] [stdout] 184afe275f24e342bd3dd2d822e90e505c227d095ccd09754f2a50ffc5ff1f8c
[INFO] documenting abenezermario/blog-site-next against beta-2023-12-22 for beta-1.76-rustdoc-1
[INFO] running `Command { std: "git" "clone" "/workspace/cache/git-repos/https%3A%2F%2Fgithub.com%2Fabenezermario%2Fblog-site-next" "/workspace/builds/worker-6-tc2/source", kill_on_drop: false }`
[INFO] [stderr] Cloning into '/workspace/builds/worker-6-tc2/source'...
[INFO] [stderr] done.
[INFO] [stderr] Updating files:  80% (12556/15630)
Updating files:  81% (12661/15630)
Updating files:  82% (12817/15630)
Updating files:  83% (12973/15630)
Updating files:  84% (13130/15630)
Updating files:  85% (13286/15630)
Updating files:  86% (13442/15630)
Updating files:  87% (13599/15630)
Updating files:  88% (13755/15630)
Updating files:  89% (13911/15630)
Updating files:  90% (14067/15630)
Updating files:  91% (14224/15630)
Updating files:  92% (14380/15630)
Updating files:  93% (14536/15630)
Updating files:  94% (14693/15630)
Updating files:  95% (14849/15630)
Updating files:  96% (15005/15630)
Updating files:  97% (15162/15630)
Updating files:  98% (15318/15630)
Updating files:  99% (15474/15630)
Updating files: 100% (15630/15630)
Updating files: 100% (15630/15630), done.
[INFO] validating manifest of git repo https://github.com/abenezermario/blog-site-next on toolchain beta-2023-12-22
[INFO] running `Command { std: CARGO_HOME="/workspace/cargo-home" RUSTUP_HOME="/workspace/rustup-home" "/workspace/cargo-home/bin/cargo" "+beta-2023-12-22" "metadata" "--manifest-path" "Cargo.toml" "--no-deps", kill_on_drop: false }`
[INFO] removed /workspace/builds/worker-6-tc2/source/.cargo/config.toml
[INFO] removed /workspace/builds/worker-6-tc2/source/rust-toolchain
[INFO] started tweaking git repo https://github.com/abenezermario/blog-site-next
[INFO] finished tweaking git repo https://github.com/abenezermario/blog-site-next
[INFO] tweaked toml for git repo https://github.com/abenezermario/blog-site-next written to /workspace/builds/worker-6-tc2/source/Cargo.toml
[INFO] crate git repo https://github.com/abenezermario/blog-site-next already has a lockfile, it will not be regenerated
[INFO] running `Command { std: CARGO_HOME="/workspace/cargo-home" RUSTUP_HOME="/workspace/rustup-home" "/workspace/cargo-home/bin/cargo" "+beta-2023-12-22" "fetch" "--manifest-path" "Cargo.toml", kill_on_drop: false }`
[INFO] running `Command { std: "docker" "create" "-v" "/var/lib/crater-agent-workspace/builds/worker-6-tc2/target:/opt/rustwide/target:rw,Z" "-v" "/var/lib/crater-agent-workspace/builds/worker-6-tc2/source:/opt/rustwide/workdir:ro,Z" "-v" "/var/lib/crater-agent-workspace/cargo-home:/opt/rustwide/cargo-home:ro,Z" "-v" "/var/lib/crater-agent-workspace/rustup-home:/opt/rustwide/rustup-home:ro,Z" "-e" "SOURCE_DIR=/opt/rustwide/workdir" "-e" "CARGO_TARGET_DIR=/opt/rustwide/target" "-e" "CARGO_HOME=/opt/rustwide/cargo-home" "-e" "RUSTUP_HOME=/opt/rustwide/rustup-home" "-w" "/opt/rustwide/workdir" "-m" "1610612736" "--user" "0:0" "--network" "none" "ghcr.io/rust-lang/crates-build-env/linux@sha256:2788e3201cd34a07e3172128adcd8b3090168a8e3bcc40d7c032b9dda1df7d1c" "/opt/rustwide/cargo-home/bin/cargo" "+beta-2023-12-22" "metadata" "--no-deps" "--format-version=1", kill_on_drop: false }`
[INFO] [stdout] 71c185e5cc6c51886fe8083996fb654719f1a560d9976ee85a27b1d18b5729ee
[INFO] running `Command { std: "docker" "start" "-a" "71c185e5cc6c51886fe8083996fb654719f1a560d9976ee85a27b1d18b5729ee", kill_on_drop: false }`
[INFO] running `Command { std: "docker" "inspect" "71c185e5cc6c51886fe8083996fb654719f1a560d9976ee85a27b1d18b5729ee", kill_on_drop: false }`
[INFO] running `Command { std: "docker" "rm" "-f" "71c185e5cc6c51886fe8083996fb654719f1a560d9976ee85a27b1d18b5729ee", kill_on_drop: false }`
[INFO] [stdout] 71c185e5cc6c51886fe8083996fb654719f1a560d9976ee85a27b1d18b5729ee
[INFO] running `Command { std: "docker" "create" "-v" "/var/lib/crater-agent-workspace/builds/worker-6-tc2/target:/opt/rustwide/target:rw,Z" "-v" "/var/lib/crater-agent-workspace/builds/worker-6-tc2/source:/opt/rustwide/workdir:ro,Z" "-v" "/var/lib/crater-agent-workspace/cargo-home:/opt/rustwide/cargo-home:ro,Z" "-v" "/var/lib/crater-agent-workspace/rustup-home:/opt/rustwide/rustup-home:ro,Z" "-e" "SOURCE_DIR=/opt/rustwide/workdir" "-e" "CARGO_TARGET_DIR=/opt/rustwide/target" "-e" "CARGO_INCREMENTAL=0" "-e" "RUST_BACKTRACE=full" "-e" "RUSTFLAGS=--cap-lints=warn" "-e" "RUSTDOCFLAGS=--cap-lints=warn" "-e" "CARGO_HOME=/opt/rustwide/cargo-home" "-e" "RUSTUP_HOME=/opt/rustwide/rustup-home" "-w" "/opt/rustwide/workdir" "-m" "1610612736" "--user" "0:0" "--network" "none" "ghcr.io/rust-lang/crates-build-env/linux@sha256:2788e3201cd34a07e3172128adcd8b3090168a8e3bcc40d7c032b9dda1df7d1c" "/opt/rustwide/cargo-home/bin/cargo" "+beta-2023-12-22" "doc" "--frozen" "--no-deps" "--document-private-items" "--message-format=json", kill_on_drop: false }`
[INFO] [stdout] 93a62c4feab602ecf14061a247997ec3db0e53318971edd1c7fb24a8d517c003
[INFO] running `Command { std: "docker" "start" "-a" "93a62c4feab602ecf14061a247997ec3db0e53318971edd1c7fb24a8d517c003", kill_on_drop: false }`
[INFO] [stderr] warning: profile package spec `swc_css_prefixer` in profile `dev` did not match any packages
[INFO] [stderr]    Compiling proc-macro2 v1.0.64
[INFO] [stderr]    Compiling quote v1.0.28
[INFO] [stderr]    Compiling unicode-ident v1.0.9
[INFO] [stderr]    Compiling libc v0.2.146
[INFO] [stderr]    Compiling autocfg v1.1.0
[INFO] [stderr]    Compiling version_check v0.9.4
[INFO] [stderr]    Compiling syn v1.0.109
[INFO] [stderr]    Compiling serde v1.0.171
[INFO] [stderr]    Compiling cfg-if v1.0.0
[INFO] [stderr]    Compiling parking_lot_core v0.9.7
[INFO] [stderr]    Compiling cc v1.0.79
[INFO] [stderr]    Compiling anyhow v1.0.71
[INFO] [stderr]    Compiling semver v1.0.17
[INFO] [stderr]    Compiling percent-encoding v2.3.0
[INFO] [stderr]    Compiling memchr v2.6.2
[INFO] [stderr]    Compiling tinyvec_macros v0.1.1
[INFO] [stderr]    Compiling unicode-bidi v0.3.13
[INFO] [stderr]     Checking once_cell v1.18.0
[INFO] [stderr]    Compiling tinyvec v1.6.0
[INFO] [stderr]    Compiling form_urlencoded v1.2.0
[INFO] [stderr]    Compiling ppv-lite86 v0.2.17
[INFO] [stderr]    Compiling siphasher v0.3.10
[INFO] [stderr]     Checking scopeguard v1.1.0
[INFO] [stderr]    Compiling regex-syntax v0.7.2
[INFO] [stderr]    Compiling glob v0.3.1
[INFO] [stderr]     Checking smallvec v1.10.0
[INFO] [stderr]    Compiling phf_shared v0.10.0
[INFO] [stderr]    Compiling aho-corasick v1.0.1
[INFO] [stderr]    Compiling crossbeam-utils v0.8.15
[INFO] [stderr]     Checking itoa v1.0.6
[INFO] [stderr]    Compiling lazy_static v1.4.0
[INFO] [stderr]     Checking pin-project-lite v0.2.9
[INFO] [stderr]     Checking either v1.8.1
[INFO] [stderr]    Compiling rayon-core v1.11.0
[INFO] [stderr]    Compiling unicode-normalization v0.1.22
[INFO] [stderr]    Compiling thiserror v1.0.40
[INFO] [stderr]     Checking tracing-core v0.1.31
[INFO] [stderr]    Compiling ahash v0.7.6
[INFO] [stderr]    Compiling lock_api v0.4.9
[INFO] [stderr]     Checking getrandom v0.2.9
[INFO] [stderr]    Compiling syn v2.0.25
[INFO] [stderr]    Compiling num-traits v0.2.15
[INFO] [stderr]    Compiling num-integer v0.1.45
[INFO] [stderr]    Compiling rand_core v0.6.4
[INFO] [stderr]    Compiling idna v0.4.0
[INFO] [stderr]     Checking num_cpus v1.15.0
[INFO] [stderr]    Compiling rand_chacha v0.3.1
[INFO] [stderr]    Compiling memoffset v0.8.0
[INFO] [stderr]    Compiling crossbeam-epoch v0.9.14
[INFO] [stderr]     Checking crossbeam-channel v0.5.8
[INFO] [stderr]    Compiling num-bigint v0.4.3
[INFO] [stderr]    Compiling rand v0.8.5
[INFO] [stderr]    Compiling indexmap v1.9.3
[INFO] [stderr]    Compiling url v2.4.0
[INFO] [stderr]     Checking parking_lot v0.12.1
[INFO] [stderr]    Compiling ahash v0.8.3
[INFO] [stderr]     Checking ryu v1.0.13
[INFO] [stderr]    Compiling serde_json v1.0.96
[INFO] [stderr]    Compiling tokio v1.28.2
[INFO] [stderr]    Compiling typenum v1.16.0
[INFO] [stderr]     Checking crossbeam-deque v0.8.3
[INFO] [stderr]    Compiling proc-macro-error-attr v1.0.4
[INFO] [stderr]    Compiling regex v1.8.3
[INFO] [stderr]    Compiling phf_generator v0.10.0
[INFO] [stderr]    Compiling string_cache_codegen v0.5.2
[INFO] [stderr]    Compiling proc-macro-error v1.0.4
[INFO] [stderr]    Compiling generic-array v0.14.7
[INFO] [stderr]    Compiling log v0.4.18
[INFO] [stderr]     Checking rayon v1.7.0
[INFO] [stderr]     Checking stable_deref_trait v1.2.0
[INFO] [stderr]    Compiling Inflector v0.11.4
[INFO] [stderr]    Compiling proc-macro-hack v0.5.20+deprecated
[INFO] [stderr]     Checking precomputed-hash v0.1.1
[INFO] [stderr]    Compiling smartstring v1.0.1
[INFO] [stderr]    Compiling swc_atoms v0.5.9
[INFO] [stderr]     Checking atty v0.2.14
[INFO] [stderr]     Checking unicode-width v0.1.10
[INFO] [stderr]    Compiling futures-core v0.3.28
[INFO] [stderr]     Checking new_debug_unreachable v1.0.4
[INFO] [stderr]    Compiling slab v0.4.8
[INFO] [stderr]     Checking rustc-hash v1.1.0
[INFO] [stderr]     Checking unicode-id v0.3.3
[INFO] [stderr]     Checking data-encoding v2.4.0
[INFO] [stderr]     Checking scoped-tls v1.0.1
[INFO] [stderr]     Checking if_chain v1.0.2
[INFO] [stderr]    Compiling psm v0.1.21
[INFO] [stderr]    Compiling stacker v0.1.15
[INFO] [stderr]     Checking termcolor v1.2.0
[INFO] [stderr]     Checking better_scoped_tls v0.1.1
[INFO] [stderr]    Compiling futures-task v0.3.28
[INFO] [stderr]    Compiling futures-channel v0.3.28
[INFO] [stderr]     Checking static_assertions v1.1.0
[INFO] [stderr]     Checking bitflags v2.3.3
[INFO] [stderr]    Compiling futures-util v0.3.28
[INFO] [stderr]    Compiling unicode-segmentation v1.10.1
[INFO] [stderr]     Checking adler v1.0.2
[INFO] [stderr]     Checking miniz_oxide v0.6.2
[INFO] [stderr]     Checking signal-hook-registry v1.4.1
[INFO] [stderr]     Checking bytes v1.4.0
[INFO] [stderr]     Checking mio v0.8.6
[INFO] [stderr]     Checking socket2 v0.4.9
[INFO] [stderr]    Compiling convert_case v0.6.0
[INFO] [stderr]    Compiling backtrace v0.3.67
[INFO] [stderr]    Compiling pmutil v0.6.1
[INFO] [stderr]    Compiling rustversion v1.0.12
[INFO] [stderr]    Compiling num_threads v0.1.6
[INFO] [stderr]     Checking gimli v0.27.2
[INFO] [stderr]    Compiling time-core v0.1.0
[INFO] [stderr]    Compiling swc_macros_common v0.3.8
[INFO] [stderr]    Compiling time v0.3.20
[INFO] [stderr]    Compiling turbo-tasks-macros-shared v0.1.0 (https://github.com/vercel/turbo.git?tag=turbopack-230901.3#d76ad75b)
[INFO] [stdout] error[E0554]: `#![feature]` may not be used on the beta release channel
[INFO] [stdout]  --> /opt/rustwide/cargo-home/git/checkouts/turbo-df7a549334890fa5/d76ad75/crates/turbo-tasks-macros-shared/src/lib.rs:1:1
[INFO] [stdout]   |
[INFO] [stdout] 1 | #![feature(proc_macro_diagnostic)]
[INFO] [stdout]   | ^^^^^^^^^^^^^^^^^^^^^^^^^^^^^^^^^^
[INFO] [stdout] 
[INFO] [stdout] 
[INFO] [stdout] error[E0554]: `#![feature]` may not be used on the beta release channel
[INFO] [stdout]  --> /opt/rustwide/cargo-home/git/checkouts/turbo-df7a549334890fa5/d76ad75/crates/turbo-tasks-macros-shared/src/lib.rs:2:1
[INFO] [stdout]   |
[INFO] [stdout] 2 | #![feature(box_patterns)]
[INFO] [stdout]   | ^^^^^^^^^^^^^^^^^^^^^^^^^
[INFO] [stdout] 
[INFO] [stdout] 
[INFO] [stdout] error[E0554]: `#![feature]` may not be used on the beta release channel
[INFO] [stdout]  --> /opt/rustwide/cargo-home/git/checkouts/turbo-df7a549334890fa5/d76ad75/crates/turbo-tasks-macros-shared/src/lib.rs:1:12
[INFO] [stdout]   |
[INFO] [stdout] 1 | #![feature(proc_macro_diagnostic)]
[INFO] [stdout]   |            ^^^^^^^^^^^^^^^^^^^^^
[INFO] [stdout] 
[INFO] [stdout] 
[INFO] [stdout] error: aborting due to 3 previous errors
[INFO] [stdout] 
[INFO] [stdout] 
[INFO] [stdout] For more information about this error, try `rustc --explain E0554`.
[INFO] [stdout] 
[INFO] [stderr] error: could not compile `turbo-tasks-macros-shared` (lib) due to 4 previous errors
[INFO] [stderr] warning: build failed, waiting for other jobs to finish...
[INFO] running `Command { std: "docker" "inspect" "93a62c4feab602ecf14061a247997ec3db0e53318971edd1c7fb24a8d517c003", kill_on_drop: false }`
[INFO] running `Command { std: "docker" "rm" "-f" "93a62c4feab602ecf14061a247997ec3db0e53318971edd1c7fb24a8d517c003", kill_on_drop: false }`
[INFO] [stdout] 93a62c4feab602ecf14061a247997ec3db0e53318971edd1c7fb24a8d517c003
