[INFO] cloning repository https://github.com/abearcher/CC4030
[INFO] running `Command { std: "git" "-c" "credential.helper=" "-c" "credential.helper=/workspace/cargo-home/bin/git-credential-null" "clone" "--bare" "https://github.com/abearcher/CC4030" "/workspace/cache/git-repos/https%3A%2F%2Fgithub.com%2Fabearcher%2FCC4030", kill_on_drop: false }`
[INFO] [stderr] Cloning into bare repository '/workspace/cache/git-repos/https%3A%2F%2Fgithub.com%2Fabearcher%2FCC4030'...
[INFO] running `Command { std: "git" "rev-parse" "HEAD", kill_on_drop: false }`
[INFO] [stdout] 0dcada52a70cee3e44673bb43f95237f2c373459
[INFO] documenting abearcher/CC4030 against 1.75.0 for beta-1.76-rustdoc-1
[INFO] running `Command { std: "git" "clone" "/workspace/cache/git-repos/https%3A%2F%2Fgithub.com%2Fabearcher%2FCC4030" "/workspace/builds/worker-5-tc1/source", kill_on_drop: false }`
[INFO] [stderr] Cloning into '/workspace/builds/worker-5-tc1/source'...
[INFO] [stderr] done.
[INFO] validating manifest of git repo https://github.com/abearcher/CC4030 on toolchain 1.75.0
[INFO] running `Command { std: CARGO_HOME="/workspace/cargo-home" RUSTUP_HOME="/workspace/rustup-home" "/workspace/cargo-home/bin/cargo" "+1.75.0" "metadata" "--manifest-path" "Cargo.toml" "--no-deps", kill_on_drop: false }`
[INFO] started tweaking git repo https://github.com/abearcher/CC4030
[INFO] finished tweaking git repo https://github.com/abearcher/CC4030
[INFO] tweaked toml for git repo https://github.com/abearcher/CC4030 written to /workspace/builds/worker-5-tc1/source/Cargo.toml
[INFO] crate git repo https://github.com/abearcher/CC4030 already has a lockfile, it will not be regenerated
[INFO] running `Command { std: CARGO_HOME="/workspace/cargo-home" RUSTUP_HOME="/workspace/rustup-home" "/workspace/cargo-home/bin/cargo" "+1.75.0" "fetch" "--manifest-path" "Cargo.toml", kill_on_drop: false }`
[INFO] [stderr]  Downloading crates ...
[INFO] [stderr]   Downloaded der v0.7.6
[INFO] [stderr]   Downloaded uuid-macro-internal v1.3.3
[INFO] running `Command { std: "docker" "create" "-v" "/var/lib/crater-agent-workspace/builds/worker-5-tc1/target:/opt/rustwide/target:rw,Z" "-v" "/var/lib/crater-agent-workspace/builds/worker-5-tc1/source:/opt/rustwide/workdir:ro,Z" "-v" "/var/lib/crater-agent-workspace/cargo-home:/opt/rustwide/cargo-home:ro,Z" "-v" "/var/lib/crater-agent-workspace/rustup-home:/opt/rustwide/rustup-home:ro,Z" "-e" "SOURCE_DIR=/opt/rustwide/workdir" "-e" "CARGO_TARGET_DIR=/opt/rustwide/target" "-e" "CARGO_HOME=/opt/rustwide/cargo-home" "-e" "RUSTUP_HOME=/opt/rustwide/rustup-home" "-w" "/opt/rustwide/workdir" "-m" "1610612736" "--user" "0:0" "--network" "none" "ghcr.io/rust-lang/crates-build-env/linux@sha256:2788e3201cd34a07e3172128adcd8b3090168a8e3bcc40d7c032b9dda1df7d1c" "/opt/rustwide/cargo-home/bin/cargo" "+1.75.0" "metadata" "--no-deps" "--format-version=1", kill_on_drop: false }`
[INFO] [stdout] 5190f964389b5f18f167b7b97b5e63f8a6e5703abe6fe9e78b44d464cb2e0428
[INFO] running `Command { std: "docker" "start" "-a" "5190f964389b5f18f167b7b97b5e63f8a6e5703abe6fe9e78b44d464cb2e0428", kill_on_drop: false }`
[INFO] running `Command { std: "docker" "inspect" "5190f964389b5f18f167b7b97b5e63f8a6e5703abe6fe9e78b44d464cb2e0428", kill_on_drop: false }`
[INFO] running `Command { std: "docker" "rm" "-f" "5190f964389b5f18f167b7b97b5e63f8a6e5703abe6fe9e78b44d464cb2e0428", kill_on_drop: false }`
[INFO] [stdout] 5190f964389b5f18f167b7b97b5e63f8a6e5703abe6fe9e78b44d464cb2e0428
[INFO] running `Command { std: "docker" "create" "-v" "/var/lib/crater-agent-workspace/builds/worker-5-tc1/target:/opt/rustwide/target:rw,Z" "-v" "/var/lib/crater-agent-workspace/builds/worker-5-tc1/source:/opt/rustwide/workdir:ro,Z" "-v" "/var/lib/crater-agent-workspace/cargo-home:/opt/rustwide/cargo-home:ro,Z" "-v" "/var/lib/crater-agent-workspace/rustup-home:/opt/rustwide/rustup-home:ro,Z" "-e" "SOURCE_DIR=/opt/rustwide/workdir" "-e" "CARGO_TARGET_DIR=/opt/rustwide/target" "-e" "CARGO_INCREMENTAL=0" "-e" "RUST_BACKTRACE=full" "-e" "RUSTFLAGS=--cap-lints=warn" "-e" "RUSTDOCFLAGS=--cap-lints=warn" "-e" "CARGO_HOME=/opt/rustwide/cargo-home" "-e" "RUSTUP_HOME=/opt/rustwide/rustup-home" "-w" "/opt/rustwide/workdir" "-m" "1610612736" "--user" "0:0" "--network" "none" "ghcr.io/rust-lang/crates-build-env/linux@sha256:2788e3201cd34a07e3172128adcd8b3090168a8e3bcc40d7c032b9dda1df7d1c" "/opt/rustwide/cargo-home/bin/cargo" "+1.75.0" "doc" "--frozen" "--no-deps" "--document-private-items" "--message-format=json", kill_on_drop: false }`
[INFO] [stdout] 19ceedd0f63fb2b2347d404b00b9b2cf819da0d4c32492ccf28d707efbcfe6f8
[INFO] running `Command { std: "docker" "start" "-a" "19ceedd0f63fb2b2347d404b00b9b2cf819da0d4c32492ccf28d707efbcfe6f8", kill_on_drop: false }`
[INFO] [stderr]    Compiling proc-macro2 v1.0.58
[INFO] [stderr]    Compiling quote v1.0.27
[INFO] [stderr]    Compiling unicode-ident v1.0.8
[INFO] [stderr]    Compiling libc v0.2.139
[INFO] [stderr]    Compiling syn v1.0.109
[INFO] [stderr]    Compiling futures-core v0.3.26
[INFO] [stderr]    Compiling memchr v2.5.0
[INFO] [stderr]    Compiling value-bag v1.0.0-alpha.9
[INFO] [stderr]     Checking pin-project-lite v0.2.9
[INFO] [stderr]    Compiling typenum v1.16.0
[INFO] [stderr]    Compiling generic-array v0.14.7
[INFO] [stderr]    Compiling slab v0.4.8
[INFO] [stderr]     Checking const-oid v0.9.2
[INFO] [stderr]     Checking futures-io v0.3.26
[INFO] [stderr]    Compiling crossbeam-utils v0.8.15
[INFO] [stderr]    Compiling log v0.4.17
[INFO] [stderr]    Compiling libm v0.2.7
[INFO] [stderr]    Compiling num-traits v0.2.15
[INFO] [stderr]     Checking event-listener v2.5.3
[INFO] [stderr]    Compiling num-integer v0.1.45
[INFO] [stderr]     Checking parking v2.0.0
[INFO] [stderr]     Checking concurrent-queue v2.1.0
[INFO] [stderr]     Checking zeroize v1.6.0
[INFO] [stderr]     Checking getrandom v0.2.9
[INFO] [stderr]     Checking base64ct v1.6.0
[INFO] [stderr]     Checking fastrand v1.9.0
[INFO] [stderr]     Checking waker-fn v1.1.0
[INFO] [stderr]    Compiling syn v2.0.16
[INFO] [stderr]     Checking rand_core v0.6.4
[INFO] [stderr]     Checking async-lock v2.7.0
[INFO] [stderr]     Checking pem-rfc7468 v0.7.0
[INFO] [stderr]     Checking futures-lite v1.12.0
[INFO] [stderr]    Compiling polling v2.5.2
[INFO] [stderr]    Compiling futures-task v0.3.26
[INFO] [stderr]     Checking ppv-lite86 v0.2.17
[INFO] [stderr]     Checking smallvec v1.10.0
[INFO] [stderr]    Compiling futures-channel v0.3.26
[INFO] [stderr]     Checking rand_chacha v0.3.1
[INFO] [stderr]     Checking der v0.7.6
[INFO] [stderr]     Checking socket2 v0.4.9
[INFO] [stderr]    Compiling async-io v1.12.0
[INFO] [stderr]    Compiling num-iter v0.1.43
[INFO] [stderr]     Checking block-buffer v0.10.4
[INFO] [stderr]     Checking crypto-common v0.1.6
[INFO] [stderr]     Checking digest v0.10.6
[INFO] [stderr]    Compiling lock_api v0.4.9
[INFO] [stderr]     Checking async-task v4.3.0
[INFO] [stderr]    Compiling futures-util v0.3.26
[INFO] [stderr]    Compiling parking_lot_core v0.9.7
[INFO] [stderr]     Checking pin-utils v0.1.0
[INFO] [stderr]     Checking futures-sink v0.3.26
[INFO] [stderr]     Checking rand v0.8.5
[INFO] [stderr]     Checking async-channel v1.8.0
[INFO] [stderr]    Compiling num-bigint-dig v0.8.2
[INFO] [stderr]     Checking spin v0.5.2
[INFO] [stderr]     Checking scopeguard v1.1.0
[INFO] [stderr]    Compiling serde v1.0.163
[INFO] [stderr]     Checking atomic-waker v1.1.0
[INFO] [stderr]     Checking cpufeatures v0.2.6
[INFO] [stderr]     Checking blocking v1.3.0
[INFO] [stderr]     Checking spki v0.7.2
[INFO] [stderr]     Checking lazy_static v1.4.0
[INFO] [stderr]     Checking pkcs8 v0.10.2
[INFO] [stderr]     Checking async-executor v1.5.0
[INFO] [stderr]    Compiling tokio v1.26.0
[INFO] [stderr]     Checking once_cell v1.17.1
[INFO] [stderr]     Checking byteorder v1.4.3
[INFO] [stderr]    Compiling serde_json v1.0.96
[INFO] [stderr]     Checking pkcs1 v0.7.5
[INFO] [stderr]     Checking parking_lot v0.12.1
[INFO] [stderr]     Checking sha2 v0.10.6
[INFO] [stderr]     Checking signature v2.1.0
[INFO] [stderr]     Checking time v0.1.45
[INFO] [stderr]     Checking num_cpus v1.15.0
[INFO] [stderr]     Checking signal-hook-registry v1.4.1
[INFO] [stderr]     Checking subtle v2.5.0
[INFO] [stderr]     Checking ryu v1.0.13
[INFO] [stderr]     Checking bytes v1.4.0
[INFO] [stderr]     Checking itoa v1.0.6
[INFO] [stderr]     Checking iana-time-zone v0.1.56
[INFO] [stderr]     Checking sha1 v0.10.5
[INFO] [stderr]    Compiling serde_derive v1.0.163
[INFO] [stderr]    Compiling uuid-macro-internal v1.3.3
[INFO] [stderr]     Checking json v0.12.4
[INFO] [stderr]     Checking chrono v0.4.24
[INFO] [stderr]     Checking hex v0.4.3
[INFO] [stderr]     Checking base64 v0.13.1
[INFO] [stderr]     Checking bytes v0.5.6
[INFO] [stderr]     Checking rsa v0.9.2
[INFO] [stderr]     Checking uuid v1.3.3
[INFO] [stderr]    Compiling ctor v0.1.26
[INFO] [stderr]    Compiling futures-macro v0.3.26
[INFO] [stderr]    Compiling tokio-macros v1.8.2
[INFO] [stderr]     Checking kv-log-macro v1.0.7
[INFO] [stderr]     Checking mio v0.8.6
[INFO] [stderr]     Checking async-global-executor v2.3.1
[INFO] [stderr]     Checking async-std v1.12.0
[INFO] [stderr]     Checking futures-executor v0.3.26
[INFO] [stderr]     Checking futures v0.3.26
[INFO] [stderr]  Documenting blockchain v0.1.0 (/opt/rustwide/workdir)
[INFO] [stdout] error[E0583]: file not found for module `models`
[INFO] [stdout]  --> src/main.rs:3:1
[INFO] [stdout]   |
[INFO] [stdout] 3 | mod models;
[INFO] [stdout]   | ^^^^^^^^^^^
[INFO] [stdout]   |
[INFO] [stdout]   = help: to create the module `models`, create file "src/models.rs" or "src/models/mod.rs"
[INFO] [stdout]   = note: if there is a `mod models` elsewhere in the crate already, import it with `use crate::...` instead
[INFO] [stdout] 
[INFO] [stdout] 
[INFO] [stdout] error[E0583]: file not found for module `node_server`
[INFO] [stdout]   --> src/bin/node.rs:11:1
[INFO] [stdout]    |
[INFO] [stdout] 11 | mod node_server;
[INFO] [stdout]    | ^^^^^^^^^^^^^^^^
[INFO] [stdout]    |
[INFO] [stdout]    = help: to create the module `node_server`, create file "src/bin/node_server.rs" or "src/bin/node_server/mod.rs"
[INFO] [stdout]    = note: if there is a `mod node_server` elsewhere in the crate already, import it with `use crate::...` instead
[INFO] [stdout] 
[INFO] [stdout] 
[INFO] [stdout] error[E0583]: file not found for module `node_commands`
[INFO] [stdout]   --> src/bin/node.rs:12:1
[INFO] [stdout]    |
[INFO] [stdout] 12 | mod node_commands;
[INFO] [stdout]    | ^^^^^^^^^^^^^^^^^^
[INFO] [stdout]    |
[INFO] [stdout]    = help: to create the module `node_commands`, create file "src/bin/node_commands.rs" or "src/bin/node_commands/mod.rs"
[INFO] [stdout]    = note: if there is a `mod node_commands` elsewhere in the crate already, import it with `use crate::...` instead
[INFO] [stdout] 
[INFO] [stdout] 
[INFO] [stdout] error[E0583]: file not found for module `node_client`
[INFO] [stdout]   --> src/bin/node.rs:13:1
[INFO] [stdout]    |
[INFO] [stdout] 13 | mod node_client;
[INFO] [stdout]    | ^^^^^^^^^^^^^^^^
[INFO] [stdout]    |
[INFO] [stdout]    = help: to create the module `node_client`, create file "src/bin/node_client.rs" or "src/bin/node_client/mod.rs"
[INFO] [stdout]    = note: if there is a `mod node_client` elsewhere in the crate already, import it with `use crate::...` instead
[INFO] [stdout] 
[INFO] [stdout] 
[INFO] [stdout] error[E0583]: file not found for module `node_object`
[INFO] [stdout]   --> src/bin/node.rs:14:1
[INFO] [stdout]    |
[INFO] [stdout] 14 | mod node_object;
[INFO] [stdout]    | ^^^^^^^^^^^^^^^^
[INFO] [stdout]    |
[INFO] [stdout]    = help: to create the module `node_object`, create file "src/bin/node_object.rs" or "src/bin/node_object/mod.rs"
[INFO] [stdout]    = note: if there is a `mod node_object` elsewhere in the crate already, import it with `use crate::...` instead
[INFO] [stdout] 
[INFO] [stdout] 
[INFO] [stdout] error[E0583]: file not found for module `seller`
[INFO] [stdout]   --> src/bin/node.rs:15:1
[INFO] [stdout]    |
[INFO] [stdout] 15 | mod seller;
[INFO] [stdout]    | ^^^^^^^^^^^
[INFO] [stdout]    |
[INFO] [stdout]    = help: to create the module `seller`, create file "src/bin/seller.rs" or "src/bin/seller/mod.rs"
[INFO] [stdout]    = note: if there is a `mod seller` elsewhere in the crate already, import it with `use crate::...` instead
[INFO] [stdout] 
[INFO] [stdout] 
[INFO] [stdout] error[E0583]: file not found for module `buyer`
[INFO] [stdout]   --> src/bin/node.rs:16:1
[INFO] [stdout]    |
[INFO] [stdout] 16 | mod buyer;
[INFO] [stdout]    | ^^^^^^^^^^
[INFO] [stdout]    |
[INFO] [stdout]    = help: to create the module `buyer`, create file "src/bin/buyer.rs" or "src/bin/buyer/mod.rs"
[INFO] [stdout]    = note: if there is a `mod buyer` elsewhere in the crate already, import it with `use crate::...` instead
[INFO] [stdout] 
[INFO] [stdout] 
[INFO] [stdout] error[E0583]: file not found for module `auction_timer`
[INFO] [stdout]   --> src/bin/node.rs:17:1
[INFO] [stdout]    |
[INFO] [stdout] 17 | mod auction_timer;
[INFO] [stdout]    | ^^^^^^^^^^^^^^^^^^
[INFO] [stdout]    |
[INFO] [stdout]    = help: to create the module `auction_timer`, create file "src/bin/auction_timer.rs" or "src/bin/auction_timer/mod.rs"
[INFO] [stdout]    = note: if there is a `mod auction_timer` elsewhere in the crate already, import it with `use crate::...` instead
[INFO] [stdout] 
[INFO] [stdout] 
[INFO] [stdout] warning: unnecessary parentheses around type
[INFO] [stdout]    --> src/bin/node/node_server.rs:307:32
[INFO] [stdout]     |
[INFO] [stdout] 307 |     fn grab_largest_bid(&self) -> (String) {
[INFO] [stdout]     |                                   ^      ^
[INFO] [stdout]     |
[INFO] [stdout]     = note: `#[warn(unused_parens)]` on by default
[INFO] [stdout] help: remove these parentheses
[INFO] [stdout]     |
[INFO] [stdout] 307 -     fn grab_largest_bid(&self) -> (String) {
[INFO] [stdout] 307 +     fn grab_largest_bid(&self) -> String {
[INFO] [stdout]     |
[INFO] [stdout] 
[INFO] [stdout] 
[INFO] [stdout] warning: unnecessary parentheses around `if` condition
[INFO] [stdout]    --> src/bin/node/node_server.rs:349:9
[INFO] [stdout]     |
[INFO] [stdout] 349 |                         if(key.to_string() == "bids" && self.is_seller()){
[INFO] [stdout]     |                           ^                                             ^
[INFO] [stdout]     |
[INFO] [stdout] help: remove these parentheses
[INFO] [stdout]     |
[INFO] [stdout] 349 -                         if(key.to_string() == "bids" && self.is_seller()){
[INFO] [stdout] 349 +                         if key.to_string() == "bids" && self.is_seller() {
[INFO] [stdout]     |
[INFO] [stdout] 
[INFO] [stdout] 
[INFO] [stdout] warning: unnecessary parentheses around pattern
[INFO] [stdout]    --> src/bin/node/buyer.rs:209:7
[INFO] [stdout]     |
[INFO] [stdout] 209 |         for (routing_table_pair) in &routing_table_copy{
[INFO] [stdout]     |             ^                  ^
[INFO] [stdout]     |
[INFO] [stdout] help: remove these parentheses
[INFO] [stdout]     |
[INFO] [stdout] 209 -         for (routing_table_pair) in &routing_table_copy{
[INFO] [stdout] 209 +         for routing_table_pair in &routing_table_copy{
[INFO] [stdout]     |
[INFO] [stdout] 
[INFO] [stdout] 
[INFO] [stdout] warning: unnecessary parentheses around type
[INFO] [stdout]    --> src/bin/node/node_server.rs:307:32
[INFO] [stdout]     |
[INFO] [stdout] 307 |     fn grab_largest_bid(&self) -> (String) {
[INFO] [stdout]     |                                   ^      ^
[INFO] [stdout]     |
[INFO] [stdout]     = note: `#[warn(unused_parens)]` on by default
[INFO] [stdout] help: remove these parentheses
[INFO] [stdout]     |
[INFO] [stdout] 307 -     fn grab_largest_bid(&self) -> (String) {
[INFO] [stdout] 307 +     fn grab_largest_bid(&self) -> String {
[INFO] [stdout]     |
[INFO] [stdout] 
[INFO] [stdout] 
[INFO] [stdout] warning: unnecessary parentheses around `if` condition
[INFO] [stdout]    --> src/bin/node/node_server.rs:349:9
[INFO] [stdout]     |
[INFO] [stdout] 349 |                         if(key.to_string() == "bids" && self.is_seller()){
[INFO] [stdout]     |                           ^                                             ^
[INFO] [stdout]     |
[INFO] [stdout] help: remove these parentheses
[INFO] [stdout]     |
[INFO] [stdout] 349 -                         if(key.to_string() == "bids" && self.is_seller()){
[INFO] [stdout] 349 +                         if key.to_string() == "bids" && self.is_seller() {
[INFO] [stdout]     |
[INFO] [stdout] 
[INFO] [stdout] 
[INFO] [stdout] warning: unnecessary parentheses around type
[INFO] [stdout]    --> src/bin/node/node_server.rs:307:32
[INFO] [stdout]     |
[INFO] [stdout] 307 |     fn grab_largest_bid(&self) -> (String) {
[INFO] [stdout]     |                                   ^      ^
[INFO] [stdout]     |
[INFO] [stdout]     = note: `#[warn(unused_parens)]` on by default
[INFO] [stdout] help: remove these parentheses
[INFO] [stdout]     |
[INFO] [stdout] 307 -     fn grab_largest_bid(&self) -> (String) {
[INFO] [stdout] 307 +     fn grab_largest_bid(&self) -> String {
[INFO] [stdout]     |
[INFO] [stdout] 
[INFO] [stdout] 
[INFO] [stdout] warning: unnecessary parentheses around `if` condition
[INFO] [stdout]    --> src/bin/node/node_server.rs:349:9
[INFO] [stdout]     |
[INFO] [stdout] 349 |                         if(key.to_string() == "bids" && self.is_seller()){
[INFO] [stdout]     |                           ^                                             ^
[INFO] [stdout]     |
[INFO] [stdout] help: remove these parentheses
[INFO] [stdout]     |
[INFO] [stdout] 349 -                         if(key.to_string() == "bids" && self.is_seller()){
[INFO] [stdout] 349 +                         if key.to_string() == "bids" && self.is_seller() {
[INFO] [stdout]     |
[INFO] [stdout] 
[INFO] [stdout] 
[INFO] [stdout] warning: unnecessary parentheses around pattern
[INFO] [stdout]    --> src/bin/node/buyer.rs:209:7
[INFO] [stdout]     |
[INFO] [stdout] 209 |         for (routing_table_pair) in &routing_table_copy{
[INFO] [stdout]     |             ^                  ^
[INFO] [stdout]     |
[INFO] [stdout] help: remove these parentheses
[INFO] [stdout]     |
[INFO] [stdout] 209 -         for (routing_table_pair) in &routing_table_copy{
[INFO] [stdout] 209 +         for routing_table_pair in &routing_table_copy{
[INFO] [stdout]     |
[INFO] [stdout] 
[INFO] [stdout] 
[INFO] [stdout] warning: unnecessary parentheses around pattern
[INFO] [stdout]    --> src/bin/node/buyer.rs:209:7
[INFO] [stdout]     |
[INFO] [stdout] 209 |         for (routing_table_pair) in &routing_table_copy{
[INFO] [stdout]     |             ^                  ^
[INFO] [stdout]     |
[INFO] [stdout] help: remove these parentheses
[INFO] [stdout]     |
[INFO] [stdout] 209 -         for (routing_table_pair) in &routing_table_copy{
[INFO] [stdout] 209 +         for routing_table_pair in &routing_table_copy{
[INFO] [stdout]     |
[INFO] [stdout] 
[INFO] [stdout] 
[INFO] [stdout] error[E0432]: unresolved import `node_server::NodeServer`
[INFO] [stdout]   --> src/bin/node.rs:20:5
[INFO] [stdout]    |
[INFO] [stdout] 20 | use node_server::NodeServer; // Use the NodeCommand struct
[INFO] [stdout]    |     ^^^^^^^^^^^^^^^^^^^^^^^ no `NodeServer` in `node_server`
[INFO] [stdout] 
[INFO] [stdout] 
[INFO] [stdout] error: aborting due to previous error
[INFO] [stdout] 
[INFO] [stdout] 
[INFO] [stdout] For more information about this error, try `rustc --explain E0583`.
[INFO] [stdout] 
[INFO] [stderr] error: could not document `blockchain`
[INFO] [stderr] 
[INFO] [stderr] Caused by:
[INFO] [stderr]   process didn't exit successfully: `/opt/rustwide/rustup-home/toolchains/1.75.0-x86_64-unknown-linux-gnu/bin/rustdoc --edition=2021 --crate-type bin --crate-name blockchain src/main.rs -o /opt/rustwide/target/doc --error-format=json --json=diagnostic-rendered-ansi,artifacts,future-incompat --document-private-items '-Arustdoc::private-intra-doc-links' -C metadata=3220c020b0c4845b -L dependency=/opt/rustwide/target/debug/deps --extern async_std=/opt/rustwide/target/debug/deps/libasync_std-4eb75ebe67939be9.rmeta --extern base64=/opt/rustwide/target/debug/deps/libbase64-8c378ceadce4af53.rmeta --extern bytes=/opt/rustwide/target/debug/deps/libbytes-bedbd69658c0f4fc.rmeta --extern chrono=/opt/rustwide/target/debug/deps/libchrono-6e6f670c971313e2.rmeta --extern futures=/opt/rustwide/target/debug/deps/libfutures-2b24fbf9c0a160a1.rmeta --extern hex=/opt/rustwide/target/debug/deps/libhex-154257be2cdb5bdc.rmeta --extern json=/opt/rustwide/target/debug/deps/libjson-77e08433c0b6699a.rmeta --extern rand=/opt/rustwide/target/debug/deps/librand-78a75ebd549cfbda.rmeta --extern rsa=/opt/rustwide/target/debug/deps/librsa-19ad597e50e2e693.rmeta --extern serde=/opt/rustwide/target/debug/deps/libserde-a58d02aa06411c58.rmeta --extern serde_json=/opt/rustwide/target/debug/deps/libserde_json-bafa2223adafab3a.rmeta --extern sha1=/opt/rustwide/target/debug/deps/libsha1-6b2392690562045d.rmeta --extern sha2=/opt/rustwide/target/debug/deps/libsha2-e2a472529debcc6e.rmeta --extern tokio=/opt/rustwide/target/debug/deps/libtokio-2d30adf90df9e272.rmeta --extern uuid=/opt/rustwide/target/debug/deps/libuuid-76770f24c7030e56.rmeta --cap-lints=warn --crate-version 0.1.0` (exit status: 1)
[INFO] [stderr] warning: build failed, waiting for other jobs to finish...
[INFO] [stdout] warning: unnecessary parentheses around type
[INFO] [stdout]    --> src/bin/node/node_server.rs:307:32
[INFO] [stdout]     |
[INFO] [stdout] 307 |     fn grab_largest_bid(&self) -> (String) {
[INFO] [stdout]     |                                   ^      ^
[INFO] [stdout]     |
[INFO] [stdout]     = note: `#[warn(unused_parens)]` on by default
[INFO] [stdout] help: remove these parentheses
[INFO] [stdout]     |
[INFO] [stdout] 307 -     fn grab_largest_bid(&self) -> (String) {
[INFO] [stdout] 307 +     fn grab_largest_bid(&self) -> String {
[INFO] [stdout]     |
[INFO] [stdout] 
[INFO] [stdout] 
[INFO] [stdout] warning: unnecessary parentheses around `if` condition
[INFO] [stdout]    --> src/bin/node/node_server.rs:349:9
[INFO] [stdout]     |
[INFO] [stdout] 349 |                         if(key.to_string() == "bids" && self.is_seller()){
[INFO] [stdout]     |                           ^                                             ^
[INFO] [stdout]     |
[INFO] [stdout] help: remove these parentheses
[INFO] [stdout]     |
[INFO] [stdout] 349 -                         if(key.to_string() == "bids" && self.is_seller()){
[INFO] [stdout] 349 +                         if key.to_string() == "bids" && self.is_seller() {
[INFO] [stdout]     |
[INFO] [stdout] 
[INFO] [stdout] 
[INFO] [stdout] error[E0412]: cannot find type `Node` in module `node_object`
[INFO] [stdout]   --> src/bin/node.rs:27:31
[INFO] [stdout]    |
[INFO] [stdout] 27 |     node: Arc<Mutex<node_object::Node>>
[INFO] [stdout]    |                                  ^^^^ not found in `node_object`
[INFO] [stdout] 
[INFO] [stdout] 
[INFO] [stdout] error[E0412]: cannot find type `Node` in module `node_object`
[INFO] [stdout]    --> src/bin/node.rs:190:31
[INFO] [stdout]     |
[INFO] [stdout] 190 |     node: Arc<Mutex<node_object::Node>>
[INFO] [stdout]     |                                  ^^^^ not found in `node_object`
[INFO] [stdout] 
[INFO] [stdout] 
[INFO] [stdout] error[E0412]: cannot find type `Node` in module `node_object`
[INFO] [stdout]    --> src/bin/node.rs:268:31
[INFO] [stdout]     |
[INFO] [stdout] 268 |     node: Arc<Mutex<node_object::Node>>,
[INFO] [stdout]     |                                  ^^^^ not found in `node_object`
[INFO] [stdout] 
[INFO] [stdout] 
[INFO] [stdout] warning: unnecessary parentheses around pattern
[INFO] [stdout]    --> src/bin/node/buyer.rs:209:7
[INFO] [stdout]     |
[INFO] [stdout] 209 |         for (routing_table_pair) in &routing_table_copy{
[INFO] [stdout]     |             ^                  ^
[INFO] [stdout]     |
[INFO] [stdout] help: remove these parentheses
[INFO] [stdout]     |
[INFO] [stdout] 209 -         for (routing_table_pair) in &routing_table_copy{
[INFO] [stdout] 209 +         for routing_table_pair in &routing_table_copy{
[INFO] [stdout]     |
[INFO] [stdout] 
[INFO] [stdout] 
[INFO] [stdout] error: aborting due to 11 previous errors
[INFO] [stdout] 
[INFO] [stdout] 
[INFO] [stdout] Some errors have detailed explanations: E0412, E0432, E0583.
[INFO] [stdout] 
[INFO] [stdout] For more information about an error, try `rustc --explain E0412`.
[INFO] [stdout] 
[INFO] [stderr] error: could not document `blockchain`
[INFO] [stderr] 
[INFO] [stderr] Caused by:
[INFO] [stderr]   process didn't exit successfully: `/opt/rustwide/rustup-home/toolchains/1.75.0-x86_64-unknown-linux-gnu/bin/rustdoc --edition=2021 --crate-type bin --crate-name node src/bin/node.rs -o /opt/rustwide/target/doc --error-format=json --json=diagnostic-rendered-ansi,artifacts,future-incompat --document-private-items '-Arustdoc::private-intra-doc-links' -C metadata=73be131571f80f44 -L dependency=/opt/rustwide/target/debug/deps --extern async_std=/opt/rustwide/target/debug/deps/libasync_std-4eb75ebe67939be9.rmeta --extern base64=/opt/rustwide/target/debug/deps/libbase64-8c378ceadce4af53.rmeta --extern bytes=/opt/rustwide/target/debug/deps/libbytes-bedbd69658c0f4fc.rmeta --extern chrono=/opt/rustwide/target/debug/deps/libchrono-6e6f670c971313e2.rmeta --extern futures=/opt/rustwide/target/debug/deps/libfutures-2b24fbf9c0a160a1.rmeta --extern hex=/opt/rustwide/target/debug/deps/libhex-154257be2cdb5bdc.rmeta --extern json=/opt/rustwide/target/debug/deps/libjson-77e08433c0b6699a.rmeta --extern rand=/opt/rustwide/target/debug/deps/librand-78a75ebd549cfbda.rmeta --extern rsa=/opt/rustwide/target/debug/deps/librsa-19ad597e50e2e693.rmeta --extern serde=/opt/rustwide/target/debug/deps/libserde-a58d02aa06411c58.rmeta --extern serde_json=/opt/rustwide/target/debug/deps/libserde_json-bafa2223adafab3a.rmeta --extern sha1=/opt/rustwide/target/debug/deps/libsha1-6b2392690562045d.rmeta --extern sha2=/opt/rustwide/target/debug/deps/libsha2-e2a472529debcc6e.rmeta --extern tokio=/opt/rustwide/target/debug/deps/libtokio-2d30adf90df9e272.rmeta --extern uuid=/opt/rustwide/target/debug/deps/libuuid-76770f24c7030e56.rmeta --cap-lints=warn --crate-version 0.1.0` (exit status: 1)
[INFO] [stdout] warning: 3 warnings emitted
[INFO] [stdout] 
[INFO] [stdout] 
[INFO] [stdout] warning: 3 warnings emitted
[INFO] [stdout] 
[INFO] [stdout] 
[INFO] [stdout] warning: 3 warnings emitted
[INFO] [stdout] 
[INFO] [stdout] 
[INFO] [stdout] warning: 3 warnings emitted
[INFO] [stdout] 
[INFO] [stdout] 
[INFO] running `Command { std: "docker" "inspect" "19ceedd0f63fb2b2347d404b00b9b2cf819da0d4c32492ccf28d707efbcfe6f8", kill_on_drop: false }`
[INFO] running `Command { std: "docker" "rm" "-f" "19ceedd0f63fb2b2347d404b00b9b2cf819da0d4c32492ccf28d707efbcfe6f8", kill_on_drop: false }`
[INFO] [stdout] 19ceedd0f63fb2b2347d404b00b9b2cf819da0d4c32492ccf28d707efbcfe6f8
