[INFO] cloning repository https://github.com/abdulmelikbekmez/pid
[INFO] running `Command { std: "git" "-c" "credential.helper=" "-c" "credential.helper=/workspace/cargo-home/bin/git-credential-null" "clone" "--bare" "https://github.com/abdulmelikbekmez/pid" "/workspace/cache/git-repos/https%3A%2F%2Fgithub.com%2Fabdulmelikbekmez%2Fpid", kill_on_drop: false }`
[INFO] [stderr] Cloning into bare repository '/workspace/cache/git-repos/https%3A%2F%2Fgithub.com%2Fabdulmelikbekmez%2Fpid'...
[INFO] running `Command { std: "git" "rev-parse" "HEAD", kill_on_drop: false }`
[INFO] [stdout] 12b0a36d38f937be4db9f746e631bc4e4bcf8c3a
[INFO] documenting abdulmelikbekmez/pid against 1.75.0 for beta-1.76-rustdoc-1
[INFO] running `Command { std: "git" "clone" "/workspace/cache/git-repos/https%3A%2F%2Fgithub.com%2Fabdulmelikbekmez%2Fpid" "/workspace/builds/worker-7-tc1/source", kill_on_drop: false }`
[INFO] [stderr] Cloning into '/workspace/builds/worker-7-tc1/source'...
[INFO] [stderr] done.
[INFO] validating manifest of git repo https://github.com/abdulmelikbekmez/pid on toolchain 1.75.0
[INFO] running `Command { std: CARGO_HOME="/workspace/cargo-home" RUSTUP_HOME="/workspace/rustup-home" "/workspace/cargo-home/bin/cargo" "+1.75.0" "metadata" "--manifest-path" "Cargo.toml" "--no-deps", kill_on_drop: false }`
[INFO] removed /workspace/builds/worker-7-tc1/source/.cargo/config.toml
[INFO] started tweaking git repo https://github.com/abdulmelikbekmez/pid
[INFO] finished tweaking git repo https://github.com/abdulmelikbekmez/pid
[INFO] tweaked toml for git repo https://github.com/abdulmelikbekmez/pid written to /workspace/builds/worker-7-tc1/source/Cargo.toml
[INFO] crate git repo https://github.com/abdulmelikbekmez/pid already has a lockfile, it will not be regenerated
[INFO] running `Command { std: CARGO_HOME="/workspace/cargo-home" RUSTUP_HOME="/workspace/rustup-home" "/workspace/cargo-home/bin/cargo" "+1.75.0" "fetch" "--manifest-path" "Cargo.toml", kill_on_drop: false }`
[INFO] [stderr]     Updating crates.io index
[INFO] [stderr]  Downloading crates ...
[INFO] [stderr]   Downloaded r2r_common v0.3.8
[INFO] [stderr]   Downloaded r2r_actions v0.3.12
[INFO] [stderr]   Downloaded force-send-sync v1.1.0
[INFO] [stderr]   Downloaded prettyplease v0.2.14
[INFO] [stderr]   Downloaded r2r_msg_gen v0.3.13
[INFO] [stderr]   Downloaded r2r_rcl v0.3.9
[INFO] [stderr]   Downloaded r2r v0.7.5
[INFO] running `Command { std: "docker" "create" "-v" "/var/lib/crater-agent-workspace/builds/worker-7-tc1/target:/opt/rustwide/target:rw,Z" "-v" "/var/lib/crater-agent-workspace/builds/worker-7-tc1/source:/opt/rustwide/workdir:ro,Z" "-v" "/var/lib/crater-agent-workspace/cargo-home:/opt/rustwide/cargo-home:ro,Z" "-v" "/var/lib/crater-agent-workspace/rustup-home:/opt/rustwide/rustup-home:ro,Z" "-e" "SOURCE_DIR=/opt/rustwide/workdir" "-e" "CARGO_TARGET_DIR=/opt/rustwide/target" "-e" "CARGO_HOME=/opt/rustwide/cargo-home" "-e" "RUSTUP_HOME=/opt/rustwide/rustup-home" "-w" "/opt/rustwide/workdir" "-m" "1610612736" "--user" "0:0" "--network" "none" "ghcr.io/rust-lang/crates-build-env/linux@sha256:2788e3201cd34a07e3172128adcd8b3090168a8e3bcc40d7c032b9dda1df7d1c" "/opt/rustwide/cargo-home/bin/cargo" "+1.75.0" "metadata" "--no-deps" "--format-version=1", kill_on_drop: false }`
[INFO] [stdout] dcef47e2820ab72d8c7c5d909ff94b001ead7adb2d3439ed607ad0608e67301b
[INFO] running `Command { std: "docker" "start" "-a" "dcef47e2820ab72d8c7c5d909ff94b001ead7adb2d3439ed607ad0608e67301b", kill_on_drop: false }`
[INFO] running `Command { std: "docker" "inspect" "dcef47e2820ab72d8c7c5d909ff94b001ead7adb2d3439ed607ad0608e67301b", kill_on_drop: false }`
[INFO] running `Command { std: "docker" "rm" "-f" "dcef47e2820ab72d8c7c5d909ff94b001ead7adb2d3439ed607ad0608e67301b", kill_on_drop: false }`
[INFO] [stdout] dcef47e2820ab72d8c7c5d909ff94b001ead7adb2d3439ed607ad0608e67301b
[INFO] running `Command { std: "docker" "create" "-v" "/var/lib/crater-agent-workspace/builds/worker-7-tc1/target:/opt/rustwide/target:rw,Z" "-v" "/var/lib/crater-agent-workspace/builds/worker-7-tc1/source:/opt/rustwide/workdir:ro,Z" "-v" "/var/lib/crater-agent-workspace/cargo-home:/opt/rustwide/cargo-home:ro,Z" "-v" "/var/lib/crater-agent-workspace/rustup-home:/opt/rustwide/rustup-home:ro,Z" "-e" "SOURCE_DIR=/opt/rustwide/workdir" "-e" "CARGO_TARGET_DIR=/opt/rustwide/target" "-e" "CARGO_INCREMENTAL=0" "-e" "RUST_BACKTRACE=full" "-e" "RUSTFLAGS=--cap-lints=warn" "-e" "RUSTDOCFLAGS=--cap-lints=warn" "-e" "CARGO_HOME=/opt/rustwide/cargo-home" "-e" "RUSTUP_HOME=/opt/rustwide/rustup-home" "-w" "/opt/rustwide/workdir" "-m" "1610612736" "--user" "0:0" "--network" "none" "ghcr.io/rust-lang/crates-build-env/linux@sha256:2788e3201cd34a07e3172128adcd8b3090168a8e3bcc40d7c032b9dda1df7d1c" "/opt/rustwide/cargo-home/bin/cargo" "+1.75.0" "doc" "--frozen" "--no-deps" "--document-private-items" "--message-format=json", kill_on_drop: false }`
[INFO] [stdout] 6292902f56d883337550439f993b3f4c7b82760532dfbce5df56f3c7782cad7f
[INFO] running `Command { std: "docker" "start" "-a" "6292902f56d883337550439f993b3f4c7b82760532dfbce5df56f3c7782cad7f", kill_on_drop: false }`
[INFO] [stderr]    Compiling proc-macro2 v1.0.66
[INFO] [stderr]    Compiling unicode-ident v1.0.8
[INFO] [stderr]    Compiling libc v0.2.140
[INFO] [stderr]    Compiling syn v1.0.109
[INFO] [stderr]    Compiling crossbeam-utils v0.8.16
[INFO] [stderr]     Checking memchr v2.6.3
[INFO] [stderr]     Checking log v0.4.20
[INFO] [stderr]    Compiling xml-rs v0.8.17
[INFO] [stderr]    Compiling pkg-config v0.3.27
[INFO] [stderr]    Compiling regex-syntax v0.7.5
[INFO] [stderr]     Checking once_cell v1.17.1
[INFO] [stderr]    Compiling glob v0.3.1
[INFO] [stderr]     Checking libloading v0.7.4
[INFO] [stderr]    Compiling memoffset v0.6.5
[INFO] [stderr]    Compiling futures-core v0.3.27
[INFO] [stderr]    Compiling memoffset v0.9.0
[INFO] [stderr]    Compiling either v1.8.1
[INFO] [stderr]     Checking smallvec v1.10.0
[INFO] [stderr]    Compiling bindgen v0.63.0
[INFO] [stderr]    Compiling minimal-lexical v0.2.1
[INFO] [stderr]    Compiling block-buffer v0.10.4
[INFO] [stderr]    Compiling crossbeam-epoch v0.9.15
[INFO] [stderr]    Compiling digest v0.10.6
[INFO] [stderr]    Compiling clang-sys v1.6.0
[INFO] [stderr]    Compiling shlex v1.1.0
[INFO] [stderr]     Checking nom v7.1.3
[INFO] [stderr]    Compiling aho-corasick v1.0.5
[INFO] [stderr]    Compiling peeking_take_while v0.1.2
[INFO] [stderr]    Compiling lazycell v1.3.0
[INFO] [stderr]    Compiling bitflags v1.3.2
[INFO] [stderr]    Compiling rustc-hash v1.1.0
[INFO] [stderr]    Compiling sha2 v0.10.6
[INFO] [stderr]    Compiling os_str_bytes v6.5.1
[INFO] [stderr]    Compiling itertools v0.10.5
[INFO] [stderr]     Checking dlib v0.5.2
[INFO] [stderr]     Checking futures-io v0.3.27
[INFO] [stderr]    Compiling wayland-sys v0.29.5
[INFO] [stderr]    Compiling quote v1.0.33
[INFO] [stderr]    Compiling slab v0.4.8
[INFO] [stderr]    Compiling serde v1.0.188
[INFO] [stderr]    Compiling syn v2.0.31
[INFO] [stderr]    Compiling wayland-scanner v0.29.5
[INFO] [stderr]    Compiling which v4.4.0
[INFO] [stderr]     Checking event-listener v2.5.3
[INFO] [stderr]    Compiling thiserror v1.0.40
[INFO] [stderr]    Compiling equivalent v1.0.1
[INFO] [stderr]    Compiling hashbrown v0.14.0
[INFO] [stderr]    Compiling rayon-core v1.11.0
[INFO] [stderr]     Checking simd-adler32 v0.3.7
[INFO] [stderr]    Compiling khronos_api v3.1.0
[INFO] [stderr]    Compiling toml_datetime v0.6.3
[INFO] [stderr]    Compiling scopeguard v1.1.0
[INFO] [stderr]    Compiling paste v1.0.12
[INFO] [stderr]    Compiling futures-task v0.3.27
[INFO] [stderr]    Compiling futures-channel v0.3.27
[INFO] [stderr]     Checking nix v0.24.3
[INFO] [stderr]    Compiling cfg_aliases v0.1.1
[INFO] [stderr]    Compiling winnow v0.5.15
[INFO] [stderr]     Checking getrandom v0.2.8
[INFO] [stderr]    Compiling indexmap v2.0.0
[INFO] [stderr]     Checking concurrent-queue v2.2.0
[INFO] [stderr]    Compiling slotmap v1.0.6
[INFO] [stderr]    Compiling siphasher v0.3.11
[INFO] [stderr]    Compiling futures-util v0.3.27
[INFO] [stderr]     Checking futures-sink v0.3.27
[INFO] [stderr]     Checking parking v2.1.0
[INFO] [stderr]    Compiling regex-automata v0.3.8
[INFO] [stderr]     Checking scoped-tls v1.0.1
[INFO] [stderr]     Checking fastrand v1.9.0
[INFO] [stderr]     Checking ttf-parser v0.19.1
[INFO] [stderr]    Compiling rand_core v0.6.4
[INFO] [stderr]     Checking miniz_oxide v0.7.1
[INFO] [stderr]     Checking futures-lite v1.13.0
[INFO] [stderr]    Compiling rand v0.8.5
[INFO] [stderr]    Compiling wayland-client v0.29.5
[INFO] [stderr]    Compiling wayland-protocols v0.29.5
[INFO] [stderr]    Compiling cexpr v0.6.0
[INFO] [stderr]    Compiling phf_shared v0.11.2
[INFO] [stderr]    Compiling crossbeam-deque v0.8.3
[INFO] [stderr]    Compiling crossbeam-channel v0.5.8
[INFO] [stderr]     Checking async-lock v2.8.0
[INFO] [stderr]    Compiling num_cpus v1.15.0
[INFO] [stderr]     Checking ab_glyph_rasterizer v0.1.8
[INFO] [stderr]    Compiling parking_lot_core v0.9.7
[INFO] [stderr]    Compiling io-lifetimes v1.0.11
[INFO] [stderr]    Compiling gl_generator v0.14.0
[INFO] [stderr]     Checking flate2 v1.0.27
[INFO] [stderr]    Compiling phf_generator v0.11.2
[INFO] [stderr]     Checking xcursor v0.3.4
[INFO] [stderr]     Checking nix v0.25.1
[INFO] [stderr]     Checking fdeflate v0.3.0
[INFO] [stderr]    Compiling x11-dl v2.21.0
[INFO] [stderr]    Compiling toml_edit v0.19.14
[INFO] [stderr]    Compiling smithay-client-toolkit v0.16.0
[INFO] [stderr]    Compiling polling v2.8.0
[INFO] [stderr]     Checking async-task v4.4.0
[INFO] [stderr]    Compiling rustix v0.37.7
[INFO] [stderr]    Compiling widestring v1.0.2
[INFO] [stderr]     Checking byteorder v1.4.3
[INFO] [stderr]    Compiling rayon v1.7.0
[INFO] [stderr]     Checking owned_ttf_parser v0.19.0
[INFO] [stderr]     Checking png v0.17.10
[INFO] [stderr]     Checking ab_glyph v0.2.21
[INFO] [stderr]    Compiling regex v1.9.5
[INFO] [stderr]     Checking async-channel v1.9.0
[INFO] [stderr]     Checking socket2 v0.4.9
[INFO] [stderr]     Checking memmap2 v0.5.10
[INFO] [stderr]    Compiling async-io v1.13.0
[INFO] [stderr]    Compiling async-fs v1.6.0
[INFO] [stderr]     Checking arrayref v0.3.7
[INFO] [stderr]     Checking atomic-waker v1.1.1
[INFO] [stderr]    Compiling force-send-sync v1.1.0
[INFO] [stderr]     Checking percent-encoding v2.3.0
[INFO] [stderr]     Checking linux-raw-sys v0.3.8
[INFO] [stderr]    Compiling async-trait v0.1.73
[INFO] [stderr]     Checking strict-num v0.1.1
[INFO] [stderr]     Checking wayland-commons v0.29.5
[INFO] [stderr]     Checking blocking v1.3.1
[INFO] [stderr]     Checking rand_chacha v0.3.1
[INFO] [stderr]     Checking parking_lot v0.12.1
[INFO] [stderr]     Checking nix v0.26.4
[INFO] [stderr]    Compiling proc-macro-crate v1.3.1
[INFO] [stderr]     Checking tracing-core v0.1.31
[INFO] [stderr]    Compiling ahash v0.8.3
[INFO] [stderr]    Compiling zvariant_utils v1.0.1
[INFO] [stderr]     Checking tinyvec_macros v0.1.1
[INFO] [stderr]     Checking accesskit v0.11.2
[INFO] [stderr]     Checking arrayvec v0.7.4
[INFO] [stderr]     Checking xdg-home v1.0.0
[INFO] [stderr]     Checking tinyvec v1.6.0
[INFO] [stderr]     Checking async-executor v1.5.1
[INFO] [stderr]    Compiling winit v0.28.6
[INFO] [stderr]     Checking mio v0.8.6
[INFO] [stderr]     Checking wayland-cursor v0.29.5
[INFO] [stderr]     Checking sha1 v0.10.5
[INFO] [stderr]     Checking async-broadcast v0.5.1
[INFO] [stderr]     Checking ordered-stream v0.2.0
[INFO] [stderr]    Compiling num-traits v0.2.16
[INFO] [stderr]     Checking raw-window-handle v0.5.2
[INFO] [stderr]     Checking hex v0.4.3
[INFO] [stderr]     Checking unicode-normalization v0.1.22
[INFO] [stderr]    Compiling glutin_egl_sys v0.5.1
[INFO] [stderr]    Compiling glutin_glx_sys v0.4.0
[INFO] [stderr]    Compiling wayland-sys v0.30.1
[INFO] [stderr]    Compiling num-integer v0.1.45
[INFO] [stderr]     Checking instant v0.1.12
[INFO] [stderr]     Checking nohash-hasher v0.2.0
[INFO] [stderr]     Checking unicode-bidi v0.3.13
[INFO] [stderr]    Compiling prettyplease v0.2.14
[INFO] [stderr]    Compiling bytemuck_derive v1.5.0
[INFO] [stderr]    Compiling serde_derive v1.0.188
[INFO] [stderr]    Compiling thiserror-impl v1.0.40
[INFO] [stderr]    Compiling enumflags2_derive v0.7.7
[INFO] [stderr]    Compiling phf_macros v0.11.2
[INFO] [stderr]    Compiling tracing-attributes v0.1.26
[INFO] [stderr]    Compiling serde_repr v0.1.16
[INFO] [stderr]    Compiling async-recursion v1.0.5
[INFO] [stderr]     Checking idna v0.4.0
[INFO] [stderr]    Compiling futures-macro v0.3.27
[INFO] [stderr]    Compiling zvariant_derive v3.15.0
[INFO] [stderr]    Compiling zbus_macros v3.14.1
[INFO] [stderr]    Compiling derivative v2.2.0
[INFO] [stderr]    Compiling atspi-macros v0.2.0
[INFO] [stderr]    Compiling phf v0.11.2
[INFO] [stderr]     Checking accesskit_consumer v0.15.2
[INFO] [stderr]     Checking bytemuck v1.14.0
[INFO] [stderr]    Compiling r2r_common v0.3.8
[INFO] [stderr]     Checking tiny-skia-path v0.8.4
[INFO] [stderr]     Checking ecolor v0.22.0
[INFO] [stderr]     Checking emath v0.22.0
[INFO] [stderr]     Checking calloop v0.10.6
[INFO] [stderr]     Checking form_urlencoded v1.2.0
[INFO] [stderr]     Checking x11rb-protocol v0.10.0
[INFO] [stderr]    Compiling glutin v0.30.10
[INFO] [stderr]     Checking tiny-skia v0.8.4
[INFO] [stderr]     Checking epaint v0.22.0
[INFO] [stderr]     Checking gethostname v0.2.3
[INFO] [stderr]    Compiling num-rational v0.4.1
[INFO] [stderr]     Checking tracing v0.1.37
[INFO] [stderr]     Checking url v2.4.1
[INFO] [stderr]     Checking egui v0.22.0
[INFO] [stderr]    Compiling glutin-winit v0.3.0
[INFO] [stderr]     Checking home v0.5.5
[INFO] [stderr]    Compiling serde_json v1.0.105
[INFO] [stderr]     Checking webbrowser v0.8.11
[INFO] [stderr]    Compiling tokio v1.26.0
[INFO] [stderr]     Checking glow v0.12.3
[INFO] [stderr]     Checking itoa v1.0.6
[INFO] [stderr]     Checking ryu v1.0.13
[INFO] [stderr]     Checking image v0.24.7
[INFO] [stderr]    Compiling tokio-macros v1.8.2
[INFO] [stderr]     Checking signal-hook-registry v1.4.1
[INFO] [stderr]     Checking bytes v1.4.0
[INFO] [stderr]    Compiling r2r_rcl v0.3.9
[INFO] [stderr]    Compiling r2r_actions v0.3.12
[INFO] [stderr]     Checking futures-executor v0.3.27
[INFO] [stderr]     Checking egui_glow v0.22.0
[INFO] [stderr]     Checking futures v0.3.27
[INFO] [stderr]     Checking x11rb v0.10.1
[INFO] [stderr] error: failed to run custom build command for `r2r_actions v0.3.12`
[INFO] [stderr] note: To improve backtraces for build dependencies, set the CARGO_PROFILE_DEV_BUILD_OVERRIDE_DEBUG=true environment variable to enable debug information generation.
[INFO] [stderr] 
[INFO] [stderr] Caused by:
[INFO] [stderr]   process didn't exit successfully: `/opt/rustwide/target/debug/build/r2r_actions-2e4af204c6cc8beb/build-script-build` (exit status: 101)
[INFO] [stderr]   --- stdout
[INFO] [stderr]   cargo:rerun-if-env-changed=AMENT_PREFIX_PATH
[INFO] [stderr]   cargo:rerun-if-env-changed=CMAKE_INCLUDE_DIRS
[INFO] [stderr]   cargo:rerun-if-env-changed=CMAKE_LIBRARIES
[INFO] [stderr]   cargo:rerun-if-env-changed=CMAKE_IDL_PACKAGES
[INFO] [stderr]   cargo:rerun-if-env-changed=IDL_PACKAGE_FILTER
[INFO] [stderr]   cargo:rerun-if-env-changed=ROS_DISTRO
[INFO] [stderr] 
[INFO] [stderr]   --- stderr
[INFO] [stderr]   thread 'main' panicked at /opt/rustwide/cargo-home/registry/src/index.crates.io-6f17d22bba15001f/r2r_common-0.3.8/src/lib.rs:131:51:
[INFO] [stderr]   ROS_DISTRO not set: Source your ROS!
[INFO] [stderr]   stack backtrace:
[INFO] [stderr]      0:     0x55c469419e1c - std::backtrace_rs::backtrace::libunwind::trace::ha637c64ce894333a
[INFO] [stderr]                                  at /rustc/82e1608dfa6e0b5569232559e3d385fea5a93112/library/std/src/../../backtrace/src/backtrace/libunwind.rs:104:5
[INFO] [stderr]      1:     0x55c469419e1c - std::backtrace_rs::backtrace::trace_unsynchronized::h47f62dea28e0c88d
[INFO] [stderr]                                  at /rustc/82e1608dfa6e0b5569232559e3d385fea5a93112/library/std/src/../../backtrace/src/backtrace/mod.rs:66:5
[INFO] [stderr]      2:     0x55c469419e1c - std::sys_common::backtrace::_print_fmt::h9eef0abe20ede486
[INFO] [stderr]                                  at /rustc/82e1608dfa6e0b5569232559e3d385fea5a93112/library/std/src/sys_common/backtrace.rs:67:5
[INFO] [stderr]      3:     0x55c469419e1c - <std::sys_common::backtrace::_print::DisplayBacktrace as core::fmt::Display>::fmt::hed7f999df88cc644
[INFO] [stderr]                                  at /rustc/82e1608dfa6e0b5569232559e3d385fea5a93112/library/std/src/sys_common/backtrace.rs:44:22
[INFO] [stderr]      4:     0x55c469444da0 - core::fmt::rt::Argument::fmt::h1539a9308b8d058d
[INFO] [stderr]                                  at /rustc/82e1608dfa6e0b5569232559e3d385fea5a93112/library/core/src/fmt/rt.rs:142:9
[INFO] [stderr]      5:     0x55c469444da0 - core::fmt::write::h3a39390d8560d9c9
[INFO] [stderr]                                  at /rustc/82e1608dfa6e0b5569232559e3d385fea5a93112/library/core/src/fmt/mod.rs:1120:17
[INFO] [stderr]      6:     0x55c46941753f - std::io::Write::write_fmt::h5fc9997dfe05f882
[INFO] [stderr]                                  at /rustc/82e1608dfa6e0b5569232559e3d385fea5a93112/library/std/src/io/mod.rs:1762:15
[INFO] [stderr]      7:     0x55c469419c04 - std::sys_common::backtrace::_print::h894006fb5c6f3d45
[INFO] [stderr]                                  at /rustc/82e1608dfa6e0b5569232559e3d385fea5a93112/library/std/src/sys_common/backtrace.rs:47:5
[INFO] [stderr]      8:     0x55c469419c04 - std::sys_common::backtrace::print::h23a2d212c6fff936
[INFO] [stderr]                                  at /rustc/82e1608dfa6e0b5569232559e3d385fea5a93112/library/std/src/sys_common/backtrace.rs:34:9
[INFO] [stderr]      9:     0x55c46941b207 - std::panicking::default_hook::{{closure}}::h8a1d2ee00185001a
[INFO] [stderr]     10:     0x55c46941af6f - std::panicking::default_hook::h6038f2eba384e475
[INFO] [stderr]                                  at /rustc/82e1608dfa6e0b5569232559e3d385fea5a93112/library/std/src/panicking.rs:292:9
[INFO] [stderr]     11:     0x55c46941b688 - std::panicking::rust_panic_with_hook::h2b5517d590cab22e
[INFO] [stderr]                                  at /rustc/82e1608dfa6e0b5569232559e3d385fea5a93112/library/std/src/panicking.rs:779:13
[INFO] [stderr]     12:     0x55c46941b539 - std::panicking::begin_panic_handler::{{closure}}::h233112c06e0ef43e
[INFO] [stderr]                                  at /rustc/82e1608dfa6e0b5569232559e3d385fea5a93112/library/std/src/panicking.rs:649:13
[INFO] [stderr]     13:     0x55c46941a2e6 - std::sys_common::backtrace::__rust_end_short_backtrace::h6e893f24d7ebbff8
[INFO] [stderr]                                  at /rustc/82e1608dfa6e0b5569232559e3d385fea5a93112/library/std/src/sys_common/backtrace.rs:170:18
[INFO] [stderr]     14:     0x55c46941b2d2 - rust_begin_unwind
[INFO] [stderr]                                  at /rustc/82e1608dfa6e0b5569232559e3d385fea5a93112/library/std/src/panicking.rs:645:5
[INFO] [stderr]     15:     0x55c468dba4f5 - core::panicking::panic_fmt::hbf0e066aabfa482c
[INFO] [stderr]                                  at /rustc/82e1608dfa6e0b5569232559e3d385fea5a93112/library/core/src/panicking.rs:72:14
[INFO] [stderr]     16:     0x55c468dc07c4 - r2r_common::print_cargo_ros_distro::{{closure}}::hdad14c529330726a
[INFO] [stderr]     17:     0x55c468dc92de - core::result::Result<T,E>::unwrap_or_else::he3d86b3ccf9efd0b
[INFO] [stderr]     18:     0x55c468dc058b - r2r_common::print_cargo_ros_distro::h07d9f193ac95a9dc
[INFO] [stderr]     19:     0x55c468dbdb4d - build_script_build::main::h2ea8fb5fc18175f9
[INFO] [stderr]     20:     0x55c468dbba13 - core::ops::function::FnOnce::call_once::h570549f9d89b7916
[INFO] [stderr]     21:     0x55c468dbae96 - std::sys_common::backtrace::__rust_begin_short_backtrace::h2f5e085d7d6a0c33
[INFO] [stderr]     22:     0x55c468dbb739 - std::rt::lang_start::{{closure}}::hd0fd228a7a89ae24
[INFO] [stderr]     23:     0x55c469413007 - core::ops::function::impls::<impl core::ops::function::FnOnce<A> for &F>::call_once::hd95060ecd5e1ca24
[INFO] [stderr]                                  at /rustc/82e1608dfa6e0b5569232559e3d385fea5a93112/library/core/src/ops/function.rs:284:13
[INFO] [stderr]     24:     0x55c469413007 - std::panicking::try::do_call::h6e8cf51db32a6e4b
[INFO] [stderr]                                  at /rustc/82e1608dfa6e0b5569232559e3d385fea5a93112/library/std/src/panicking.rs:552:40
[INFO] [stderr]     25:     0x55c469413007 - std::panicking::try::h3a52eefe24fe3c29
[INFO] [stderr]                                  at /rustc/82e1608dfa6e0b5569232559e3d385fea5a93112/library/std/src/panicking.rs:516:19
[INFO] [stderr]     26:     0x55c469413007 - std::panic::catch_unwind::h24c28c23c02c3841
[INFO] [stderr]                                  at /rustc/82e1608dfa6e0b5569232559e3d385fea5a93112/library/std/src/panic.rs:142:14
[INFO] [stderr]     27:     0x55c469413007 - std::rt::lang_start_internal::{{closure}}::h705d3c9cbc06ef47
[INFO] [stderr]                                  at /rustc/82e1608dfa6e0b5569232559e3d385fea5a93112/library/std/src/rt.rs:148:48
[INFO] [stderr]     28:     0x55c469413007 - std::panicking::try::do_call::ha21f52ba13158470
[INFO] [stderr]                                  at /rustc/82e1608dfa6e0b5569232559e3d385fea5a93112/library/std/src/panicking.rs:552:40
[INFO] [stderr]     29:     0x55c469413007 - std::panicking::try::h5581346bf6aeb1f8
[INFO] [stderr]                                  at /rustc/82e1608dfa6e0b5569232559e3d385fea5a93112/library/std/src/panicking.rs:516:19
[INFO] [stderr]     30:     0x55c469413007 - std::panic::catch_unwind::h7919645a6b72e25b
[INFO] [stderr]                                  at /rustc/82e1608dfa6e0b5569232559e3d385fea5a93112/library/std/src/panic.rs:142:14
[INFO] [stderr]     31:     0x55c469413007 - std::rt::lang_start_internal::h12de51168669836e
[INFO] [stderr]                                  at /rustc/82e1608dfa6e0b5569232559e3d385fea5a93112/library/std/src/rt.rs:148:20
[INFO] [stderr]     32:     0x55c468dbb717 - std::rt::lang_start::hff5e0ebf2bf656fd
[INFO] [stderr]     33:     0x55c468dbed65 - main
[INFO] [stderr]     34:     0x7f44b18d2d90 - <unknown>
[INFO] [stderr]     35:     0x7f44b18d2e40 - __libc_start_main
[INFO] [stderr]     36:     0x55c468dbadc5 - _start
[INFO] [stderr]     37:                0x0 - <unknown>
[INFO] [stderr] warning: build failed, waiting for other jobs to finish...
[INFO] running `Command { std: "docker" "inspect" "6292902f56d883337550439f993b3f4c7b82760532dfbce5df56f3c7782cad7f", kill_on_drop: false }`
[INFO] running `Command { std: "docker" "rm" "-f" "6292902f56d883337550439f993b3f4c7b82760532dfbce5df56f3c7782cad7f", kill_on_drop: false }`
[INFO] [stdout] 6292902f56d883337550439f993b3f4c7b82760532dfbce5df56f3c7782cad7f
[INFO] documenting abdulmelikbekmez/pid against beta-2023-12-22 for beta-1.76-rustdoc-1
[INFO] running `Command { std: "git" "clone" "/workspace/cache/git-repos/https%3A%2F%2Fgithub.com%2Fabdulmelikbekmez%2Fpid" "/workspace/builds/worker-7-tc2/source", kill_on_drop: false }`
[INFO] [stderr] Cloning into '/workspace/builds/worker-7-tc2/source'...
[INFO] [stderr] done.
[INFO] validating manifest of git repo https://github.com/abdulmelikbekmez/pid on toolchain beta-2023-12-22
[INFO] running `Command { std: CARGO_HOME="/workspace/cargo-home" RUSTUP_HOME="/workspace/rustup-home" "/workspace/cargo-home/bin/cargo" "+beta-2023-12-22" "metadata" "--manifest-path" "Cargo.toml" "--no-deps", kill_on_drop: false }`
[INFO] removed /workspace/builds/worker-7-tc2/source/.cargo/config.toml
[INFO] started tweaking git repo https://github.com/abdulmelikbekmez/pid
[INFO] finished tweaking git repo https://github.com/abdulmelikbekmez/pid
[INFO] tweaked toml for git repo https://github.com/abdulmelikbekmez/pid written to /workspace/builds/worker-7-tc2/source/Cargo.toml
[INFO] crate git repo https://github.com/abdulmelikbekmez/pid already has a lockfile, it will not be regenerated
[INFO] running `Command { std: CARGO_HOME="/workspace/cargo-home" RUSTUP_HOME="/workspace/rustup-home" "/workspace/cargo-home/bin/cargo" "+beta-2023-12-22" "fetch" "--manifest-path" "Cargo.toml", kill_on_drop: false }`
[INFO] running `Command { std: "docker" "create" "-v" "/var/lib/crater-agent-workspace/builds/worker-7-tc2/target:/opt/rustwide/target:rw,Z" "-v" "/var/lib/crater-agent-workspace/builds/worker-7-tc2/source:/opt/rustwide/workdir:ro,Z" "-v" "/var/lib/crater-agent-workspace/cargo-home:/opt/rustwide/cargo-home:ro,Z" "-v" "/var/lib/crater-agent-workspace/rustup-home:/opt/rustwide/rustup-home:ro,Z" "-e" "SOURCE_DIR=/opt/rustwide/workdir" "-e" "CARGO_TARGET_DIR=/opt/rustwide/target" "-e" "CARGO_HOME=/opt/rustwide/cargo-home" "-e" "RUSTUP_HOME=/opt/rustwide/rustup-home" "-w" "/opt/rustwide/workdir" "-m" "1610612736" "--user" "0:0" "--network" "none" "ghcr.io/rust-lang/crates-build-env/linux@sha256:2788e3201cd34a07e3172128adcd8b3090168a8e3bcc40d7c032b9dda1df7d1c" "/opt/rustwide/cargo-home/bin/cargo" "+beta-2023-12-22" "metadata" "--no-deps" "--format-version=1", kill_on_drop: false }`
[INFO] [stdout] ea2de4603211d909fa56936c96a9a7455d8817aa05b1dcb38624cfa54fb9acf0
[INFO] running `Command { std: "docker" "start" "-a" "ea2de4603211d909fa56936c96a9a7455d8817aa05b1dcb38624cfa54fb9acf0", kill_on_drop: false }`
[INFO] running `Command { std: "docker" "inspect" "ea2de4603211d909fa56936c96a9a7455d8817aa05b1dcb38624cfa54fb9acf0", kill_on_drop: false }`
[INFO] running `Command { std: "docker" "rm" "-f" "ea2de4603211d909fa56936c96a9a7455d8817aa05b1dcb38624cfa54fb9acf0", kill_on_drop: false }`
[INFO] [stdout] ea2de4603211d909fa56936c96a9a7455d8817aa05b1dcb38624cfa54fb9acf0
[INFO] running `Command { std: "docker" "create" "-v" "/var/lib/crater-agent-workspace/builds/worker-7-tc2/target:/opt/rustwide/target:rw,Z" "-v" "/var/lib/crater-agent-workspace/builds/worker-7-tc2/source:/opt/rustwide/workdir:ro,Z" "-v" "/var/lib/crater-agent-workspace/cargo-home:/opt/rustwide/cargo-home:ro,Z" "-v" "/var/lib/crater-agent-workspace/rustup-home:/opt/rustwide/rustup-home:ro,Z" "-e" "SOURCE_DIR=/opt/rustwide/workdir" "-e" "CARGO_TARGET_DIR=/opt/rustwide/target" "-e" "CARGO_INCREMENTAL=0" "-e" "RUST_BACKTRACE=full" "-e" "RUSTFLAGS=--cap-lints=warn" "-e" "RUSTDOCFLAGS=--cap-lints=warn" "-e" "CARGO_HOME=/opt/rustwide/cargo-home" "-e" "RUSTUP_HOME=/opt/rustwide/rustup-home" "-w" "/opt/rustwide/workdir" "-m" "1610612736" "--user" "0:0" "--network" "none" "ghcr.io/rust-lang/crates-build-env/linux@sha256:2788e3201cd34a07e3172128adcd8b3090168a8e3bcc40d7c032b9dda1df7d1c" "/opt/rustwide/cargo-home/bin/cargo" "+beta-2023-12-22" "doc" "--frozen" "--no-deps" "--document-private-items" "--message-format=json", kill_on_drop: false }`
[INFO] [stdout] b4fdabf9fde2c146bc28fe657cdb4c9a24d5a580a1bc96bcf44be46b013fdd26
[INFO] running `Command { std: "docker" "start" "-a" "b4fdabf9fde2c146bc28fe657cdb4c9a24d5a580a1bc96bcf44be46b013fdd26", kill_on_drop: false }`
[INFO] [stderr]    Compiling proc-macro2 v1.0.66
[INFO] [stderr]    Compiling unicode-ident v1.0.8
[INFO] [stderr]    Compiling libc v0.2.140
[INFO] [stderr]    Compiling syn v1.0.109
[INFO] [stderr]     Checking memchr v2.6.3
[INFO] [stderr]    Compiling crossbeam-utils v0.8.16
[INFO] [stderr]     Checking log v0.4.20
[INFO] [stderr]    Compiling xml-rs v0.8.17
[INFO] [stderr]    Compiling pkg-config v0.3.27
[INFO] [stderr]    Compiling regex-syntax v0.7.5
[INFO] [stderr]     Checking once_cell v1.17.1
[INFO] [stderr]    Compiling glob v0.3.1
[INFO] [stderr]     Checking libloading v0.7.4
[INFO] [stderr]    Compiling memoffset v0.6.5
[INFO] [stderr]    Compiling futures-core v0.3.27
[INFO] [stderr]    Compiling memoffset v0.9.0
[INFO] [stderr]    Compiling either v1.8.1
[INFO] [stderr]    Compiling bindgen v0.63.0
[INFO] [stderr]     Checking smallvec v1.10.0
[INFO] [stderr]    Compiling minimal-lexical v0.2.1
[INFO] [stderr]    Compiling block-buffer v0.10.4
[INFO] [stderr]    Compiling crossbeam-epoch v0.9.15
[INFO] [stderr]    Compiling shlex v1.1.0
[INFO] [stderr]    Compiling clang-sys v1.6.0
[INFO] [stderr]    Compiling lazycell v1.3.0
[INFO] [stderr]     Checking nom v7.1.3
[INFO] [stderr]    Compiling digest v0.10.6
[INFO] [stderr]    Compiling rustc-hash v1.1.0
[INFO] [stderr]    Compiling aho-corasick v1.0.5
[INFO] [stderr]    Compiling bitflags v1.3.2
[INFO] [stderr]    Compiling peeking_take_while v0.1.2
[INFO] [stderr]    Compiling os_str_bytes v6.5.1
[INFO] [stderr]    Compiling itertools v0.10.5
[INFO] [stderr]     Checking dlib v0.5.2
[INFO] [stderr]     Checking futures-io v0.3.27
[INFO] [stderr]    Compiling sha2 v0.10.6
[INFO] [stderr]    Compiling wayland-sys v0.29.5
[INFO] [stderr]    Compiling slab v0.4.8
[INFO] [stderr]    Compiling quote v1.0.33
[INFO] [stderr]    Compiling serde v1.0.188
[INFO] [stderr]    Compiling syn v2.0.31
[INFO] [stderr]    Compiling wayland-scanner v0.29.5
[INFO] [stderr]    Compiling which v4.4.0
[INFO] [stderr]     Checking event-listener v2.5.3
[INFO] [stderr]    Compiling rayon-core v1.11.0
[INFO] [stderr]    Compiling thiserror v1.0.40
[INFO] [stderr]    Compiling hashbrown v0.14.0
[INFO] [stderr]    Compiling equivalent v1.0.1
[INFO] [stderr]     Checking simd-adler32 v0.3.7
[INFO] [stderr]    Compiling khronos_api v3.1.0
[INFO] [stderr]    Compiling paste v1.0.12
[INFO] [stderr]    Compiling scopeguard v1.1.0
[INFO] [stderr]    Compiling cfg_aliases v0.1.1
[INFO] [stderr]    Compiling futures-task v0.3.27
[INFO] [stderr]    Compiling toml_datetime v0.6.3
[INFO] [stderr]    Compiling winnow v0.5.15
[INFO] [stderr]     Checking nix v0.24.3
[INFO] [stderr]    Compiling futures-channel v0.3.27
[INFO] [stderr]     Checking getrandom v0.2.8
[INFO] [stderr]    Compiling indexmap v2.0.0
[INFO] [stderr]     Checking concurrent-queue v2.2.0
[INFO] [stderr]    Compiling slotmap v1.0.6
[INFO] [stderr]     Checking scoped-tls v1.0.1
[INFO] [stderr]     Checking parking v2.1.0
[INFO] [stderr]    Compiling regex-automata v0.3.8
[INFO] [stderr]     Checking futures-sink v0.3.27
[INFO] [stderr]    Compiling siphasher v0.3.11
[INFO] [stderr]     Checking ttf-parser v0.19.1
[INFO] [stderr]    Compiling futures-util v0.3.27
[INFO] [stderr]    Compiling rand_core v0.6.4
[INFO] [stderr]     Checking fastrand v1.9.0
[INFO] [stderr]    Compiling rand v0.8.5
[INFO] [stderr]    Compiling phf_shared v0.11.2
[INFO] [stderr]     Checking futures-lite v1.13.0
[INFO] [stderr]     Checking miniz_oxide v0.7.1
[INFO] [stderr]    Compiling wayland-client v0.29.5
[INFO] [stderr]    Compiling cexpr v0.6.0
[INFO] [stderr]    Compiling wayland-protocols v0.29.5
[INFO] [stderr]    Compiling crossbeam-deque v0.8.3
[INFO] [stderr]    Compiling crossbeam-channel v0.5.8
[INFO] [stderr]     Checking async-lock v2.8.0
[INFO] [stderr]    Compiling num_cpus v1.15.0
[INFO] [stderr]    Compiling io-lifetimes v1.0.11
[INFO] [stderr]     Checking ab_glyph_rasterizer v0.1.8
[INFO] [stderr]    Compiling parking_lot_core v0.9.7
[INFO] [stderr]    Compiling gl_generator v0.14.0
[INFO] [stderr]    Compiling toml_edit v0.19.14
[INFO] [stderr]    Compiling phf_generator v0.11.2
[INFO] [stderr]     Checking flate2 v1.0.27
[INFO] [stderr]     Checking xcursor v0.3.4
[INFO] [stderr]     Checking nix v0.25.1
[INFO] [stderr]     Checking fdeflate v0.3.0
[INFO] [stderr]    Compiling x11-dl v2.21.0
[INFO] [stderr]    Compiling smithay-client-toolkit v0.16.0
[INFO] [stderr]    Compiling polling v2.8.0
[INFO] [stderr]     Checking async-task v4.4.0
[INFO] [stderr]    Compiling widestring v1.0.2
[INFO] [stderr]     Checking byteorder v1.4.3
[INFO] [stderr]     Checking owned_ttf_parser v0.19.0
[INFO] [stderr]    Compiling rustix v0.37.7
[INFO] [stderr]     Checking ab_glyph v0.2.21
[INFO] [stderr]    Compiling rayon v1.7.0
[INFO] [stderr]     Checking png v0.17.10
[INFO] [stderr]     Checking async-channel v1.9.0
[INFO] [stderr]    Compiling regex v1.9.5
[INFO] [stderr]     Checking socket2 v0.4.9
[INFO] [stderr]     Checking memmap2 v0.5.10
[INFO] [stderr]    Compiling async-io v1.13.0
[INFO] [stderr]    Compiling async-fs v1.6.0
[INFO] [stderr]     Checking arrayref v0.3.7
[INFO] [stderr]    Compiling proc-macro-crate v1.3.1
[INFO] [stderr]     Checking linux-raw-sys v0.3.8
[INFO] [stderr]     Checking wayland-commons v0.29.5
[INFO] [stderr]    Compiling force-send-sync v1.1.0
[INFO] [stderr]     Checking atomic-waker v1.1.1
[INFO] [stderr]     Checking strict-num v0.1.1
[INFO] [stderr]    Compiling async-trait v0.1.73
[INFO] [stderr]     Checking percent-encoding v2.3.0
[INFO] [stderr]     Checking rand_chacha v0.3.1
[INFO] [stderr]     Checking blocking v1.3.1
[INFO] [stderr]     Checking parking_lot v0.12.1
[INFO] [stderr]     Checking nix v0.26.4
[INFO] [stderr]     Checking tracing-core v0.1.31
[INFO] [stderr]    Compiling ahash v0.8.3
[INFO] [stderr]     Checking tinyvec_macros v0.1.1
[INFO] [stderr]    Compiling zvariant_utils v1.0.1
[INFO] [stderr]     Checking accesskit v0.11.2
[INFO] [stderr]     Checking arrayvec v0.7.4
[INFO] [stderr]     Checking tinyvec v1.6.0
[INFO] [stderr]     Checking xdg-home v1.0.0
[INFO] [stderr]     Checking async-executor v1.5.1
[INFO] [stderr]    Compiling winit v0.28.6
[INFO] [stderr]     Checking mio v0.8.6
[INFO] [stderr]     Checking wayland-cursor v0.29.5
[INFO] [stderr]     Checking sha1 v0.10.5
[INFO] [stderr]     Checking async-broadcast v0.5.1
[INFO] [stderr]     Checking ordered-stream v0.2.0
[INFO] [stderr]    Compiling num-traits v0.2.16
[INFO] [stderr]     Checking hex v0.4.3
[INFO] [stderr]     Checking raw-window-handle v0.5.2
[INFO] [stderr]     Checking unicode-normalization v0.1.22
[INFO] [stderr]    Compiling glutin_egl_sys v0.5.1
[INFO] [stderr]    Compiling glutin_glx_sys v0.4.0
[INFO] [stderr]    Compiling wayland-sys v0.30.1
[INFO] [stderr]    Compiling num-integer v0.1.45
[INFO] [stderr]     Checking instant v0.1.12
[INFO] [stderr]     Checking nohash-hasher v0.2.0
[INFO] [stderr]     Checking unicode-bidi v0.3.13
[INFO] [stderr]    Compiling prettyplease v0.2.14
[INFO] [stderr]    Compiling bytemuck_derive v1.5.0
[INFO] [stderr]    Compiling serde_derive v1.0.188
[INFO] [stderr]    Compiling thiserror-impl v1.0.40
[INFO] [stderr]    Compiling enumflags2_derive v0.7.7
[INFO] [stderr]    Compiling phf_macros v0.11.2
[INFO] [stderr]    Compiling tracing-attributes v0.1.26
[INFO] [stderr]    Compiling serde_repr v0.1.16
[INFO] [stderr]    Compiling async-recursion v1.0.5
[INFO] [stderr]     Checking idna v0.4.0
[INFO] [stderr]    Compiling futures-macro v0.3.27
[INFO] [stderr]    Compiling zvariant_derive v3.15.0
[INFO] [stderr]    Compiling derivative v2.2.0
[INFO] [stderr]    Compiling zbus_macros v3.14.1
[INFO] [stderr]    Compiling atspi-macros v0.2.0
[INFO] [stderr]    Compiling phf v0.11.2
[INFO] [stderr]    Compiling r2r_common v0.3.8
[INFO] [stderr]     Checking bytemuck v1.14.0
[INFO] [stderr]     Checking tiny-skia-path v0.8.4
[INFO] [stderr]     Checking calloop v0.10.6
[INFO] [stderr]     Checking ecolor v0.22.0
[INFO] [stderr]     Checking emath v0.22.0
[INFO] [stderr]     Checking accesskit_consumer v0.15.2
[INFO] [stderr]     Checking form_urlencoded v1.2.0
[INFO] [stderr]     Checking x11rb-protocol v0.10.0
[INFO] [stderr]     Checking tiny-skia v0.8.4
[INFO] [stderr]     Checking gethostname v0.2.3
[INFO] [stderr]     Checking epaint v0.22.0
[INFO] [stderr]    Compiling glutin v0.30.10
[INFO] [stderr]     Checking tracing v0.1.37
[INFO] [stderr]    Compiling num-rational v0.4.1
[INFO] [stderr]     Checking url v2.4.1
[INFO] [stderr]     Checking egui v0.22.0
[INFO] [stderr]    Compiling glutin-winit v0.3.0
[INFO] [stderr]     Checking home v0.5.5
[INFO] [stderr]    Compiling serde_json v1.0.105
[INFO] [stderr]     Checking webbrowser v0.8.11
[INFO] [stderr]    Compiling tokio v1.26.0
[INFO] [stderr]     Checking ryu v1.0.13
[INFO] [stderr]     Checking glow v0.12.3
[INFO] [stderr]     Checking itoa v1.0.6
[INFO] [stderr]     Checking image v0.24.7
[INFO] [stderr]    Compiling tokio-macros v1.8.2
[INFO] [stderr]     Checking signal-hook-registry v1.4.1
[INFO] [stderr]     Checking bytes v1.4.0
[INFO] [stderr]    Compiling r2r_rcl v0.3.9
[INFO] [stderr]    Compiling r2r_actions v0.3.12
[INFO] [stderr]     Checking futures-executor v0.3.27
[INFO] [stderr]     Checking futures v0.3.27
[INFO] [stderr]     Checking egui_glow v0.22.0
[INFO] [stderr]     Checking x11rb v0.10.1
[INFO] [stderr] error: failed to run custom build command for `r2r_rcl v0.3.9`
[INFO] [stderr] note: To improve backtraces for build dependencies, set the CARGO_PROFILE_DEV_BUILD_OVERRIDE_DEBUG=true environment variable to enable debug information generation.
[INFO] [stderr] 
[INFO] [stderr] Caused by:
[INFO] [stderr]   process didn't exit successfully: `/opt/rustwide/target/debug/build/r2r_rcl-964d7b32b12374bb/build-script-build` (exit status: 101)
[INFO] [stderr]   --- stdout
[INFO] [stderr]   cargo:rerun-if-env-changed=AMENT_PREFIX_PATH
[INFO] [stderr]   cargo:rerun-if-env-changed=CMAKE_INCLUDE_DIRS
[INFO] [stderr]   cargo:rerun-if-env-changed=CMAKE_LIBRARIES
[INFO] [stderr]   cargo:rerun-if-env-changed=CMAKE_IDL_PACKAGES
[INFO] [stderr]   cargo:rerun-if-env-changed=IDL_PACKAGE_FILTER
[INFO] [stderr]   cargo:rerun-if-env-changed=ROS_DISTRO
[INFO] [stderr] 
[INFO] [stderr]   --- stderr
[INFO] [stderr]   thread 'main' panicked at /opt/rustwide/cargo-home/registry/src/index.crates.io-6f17d22bba15001f/r2r_common-0.3.8/src/lib.rs:131:51:
[INFO] [stderr]   ROS_DISTRO not set: Source your ROS!
[INFO] [stderr]   stack backtrace:
[INFO] [stderr]      0:     0x555991bf6fb6 - std::backtrace_rs::backtrace::libunwind::trace::h261606ad26a499c1
[INFO] [stderr]                                  at /rustc/0e09125c6c3c2fd70d7de961bcf0e51575235fad/library/std/src/../../backtrace/src/backtrace/libunwind.rs:104:5
[INFO] [stderr]      1:     0x555991bf6fb6 - std::backtrace_rs::backtrace::trace_unsynchronized::hd183f0625477fb28
[INFO] [stderr]                                  at /rustc/0e09125c6c3c2fd70d7de961bcf0e51575235fad/library/std/src/../../backtrace/src/backtrace/mod.rs:66:5
[INFO] [stderr]      2:     0x555991bf6fb6 - std::sys_common::backtrace::_print_fmt::hd7f8fef21b4eda67
[INFO] [stderr]                                  at /rustc/0e09125c6c3c2fd70d7de961bcf0e51575235fad/library/std/src/sys_common/backtrace.rs:68:5
[INFO] [stderr]      3:     0x555991bf6fb6 - <std::sys_common::backtrace::_print::DisplayBacktrace as core::fmt::Display>::fmt::h623d9b51f2f453f1
[INFO] [stderr]                                  at /rustc/0e09125c6c3c2fd70d7de961bcf0e51575235fad/library/std/src/sys_common/backtrace.rs:44:22
[INFO] [stderr]      4:     0x555991c21270 - core::fmt::rt::Argument::fmt::h9f417ac76a86f368
[INFO] [stderr]                                  at /rustc/0e09125c6c3c2fd70d7de961bcf0e51575235fad/library/core/src/fmt/rt.rs:142:9
[INFO] [stderr]      5:     0x555991c21270 - core::fmt::write::hc9b6faf4ac2aeff7
[INFO] [stderr]                                  at /rustc/0e09125c6c3c2fd70d7de961bcf0e51575235fad/library/core/src/fmt/mod.rs:1120:17
[INFO] [stderr]      6:     0x555991bf487f - std::io::Write::write_fmt::hfead1eee52c2e65e
[INFO] [stderr]                                  at /rustc/0e09125c6c3c2fd70d7de961bcf0e51575235fad/library/std/src/io/mod.rs:1810:15
[INFO] [stderr]      7:     0x555991bf6d94 - std::sys_common::backtrace::_print::hd5d66399c7df88a2
[INFO] [stderr]                                  at /rustc/0e09125c6c3c2fd70d7de961bcf0e51575235fad/library/std/src/sys_common/backtrace.rs:47:5
[INFO] [stderr]      8:     0x555991bf6d94 - std::sys_common::backtrace::print::he81ed2da642d37e5
[INFO] [stderr]                                  at /rustc/0e09125c6c3c2fd70d7de961bcf0e51575235fad/library/std/src/sys_common/backtrace.rs:34:9
[INFO] [stderr]      9:     0x555991bf8467 - std::panicking::default_hook::{{closure}}::h85773f4fa117163d
[INFO] [stderr]     10:     0x555991bf81c9 - std::panicking::default_hook::h6a1694a91d09b278
[INFO] [stderr]                                  at /rustc/0e09125c6c3c2fd70d7de961bcf0e51575235fad/library/std/src/panicking.rs:292:9
[INFO] [stderr]     11:     0x555991bf88f8 - std::panicking::rust_panic_with_hook::h0a7ad96e90f7145b
[INFO] [stderr]                                  at /rustc/0e09125c6c3c2fd70d7de961bcf0e51575235fad/library/std/src/panicking.rs:779:13
[INFO] [stderr]     12:     0x555991bf8799 - std::panicking::begin_panic_handler::{{closure}}::h7919090525c6485e
[INFO] [stderr]                                  at /rustc/0e09125c6c3c2fd70d7de961bcf0e51575235fad/library/std/src/panicking.rs:649:13
[INFO] [stderr]     13:     0x555991bf74b6 - std::sys_common::backtrace::__rust_end_short_backtrace::hf3289479464f7dfe
[INFO] [stderr]                                  at /rustc/0e09125c6c3c2fd70d7de961bcf0e51575235fad/library/std/src/sys_common/backtrace.rs:171:18
[INFO] [stderr]     14:     0x555991bf8530 - rust_begin_unwind
[INFO] [stderr]                                  at /rustc/0e09125c6c3c2fd70d7de961bcf0e51575235fad/library/std/src/panicking.rs:645:5
[INFO] [stderr]     15:     0x5559915824f5 - core::panicking::panic_fmt::hcc9f77c5c132af55
[INFO] [stderr]                                  at /rustc/0e09125c6c3c2fd70d7de961bcf0e51575235fad/library/core/src/panicking.rs:72:14
[INFO] [stderr]     16:     0x5559915885e4 - r2r_common::print_cargo_ros_distro::{{closure}}::h3edad68f18a6a0c4
[INFO] [stderr]     17:     0x55599158f34e - core::result::Result<T,E>::unwrap_or_else::hd5d00c1788d229c8
[INFO] [stderr]     18:     0x5559915883ab - r2r_common::print_cargo_ros_distro::hbc899bf9f36bc315
[INFO] [stderr]     19:     0x5559915858bd - build_script_build::main::h2b47117c7f409b24
[INFO] [stderr]     20:     0x555991583a13 - core::ops::function::FnOnce::call_once::hf35a242611ebf9d0
[INFO] [stderr]     21:     0x555991582ea6 - std::sys_common::backtrace::__rust_begin_short_backtrace::h21e53d05bf4a60c6
[INFO] [stderr]     22:     0x555991583729 - std::rt::lang_start::{{closure}}::ha333f019afc669e3
[INFO] [stderr]     23:     0x555991bf00b1 - core::ops::function::impls::<impl core::ops::function::FnOnce<A> for &F>::call_once::h4eb4c5e1620f29b0
[INFO] [stderr]                                  at /rustc/0e09125c6c3c2fd70d7de961bcf0e51575235fad/library/core/src/ops/function.rs:284:13
[INFO] [stderr]     24:     0x555991bf00b1 - std::panicking::try::do_call::h73fd26535faffcdf
[INFO] [stderr]                                  at /rustc/0e09125c6c3c2fd70d7de961bcf0e51575235fad/library/std/src/panicking.rs:552:40
[INFO] [stderr]     25:     0x555991bf00b1 - std::panicking::try::h77ff1d98f0fb9f39
[INFO] [stderr]                                  at /rustc/0e09125c6c3c2fd70d7de961bcf0e51575235fad/library/std/src/panicking.rs:516:19
[INFO] [stderr]     26:     0x555991bf00b1 - std::panic::catch_unwind::hab3caf2448b95e37
[INFO] [stderr]                                  at /rustc/0e09125c6c3c2fd70d7de961bcf0e51575235fad/library/std/src/panic.rs:142:14
[INFO] [stderr]     27:     0x555991bf00b1 - std::rt::lang_start_internal::{{closure}}::h8086711f9c783f78
[INFO] [stderr]                                  at /rustc/0e09125c6c3c2fd70d7de961bcf0e51575235fad/library/std/src/rt.rs:148:48
[INFO] [stderr]     28:     0x555991bf00b1 - std::panicking::try::do_call::hf920d4dc291cd6ca
[INFO] [stderr]                                  at /rustc/0e09125c6c3c2fd70d7de961bcf0e51575235fad/library/std/src/panicking.rs:552:40
[INFO] [stderr]     29:     0x555991bf00b1 - std::panicking::try::h2b806ccc0a85db74
[INFO] [stderr]                                  at /rustc/0e09125c6c3c2fd70d7de961bcf0e51575235fad/library/std/src/panicking.rs:516:19
[INFO] [stderr]     30:     0x555991bf00b1 - std::panic::catch_unwind::h038489539c507df2
[INFO] [stderr]                                  at /rustc/0e09125c6c3c2fd70d7de961bcf0e51575235fad/library/std/src/panic.rs:142:14
[INFO] [stderr]     31:     0x555991bf00b1 - std::rt::lang_start_internal::h28503b88912e8a5c
[INFO] [stderr]                                  at /rustc/0e09125c6c3c2fd70d7de961bcf0e51575235fad/library/std/src/rt.rs:148:20
[INFO] [stderr]     32:     0x555991583707 - std::rt::lang_start::h9b825ea2aa3e6a64
[INFO] [stderr]     33:     0x555991586ba5 - main
[INFO] [stderr]     34:     0x7f8c9bdbed90 - <unknown>
[INFO] [stderr]     35:     0x7f8c9bdbee40 - __libc_start_main
[INFO] [stderr]     36:     0x555991582dd5 - _start
[INFO] [stderr]     37:                0x0 - <unknown>
[INFO] [stderr] warning: build failed, waiting for other jobs to finish...
[INFO] [stderr] error: failed to run custom build command for `r2r_actions v0.3.12`
[INFO] [stderr] note: To improve backtraces for build dependencies, set the CARGO_PROFILE_DEV_BUILD_OVERRIDE_DEBUG=true environment variable to enable debug information generation.
[INFO] [stderr] 
[INFO] [stderr] Caused by:
[INFO] [stderr]   process didn't exit successfully: `/opt/rustwide/target/debug/build/r2r_actions-560aba2175b2bee8/build-script-build` (exit status: 101)
[INFO] [stderr]   --- stdout
[INFO] [stderr]   cargo:rerun-if-env-changed=AMENT_PREFIX_PATH
[INFO] [stderr]   cargo:rerun-if-env-changed=CMAKE_INCLUDE_DIRS
[INFO] [stderr]   cargo:rerun-if-env-changed=CMAKE_LIBRARIES
[INFO] [stderr]   cargo:rerun-if-env-changed=CMAKE_IDL_PACKAGES
[INFO] [stderr]   cargo:rerun-if-env-changed=IDL_PACKAGE_FILTER
[INFO] [stderr]   cargo:rerun-if-env-changed=ROS_DISTRO
[INFO] [stderr] 
[INFO] [stderr]   --- stderr
[INFO] [stderr]   thread 'main' panicked at /opt/rustwide/cargo-home/registry/src/index.crates.io-6f17d22bba15001f/r2r_common-0.3.8/src/lib.rs:131:51:
[INFO] [stderr]   ROS_DISTRO not set: Source your ROS!
[INFO] [stderr]   stack backtrace:
[INFO] [stderr]      0:     0x562c4f4f9126 - std::backtrace_rs::backtrace::libunwind::trace::h261606ad26a499c1
[INFO] [stderr]                                  at /rustc/0e09125c6c3c2fd70d7de961bcf0e51575235fad/library/std/src/../../backtrace/src/backtrace/libunwind.rs:104:5
[INFO] [stderr]      1:     0x562c4f4f9126 - std::backtrace_rs::backtrace::trace_unsynchronized::hd183f0625477fb28
[INFO] [stderr]                                  at /rustc/0e09125c6c3c2fd70d7de961bcf0e51575235fad/library/std/src/../../backtrace/src/backtrace/mod.rs:66:5
[INFO] [stderr]      2:     0x562c4f4f9126 - std::sys_common::backtrace::_print_fmt::hd7f8fef21b4eda67
[INFO] [stderr]                                  at /rustc/0e09125c6c3c2fd70d7de961bcf0e51575235fad/library/std/src/sys_common/backtrace.rs:68:5
[INFO] [stderr]      3:     0x562c4f4f9126 - <std::sys_common::backtrace::_print::DisplayBacktrace as core::fmt::Display>::fmt::h623d9b51f2f453f1
[INFO] [stderr]                                  at /rustc/0e09125c6c3c2fd70d7de961bcf0e51575235fad/library/std/src/sys_common/backtrace.rs:44:22
[INFO] [stderr]      4:     0x562c4f5233e0 - core::fmt::rt::Argument::fmt::h9f417ac76a86f368
[INFO] [stderr]                                  at /rustc/0e09125c6c3c2fd70d7de961bcf0e51575235fad/library/core/src/fmt/rt.rs:142:9
[INFO] [stderr]      5:     0x562c4f5233e0 - core::fmt::write::hc9b6faf4ac2aeff7
[INFO] [stderr]                                  at /rustc/0e09125c6c3c2fd70d7de961bcf0e51575235fad/library/core/src/fmt/mod.rs:1120:17
[INFO] [stderr]      6:     0x562c4f4f69ef - std::io::Write::write_fmt::hfead1eee52c2e65e
[INFO] [stderr]                                  at /rustc/0e09125c6c3c2fd70d7de961bcf0e51575235fad/library/std/src/io/mod.rs:1810:15
[INFO] [stderr]      7:     0x562c4f4f8f04 - std::sys_common::backtrace::_print::hd5d66399c7df88a2
[INFO] [stderr]                                  at /rustc/0e09125c6c3c2fd70d7de961bcf0e51575235fad/library/std/src/sys_common/backtrace.rs:47:5
[INFO] [stderr]      8:     0x562c4f4f8f04 - std::sys_common::backtrace::print::he81ed2da642d37e5
[INFO] [stderr]                                  at /rustc/0e09125c6c3c2fd70d7de961bcf0e51575235fad/library/std/src/sys_common/backtrace.rs:34:9
[INFO] [stderr]      9:     0x562c4f4fa5d7 - std::panicking::default_hook::{{closure}}::h85773f4fa117163d
[INFO] [stderr]     10:     0x562c4f4fa339 - std::panicking::default_hook::h6a1694a91d09b278
[INFO] [stderr]                                  at /rustc/0e09125c6c3c2fd70d7de961bcf0e51575235fad/library/std/src/panicking.rs:292:9
[INFO] [stderr]     11:     0x562c4f4faa68 - std::panicking::rust_panic_with_hook::h0a7ad96e90f7145b
[INFO] [stderr]                                  at /rustc/0e09125c6c3c2fd70d7de961bcf0e51575235fad/library/std/src/panicking.rs:779:13
[INFO] [stderr]     12:     0x562c4f4fa909 - std::panicking::begin_panic_handler::{{closure}}::h7919090525c6485e
[INFO] [stderr]                                  at /rustc/0e09125c6c3c2fd70d7de961bcf0e51575235fad/library/std/src/panicking.rs:649:13
[INFO] [stderr]     13:     0x562c4f4f9626 - std::sys_common::backtrace::__rust_end_short_backtrace::hf3289479464f7dfe
[INFO] [stderr]                                  at /rustc/0e09125c6c3c2fd70d7de961bcf0e51575235fad/library/std/src/sys_common/backtrace.rs:171:18
[INFO] [stderr]     14:     0x562c4f4fa6a0 - rust_begin_unwind
[INFO] [stderr]                                  at /rustc/0e09125c6c3c2fd70d7de961bcf0e51575235fad/library/std/src/panicking.rs:645:5
[INFO] [stderr]     15:     0x562c4ee844f5 - core::panicking::panic_fmt::hcc9f77c5c132af55
[INFO] [stderr]                                  at /rustc/0e09125c6c3c2fd70d7de961bcf0e51575235fad/library/core/src/panicking.rs:72:14
[INFO] [stderr]     16:     0x562c4ee8a764 - r2r_common::print_cargo_ros_distro::{{closure}}::h3edad68f18a6a0c4
[INFO] [stderr]     17:     0x562c4ee914ce - core::result::Result<T,E>::unwrap_or_else::hd5d00c1788d229c8
[INFO] [stderr]     18:     0x562c4ee8a52b - r2r_common::print_cargo_ros_distro::hbc899bf9f36bc315
[INFO] [stderr]     19:     0x562c4ee87b2d - build_script_build::main::h4968e77e43d54835
[INFO] [stderr]     20:     0x562c4ee85a33 - core::ops::function::FnOnce::call_once::hb45491ec172ec569
[INFO] [stderr]     21:     0x562c4ee84ea6 - std::sys_common::backtrace::__rust_begin_short_backtrace::hcd17ff60b258ec8e
[INFO] [stderr]     22:     0x562c4ee85729 - std::rt::lang_start::{{closure}}::hd481b60c54504a96
[INFO] [stderr]     23:     0x562c4f4f2221 - core::ops::function::impls::<impl core::ops::function::FnOnce<A> for &F>::call_once::h4eb4c5e1620f29b0
[INFO] [stderr]                                  at /rustc/0e09125c6c3c2fd70d7de961bcf0e51575235fad/library/core/src/ops/function.rs:284:13
[INFO] [stderr]     24:     0x562c4f4f2221 - std::panicking::try::do_call::h73fd26535faffcdf
[INFO] [stderr]                                  at /rustc/0e09125c6c3c2fd70d7de961bcf0e51575235fad/library/std/src/panicking.rs:552:40
[INFO] [stderr]     25:     0x562c4f4f2221 - std::panicking::try::h77ff1d98f0fb9f39
[INFO] [stderr]                                  at /rustc/0e09125c6c3c2fd70d7de961bcf0e51575235fad/library/std/src/panicking.rs:516:19
[INFO] [stderr]     26:     0x562c4f4f2221 - std::panic::catch_unwind::hab3caf2448b95e37
[INFO] [stderr]                                  at /rustc/0e09125c6c3c2fd70d7de961bcf0e51575235fad/library/std/src/panic.rs:142:14
[INFO] [stderr]     27:     0x562c4f4f2221 - std::rt::lang_start_internal::{{closure}}::h8086711f9c783f78
[INFO] [stderr]                                  at /rustc/0e09125c6c3c2fd70d7de961bcf0e51575235fad/library/std/src/rt.rs:148:48
[INFO] [stderr]     28:     0x562c4f4f2221 - std::panicking::try::do_call::hf920d4dc291cd6ca
[INFO] [stderr]                                  at /rustc/0e09125c6c3c2fd70d7de961bcf0e51575235fad/library/std/src/panicking.rs:552:40
[INFO] [stderr]     29:     0x562c4f4f2221 - std::panicking::try::h2b806ccc0a85db74
[INFO] [stderr]                                  at /rustc/0e09125c6c3c2fd70d7de961bcf0e51575235fad/library/std/src/panicking.rs:516:19
[INFO] [stderr]     30:     0x562c4f4f2221 - std::panic::catch_unwind::h038489539c507df2
[INFO] [stderr]                                  at /rustc/0e09125c6c3c2fd70d7de961bcf0e51575235fad/library/std/src/panic.rs:142:14
[INFO] [stderr]     31:     0x562c4f4f2221 - std::rt::lang_start_internal::h28503b88912e8a5c
[INFO] [stderr]                                  at /rustc/0e09125c6c3c2fd70d7de961bcf0e51575235fad/library/std/src/rt.rs:148:20
[INFO] [stderr]     32:     0x562c4ee85707 - std::rt::lang_start::h1b2e91d3fb616471
[INFO] [stderr]     33:     0x562c4ee88d25 - main
[INFO] [stderr]     34:     0x7f08fccecd90 - <unknown>
[INFO] [stderr]     35:     0x7f08fccece40 - __libc_start_main
[INFO] [stderr]     36:     0x562c4ee84dd5 - _start
[INFO] [stderr]     37:                0x0 - <unknown>
[INFO] running `Command { std: "docker" "inspect" "b4fdabf9fde2c146bc28fe657cdb4c9a24d5a580a1bc96bcf44be46b013fdd26", kill_on_drop: false }`
[INFO] running `Command { std: "docker" "rm" "-f" "b4fdabf9fde2c146bc28fe657cdb4c9a24d5a580a1bc96bcf44be46b013fdd26", kill_on_drop: false }`
[INFO] [stdout] b4fdabf9fde2c146bc28fe657cdb4c9a24d5a580a1bc96bcf44be46b013fdd26
