[INFO] cloning repository https://github.com/abayomi185/rfmk_firmware
[INFO] running `Command { std: "git" "-c" "credential.helper=" "-c" "credential.helper=/workspace/cargo-home/bin/git-credential-null" "clone" "--bare" "https://github.com/abayomi185/rfmk_firmware" "/workspace/cache/git-repos/https%3A%2F%2Fgithub.com%2Fabayomi185%2Frfmk_firmware", kill_on_drop: false }`
[INFO] [stderr] Cloning into bare repository '/workspace/cache/git-repos/https%3A%2F%2Fgithub.com%2Fabayomi185%2Frfmk_firmware'...
[INFO] running `Command { std: "git" "rev-parse" "HEAD", kill_on_drop: false }`
[INFO] [stdout] 56b322e31bca3f5349ab43d6ddbb699b6fa0695a
[INFO] documenting abayomi185/rfmk_firmware against 1.75.0 for beta-1.76-rustdoc-1
[INFO] running `Command { std: "git" "clone" "/workspace/cache/git-repos/https%3A%2F%2Fgithub.com%2Fabayomi185%2Frfmk_firmware" "/workspace/builds/worker-1-tc1/source", kill_on_drop: false }`
[INFO] [stderr] Cloning into '/workspace/builds/worker-1-tc1/source'...
[INFO] [stderr] done.
[INFO] validating manifest of git repo https://github.com/abayomi185/rfmk_firmware on toolchain 1.75.0
[INFO] running `Command { std: CARGO_HOME="/workspace/cargo-home" RUSTUP_HOME="/workspace/rustup-home" "/workspace/cargo-home/bin/cargo" "+1.75.0" "metadata" "--manifest-path" "Cargo.toml" "--no-deps", kill_on_drop: false }`
[INFO] removed /workspace/builds/worker-1-tc1/source/.cargo/config
[INFO] started tweaking git repo https://github.com/abayomi185/rfmk_firmware
[INFO] finished tweaking git repo https://github.com/abayomi185/rfmk_firmware
[INFO] tweaked toml for git repo https://github.com/abayomi185/rfmk_firmware written to /workspace/builds/worker-1-tc1/source/Cargo.toml
[INFO] crate git repo https://github.com/abayomi185/rfmk_firmware already has a lockfile, it will not be regenerated
[INFO] running `Command { std: CARGO_HOME="/workspace/cargo-home" RUSTUP_HOME="/workspace/rustup-home" "/workspace/cargo-home/bin/cargo" "+1.75.0" "fetch" "--manifest-path" "Cargo.toml", kill_on_drop: false }`
[INFO] [stderr]     Updating crates.io index
[INFO] [stderr]  Downloading crates ...
[INFO] [stderr]   Downloaded cortex-m-rt v0.7.2
[INFO] [stderr]   Downloaded nrf-hal-common v0.16.0
[INFO] [stderr]   Downloaded rp2040-hal v0.7.0
[INFO] [stderr]   Downloaded nrf52840-pac v0.12.2
[INFO] [stderr]   Downloaded rp2040-pac v0.4.0
[INFO] [stderr]   Downloaded nrf-usbd v0.2.0
[INFO] [stderr]   Downloaded fixed v1.23.0
[INFO] running `Command { std: "docker" "create" "-v" "/var/lib/crater-agent-workspace/builds/worker-1-tc1/target:/opt/rustwide/target:rw,Z" "-v" "/var/lib/crater-agent-workspace/builds/worker-1-tc1/source:/opt/rustwide/workdir:ro,Z" "-v" "/var/lib/crater-agent-workspace/cargo-home:/opt/rustwide/cargo-home:ro,Z" "-v" "/var/lib/crater-agent-workspace/rustup-home:/opt/rustwide/rustup-home:ro,Z" "-e" "SOURCE_DIR=/opt/rustwide/workdir" "-e" "CARGO_TARGET_DIR=/opt/rustwide/target" "-e" "CARGO_HOME=/opt/rustwide/cargo-home" "-e" "RUSTUP_HOME=/opt/rustwide/rustup-home" "-w" "/opt/rustwide/workdir" "-m" "1610612736" "--user" "0:0" "--network" "none" "ghcr.io/rust-lang/crates-build-env/linux@sha256:2788e3201cd34a07e3172128adcd8b3090168a8e3bcc40d7c032b9dda1df7d1c" "/opt/rustwide/cargo-home/bin/cargo" "+1.75.0" "metadata" "--no-deps" "--format-version=1", kill_on_drop: false }`
[INFO] [stdout] 7cd2886eb599aa0a910a5df1d0c20e6b5ad930cea7c364592f31cb599ad6999b
[INFO] running `Command { std: "docker" "start" "-a" "7cd2886eb599aa0a910a5df1d0c20e6b5ad930cea7c364592f31cb599ad6999b", kill_on_drop: false }`
[INFO] running `Command { std: "docker" "inspect" "7cd2886eb599aa0a910a5df1d0c20e6b5ad930cea7c364592f31cb599ad6999b", kill_on_drop: false }`
[INFO] running `Command { std: "docker" "rm" "-f" "7cd2886eb599aa0a910a5df1d0c20e6b5ad930cea7c364592f31cb599ad6999b", kill_on_drop: false }`
[INFO] [stdout] 7cd2886eb599aa0a910a5df1d0c20e6b5ad930cea7c364592f31cb599ad6999b
[INFO] running `Command { std: "docker" "create" "-v" "/var/lib/crater-agent-workspace/builds/worker-1-tc1/target:/opt/rustwide/target:rw,Z" "-v" "/var/lib/crater-agent-workspace/builds/worker-1-tc1/source:/opt/rustwide/workdir:ro,Z" "-v" "/var/lib/crater-agent-workspace/cargo-home:/opt/rustwide/cargo-home:ro,Z" "-v" "/var/lib/crater-agent-workspace/rustup-home:/opt/rustwide/rustup-home:ro,Z" "-e" "SOURCE_DIR=/opt/rustwide/workdir" "-e" "CARGO_TARGET_DIR=/opt/rustwide/target" "-e" "CARGO_INCREMENTAL=0" "-e" "RUST_BACKTRACE=full" "-e" "RUSTFLAGS=--cap-lints=warn" "-e" "RUSTDOCFLAGS=--cap-lints=warn" "-e" "CARGO_HOME=/opt/rustwide/cargo-home" "-e" "RUSTUP_HOME=/opt/rustwide/rustup-home" "-w" "/opt/rustwide/workdir" "-m" "1610612736" "--user" "0:0" "--network" "none" "ghcr.io/rust-lang/crates-build-env/linux@sha256:2788e3201cd34a07e3172128adcd8b3090168a8e3bcc40d7c032b9dda1df7d1c" "/opt/rustwide/cargo-home/bin/cargo" "+1.75.0" "doc" "--frozen" "--no-deps" "--document-private-items" "--message-format=json", kill_on_drop: false }`
[INFO] [stdout] 4474892093dbae7877cbd014dfa399d984b02049f98ea49e9b6291986d2d4313
[INFO] running `Command { std: "docker" "start" "-a" "4474892093dbae7877cbd014dfa399d984b02049f98ea49e9b6291986d2d4313", kill_on_drop: false }`
[INFO] [stderr]    Compiling proc-macro2 v1.0.51
[INFO] [stderr]    Compiling quote v1.0.23
[INFO] [stderr]    Compiling unicode-ident v1.0.6
[INFO] [stderr]    Compiling syn v1.0.107
[INFO] [stderr]     Checking nb v1.0.0
[INFO] [stderr]    Compiling cortex-m v0.7.7
[INFO] [stderr]    Compiling semver-parser v0.7.0
[INFO] [stderr]     Checking void v1.0.2
[INFO] [stderr]     Checking vcell v0.1.3
[INFO] [stderr]     Checking volatile-register v0.2.1
[INFO] [stderr]     Checking nb v0.1.3
[INFO] [stderr]    Compiling semver v1.0.16
[INFO] [stderr]     Checking bitfield v0.13.2
[INFO] [stderr]    Compiling semver v0.9.0
[INFO] [stderr]     Checking embedded-hal v0.2.7
[INFO] [stderr]    Compiling rustc_version v0.2.3
[INFO] [stderr]    Compiling az v1.2.1
[INFO] [stderr]    Compiling proc-macro-error-attr v1.0.4
[INFO] [stderr]    Compiling lock_api v0.4.9
[INFO] [stderr]    Compiling indexmap v1.9.2
[INFO] [stderr]     Checking byteorder v1.4.3
[INFO] [stderr]    Compiling bare-metal v0.2.5
[INFO] [stderr]    Compiling proc-macro-error v1.0.4
[INFO] [stderr]    Compiling paste v1.0.11
[INFO] [stderr]    Compiling cortex-m-rt v0.7.2
[INFO] [stderr]     Checking stable_deref_trait v1.2.0
[INFO] [stderr]    Compiling rustc_version v0.4.0
[INFO] [stderr]    Compiling typenum v1.16.0
[INFO] [stderr]    Compiling hashbrown v0.12.3
[INFO] [stderr]    Compiling rp2040-pac v0.4.0
[INFO] [stderr]    Compiling heapless v0.7.16
[INFO] [stderr]     Checking display-interface v0.4.1
[INFO] [stderr]    Compiling cortex-m-semihosting v0.5.0
[INFO] [stderr]    Compiling fixed v1.23.0
[INFO] [stderr]     Checking spin v0.9.4
[INFO] [stderr]     Checking hash32 v0.2.1
[INFO] [stderr]    Compiling cortex-m-rtic v1.1.3
[INFO] [stderr]     Checking either v1.8.1
[INFO] [stderr]     Checking bytemuck v1.13.0
[INFO] [stderr]     Checking gcd v2.3.0
[INFO] [stderr]     Checking byte-slice-cast v0.3.5
[INFO] [stderr]     Checking half v2.2.1
[INFO] [stderr]     Checking rand_core v0.6.4
[INFO] [stderr]    Compiling nrf-hal-common v0.16.0
[INFO] [stderr]     Checking arrayvec v0.7.2
[INFO] [stderr]     Checking display-interface-spi v0.4.1
[INFO] [stderr]     Checking fugit v0.3.6
[INFO] [stderr]     Checking itertools v0.10.5
[INFO] [stderr]     Checking embedded-graphics-core v0.3.3
[INFO] [stderr]     Checking display-interface-i2c v0.4.0
[INFO] [stderr]     Checking embedded-dma v0.2.0
[INFO] [stderr]     Checking usb-device v0.2.9
[INFO] [stderr]     Checking critical-section v1.1.1
[INFO] [stderr]     Checking cast v0.3.0
[INFO] [stderr]     Checking rtic-monotonic v1.0.0
[INFO] [stderr]     Checking bare-metal v1.0.0
[INFO] [stderr]     Checking rtic-core v1.0.0
[INFO] [stderr]     Checking embedded-storage v0.3.0
[INFO] [stderr]     Checking panic-semihosting v0.6.0
[INFO] [stderr]     Checking ssd1306 v0.7.1
[INFO] [stderr]    Compiling rtic-syntax v1.0.2
[INFO] [stderr]    Compiling num_enum_derive v0.5.9
[INFO] [stderr]    Compiling cortex-m-rt-macros v0.7.0
[INFO] [stderr]    Compiling cortex-m-rtic-macros v1.1.5
[INFO] [stderr]    Compiling rp2040-hal-macros v0.1.0
[INFO] [stderr]     Checking num_enum v0.5.9
[INFO] [stderr]     Checking pio v0.2.1
[INFO] [stderr]     Checking rp2040-hal v0.7.0
[INFO] [stdout] error[E0433]: failed to resolve: could not find `pac` in the crate root
[INFO] [stdout]   --> /opt/rustwide/cargo-home/registry/src/index.crates.io-6f17d22bba15001f/nrf-hal-common-0.16.0/src/ccm.rs:63:12
[INFO] [stdout]    |
[INFO] [stdout] 63 | use crate::pac::ccm::mode::{DATARATE_A, LENGTH_A};
[INFO] [stdout]    |            ^^^ could not find `pac` in the crate root
[INFO] [stdout] 
[INFO] [stdout] 
[INFO] [stdout] error[E0432]: unresolved import `crate::pac`
[INFO] [stdout]   --> /opt/rustwide/cargo-home/registry/src/index.crates.io-6f17d22bba15001f/nrf-hal-common-0.16.0/src/ccm.rs:50:5
[INFO] [stdout]    |
[INFO] [stdout] 50 |     pac::{AAR, CCM},
[INFO] [stdout]    |     ^^^ could not find `pac` in the crate root
[INFO] [stdout] 
[INFO] [stdout] 
[INFO] [stdout] error[E0433]: failed to resolve: could not find `pac` in the crate root
[INFO] [stdout]  --> /opt/rustwide/cargo-home/registry/src/index.crates.io-6f17d22bba15001f/nrf-hal-common-0.16.0/src/comp.rs:9:12
[INFO] [stdout]   |
[INFO] [stdout] 9 | use crate::pac::comp::{
[INFO] [stdout]   |            ^^^ could not find `pac` in the crate root
[INFO] [stdout] 
[INFO] [stdout] 
[INFO] [stdout] error[E0432]: unresolved import `crate::pac`
[INFO] [stdout]  --> /opt/rustwide/cargo-home/registry/src/index.crates.io-6f17d22bba15001f/nrf-hal-common-0.16.0/src/clocks.rs:7:12
[INFO] [stdout]   |
[INFO] [stdout] 7 | use crate::pac::CLOCK;
[INFO] [stdout]   |            ^^^ could not find `pac` in the crate root
[INFO] [stdout] 
[INFO] [stdout] 
[INFO] [stdout] error[E0432]: unresolved import `crate::pac`
[INFO] [stdout]   --> /opt/rustwide/cargo-home/registry/src/index.crates.io-6f17d22bba15001f/nrf-hal-common-0.16.0/src/comp.rs:12:12
[INFO] [stdout]    |
[INFO] [stdout] 12 | use crate::pac::COMP;
[INFO] [stdout]    |            ^^^ could not find `pac` in the crate root
[INFO] [stdout] 
[INFO] [stdout] 
[INFO] [stdout] error[E0432]: unresolved import `crate::pac`
[INFO] [stdout]  --> /opt/rustwide/cargo-home/registry/src/index.crates.io-6f17d22bba15001f/nrf-hal-common-0.16.0/src/ecb.rs:6:12
[INFO] [stdout]   |
[INFO] [stdout] 6 | use crate::pac::ECB;
[INFO] [stdout]   |            ^^^ could not find `pac` in the crate root
[INFO] [stdout] 
[INFO] [stdout] 
[INFO] [stdout] error[E0433]: failed to resolve: could not find `pac` in the crate root
[INFO] [stdout]    --> /opt/rustwide/cargo-home/registry/src/index.crates.io-6f17d22bba15001f/nrf-hal-common-0.16.0/src/gpio.rs:421:12
[INFO] [stdout]     |
[INFO] [stdout] 421 | use crate::pac::p0::pin_cnf;
[INFO] [stdout]     |            ^^^ could not find `pac` in the crate root
[INFO] [stdout] 
[INFO] [stdout] 
[INFO] [stdout] error[E0432]: unresolved import `crate::pac`
[INFO] [stdout]   --> /opt/rustwide/cargo-home/registry/src/index.crates.io-6f17d22bba15001f/nrf-hal-common-0.16.0/src/gpio.rs:80:12
[INFO] [stdout]    |
[INFO] [stdout] 80 | use crate::pac::{p0 as gpio, P0};
[INFO] [stdout]    |            ^^^ could not find `pac` in the crate root
[INFO] [stdout] 
[INFO] [stdout] 
[INFO] [stdout] error[E0433]: failed to resolve: could not find `pac` in the crate root
[INFO] [stdout]   --> /opt/rustwide/cargo-home/registry/src/index.crates.io-6f17d22bba15001f/nrf-hal-common-0.16.0/src/gpiote.rs:27:12
[INFO] [stdout]    |
[INFO] [stdout] 27 |     crate::pac::gpiote::{EVENTS_IN, EVENTS_PORT, TASKS_OUT},
[INFO] [stdout]    |            ^^^ could not find `pac` in the crate root
[INFO] [stdout] 
[INFO] [stdout] 
[INFO] [stdout] error[E0432]: unresolved import `crate::pac`
[INFO] [stdout]   --> /opt/rustwide/cargo-home/registry/src/index.crates.io-6f17d22bba15001f/nrf-hal-common-0.16.0/src/gpiote.rs:13:12
[INFO] [stdout]    |
[INFO] [stdout] 13 | use crate::pac::P0;
[INFO] [stdout]    |            ^^^ could not find `pac` in the crate root
[INFO] [stdout] 
[INFO] [stdout] 
[INFO] [stdout] error[E0433]: failed to resolve: could not find `pac` in the crate root
[INFO] [stdout]   --> /opt/rustwide/cargo-home/registry/src/index.crates.io-6f17d22bba15001f/nrf-hal-common-0.16.0/src/gpiote.rs:44:12
[INFO] [stdout]    |
[INFO] [stdout] 44 | use crate::pac::gpiote::{TASKS_CLR, TASKS_SET};
[INFO] [stdout]    |            ^^^ could not find `pac` in the crate root
[INFO] [stdout] 
[INFO] [stdout] 
[INFO] [stdout] error[E0432]: unresolved import `crate::pac`
[INFO] [stdout]   --> /opt/rustwide/cargo-home/registry/src/index.crates.io-6f17d22bba15001f/nrf-hal-common-0.16.0/src/gpiote.rs:28:12
[INFO] [stdout]    |
[INFO] [stdout] 28 |     crate::pac::GPIOTE,
[INFO] [stdout]    |            ^^^ could not find `pac` in the crate root
[INFO] [stdout] 
[INFO] [stdout] 
[INFO] [stdout] error[E0433]: failed to resolve: could not find `pac` in the crate root
[INFO] [stdout]   --> /opt/rustwide/cargo-home/registry/src/index.crates.io-6f17d22bba15001f/nrf-hal-common-0.16.0/src/lpcomp.rs:12:12
[INFO] [stdout]    |
[INFO] [stdout] 12 |     crate::pac::{
[INFO] [stdout]    |            ^^^ could not find `pac` in the crate root
[INFO] [stdout] 
[INFO] [stdout] 
[INFO] [stdout] error[E0432]: unresolved import `crate::pac`
[INFO] [stdout]  --> /opt/rustwide/cargo-home/registry/src/index.crates.io-6f17d22bba15001f/nrf-hal-common-0.16.0/src/i2s.rs:5:12
[INFO] [stdout]   |
[INFO] [stdout] 5 | use crate::pac::{i2s, I2S as I2S_PAC};
[INFO] [stdout]   |            ^^^ could not find `pac` in the crate root
[INFO] [stdout] 
[INFO] [stdout] 
[INFO] [stdout] error[E0432]: unresolved import `crate::pac`
[INFO] [stdout]   --> /opt/rustwide/cargo-home/registry/src/index.crates.io-6f17d22bba15001f/nrf-hal-common-0.16.0/src/lpcomp.rs:12:12
[INFO] [stdout]    |
[INFO] [stdout] 12 |     crate::pac::{
[INFO] [stdout]    |            ^^^ could not find `pac` in the crate root
[INFO] [stdout] 
[INFO] [stdout] 
[INFO] [stdout] error[E0432]: unresolved import `crate::pac`
[INFO] [stdout]  --> /opt/rustwide/cargo-home/registry/src/index.crates.io-6f17d22bba15001f/nrf-hal-common-0.16.0/src/nvmc.rs:6:12
[INFO] [stdout]   |
[INFO] [stdout] 6 | use crate::pac::nvmc;
[INFO] [stdout]   |            ^^^ could not find `pac` in the crate root
[INFO] [stdout] 
[INFO] [stdout] 
[INFO] [stdout] error[E0433]: failed to resolve: could not find `pac` in the crate root
[INFO] [stdout]   --> /opt/rustwide/cargo-home/registry/src/index.crates.io-6f17d22bba15001f/nrf-hal-common-0.16.0/src/ppi/mod.rs:12:12
[INFO] [stdout]    |
[INFO] [stdout] 12 | use crate::pac::ppi::tasks_chg::{DIS, EN};
[INFO] [stdout]    |            ^^^ could not find `pac` in the crate root
[INFO] [stdout] 
[INFO] [stdout] 
[INFO] [stdout] error[E0432]: unresolved import `crate::pac`
[INFO] [stdout]   --> /opt/rustwide/cargo-home/registry/src/index.crates.io-6f17d22bba15001f/nrf-hal-common-0.16.0/src/nvmc.rs:10:12
[INFO] [stdout]    |
[INFO] [stdout] 10 | use crate::pac::NVMC;
[INFO] [stdout]    |            ^^^ could not find `pac` in the crate root
[INFO] [stdout] 
[INFO] [stdout] 
[INFO] [stdout] error[E0433]: failed to resolve: could not find `pac` in the crate root
[INFO] [stdout]  --> /opt/rustwide/cargo-home/registry/src/index.crates.io-6f17d22bba15001f/nrf-hal-common-0.16.0/src/pwm.rs:6:12
[INFO] [stdout]   |
[INFO] [stdout] 6 | use crate::pac::pwm0::*;
[INFO] [stdout]   |            ^^^ could not find `pac` in the crate root
[INFO] [stdout] 
[INFO] [stdout] 
[INFO] [stdout] error[E0432]: unresolved import `crate::pac`
[INFO] [stdout]   --> /opt/rustwide/cargo-home/registry/src/index.crates.io-6f17d22bba15001f/nrf-hal-common-0.16.0/src/ppi/mod.rs:13:12
[INFO] [stdout]    |
[INFO] [stdout] 13 | use crate::pac::PPI;
[INFO] [stdout]    |            ^^^ could not find `pac` in the crate root
[INFO] [stdout] 
[INFO] [stdout] 
[INFO] [stdout] error[E0432]: unresolved import `crate::pac`
[INFO] [stdout]   --> /opt/rustwide/cargo-home/registry/src/index.crates.io-6f17d22bba15001f/nrf-hal-common-0.16.0/src/pwm.rs:12:5
[INFO] [stdout]    |
[INFO] [stdout] 12 |     pac::Interrupt,
[INFO] [stdout]    |     ^^^ could not find `pac` in the crate root
[INFO] [stdout] 
[INFO] [stdout] 
[INFO] [stdout] error[E0432]: unresolved import `crate::pac`
[INFO] [stdout]  --> /opt/rustwide/cargo-home/registry/src/index.crates.io-6f17d22bba15001f/nrf-hal-common-0.16.0/src/qdec.rs:8:12
[INFO] [stdout]   |
[INFO] [stdout] 8 |     crate::pac::QDEC,
[INFO] [stdout]   |            ^^^ could not find `pac` in the crate root
[INFO] [stdout] 
[INFO] [stdout] 
[INFO] [stdout] error[E0432]: unresolved import `crate::pac`
[INFO] [stdout]  --> /opt/rustwide/cargo-home/registry/src/index.crates.io-6f17d22bba15001f/nrf-hal-common-0.16.0/src/rng.rs:8:12
[INFO] [stdout]   |
[INFO] [stdout] 8 | use crate::pac::RNG;
[INFO] [stdout]   |            ^^^ could not find `pac` in the crate root
[INFO] [stdout] 
[INFO] [stdout] 
[INFO] [stdout] error[E0432]: unresolved import `crate::pac`
[INFO] [stdout]  --> /opt/rustwide/cargo-home/registry/src/index.crates.io-6f17d22bba15001f/nrf-hal-common-0.16.0/src/rtc.rs:9:12
[INFO] [stdout]   |
[INFO] [stdout] 9 | use crate::pac::{rtc0, Interrupt, NVIC, RTC0, RTC1};
[INFO] [stdout]   |            ^^^ could not find `pac` in the crate root
[INFO] [stdout] 
[INFO] [stdout] 
[INFO] [stdout] error[E0432]: unresolved import `crate::pac`
[INFO] [stdout]   --> /opt/rustwide/cargo-home/registry/src/index.crates.io-6f17d22bba15001f/nrf-hal-common-0.16.0/src/saadc.rs:33:12
[INFO] [stdout]    |
[INFO] [stdout] 33 | use crate::pac::{saadc, SAADC};
[INFO] [stdout]    |            ^^^ could not find `pac` in the crate root
[INFO] [stdout] 
[INFO] [stdout] 
[INFO] [stdout] error[E0432]: unresolved import `crate::pac`
[INFO] [stdout]  --> /opt/rustwide/cargo-home/registry/src/index.crates.io-6f17d22bba15001f/nrf-hal-common-0.16.0/src/spi.rs:6:5
[INFO] [stdout]   |
[INFO] [stdout] 6 |     pac::{spi0, SPI0},
[INFO] [stdout]   |     ^^^ could not find `pac` in the crate root
[INFO] [stdout] 
[INFO] [stdout] 
[INFO] [stdout] error[E0432]: unresolved import `crate::pac`
[INFO] [stdout]   --> /opt/rustwide/cargo-home/registry/src/index.crates.io-6f17d22bba15001f/nrf-hal-common-0.16.0/src/spim.rs:15:12
[INFO] [stdout]    |
[INFO] [stdout] 15 | use crate::pac::{spim0, SPIM0};
[INFO] [stdout]    |            ^^^ could not find `pac` in the crate root
[INFO] [stdout] 
[INFO] [stdout] 
[INFO] [stdout] error[E0432]: unresolved import `crate::target_constants::EASY_DMA_SIZE`
[INFO] [stdout]    --> /opt/rustwide/cargo-home/registry/src/index.crates.io-6f17d22bba15001f/nrf-hal-common-0.16.0/src/spim.rs:32:31
[INFO] [stdout]     |
[INFO] [stdout] 32  | use crate::target_constants::{EASY_DMA_SIZE, FORCE_COPY_BUFFER_SIZE};
[INFO] [stdout]     |                               ^^^^^^^^^^^^^ no `EASY_DMA_SIZE` in `target_constants`
[INFO] [stdout]     |
[INFO] [stdout] note: found an item that was configured out
[INFO] [stdout]    --> /opt/rustwide/cargo-home/registry/src/index.crates.io-6f17d22bba15001f/nrf-hal-common-0.16.0/src/lib.rs:128:15
[INFO] [stdout]     |
[INFO] [stdout] 128 |     pub const EASY_DMA_SIZE: usize = (1 << 8) - 1;
[INFO] [stdout]     |               ^^^^^^^^^^^^^
[INFO] [stdout]     = note: the item is gated behind the `51` feature
[INFO] [stdout] note: found an item that was configured out
[INFO] [stdout]    --> /opt/rustwide/cargo-home/registry/src/index.crates.io-6f17d22bba15001f/nrf-hal-common-0.16.0/src/lib.rs:130:15
[INFO] [stdout]     |
[INFO] [stdout] 130 |     pub const EASY_DMA_SIZE: usize = (1 << 14) - 1;
[INFO] [stdout]     |               ^^^^^^^^^^^^^
[INFO] [stdout]     = note: the item is gated behind the `52805` feature
[INFO] [stdout] note: found an item that was configured out
[INFO] [stdout]    --> /opt/rustwide/cargo-home/registry/src/index.crates.io-6f17d22bba15001f/nrf-hal-common-0.16.0/src/lib.rs:132:15
[INFO] [stdout]     |
[INFO] [stdout] 132 |     pub const EASY_DMA_SIZE: usize = (1 << 10) - 1;
[INFO] [stdout]     |               ^^^^^^^^^^^^^
[INFO] [stdout]     = note: the item is gated behind the `52810` feature
[INFO] [stdout] note: found an item that was configured out
[INFO] [stdout]    --> /opt/rustwide/cargo-home/registry/src/index.crates.io-6f17d22bba15001f/nrf-hal-common-0.16.0/src/lib.rs:134:15
[INFO] [stdout]     |
[INFO] [stdout] 134 |     pub const EASY_DMA_SIZE: usize = (1 << 14) - 1;
[INFO] [stdout]     |               ^^^^^^^^^^^^^
[INFO] [stdout]     = note: the item is gated behind the `52811` feature
[INFO] [stdout] note: found an item that was configured out
[INFO] [stdout]    --> /opt/rustwide/cargo-home/registry/src/index.crates.io-6f17d22bba15001f/nrf-hal-common-0.16.0/src/lib.rs:136:15
[INFO] [stdout]     |
[INFO] [stdout] 136 |     pub const EASY_DMA_SIZE: usize = (1 << 15) - 1;
[INFO] [stdout]     |               ^^^^^^^^^^^^^
[INFO] [stdout]     = note: the item is gated behind the `52820` feature
[INFO] [stdout] note: found an item that was configured out
[INFO] [stdout]    --> /opt/rustwide/cargo-home/registry/src/index.crates.io-6f17d22bba15001f/nrf-hal-common-0.16.0/src/lib.rs:138:15
[INFO] [stdout]     |
[INFO] [stdout] 138 |     pub const EASY_DMA_SIZE: usize = (1 << 8) - 1;
[INFO] [stdout]     |               ^^^^^^^^^^^^^
[INFO] [stdout]     = note: the item is gated behind the `52832` feature
[INFO] [stdout] note: found an item that was configured out
[INFO] [stdout]    --> /opt/rustwide/cargo-home/registry/src/index.crates.io-6f17d22bba15001f/nrf-hal-common-0.16.0/src/lib.rs:140:15
[INFO] [stdout]     |
[INFO] [stdout] 140 |     pub const EASY_DMA_SIZE: usize = (1 << 16) - 1;
[INFO] [stdout]     |               ^^^^^^^^^^^^^
[INFO] [stdout]     = note: the item is gated behind the `52833` feature
[INFO] [stdout] note: found an item that was configured out
[INFO] [stdout]    --> /opt/rustwide/cargo-home/registry/src/index.crates.io-6f17d22bba15001f/nrf-hal-common-0.16.0/src/lib.rs:142:15
[INFO] [stdout]     |
[INFO] [stdout] 142 |     pub const EASY_DMA_SIZE: usize = (1 << 16) - 1;
[INFO] [stdout]     |               ^^^^^^^^^^^^^
[INFO] [stdout]     = note: the item is gated behind the `52840` feature
[INFO] [stdout] note: found an item that was configured out
[INFO] [stdout]    --> /opt/rustwide/cargo-home/registry/src/index.crates.io-6f17d22bba15001f/nrf-hal-common-0.16.0/src/lib.rs:144:15
[INFO] [stdout]     |
[INFO] [stdout] 144 |     pub const EASY_DMA_SIZE: usize = (1 << 16) - 1;
[INFO] [stdout]     |               ^^^^^^^^^^^^^
[INFO] [stdout] note: found an item that was configured out
[INFO] [stdout]    --> /opt/rustwide/cargo-home/registry/src/index.crates.io-6f17d22bba15001f/nrf-hal-common-0.16.0/src/lib.rs:146:15
[INFO] [stdout]     |
[INFO] [stdout] 146 |     pub const EASY_DMA_SIZE: usize = (1 << 12) - 1;
[INFO] [stdout]     |               ^^^^^^^^^^^^^
[INFO] [stdout]     = note: the item is gated behind the `9160` feature
[INFO] [stdout] 
[INFO] [stdout] 
[INFO] [stdout] error[E0433]: failed to resolve: could not find `pac` in the crate root
[INFO] [stdout]   --> /opt/rustwide/cargo-home/registry/src/index.crates.io-6f17d22bba15001f/nrf-hal-common-0.16.0/src/spis.rs:19:12
[INFO] [stdout]    |
[INFO] [stdout] 19 | use crate::pac::{
[INFO] [stdout]    |            ^^^ could not find `pac` in the crate root
[INFO] [stdout] 
[INFO] [stdout] 
[INFO] [stdout] error[E0432]: unresolved import `crate::pac`
[INFO] [stdout]   --> /opt/rustwide/cargo-home/registry/src/index.crates.io-6f17d22bba15001f/nrf-hal-common-0.16.0/src/spis.rs:19:12
[INFO] [stdout]    |
[INFO] [stdout] 19 | use crate::pac::{
[INFO] [stdout]    |            ^^^ could not find `pac` in the crate root
[INFO] [stdout] 
[INFO] [stdout] 
[INFO] [stdout] error[E0432]: unresolved imports `crate::pac`, `crate::target_constants::EASY_DMA_SIZE`
[INFO] [stdout]    --> /opt/rustwide/cargo-home/registry/src/index.crates.io-6f17d22bba15001f/nrf-hal-common-0.16.0/src/spis.rs:32:5
[INFO] [stdout]     |
[INFO] [stdout] 32  |     pac::Interrupt,
[INFO] [stdout]     |     ^^^ could not find `pac` in the crate root
[INFO] [stdout] 33  |     target_constants::{EASY_DMA_SIZE, SRAM_LOWER, SRAM_UPPER},
[INFO] [stdout]     |                        ^^^^^^^^^^^^^ no `EASY_DMA_SIZE` in `target_constants`
[INFO] [stdout]     |
[INFO] [stdout] note: found an item that was configured out
[INFO] [stdout]    --> /opt/rustwide/cargo-home/registry/src/index.crates.io-6f17d22bba15001f/nrf-hal-common-0.16.0/src/lib.rs:128:15
[INFO] [stdout]     |
[INFO] [stdout] 128 |     pub const EASY_DMA_SIZE: usize = (1 << 8) - 1;
[INFO] [stdout]     |               ^^^^^^^^^^^^^
[INFO] [stdout]     = note: the item is gated behind the `51` feature
[INFO] [stdout] note: found an item that was configured out
[INFO] [stdout]    --> /opt/rustwide/cargo-home/registry/src/index.crates.io-6f17d22bba15001f/nrf-hal-common-0.16.0/src/lib.rs:130:15
[INFO] [stdout]     |
[INFO] [stdout] 130 |     pub const EASY_DMA_SIZE: usize = (1 << 14) - 1;
[INFO] [stdout]     |               ^^^^^^^^^^^^^
[INFO] [stdout]     = note: the item is gated behind the `52805` feature
[INFO] [stdout] note: found an item that was configured out
[INFO] [stdout]    --> /opt/rustwide/cargo-home/registry/src/index.crates.io-6f17d22bba15001f/nrf-hal-common-0.16.0/src/lib.rs:132:15
[INFO] [stdout]     |
[INFO] [stdout] 132 |     pub const EASY_DMA_SIZE: usize = (1 << 10) - 1;
[INFO] [stdout]     |               ^^^^^^^^^^^^^
[INFO] [stdout]     = note: the item is gated behind the `52810` feature
[INFO] [stdout] note: found an item that was configured out
[INFO] [stdout]    --> /opt/rustwide/cargo-home/registry/src/index.crates.io-6f17d22bba15001f/nrf-hal-common-0.16.0/src/lib.rs:134:15
[INFO] [stdout]     |
[INFO] [stdout] 134 |     pub const EASY_DMA_SIZE: usize = (1 << 14) - 1;
[INFO] [stdout]     |               ^^^^^^^^^^^^^
[INFO] [stdout]     = note: the item is gated behind the `52811` feature
[INFO] [stdout] note: found an item that was configured out
[INFO] [stdout]    --> /opt/rustwide/cargo-home/registry/src/index.crates.io-6f17d22bba15001f/nrf-hal-common-0.16.0/src/lib.rs:136:15
[INFO] [stdout]     |
[INFO] [stdout] 136 |     pub const EASY_DMA_SIZE: usize = (1 << 15) - 1;
[INFO] [stdout]     |               ^^^^^^^^^^^^^
[INFO] [stdout]     = note: the item is gated behind the `52820` feature
[INFO] [stdout] note: found an item that was configured out
[INFO] [stdout]    --> /opt/rustwide/cargo-home/registry/src/index.crates.io-6f17d22bba15001f/nrf-hal-common-0.16.0/src/lib.rs:138:15
[INFO] [stdout]     |
[INFO] [stdout] 138 |     pub const EASY_DMA_SIZE: usize = (1 << 8) - 1;
[INFO] [stdout]     |               ^^^^^^^^^^^^^
[INFO] [stdout]     = note: the item is gated behind the `52832` feature
[INFO] [stdout] note: found an item that was configured out
[INFO] [stdout]    --> /opt/rustwide/cargo-home/registry/src/index.crates.io-6f17d22bba15001f/nrf-hal-common-0.16.0/src/lib.rs:140:15
[INFO] [stdout]     |
[INFO] [stdout] 140 |     pub const EASY_DMA_SIZE: usize = (1 << 16) - 1;
[INFO] [stdout]     |               ^^^^^^^^^^^^^
[INFO] [stdout]     = note: the item is gated behind the `52833` feature
[INFO] [stdout] note: found an item that was configured out
[INFO] [stdout]    --> /opt/rustwide/cargo-home/registry/src/index.crates.io-6f17d22bba15001f/nrf-hal-common-0.16.0/src/lib.rs:142:15
[INFO] [stdout]     |
[INFO] [stdout] 142 |     pub const EASY_DMA_SIZE: usize = (1 << 16) - 1;
[INFO] [stdout]     |               ^^^^^^^^^^^^^
[INFO] [stdout]     = note: the item is gated behind the `52840` feature
[INFO] [stdout] note: found an item that was configured out
[INFO] [stdout]    --> /opt/rustwide/cargo-home/registry/src/index.crates.io-6f17d22bba15001f/nrf-hal-common-0.16.0/src/lib.rs:144:15
[INFO] [stdout]     |
[INFO] [stdout] 144 |     pub const EASY_DMA_SIZE: usize = (1 << 16) - 1;
[INFO] [stdout]     |               ^^^^^^^^^^^^^
[INFO] [stdout] note: found an item that was configured out
[INFO] [stdout]    --> /opt/rustwide/cargo-home/registry/src/index.crates.io-6f17d22bba15001f/nrf-hal-common-0.16.0/src/lib.rs:146:15
[INFO] [stdout]     |
[INFO] [stdout] 146 |     pub const EASY_DMA_SIZE: usize = (1 << 12) - 1;
[INFO] [stdout]     |               ^^^^^^^^^^^^^
[INFO] [stdout]     = note: the item is gated behind the `9160` feature
[INFO] [stdout] 
[INFO] [stdout] 
[INFO] [stdout] error[E0433]: failed to resolve: could not find `pac` in the crate root
[INFO] [stdout]   --> /opt/rustwide/cargo-home/registry/src/index.crates.io-6f17d22bba15001f/nrf-hal-common-0.16.0/src/timer.rs:15:12
[INFO] [stdout]    |
[INFO] [stdout] 15 | use crate::pac::{
[INFO] [stdout]    |            ^^^ could not find `pac` in the crate root
[INFO] [stdout] 
[INFO] [stdout] 
[INFO] [stdout] error[E0432]: unresolved import `crate::pac`
[INFO] [stdout]  --> /opt/rustwide/cargo-home/registry/src/index.crates.io-6f17d22bba15001f/nrf-hal-common-0.16.0/src/temp.rs:4:12
[INFO] [stdout]   |
[INFO] [stdout] 4 | use crate::pac::TEMP;
[INFO] [stdout]   |            ^^^ could not find `pac` in the crate root
[INFO] [stdout] 
[INFO] [stdout] 
[INFO] [stdout] error[E0432]: unresolved import `crate::pac`
[INFO] [stdout]   --> /opt/rustwide/cargo-home/registry/src/index.crates.io-6f17d22bba15001f/nrf-hal-common-0.16.0/src/timer.rs:15:12
[INFO] [stdout]    |
[INFO] [stdout] 15 | use crate::pac::{
[INFO] [stdout]    |            ^^^ could not find `pac` in the crate root
[INFO] [stdout] 
[INFO] [stdout] 
[INFO] [stdout] error[E0432]: unresolved import `crate::pac`
[INFO] [stdout]   --> /opt/rustwide/cargo-home/registry/src/index.crates.io-6f17d22bba15001f/nrf-hal-common-0.16.0/src/twim.rs:17:12
[INFO] [stdout]    |
[INFO] [stdout] 17 | use crate::pac::{twim0, TWIM0};
[INFO] [stdout]    |            ^^^ could not find `pac` in the crate root
[INFO] [stdout] 
[INFO] [stdout] 
[INFO] [stdout] error[E0432]: unresolved import `crate::target_constants::EASY_DMA_SIZE`
[INFO] [stdout]    --> /opt/rustwide/cargo-home/registry/src/index.crates.io-6f17d22bba15001f/nrf-hal-common-0.16.0/src/twim.rs:25:24
[INFO] [stdout]     |
[INFO] [stdout] 25  |     target_constants::{EASY_DMA_SIZE, FORCE_COPY_BUFFER_SIZE},
[INFO] [stdout]     |                        ^^^^^^^^^^^^^ no `EASY_DMA_SIZE` in `target_constants`
[INFO] [stdout]     |
[INFO] [stdout] note: found an item that was configured out
[INFO] [stdout]    --> /opt/rustwide/cargo-home/registry/src/index.crates.io-6f17d22bba15001f/nrf-hal-common-0.16.0/src/lib.rs:128:15
[INFO] [stdout]     |
[INFO] [stdout] 128 |     pub const EASY_DMA_SIZE: usize = (1 << 8) - 1;
[INFO] [stdout]     |               ^^^^^^^^^^^^^
[INFO] [stdout]     = note: the item is gated behind the `51` feature
[INFO] [stdout] note: found an item that was configured out
[INFO] [stdout]    --> /opt/rustwide/cargo-home/registry/src/index.crates.io-6f17d22bba15001f/nrf-hal-common-0.16.0/src/lib.rs:130:15
[INFO] [stdout]     |
[INFO] [stdout] 130 |     pub const EASY_DMA_SIZE: usize = (1 << 14) - 1;
[INFO] [stdout]     |               ^^^^^^^^^^^^^
[INFO] [stdout]     = note: the item is gated behind the `52805` feature
[INFO] [stdout] note: found an item that was configured out
[INFO] [stdout]    --> /opt/rustwide/cargo-home/registry/src/index.crates.io-6f17d22bba15001f/nrf-hal-common-0.16.0/src/lib.rs:132:15
[INFO] [stdout]     |
[INFO] [stdout] 132 |     pub const EASY_DMA_SIZE: usize = (1 << 10) - 1;
[INFO] [stdout]     |               ^^^^^^^^^^^^^
[INFO] [stdout]     = note: the item is gated behind the `52810` feature
[INFO] [stdout] note: found an item that was configured out
[INFO] [stdout]    --> /opt/rustwide/cargo-home/registry/src/index.crates.io-6f17d22bba15001f/nrf-hal-common-0.16.0/src/lib.rs:134:15
[INFO] [stdout]     |
[INFO] [stdout] 134 |     pub const EASY_DMA_SIZE: usize = (1 << 14) - 1;
[INFO] [stdout]     |               ^^^^^^^^^^^^^
[INFO] [stdout]     = note: the item is gated behind the `52811` feature
[INFO] [stdout] note: found an item that was configured out
[INFO] [stdout]    --> /opt/rustwide/cargo-home/registry/src/index.crates.io-6f17d22bba15001f/nrf-hal-common-0.16.0/src/lib.rs:136:15
[INFO] [stdout]     |
[INFO] [stdout] 136 |     pub const EASY_DMA_SIZE: usize = (1 << 15) - 1;
[INFO] [stdout]     |               ^^^^^^^^^^^^^
[INFO] [stdout]     = note: the item is gated behind the `52820` feature
[INFO] [stdout] note: found an item that was configured out
[INFO] [stdout]    --> /opt/rustwide/cargo-home/registry/src/index.crates.io-6f17d22bba15001f/nrf-hal-common-0.16.0/src/lib.rs:138:15
[INFO] [stdout]     |
[INFO] [stdout] 138 |     pub const EASY_DMA_SIZE: usize = (1 << 8) - 1;
[INFO] [stdout]     |               ^^^^^^^^^^^^^
[INFO] [stdout]     = note: the item is gated behind the `52832` feature
[INFO] [stdout] note: found an item that was configured out
[INFO] [stdout]    --> /opt/rustwide/cargo-home/registry/src/index.crates.io-6f17d22bba15001f/nrf-hal-common-0.16.0/src/lib.rs:140:15
[INFO] [stdout]     |
[INFO] [stdout] 140 |     pub const EASY_DMA_SIZE: usize = (1 << 16) - 1;
[INFO] [stdout]     |               ^^^^^^^^^^^^^
[INFO] [stdout]     = note: the item is gated behind the `52833` feature
[INFO] [stdout] note: found an item that was configured out
[INFO] [stdout]    --> /opt/rustwide/cargo-home/registry/src/index.crates.io-6f17d22bba15001f/nrf-hal-common-0.16.0/src/lib.rs:142:15
[INFO] [stdout]     |
[INFO] [stdout] 142 |     pub const EASY_DMA_SIZE: usize = (1 << 16) - 1;
[INFO] [stdout]     |               ^^^^^^^^^^^^^
[INFO] [stdout]     = note: the item is gated behind the `52840` feature
[INFO] [stdout] note: found an item that was configured out
[INFO] [stdout]    --> /opt/rustwide/cargo-home/registry/src/index.crates.io-6f17d22bba15001f/nrf-hal-common-0.16.0/src/lib.rs:144:15
[INFO] [stdout]     |
[INFO] [stdout] 144 |     pub const EASY_DMA_SIZE: usize = (1 << 16) - 1;
[INFO] [stdout]     |               ^^^^^^^^^^^^^
[INFO] [stdout] note: found an item that was configured out
[INFO] [stdout]    --> /opt/rustwide/cargo-home/registry/src/index.crates.io-6f17d22bba15001f/nrf-hal-common-0.16.0/src/lib.rs:146:15
[INFO] [stdout]     |
[INFO] [stdout] 146 |     pub const EASY_DMA_SIZE: usize = (1 << 12) - 1;
[INFO] [stdout]     |               ^^^^^^^^^^^^^
[INFO] [stdout]     = note: the item is gated behind the `9160` feature
[INFO] [stdout] 
[INFO] [stdout] 
[INFO] [stdout] error[E0432]: unresolved import `crate::pac`
[INFO] [stdout]   --> /opt/rustwide/cargo-home/registry/src/index.crates.io-6f17d22bba15001f/nrf-hal-common-0.16.0/src/twis.rs:13:12
[INFO] [stdout]    |
[INFO] [stdout] 13 | use crate::pac::{twis0, P0, TWIS0};
[INFO] [stdout]    |            ^^^ could not find `pac` in the crate root
[INFO] [stdout] 
[INFO] [stdout] 
[INFO] [stdout] error[E0432]: unresolved imports `crate::pac`, `crate::target_constants::EASY_DMA_SIZE`
[INFO] [stdout]    --> /opt/rustwide/cargo-home/registry/src/index.crates.io-6f17d22bba15001f/nrf-hal-common-0.16.0/src/twis.rs:25:5
[INFO] [stdout]     |
[INFO] [stdout] 25  |     pac::Interrupt,
[INFO] [stdout]     |     ^^^ could not find `pac` in the crate root
[INFO] [stdout] 26  |     slice_in_ram_or,
[INFO] [stdout] 27  |     target_constants::{EASY_DMA_SIZE, SRAM_LOWER, SRAM_UPPER},
[INFO] [stdout]     |                        ^^^^^^^^^^^^^ no `EASY_DMA_SIZE` in `target_constants`
[INFO] [stdout]     |
[INFO] [stdout] note: found an item that was configured out
[INFO] [stdout]    --> /opt/rustwide/cargo-home/registry/src/index.crates.io-6f17d22bba15001f/nrf-hal-common-0.16.0/src/lib.rs:128:15
[INFO] [stdout]     |
[INFO] [stdout] 128 |     pub const EASY_DMA_SIZE: usize = (1 << 8) - 1;
[INFO] [stdout]     |               ^^^^^^^^^^^^^
[INFO] [stdout]     = note: the item is gated behind the `51` feature
[INFO] [stdout] note: found an item that was configured out
[INFO] [stdout]    --> /opt/rustwide/cargo-home/registry/src/index.crates.io-6f17d22bba15001f/nrf-hal-common-0.16.0/src/lib.rs:130:15
[INFO] [stdout]     |
[INFO] [stdout] 130 |     pub const EASY_DMA_SIZE: usize = (1 << 14) - 1;
[INFO] [stdout]     |               ^^^^^^^^^^^^^
[INFO] [stdout]     = note: the item is gated behind the `52805` feature
[INFO] [stdout] note: found an item that was configured out
[INFO] [stdout]    --> /opt/rustwide/cargo-home/registry/src/index.crates.io-6f17d22bba15001f/nrf-hal-common-0.16.0/src/lib.rs:132:15
[INFO] [stdout]     |
[INFO] [stdout] 132 |     pub const EASY_DMA_SIZE: usize = (1 << 10) - 1;
[INFO] [stdout]     |               ^^^^^^^^^^^^^
[INFO] [stdout]     = note: the item is gated behind the `52810` feature
[INFO] [stdout] note: found an item that was configured out
[INFO] [stdout]    --> /opt/rustwide/cargo-home/registry/src/index.crates.io-6f17d22bba15001f/nrf-hal-common-0.16.0/src/lib.rs:134:15
[INFO] [stdout]     |
[INFO] [stdout] 134 |     pub const EASY_DMA_SIZE: usize = (1 << 14) - 1;
[INFO] [stdout]     |               ^^^^^^^^^^^^^
[INFO] [stdout]     = note: the item is gated behind the `52811` feature
[INFO] [stdout] note: found an item that was configured out
[INFO] [stdout]    --> /opt/rustwide/cargo-home/registry/src/index.crates.io-6f17d22bba15001f/nrf-hal-common-0.16.0/src/lib.rs:136:15
[INFO] [stdout]     |
[INFO] [stdout] 136 |     pub const EASY_DMA_SIZE: usize = (1 << 15) - 1;
[INFO] [stdout]     |               ^^^^^^^^^^^^^
[INFO] [stdout]     = note: the item is gated behind the `52820` feature
[INFO] [stdout] note: found an item that was configured out
[INFO] [stdout]    --> /opt/rustwide/cargo-home/registry/src/index.crates.io-6f17d22bba15001f/nrf-hal-common-0.16.0/src/lib.rs:138:15
[INFO] [stdout]     |
[INFO] [stdout] 138 |     pub const EASY_DMA_SIZE: usize = (1 << 8) - 1;
[INFO] [stdout]     |               ^^^^^^^^^^^^^
[INFO] [stdout]     = note: the item is gated behind the `52832` feature
[INFO] [stdout] note: found an item that was configured out
[INFO] [stdout]    --> /opt/rustwide/cargo-home/registry/src/index.crates.io-6f17d22bba15001f/nrf-hal-common-0.16.0/src/lib.rs:140:15
[INFO] [stdout]     |
[INFO] [stdout] 140 |     pub const EASY_DMA_SIZE: usize = (1 << 16) - 1;
[INFO] [stdout]     |               ^^^^^^^^^^^^^
[INFO] [stdout]     = note: the item is gated behind the `52833` feature
[INFO] [stdout] note: found an item that was configured out
[INFO] [stdout]    --> /opt/rustwide/cargo-home/registry/src/index.crates.io-6f17d22bba15001f/nrf-hal-common-0.16.0/src/lib.rs:142:15
[INFO] [stdout]     |
[INFO] [stdout] 142 |     pub const EASY_DMA_SIZE: usize = (1 << 16) - 1;
[INFO] [stdout]     |               ^^^^^^^^^^^^^
[INFO] [stdout]     = note: the item is gated behind the `52840` feature
[INFO] [stdout] note: found an item that was configured out
[INFO] [stdout]    --> /opt/rustwide/cargo-home/registry/src/index.crates.io-6f17d22bba15001f/nrf-hal-common-0.16.0/src/lib.rs:144:15
[INFO] [stdout]     |
[INFO] [stdout] 144 |     pub const EASY_DMA_SIZE: usize = (1 << 16) - 1;
[INFO] [stdout]     |               ^^^^^^^^^^^^^
[INFO] [stdout] note: found an item that was configured out
[INFO] [stdout]    --> /opt/rustwide/cargo-home/registry/src/index.crates.io-6f17d22bba15001f/nrf-hal-common-0.16.0/src/lib.rs:146:15
[INFO] [stdout]     |
[INFO] [stdout] 146 |     pub const EASY_DMA_SIZE: usize = (1 << 12) - 1;
[INFO] [stdout]     |               ^^^^^^^^^^^^^
[INFO] [stdout]     = note: the item is gated behind the `9160` feature
[INFO] [stdout] 
[INFO] [stdout] 
[INFO] [stdout] error[E0432]: unresolved import `crate::pac`
[INFO] [stdout]   --> /opt/rustwide/cargo-home/registry/src/index.crates.io-6f17d22bba15001f/nrf-hal-common-0.16.0/src/uarte.rs:34:12
[INFO] [stdout]    |
[INFO] [stdout] 34 | use crate::pac::{uarte0, UARTE0};
[INFO] [stdout]    |            ^^^ could not find `pac` in the crate root
[INFO] [stdout] 
[INFO] [stdout] 
[INFO] [stdout] error[E0432]: unresolved import `crate::target_constants::EASY_DMA_SIZE`
[INFO] [stdout]    --> /opt/rustwide/cargo-home/registry/src/index.crates.io-6f17d22bba15001f/nrf-hal-common-0.16.0/src/uarte.rs:39:5
[INFO] [stdout]     |
[INFO] [stdout] 39  | use crate::target_constants::EASY_DMA_SIZE;
[INFO] [stdout]     |     ^^^^^^^^^^^^^^^^^^^^^^^^^^^^^^^^^^^^^^ no `EASY_DMA_SIZE` in `target_constants`
[INFO] [stdout]     |
[INFO] [stdout] note: found an item that was configured out
[INFO] [stdout]    --> /opt/rustwide/cargo-home/registry/src/index.crates.io-6f17d22bba15001f/nrf-hal-common-0.16.0/src/lib.rs:128:15
[INFO] [stdout]     |
[INFO] [stdout] 128 |     pub const EASY_DMA_SIZE: usize = (1 << 8) - 1;
[INFO] [stdout]     |               ^^^^^^^^^^^^^
[INFO] [stdout]     = note: the item is gated behind the `51` feature
[INFO] [stdout] note: found an item that was configured out
[INFO] [stdout]    --> /opt/rustwide/cargo-home/registry/src/index.crates.io-6f17d22bba15001f/nrf-hal-common-0.16.0/src/lib.rs:130:15
[INFO] [stdout]     |
[INFO] [stdout] 130 |     pub const EASY_DMA_SIZE: usize = (1 << 14) - 1;
[INFO] [stdout]     |               ^^^^^^^^^^^^^
[INFO] [stdout]     = note: the item is gated behind the `52805` feature
[INFO] [stdout] note: found an item that was configured out
[INFO] [stdout]    --> /opt/rustwide/cargo-home/registry/src/index.crates.io-6f17d22bba15001f/nrf-hal-common-0.16.0/src/lib.rs:132:15
[INFO] [stdout]     |
[INFO] [stdout] 132 |     pub const EASY_DMA_SIZE: usize = (1 << 10) - 1;
[INFO] [stdout]     |               ^^^^^^^^^^^^^
[INFO] [stdout]     = note: the item is gated behind the `52810` feature
[INFO] [stdout] note: found an item that was configured out
[INFO] [stdout]    --> /opt/rustwide/cargo-home/registry/src/index.crates.io-6f17d22bba15001f/nrf-hal-common-0.16.0/src/lib.rs:134:15
[INFO] [stdout]     |
[INFO] [stdout] 134 |     pub const EASY_DMA_SIZE: usize = (1 << 14) - 1;
[INFO] [stdout]     |               ^^^^^^^^^^^^^
[INFO] [stdout]     = note: the item is gated behind the `52811` feature
[INFO] [stdout] note: found an item that was configured out
[INFO] [stdout]    --> /opt/rustwide/cargo-home/registry/src/index.crates.io-6f17d22bba15001f/nrf-hal-common-0.16.0/src/lib.rs:136:15
[INFO] [stdout]     |
[INFO] [stdout] 136 |     pub const EASY_DMA_SIZE: usize = (1 << 15) - 1;
[INFO] [stdout]     |               ^^^^^^^^^^^^^
[INFO] [stdout]     = note: the item is gated behind the `52820` feature
[INFO] [stdout] note: found an item that was configured out
[INFO] [stdout]    --> /opt/rustwide/cargo-home/registry/src/index.crates.io-6f17d22bba15001f/nrf-hal-common-0.16.0/src/lib.rs:138:15
[INFO] [stdout]     |
[INFO] [stdout] 138 |     pub const EASY_DMA_SIZE: usize = (1 << 8) - 1;
[INFO] [stdout]     |               ^^^^^^^^^^^^^
[INFO] [stdout]     = note: the item is gated behind the `52832` feature
[INFO] [stdout] note: found an item that was configured out
[INFO] [stdout]    --> /opt/rustwide/cargo-home/registry/src/index.crates.io-6f17d22bba15001f/nrf-hal-common-0.16.0/src/lib.rs:140:15
[INFO] [stdout]     |
[INFO] [stdout] 140 |     pub const EASY_DMA_SIZE: usize = (1 << 16) - 1;
[INFO] [stdout]     |               ^^^^^^^^^^^^^
[INFO] [stdout]     = note: the item is gated behind the `52833` feature
[INFO] [stdout] note: found an item that was configured out
[INFO] [stdout]    --> /opt/rustwide/cargo-home/registry/src/index.crates.io-6f17d22bba15001f/nrf-hal-common-0.16.0/src/lib.rs:142:15
[INFO] [stdout]     |
[INFO] [stdout] 142 |     pub const EASY_DMA_SIZE: usize = (1 << 16) - 1;
[INFO] [stdout]     |               ^^^^^^^^^^^^^
[INFO] [stdout]     = note: the item is gated behind the `52840` feature
[INFO] [stdout] note: found an item that was configured out
[INFO] [stdout]    --> /opt/rustwide/cargo-home/registry/src/index.crates.io-6f17d22bba15001f/nrf-hal-common-0.16.0/src/lib.rs:144:15
[INFO] [stdout]     |
[INFO] [stdout] 144 |     pub const EASY_DMA_SIZE: usize = (1 << 16) - 1;
[INFO] [stdout]     |               ^^^^^^^^^^^^^
[INFO] [stdout] note: found an item that was configured out
[INFO] [stdout]    --> /opt/rustwide/cargo-home/registry/src/index.crates.io-6f17d22bba15001f/nrf-hal-common-0.16.0/src/lib.rs:146:15
[INFO] [stdout]     |
[INFO] [stdout] 146 |     pub const EASY_DMA_SIZE: usize = (1 << 12) - 1;
[INFO] [stdout]     |               ^^^^^^^^^^^^^
[INFO] [stdout]     = note: the item is gated behind the `9160` feature
[INFO] [stdout] 
[INFO] [stdout] 
[INFO] [stdout] error[E0432]: unresolved import `crate::pac`
[INFO] [stdout]  --> /opt/rustwide/cargo-home/registry/src/index.crates.io-6f17d22bba15001f/nrf-hal-common-0.16.0/src/uicr.rs:9:12
[INFO] [stdout]   |
[INFO] [stdout] 9 | use crate::pac::{NVMC, UICR};
[INFO] [stdout]   |            ^^^ could not find `pac` in the crate root
[INFO] [stdout] 
[INFO] [stdout] 
[INFO] [stdout] error[E0432]: unresolved import `crate::pac`
[INFO] [stdout]   --> /opt/rustwide/cargo-home/registry/src/index.crates.io-6f17d22bba15001f/nrf-hal-common-0.16.0/src/wdt.rs:14:20
[INFO] [stdout]    |
[INFO] [stdout] 14 |         use crate::pac::WDT;
[INFO] [stdout]    |                    ^^^ could not find `pac` in the crate root
[INFO] [stdout] 
[INFO] [stdout] 
[INFO] [stdout] error[E0433]: failed to resolve: could not find `pac` in the crate root
[INFO] [stdout]     --> /opt/rustwide/cargo-home/registry/src/index.crates.io-6f17d22bba15001f/nrf-hal-common-0.16.0/src/pwm.rs:1166:26
[INFO] [stdout]      |
[INFO] [stdout] 1166 | impl Instance for crate::pac::PWM0 {
[INFO] [stdout]      |                          ^^^ could not find `pac` in the crate root
[INFO] [stdout] 
[INFO] [stdout] 
[INFO] [stdout] error[E0433]: failed to resolve: could not find `pac` in the crate root
[INFO] [stdout]     --> /opt/rustwide/cargo-home/registry/src/index.crates.io-6f17d22bba15001f/nrf-hal-common-0.16.0/src/pwm.rs:1180:26
[INFO] [stdout]      |
[INFO] [stdout] 1180 | impl Instance for crate::pac::PWM1 {
[INFO] [stdout]      |                          ^^^ could not find `pac` in the crate root
[INFO] [stdout] 
[INFO] [stdout] 
[INFO] [stdout] error[E0433]: failed to resolve: could not find `pac` in the crate root
[INFO] [stdout]     --> /opt/rustwide/cargo-home/registry/src/index.crates.io-6f17d22bba15001f/nrf-hal-common-0.16.0/src/pwm.rs:1193:26
[INFO] [stdout]      |
[INFO] [stdout] 1193 | impl Instance for crate::pac::PWM2 {
[INFO] [stdout]      |                          ^^^ could not find `pac` in the crate root
[INFO] [stdout] 
[INFO] [stdout] 
[INFO] [stdout] error[E0433]: failed to resolve: could not find `pac` in the crate root
[INFO] [stdout]     --> /opt/rustwide/cargo-home/registry/src/index.crates.io-6f17d22bba15001f/nrf-hal-common-0.16.0/src/pwm.rs:1207:26
[INFO] [stdout]      |
[INFO] [stdout] 1207 | impl Instance for crate::pac::PWM3 {
[INFO] [stdout]      |                          ^^^ could not find `pac` in the crate root
[INFO] [stdout] 
[INFO] [stdout] 
[INFO] [stdout] error[E0433]: failed to resolve: could not find `pac` in the crate root
[INFO] [stdout]     --> /opt/rustwide/cargo-home/registry/src/index.crates.io-6f17d22bba15001f/nrf-hal-common-0.16.0/src/pwm.rs:1250:28
[INFO] [stdout]      |
[INFO] [stdout] 1250 |     impl Sealed for crate::pac::PWM0 {}
[INFO] [stdout]      |                            ^^^ could not find `pac` in the crate root
[INFO] [stdout] 
[INFO] [stdout] 
[INFO] [stdout] error[E0433]: failed to resolve: could not find `pac` in the crate root
[INFO] [stdout]     --> /opt/rustwide/cargo-home/registry/src/index.crates.io-6f17d22bba15001f/nrf-hal-common-0.16.0/src/pwm.rs:1258:28
[INFO] [stdout]      |
[INFO] [stdout] 1258 |     impl Sealed for crate::pac::PWM1 {}
[INFO] [stdout]      |                            ^^^ could not find `pac` in the crate root
[INFO] [stdout] 
[INFO] [stdout] 
[INFO] [stdout] error[E0433]: failed to resolve: could not find `pac` in the crate root
[INFO] [stdout]     --> /opt/rustwide/cargo-home/registry/src/index.crates.io-6f17d22bba15001f/nrf-hal-common-0.16.0/src/pwm.rs:1266:28
[INFO] [stdout]      |
[INFO] [stdout] 1266 |     impl Sealed for crate::pac::PWM2 {}
[INFO] [stdout]      |                            ^^^ could not find `pac` in the crate root
[INFO] [stdout] 
[INFO] [stdout] 
[INFO] [stdout] error[E0433]: failed to resolve: could not find `pac` in the crate root
[INFO] [stdout]     --> /opt/rustwide/cargo-home/registry/src/index.crates.io-6f17d22bba15001f/nrf-hal-common-0.16.0/src/pwm.rs:1275:28
[INFO] [stdout]      |
[INFO] [stdout] 1275 |     impl Sealed for crate::pac::PWM3 {}
[INFO] [stdout]      |                            ^^^ could not find `pac` in the crate root
[INFO] [stdout] 
[INFO] [stdout] 
[INFO] [stdout] error[E0433]: failed to resolve: could not find `pac` in the crate root
[INFO] [stdout]    --> /opt/rustwide/cargo-home/registry/src/index.crates.io-6f17d22bba15001f/nrf-hal-common-0.16.0/src/spi.rs:177:32
[INFO] [stdout]     |
[INFO] [stdout] 177 | impl sealed::Sealed for crate::pac::SPI1 {}
[INFO] [stdout]     |                                ^^^ could not find `pac` in the crate root
[INFO] [stdout] 
[INFO] [stdout] 
[INFO] [stdout] error[E0433]: failed to resolve: could not find `pac` in the crate root
[INFO] [stdout]    --> /opt/rustwide/cargo-home/registry/src/index.crates.io-6f17d22bba15001f/nrf-hal-common-0.16.0/src/spi.rs:179:26
[INFO] [stdout]     |
[INFO] [stdout] 179 | impl Instance for crate::pac::SPI1 {}
[INFO] [stdout]     |                          ^^^ could not find `pac` in the crate root
[INFO] [stdout] 
[INFO] [stdout] 
[INFO] [stdout] error[E0412]: cannot find type `EVENTS_STOPPED` in this scope
[INFO] [stdout]    --> /opt/rustwide/cargo-home/registry/src/index.crates.io-6f17d22bba15001f/nrf-hal-common-0.16.0/src/pwm.rs:667:37
[INFO] [stdout]     |
[INFO] [stdout] 667 |     pub fn event_stopped(&self) -> &EVENTS_STOPPED {
[INFO] [stdout]     |                                     ^^^^^^^^^^^^^^ not found in this scope
[INFO] [stdout] 
[INFO] [stdout] 
[INFO] [stdout] error[E0412]: cannot find type `EVENTS_LOOPSDONE` in this scope
[INFO] [stdout]    --> /opt/rustwide/cargo-home/registry/src/index.crates.io-6f17d22bba15001f/nrf-hal-common-0.16.0/src/pwm.rs:673:40
[INFO] [stdout]     |
[INFO] [stdout] 673 |     pub fn event_loops_done(&self) -> &EVENTS_LOOPSDONE {
[INFO] [stdout]     |                                        ^^^^^^^^^^^^^^^^ not found in this scope
[INFO] [stdout] 
[INFO] [stdout] 
[INFO] [stdout] error[E0412]: cannot find type `EVENTS_PWMPERIODEND` in this scope
[INFO] [stdout]    --> /opt/rustwide/cargo-home/registry/src/index.crates.io-6f17d22bba15001f/nrf-hal-common-0.16.0/src/pwm.rs:679:44
[INFO] [stdout]     |
[INFO] [stdout] 679 |     pub fn event_pwm_period_end(&self) -> &EVENTS_PWMPERIODEND {
[INFO] [stdout]     |                                            ^^^^^^^^^^^^^^^^^^^ not found in this scope
[INFO] [stdout] 
[INFO] [stdout] 
[INFO] [stdout] error[E0412]: cannot find type `EVENTS_SEQEND` in this scope
[INFO] [stdout]    --> /opt/rustwide/cargo-home/registry/src/index.crates.io-6f17d22bba15001f/nrf-hal-common-0.16.0/src/pwm.rs:685:38
[INFO] [stdout]     |
[INFO] [stdout] 685 |     pub fn event_seq0_end(&self) -> &EVENTS_SEQEND {
[INFO] [stdout]     |                                      ^^^^^^^^^^^^^ not found in this scope
[INFO] [stdout] 
[INFO] [stdout] 
[INFO] [stdout] error[E0412]: cannot find type `EVENTS_SEQEND` in this scope
[INFO] [stdout]    --> /opt/rustwide/cargo-home/registry/src/index.crates.io-6f17d22bba15001f/nrf-hal-common-0.16.0/src/pwm.rs:691:38
[INFO] [stdout]     |
[INFO] [stdout] 691 |     pub fn event_seq1_end(&self) -> &EVENTS_SEQEND {
[INFO] [stdout]     |                                      ^^^^^^^^^^^^^ not found in this scope
[INFO] [stdout] 
[INFO] [stdout] 
[INFO] [stdout] error[E0412]: cannot find type `EVENTS_SEQSTARTED` in this scope
[INFO] [stdout]    --> /opt/rustwide/cargo-home/registry/src/index.crates.io-6f17d22bba15001f/nrf-hal-common-0.16.0/src/pwm.rs:697:42
[INFO] [stdout]     |
[INFO] [stdout] 697 |     pub fn event_seq0_started(&self) -> &EVENTS_SEQSTARTED {
[INFO] [stdout]     |                                          ^^^^^^^^^^^^^^^^^ not found in this scope
[INFO] [stdout] 
[INFO] [stdout] 
[INFO] [stdout] error[E0412]: cannot find type `EVENTS_SEQSTARTED` in this scope
[INFO] [stdout]    --> /opt/rustwide/cargo-home/registry/src/index.crates.io-6f17d22bba15001f/nrf-hal-common-0.16.0/src/pwm.rs:703:42
[INFO] [stdout]     |
[INFO] [stdout] 703 |     pub fn event_seq1_started(&self) -> &EVENTS_SEQSTARTED {
[INFO] [stdout]     |                                          ^^^^^^^^^^^^^^^^^ not found in this scope
[INFO] [stdout] 
[INFO] [stdout] 
[INFO] [stdout] error[E0412]: cannot find type `TASKS_SEQSTART` in this scope
[INFO] [stdout]    --> /opt/rustwide/cargo-home/registry/src/index.crates.io-6f17d22bba15001f/nrf-hal-common-0.16.0/src/pwm.rs:709:39
[INFO] [stdout]     |
[INFO] [stdout] 709 |     pub fn task_start_seq0(&self) -> &TASKS_SEQSTART {
[INFO] [stdout]     |                                       ^^^^^^^^^^^^^^ not found in this scope
[INFO] [stdout] 
[INFO] [stdout] 
[INFO] [stdout] error[E0412]: cannot find type `TASKS_SEQSTART` in this scope
[INFO] [stdout]    --> /opt/rustwide/cargo-home/registry/src/index.crates.io-6f17d22bba15001f/nrf-hal-common-0.16.0/src/pwm.rs:715:39
[INFO] [stdout]     |
[INFO] [stdout] 715 |     pub fn task_start_seq1(&self) -> &TASKS_SEQSTART {
[INFO] [stdout]     |                                       ^^^^^^^^^^^^^^ not found in this scope
[INFO] [stdout] 
[INFO] [stdout] 
[INFO] [stdout] error[E0412]: cannot find type `TASKS_NEXTSTEP` in this scope
[INFO] [stdout]    --> /opt/rustwide/cargo-home/registry/src/index.crates.io-6f17d22bba15001f/nrf-hal-common-0.16.0/src/pwm.rs:721:38
[INFO] [stdout]     |
[INFO] [stdout] 721 |     pub fn task_next_step(&self) -> &TASKS_NEXTSTEP {
[INFO] [stdout]     |                                      ^^^^^^^^^^^^^^ not found in this scope
[INFO] [stdout] 
[INFO] [stdout] 
[INFO] [stdout] error[E0412]: cannot find type `TASKS_STOP` in this scope
[INFO] [stdout]    --> /opt/rustwide/cargo-home/registry/src/index.crates.io-6f17d22bba15001f/nrf-hal-common-0.16.0/src/pwm.rs:727:33
[INFO] [stdout]     |
[INFO] [stdout] 727 |     pub fn task_stop(&self) -> &TASKS_STOP {
[INFO] [stdout]     |                                 ^^^^^^^^^^ not found in this scope
[INFO] [stdout] 
[INFO] [stdout] 
[INFO] [stdout] error[E0412]: cannot find type `RegisterBlock` in this scope
[INFO] [stdout]     --> /opt/rustwide/cargo-home/registry/src/index.crates.io-6f17d22bba15001f/nrf-hal-common-0.16.0/src/pwm.rs:1149:53
[INFO] [stdout]      |
[INFO] [stdout] 1149 | pub trait Instance: sealed::Sealed + Deref<Target = RegisterBlock> {
[INFO] [stdout]      |                                                     ^^^^^^^^^^^^^ not found in this scope
[INFO] [stdout]      |
[INFO] [stdout] help: consider importing one of these items
[INFO] [stdout]      |
[INFO] [stdout] 5    + use cortex_m::peripheral::cbp::RegisterBlock;
[INFO] [stdout]      |
[INFO] [stdout] 5    + use cortex_m::peripheral::cpuid::RegisterBlock;
[INFO] [stdout]      |
[INFO] [stdout] 5    + use cortex_m::peripheral::dcb::RegisterBlock;
[INFO] [stdout]      |
[INFO] [stdout] 5    + use cortex_m::peripheral::dwt::RegisterBlock;
[INFO] [stdout]      |
[INFO] [stdout]        and 9 other candidates
[INFO] [stdout] 
[INFO] [stdout] 
[INFO] [stdout] error[E0412]: cannot find type `SPIS1` in module `super`
[INFO] [stdout]    --> /opt/rustwide/cargo-home/registry/src/index.crates.io-6f17d22bba15001f/nrf-hal-common-0.16.0/src/spis.rs:625:28
[INFO] [stdout]     |
[INFO] [stdout] 625 |     impl Sealed for super::SPIS1 {}
[INFO] [stdout]     |                            ^^^^^ not found in `super`
[INFO] [stdout]     |
[INFO] [stdout] note: found an item that was configured out
[INFO] [stdout]    --> /opt/rustwide/cargo-home/registry/src/index.crates.io-6f17d22bba15001f/nrf-hal-common-0.16.0/src/spis.rs:25:17
[INFO] [stdout]     |
[INFO] [stdout] 25  | use crate::pac::SPIS1;
[INFO] [stdout]     |                 ^^^^^
[INFO] [stdout]     = note: the item is gated behind the `52811` feature
[INFO] [stdout] note: found an item that was configured out
[INFO] [stdout]    --> /opt/rustwide/cargo-home/registry/src/index.crates.io-6f17d22bba15001f/nrf-hal-common-0.16.0/src/spis.rs:28:18
[INFO] [stdout]     |
[INFO] [stdout] 28  | use crate::pac::{SPIS1, SPIS2};
[INFO] [stdout]     |                  ^^^^^
[INFO] [stdout] 
[INFO] [stdout] 
[INFO] [stdout] error[E0412]: cannot find type `SPIS2` in module `super`
[INFO] [stdout]    --> /opt/rustwide/cargo-home/registry/src/index.crates.io-6f17d22bba15001f/nrf-hal-common-0.16.0/src/spis.rs:633:28
[INFO] [stdout]     |
[INFO] [stdout] 633 |     impl Sealed for super::SPIS2 {}
[INFO] [stdout]     |                            ^^^^^ not found in `super`
[INFO] [stdout]     |
[INFO] [stdout] note: found an item that was configured out
[INFO] [stdout]    --> /opt/rustwide/cargo-home/registry/src/index.crates.io-6f17d22bba15001f/nrf-hal-common-0.16.0/src/spis.rs:28:25
[INFO] [stdout]     |
[INFO] [stdout] 28  | use crate::pac::{SPIS1, SPIS2};
[INFO] [stdout]     |                         ^^^^^
[INFO] [stdout] 
[INFO] [stdout] 
[INFO] [stdout] error[E0412]: cannot find type `SPIS1` in this scope
[INFO] [stdout]    --> /opt/rustwide/cargo-home/registry/src/index.crates.io-6f17d22bba15001f/nrf-hal-common-0.16.0/src/spis.rs:665:19
[INFO] [stdout]     |
[INFO] [stdout] 665 | impl Instance for SPIS1 {
[INFO] [stdout]     |                   ^^^^^ not found in this scope
[INFO] [stdout] 
[INFO] [stdout] 
[INFO] [stdout] error[E0412]: cannot find type `SPIS2` in this scope
[INFO] [stdout]    --> /opt/rustwide/cargo-home/registry/src/index.crates.io-6f17d22bba15001f/nrf-hal-common-0.16.0/src/spis.rs:679:19
[INFO] [stdout]     |
[INFO] [stdout] 679 | impl Instance for SPIS2 {
[INFO] [stdout]     |                   ^^^^^ not found in this scope
[INFO] [stdout] 
[INFO] [stdout] 
[INFO] [stdout] error[E0425]: cannot find value `EASY_DMA_SIZE` in this scope
[INFO] [stdout]    --> /opt/rustwide/cargo-home/registry/src/index.crates.io-6f17d22bba15001f/nrf-hal-common-0.16.0/src/lib.rs:156:50
[INFO] [stdout]     |
[INFO] [stdout] 156 |     const _CHECK_FORCE_COPY_BUFFER_SIZE: usize = EASY_DMA_SIZE - FORCE_COPY_BUFFER_SIZE;
[INFO] [stdout]     |                                                  ^^^^^^^^^^^^^ not found in this scope
[INFO] [stdout] 
[INFO] [stdout] 
[INFO] [stdout] error: aborting due to 69 previous errors
[INFO] [stdout] 
[INFO] [stdout] 
[INFO] [stdout] Some errors have detailed explanations: E0412, E0425, E0432, E0433.
[INFO] [stdout] 
[INFO] [stdout] For more information about an error, try `rustc --explain E0412`.
[INFO] [stdout] 
[INFO] [stderr] error: could not compile `nrf-hal-common` (lib) due to 70 previous errors
[INFO] running `Command { std: "docker" "inspect" "4474892093dbae7877cbd014dfa399d984b02049f98ea49e9b6291986d2d4313", kill_on_drop: false }`
[INFO] running `Command { std: "docker" "rm" "-f" "4474892093dbae7877cbd014dfa399d984b02049f98ea49e9b6291986d2d4313", kill_on_drop: false }`
[INFO] [stdout] 4474892093dbae7877cbd014dfa399d984b02049f98ea49e9b6291986d2d4313
