[INFO] cloning repository https://github.com/aaronlevin/fuschia
[INFO] running `Command { std: "git" "-c" "credential.helper=" "-c" "credential.helper=/workspace/cargo-home/bin/git-credential-null" "clone" "--bare" "https://github.com/aaronlevin/fuschia" "/workspace/cache/git-repos/https%3A%2F%2Fgithub.com%2Faaronlevin%2Ffuschia", kill_on_drop: false }`
[INFO] [stderr] Cloning into bare repository '/workspace/cache/git-repos/https%3A%2F%2Fgithub.com%2Faaronlevin%2Ffuschia'...
[INFO] running `Command { std: "git" "rev-parse" "HEAD", kill_on_drop: false }`
[INFO] [stdout] 4a9fd55f0a8c0bf342fa8f823d1308ccd77d9d71
[INFO] documenting aaronlevin/fuschia against 1.75.0 for beta-1.76-rustdoc-1
[INFO] running `Command { std: "git" "clone" "/workspace/cache/git-repos/https%3A%2F%2Fgithub.com%2Faaronlevin%2Ffuschia" "/workspace/builds/worker-6-tc1/source", kill_on_drop: false }`
[INFO] [stderr] Cloning into '/workspace/builds/worker-6-tc1/source'...
[INFO] [stderr] done.
[INFO] validating manifest of git repo https://github.com/aaronlevin/fuschia on toolchain 1.75.0
[INFO] running `Command { std: CARGO_HOME="/workspace/cargo-home" RUSTUP_HOME="/workspace/rustup-home" "/workspace/cargo-home/bin/cargo" "+1.75.0" "metadata" "--manifest-path" "Cargo.toml" "--no-deps", kill_on_drop: false }`
[INFO] started tweaking git repo https://github.com/aaronlevin/fuschia
[INFO] finished tweaking git repo https://github.com/aaronlevin/fuschia
[INFO] tweaked toml for git repo https://github.com/aaronlevin/fuschia written to /workspace/builds/worker-6-tc1/source/Cargo.toml
[INFO] crate git repo https://github.com/aaronlevin/fuschia already has a lockfile, it will not be regenerated
[INFO] running `Command { std: CARGO_HOME="/workspace/cargo-home" RUSTUP_HOME="/workspace/rustup-home" "/workspace/cargo-home/bin/cargo" "+1.75.0" "fetch" "--manifest-path" "Cargo.toml", kill_on_drop: false }`
[INFO] [stderr]  Downloading crates ...
[INFO] [stderr]   Downloaded fuse v0.3.1
[INFO] [stderr]   Downloaded xmlparser v0.8.1
[INFO] [stderr]   Downloaded termcolor v1.0.2
[INFO] [stderr]   Downloaded roxmltree v0.4.1
[INFO] running `Command { std: "docker" "create" "-v" "/var/lib/crater-agent-workspace/builds/worker-6-tc1/target:/opt/rustwide/target:rw,Z" "-v" "/var/lib/crater-agent-workspace/builds/worker-6-tc1/source:/opt/rustwide/workdir:ro,Z" "-v" "/var/lib/crater-agent-workspace/cargo-home:/opt/rustwide/cargo-home:ro,Z" "-v" "/var/lib/crater-agent-workspace/rustup-home:/opt/rustwide/rustup-home:ro,Z" "-e" "SOURCE_DIR=/opt/rustwide/workdir" "-e" "CARGO_TARGET_DIR=/opt/rustwide/target" "-e" "CARGO_HOME=/opt/rustwide/cargo-home" "-e" "RUSTUP_HOME=/opt/rustwide/rustup-home" "-w" "/opt/rustwide/workdir" "-m" "1610612736" "--user" "0:0" "--network" "none" "ghcr.io/rust-lang/crates-build-env/linux@sha256:2788e3201cd34a07e3172128adcd8b3090168a8e3bcc40d7c032b9dda1df7d1c" "/opt/rustwide/cargo-home/bin/cargo" "+1.75.0" "metadata" "--no-deps" "--format-version=1", kill_on_drop: false }`
[INFO] [stdout] e2071a4fd538471e18f9eff288668292df63becf8ffa99ef8f142881783c1be1
[INFO] running `Command { std: "docker" "start" "-a" "e2071a4fd538471e18f9eff288668292df63becf8ffa99ef8f142881783c1be1", kill_on_drop: false }`
[INFO] running `Command { std: "docker" "inspect" "e2071a4fd538471e18f9eff288668292df63becf8ffa99ef8f142881783c1be1", kill_on_drop: false }`
[INFO] running `Command { std: "docker" "rm" "-f" "e2071a4fd538471e18f9eff288668292df63becf8ffa99ef8f142881783c1be1", kill_on_drop: false }`
[INFO] [stdout] e2071a4fd538471e18f9eff288668292df63becf8ffa99ef8f142881783c1be1
[INFO] running `Command { std: "docker" "create" "-v" "/var/lib/crater-agent-workspace/builds/worker-6-tc1/target:/opt/rustwide/target:rw,Z" "-v" "/var/lib/crater-agent-workspace/builds/worker-6-tc1/source:/opt/rustwide/workdir:ro,Z" "-v" "/var/lib/crater-agent-workspace/cargo-home:/opt/rustwide/cargo-home:ro,Z" "-v" "/var/lib/crater-agent-workspace/rustup-home:/opt/rustwide/rustup-home:ro,Z" "-e" "SOURCE_DIR=/opt/rustwide/workdir" "-e" "CARGO_TARGET_DIR=/opt/rustwide/target" "-e" "CARGO_INCREMENTAL=0" "-e" "RUST_BACKTRACE=full" "-e" "RUSTFLAGS=--cap-lints=warn" "-e" "RUSTDOCFLAGS=--cap-lints=warn" "-e" "CARGO_HOME=/opt/rustwide/cargo-home" "-e" "RUSTUP_HOME=/opt/rustwide/rustup-home" "-w" "/opt/rustwide/workdir" "-m" "1610612736" "--user" "0:0" "--network" "none" "ghcr.io/rust-lang/crates-build-env/linux@sha256:2788e3201cd34a07e3172128adcd8b3090168a8e3bcc40d7c032b9dda1df7d1c" "/opt/rustwide/cargo-home/bin/cargo" "+1.75.0" "doc" "--frozen" "--no-deps" "--document-private-items" "--message-format=json", kill_on_drop: false }`
[INFO] [stdout] 2cf1279b0515be73c068e49540ae298e8e3c96b35d90fa2c8feab5faf9039ace
[INFO] running `Command { std: "docker" "start" "-a" "2cf1279b0515be73c068e49540ae298e8e3c96b35d90fa2c8feab5faf9039ace", kill_on_drop: false }`
[INFO] [stderr]     Checking libc v0.2.43
[INFO] [stderr]    Compiling version_check v0.1.4
[INFO] [stderr]     Checking cfg-if v0.1.5
[INFO] [stderr]    Compiling regex v1.0.4
[INFO] [stderr]    Compiling pkg-config v0.3.14
[INFO] [stderr]     Checking ucd-util v0.1.1
[INFO] [stderr]     Checking utf8-ranges v1.0.1
[INFO] [stderr]     Checking quick-error v1.2.2
[INFO] [stderr]     Checking termcolor v1.0.2
[INFO] [stderr]     Checking xmlparser v0.8.1
[INFO] [stderr]     Checking thread-scoped v1.0.2
[INFO] [stderr]     Checking log v0.4.4
[INFO] [stderr]     Checking humantime v1.1.1
[INFO] [stderr]     Checking regex-syntax v0.6.2
[INFO] [stderr]     Checking log v0.3.9
[INFO] [stderr]    Compiling lazy_static v1.1.0
[INFO] [stderr]     Checking roxmltree v0.4.1
[INFO] [stderr]    Compiling fuse v0.3.1
[INFO] [stderr]     Checking memchr v2.0.2
[INFO] [stderr]     Checking time v0.1.40
[INFO] [stderr]     Checking atty v0.2.11
[INFO] [stderr]     Checking thread_local v0.3.6
[INFO] [stderr]     Checking aho-corasick v0.6.8
[INFO] [stderr]     Checking env_logger v0.5.13
[INFO] [stderr]  Documenting fuse-game v0.1.0 (/opt/rustwide/workdir)
[INFO] [stdout] error[E0554]: `#![feature]` may not be used on the stable release channel
[INFO] [stdout]  --> src/bin/starcon.rs:1:12
[INFO] [stdout]   |
[INFO] [stdout] 1 | #![feature(const_str_len)]
[INFO] [stdout]   |            ^^^^^^^^^^^^^
[INFO] [stdout] 
[INFO] [stdout] 
[INFO] [stdout] error[E0554]: `#![feature]` may not be used on the stable release channel
[INFO] [stdout]  --> src/bin/fuschia.rs:1:12
[INFO] [stdout]   |
[INFO] [stdout] 1 | #![feature(const_str_len)]
[INFO] [stdout]   |            ^^^^^^^^^^^^^
[INFO] [stdout] 
[INFO] [stdout] 
[INFO] [stdout] error[E0554]: `#![feature]` may not be used on the stable release channel
[INFO] [stdout]  --> src/bin/xml.rs:1:12
[INFO] [stdout]   |
[INFO] [stdout] 1 | #![feature(const_str_len)]
[INFO] [stdout]   |            ^^^^^^^^^^^^^
[INFO] [stdout] 
[INFO] [stdout] 
[INFO] [stdout] error: aborting due to previous error
[INFO] [stdout] 
[INFO] [stdout] 
[INFO] [stdout] For more information about this error, try `rustc --explain E0554`.
[INFO] [stdout] 
[INFO] [stderr] error: could not document `fuse-game`
[INFO] [stderr] 
[INFO] [stderr] Caused by:
[INFO] [stderr]   process didn't exit successfully: `/opt/rustwide/rustup-home/toolchains/1.75.0-x86_64-unknown-linux-gnu/bin/rustdoc --crate-type bin --crate-name starcon src/bin/starcon.rs -o /opt/rustwide/target/doc --error-format=json --json=diagnostic-rendered-ansi,artifacts,future-incompat --document-private-items '-Arustdoc::private-intra-doc-links' -C metadata=d4f77c9c667183a0 -L dependency=/opt/rustwide/target/debug/deps --extern env_logger=/opt/rustwide/target/debug/deps/libenv_logger-b8c46cb7a70c9a0a.rmeta --extern fuse=/opt/rustwide/target/debug/deps/libfuse-f7a7ca0b0763264b.rmeta --extern libc=/opt/rustwide/target/debug/deps/liblibc-a131e6b48270d2c1.rmeta --extern log=/opt/rustwide/target/debug/deps/liblog-85ef9c1db0ae0851.rmeta --extern roxmltree=/opt/rustwide/target/debug/deps/libroxmltree-2a3fe9f96bb4a500.rmeta --extern thread_scoped=/opt/rustwide/target/debug/deps/libthread_scoped-f43d401c56e1966e.rmeta --extern time=/opt/rustwide/target/debug/deps/libtime-de38b69db5d33345.rmeta --cap-lints=warn --crate-version 0.1.0` (exit status: 1)
[INFO] [stderr] warning: build failed, waiting for other jobs to finish...
[INFO] [stdout] error: aborting due to previous error
[INFO] [stdout] 
[INFO] [stdout] 
[INFO] [stdout] For more information about this error, try `rustc --explain E0554`.
[INFO] [stdout] 
[INFO] [stderr] error: could not document `fuse-game`
[INFO] [stderr] 
[INFO] [stderr] Caused by:
[INFO] [stderr]   process didn't exit successfully: `/opt/rustwide/rustup-home/toolchains/1.75.0-x86_64-unknown-linux-gnu/bin/rustdoc --crate-type bin --crate-name fuschia src/bin/fuschia.rs -o /opt/rustwide/target/doc --error-format=json --json=diagnostic-rendered-ansi,artifacts,future-incompat --document-private-items '-Arustdoc::private-intra-doc-links' -C metadata=e3ffcce736090f52 -L dependency=/opt/rustwide/target/debug/deps --extern env_logger=/opt/rustwide/target/debug/deps/libenv_logger-b8c46cb7a70c9a0a.rmeta --extern fuse=/opt/rustwide/target/debug/deps/libfuse-f7a7ca0b0763264b.rmeta --extern libc=/opt/rustwide/target/debug/deps/liblibc-a131e6b48270d2c1.rmeta --extern log=/opt/rustwide/target/debug/deps/liblog-85ef9c1db0ae0851.rmeta --extern roxmltree=/opt/rustwide/target/debug/deps/libroxmltree-2a3fe9f96bb4a500.rmeta --extern thread_scoped=/opt/rustwide/target/debug/deps/libthread_scoped-f43d401c56e1966e.rmeta --extern time=/opt/rustwide/target/debug/deps/libtime-de38b69db5d33345.rmeta --cap-lints=warn --crate-version 0.1.0` (exit status: 1)
[INFO] [stdout] error: aborting due to previous error
[INFO] [stdout] 
[INFO] [stdout] 
[INFO] [stdout] For more information about this error, try `rustc --explain E0554`.
[INFO] [stdout] 
[INFO] [stderr] error: could not document `fuse-game`
[INFO] [stderr] 
[INFO] [stderr] Caused by:
[INFO] [stderr]   process didn't exit successfully: `/opt/rustwide/rustup-home/toolchains/1.75.0-x86_64-unknown-linux-gnu/bin/rustdoc --crate-type bin --crate-name xml src/bin/xml.rs -o /opt/rustwide/target/doc --error-format=json --json=diagnostic-rendered-ansi,artifacts,future-incompat --document-private-items '-Arustdoc::private-intra-doc-links' -C metadata=224fb6fb2dcbf903 -L dependency=/opt/rustwide/target/debug/deps --extern env_logger=/opt/rustwide/target/debug/deps/libenv_logger-b8c46cb7a70c9a0a.rmeta --extern fuse=/opt/rustwide/target/debug/deps/libfuse-f7a7ca0b0763264b.rmeta --extern libc=/opt/rustwide/target/debug/deps/liblibc-a131e6b48270d2c1.rmeta --extern log=/opt/rustwide/target/debug/deps/liblog-85ef9c1db0ae0851.rmeta --extern roxmltree=/opt/rustwide/target/debug/deps/libroxmltree-2a3fe9f96bb4a500.rmeta --extern thread_scoped=/opt/rustwide/target/debug/deps/libthread_scoped-f43d401c56e1966e.rmeta --extern time=/opt/rustwide/target/debug/deps/libtime-de38b69db5d33345.rmeta --cap-lints=warn --crate-version 0.1.0` (exit status: 1)
[INFO] running `Command { std: "docker" "inspect" "2cf1279b0515be73c068e49540ae298e8e3c96b35d90fa2c8feab5faf9039ace", kill_on_drop: false }`
[INFO] running `Command { std: "docker" "rm" "-f" "2cf1279b0515be73c068e49540ae298e8e3c96b35d90fa2c8feab5faf9039ace", kill_on_drop: false }`
[INFO] [stdout] 2cf1279b0515be73c068e49540ae298e8e3c96b35d90fa2c8feab5faf9039ace
[INFO] documenting aaronlevin/fuschia against beta-2023-12-22 for beta-1.76-rustdoc-1
[INFO] running `Command { std: "git" "clone" "/workspace/cache/git-repos/https%3A%2F%2Fgithub.com%2Faaronlevin%2Ffuschia" "/workspace/builds/worker-6-tc2/source", kill_on_drop: false }`
[INFO] [stderr] Cloning into '/workspace/builds/worker-6-tc2/source'...
[INFO] [stderr] done.
[INFO] validating manifest of git repo https://github.com/aaronlevin/fuschia on toolchain beta-2023-12-22
[INFO] running `Command { std: CARGO_HOME="/workspace/cargo-home" RUSTUP_HOME="/workspace/rustup-home" "/workspace/cargo-home/bin/cargo" "+beta-2023-12-22" "metadata" "--manifest-path" "Cargo.toml" "--no-deps", kill_on_drop: false }`
[INFO] started tweaking git repo https://github.com/aaronlevin/fuschia
[INFO] finished tweaking git repo https://github.com/aaronlevin/fuschia
[INFO] tweaked toml for git repo https://github.com/aaronlevin/fuschia written to /workspace/builds/worker-6-tc2/source/Cargo.toml
[INFO] crate git repo https://github.com/aaronlevin/fuschia already has a lockfile, it will not be regenerated
[INFO] running `Command { std: CARGO_HOME="/workspace/cargo-home" RUSTUP_HOME="/workspace/rustup-home" "/workspace/cargo-home/bin/cargo" "+beta-2023-12-22" "fetch" "--manifest-path" "Cargo.toml", kill_on_drop: false }`
[INFO] running `Command { std: "docker" "create" "-v" "/var/lib/crater-agent-workspace/builds/worker-6-tc2/target:/opt/rustwide/target:rw,Z" "-v" "/var/lib/crater-agent-workspace/builds/worker-6-tc2/source:/opt/rustwide/workdir:ro,Z" "-v" "/var/lib/crater-agent-workspace/cargo-home:/opt/rustwide/cargo-home:ro,Z" "-v" "/var/lib/crater-agent-workspace/rustup-home:/opt/rustwide/rustup-home:ro,Z" "-e" "SOURCE_DIR=/opt/rustwide/workdir" "-e" "CARGO_TARGET_DIR=/opt/rustwide/target" "-e" "CARGO_HOME=/opt/rustwide/cargo-home" "-e" "RUSTUP_HOME=/opt/rustwide/rustup-home" "-w" "/opt/rustwide/workdir" "-m" "1610612736" "--user" "0:0" "--network" "none" "ghcr.io/rust-lang/crates-build-env/linux@sha256:2788e3201cd34a07e3172128adcd8b3090168a8e3bcc40d7c032b9dda1df7d1c" "/opt/rustwide/cargo-home/bin/cargo" "+beta-2023-12-22" "metadata" "--no-deps" "--format-version=1", kill_on_drop: false }`
[INFO] [stdout] 2104501c2b77d2ef8b69182f06f174fa3e7d398c4eec48b8357e08e13a394bb6
[INFO] running `Command { std: "docker" "start" "-a" "2104501c2b77d2ef8b69182f06f174fa3e7d398c4eec48b8357e08e13a394bb6", kill_on_drop: false }`
[INFO] running `Command { std: "docker" "inspect" "2104501c2b77d2ef8b69182f06f174fa3e7d398c4eec48b8357e08e13a394bb6", kill_on_drop: false }`
[INFO] running `Command { std: "docker" "rm" "-f" "2104501c2b77d2ef8b69182f06f174fa3e7d398c4eec48b8357e08e13a394bb6", kill_on_drop: false }`
[INFO] [stdout] 2104501c2b77d2ef8b69182f06f174fa3e7d398c4eec48b8357e08e13a394bb6
[INFO] running `Command { std: "docker" "create" "-v" "/var/lib/crater-agent-workspace/builds/worker-6-tc2/target:/opt/rustwide/target:rw,Z" "-v" "/var/lib/crater-agent-workspace/builds/worker-6-tc2/source:/opt/rustwide/workdir:ro,Z" "-v" "/var/lib/crater-agent-workspace/cargo-home:/opt/rustwide/cargo-home:ro,Z" "-v" "/var/lib/crater-agent-workspace/rustup-home:/opt/rustwide/rustup-home:ro,Z" "-e" "SOURCE_DIR=/opt/rustwide/workdir" "-e" "CARGO_TARGET_DIR=/opt/rustwide/target" "-e" "CARGO_INCREMENTAL=0" "-e" "RUST_BACKTRACE=full" "-e" "RUSTFLAGS=--cap-lints=warn" "-e" "RUSTDOCFLAGS=--cap-lints=warn" "-e" "CARGO_HOME=/opt/rustwide/cargo-home" "-e" "RUSTUP_HOME=/opt/rustwide/rustup-home" "-w" "/opt/rustwide/workdir" "-m" "1610612736" "--user" "0:0" "--network" "none" "ghcr.io/rust-lang/crates-build-env/linux@sha256:2788e3201cd34a07e3172128adcd8b3090168a8e3bcc40d7c032b9dda1df7d1c" "/opt/rustwide/cargo-home/bin/cargo" "+beta-2023-12-22" "doc" "--frozen" "--no-deps" "--document-private-items" "--message-format=json", kill_on_drop: false }`
[INFO] [stdout] c7e6bd40df3b92a2a9e6cb3431d63be816fe461cf2c2cdba52a57093b8b7cf1c
[INFO] running `Command { std: "docker" "start" "-a" "c7e6bd40df3b92a2a9e6cb3431d63be816fe461cf2c2cdba52a57093b8b7cf1c", kill_on_drop: false }`
[INFO] [stderr]     Checking libc v0.2.43
[INFO] [stderr]    Compiling version_check v0.1.4
[INFO] [stderr]     Checking cfg-if v0.1.5
[INFO] [stderr]    Compiling regex v1.0.4
[INFO] [stderr]    Compiling pkg-config v0.3.14
[INFO] [stderr]     Checking ucd-util v0.1.1
[INFO] [stderr]     Checking quick-error v1.2.2
[INFO] [stderr]     Checking utf8-ranges v1.0.1
[INFO] [stderr]     Checking termcolor v1.0.2
[INFO] [stderr]     Checking thread-scoped v1.0.2
[INFO] [stderr]     Checking xmlparser v0.8.1
[INFO] [stderr]     Checking log v0.4.4
[INFO] [stderr]     Checking humantime v1.1.1
[INFO] [stderr]     Checking regex-syntax v0.6.2
[INFO] [stderr]    Compiling lazy_static v1.1.0
[INFO] [stderr]     Checking log v0.3.9
[INFO] [stderr]     Checking roxmltree v0.4.1
[INFO] [stderr]    Compiling fuse v0.3.1
[INFO] [stderr]     Checking memchr v2.0.2
[INFO] [stderr]     Checking atty v0.2.11
[INFO] [stderr]     Checking time v0.1.40
[INFO] [stderr]     Checking aho-corasick v0.6.8
[INFO] [stderr]     Checking thread_local v0.3.6
[INFO] [stderr]     Checking env_logger v0.5.13
[INFO] [stderr]  Documenting fuse-game v0.1.0 (/opt/rustwide/workdir)
[INFO] [stdout] error[E0554]: `#![feature]` may not be used on the beta release channel
[INFO] [stdout]  --> src/bin/starcon.rs:1:12
[INFO] [stdout]   |
[INFO] [stdout] 1 | #![feature(const_str_len)]
[INFO] [stdout]   |            ^^^^^^^^^^^^^
[INFO] [stdout] 
[INFO] [stdout] 
[INFO] [stdout] error[E0554]: `#![feature]` may not be used on the beta release channel
[INFO] [stdout]  --> src/bin/fuschia.rs:1:12
[INFO] [stdout]   |
[INFO] [stdout] 1 | #![feature(const_str_len)]
[INFO] [stdout]   |            ^^^^^^^^^^^^^
[INFO] [stdout] 
[INFO] [stdout] 
[INFO] [stdout] error[E0554]: `#![feature]` may not be used on the beta release channel
[INFO] [stdout]  --> src/bin/xml.rs:1:12
[INFO] [stdout]   |
[INFO] [stdout] 1 | #![feature(const_str_len)]
[INFO] [stdout]   |            ^^^^^^^^^^^^^
[INFO] [stdout] 
[INFO] [stdout] 
[INFO] [stdout] error: aborting due to 1 previous error
[INFO] [stdout] 
[INFO] [stdout] 
[INFO] [stdout] For more information about this error, try `rustc --explain E0554`.
[INFO] [stdout] 
[INFO] [stderr] error: could not document `fuse-game`
[INFO] [stderr] 
[INFO] [stderr] Caused by:
[INFO] [stderr]   process didn't exit successfully: `/opt/rustwide/rustup-home/toolchains/beta-2023-12-22-x86_64-unknown-linux-gnu/bin/rustdoc --crate-type bin --crate-name starcon src/bin/starcon.rs -o /opt/rustwide/target/doc --error-format=json --json=diagnostic-rendered-ansi,artifacts,future-incompat --document-private-items '-Arustdoc::private-intra-doc-links' -C metadata=16f5419e51101add -L dependency=/opt/rustwide/target/debug/deps --extern env_logger=/opt/rustwide/target/debug/deps/libenv_logger-1daf16f0db1a76fe.rmeta --extern fuse=/opt/rustwide/target/debug/deps/libfuse-6a4ec87b83482324.rmeta --extern libc=/opt/rustwide/target/debug/deps/liblibc-0776bbae79701d2b.rmeta --extern log=/opt/rustwide/target/debug/deps/liblog-8284c976d51aca3e.rmeta --extern roxmltree=/opt/rustwide/target/debug/deps/libroxmltree-ee7722fbc25876bf.rmeta --extern thread_scoped=/opt/rustwide/target/debug/deps/libthread_scoped-66af673bd5a7b5bb.rmeta --extern time=/opt/rustwide/target/debug/deps/libtime-15c52561d051f55d.rmeta --cap-lints=warn --crate-version 0.1.0` (exit status: 1)
[INFO] [stderr] warning: build failed, waiting for other jobs to finish...
[INFO] [stdout] error: aborting due to 1 previous error
[INFO] [stdout] 
[INFO] [stdout] 
[INFO] [stdout] For more information about this error, try `rustc --explain E0554`.
[INFO] [stdout] 
[INFO] [stdout] error: aborting due to 1 previous error
[INFO] [stdout] 
[INFO] [stdout] 
[INFO] [stdout] For more information about this error, try `rustc --explain E0554`.
[INFO] [stdout] 
[INFO] [stderr] error: could not document `fuse-game`
[INFO] [stderr] 
[INFO] [stderr] Caused by:
[INFO] [stderr]   process didn't exit successfully: `/opt/rustwide/rustup-home/toolchains/beta-2023-12-22-x86_64-unknown-linux-gnu/bin/rustdoc --crate-type bin --crate-name fuschia src/bin/fuschia.rs -o /opt/rustwide/target/doc --error-format=json --json=diagnostic-rendered-ansi,artifacts,future-incompat --document-private-items '-Arustdoc::private-intra-doc-links' -C metadata=dc88d9329b4ddd53 -L dependency=/opt/rustwide/target/debug/deps --extern env_logger=/opt/rustwide/target/debug/deps/libenv_logger-1daf16f0db1a76fe.rmeta --extern fuse=/opt/rustwide/target/debug/deps/libfuse-6a4ec87b83482324.rmeta --extern libc=/opt/rustwide/target/debug/deps/liblibc-0776bbae79701d2b.rmeta --extern log=/opt/rustwide/target/debug/deps/liblog-8284c976d51aca3e.rmeta --extern roxmltree=/opt/rustwide/target/debug/deps/libroxmltree-ee7722fbc25876bf.rmeta --extern thread_scoped=/opt/rustwide/target/debug/deps/libthread_scoped-66af673bd5a7b5bb.rmeta --extern time=/opt/rustwide/target/debug/deps/libtime-15c52561d051f55d.rmeta --cap-lints=warn --crate-version 0.1.0` (exit status: 1)
[INFO] [stderr] error: could not document `fuse-game`
[INFO] [stderr] 
[INFO] [stderr] Caused by:
[INFO] [stderr]   process didn't exit successfully: `/opt/rustwide/rustup-home/toolchains/beta-2023-12-22-x86_64-unknown-linux-gnu/bin/rustdoc --crate-type bin --crate-name xml src/bin/xml.rs -o /opt/rustwide/target/doc --error-format=json --json=diagnostic-rendered-ansi,artifacts,future-incompat --document-private-items '-Arustdoc::private-intra-doc-links' -C metadata=7b16753573923210 -L dependency=/opt/rustwide/target/debug/deps --extern env_logger=/opt/rustwide/target/debug/deps/libenv_logger-1daf16f0db1a76fe.rmeta --extern fuse=/opt/rustwide/target/debug/deps/libfuse-6a4ec87b83482324.rmeta --extern libc=/opt/rustwide/target/debug/deps/liblibc-0776bbae79701d2b.rmeta --extern log=/opt/rustwide/target/debug/deps/liblog-8284c976d51aca3e.rmeta --extern roxmltree=/opt/rustwide/target/debug/deps/libroxmltree-ee7722fbc25876bf.rmeta --extern thread_scoped=/opt/rustwide/target/debug/deps/libthread_scoped-66af673bd5a7b5bb.rmeta --extern time=/opt/rustwide/target/debug/deps/libtime-15c52561d051f55d.rmeta --cap-lints=warn --crate-version 0.1.0` (exit status: 1)
[INFO] running `Command { std: "docker" "inspect" "c7e6bd40df3b92a2a9e6cb3431d63be816fe461cf2c2cdba52a57093b8b7cf1c", kill_on_drop: false }`
[INFO] running `Command { std: "docker" "rm" "-f" "c7e6bd40df3b92a2a9e6cb3431d63be816fe461cf2c2cdba52a57093b8b7cf1c", kill_on_drop: false }`
[INFO] [stdout] c7e6bd40df3b92a2a9e6cb3431d63be816fe461cf2c2cdba52a57093b8b7cf1c
