[INFO] cloning repository https://github.com/aandr/aoc
[INFO] running `Command { std: "git" "-c" "credential.helper=" "-c" "credential.helper=/workspace/cargo-home/bin/git-credential-null" "clone" "--bare" "https://github.com/aandr/aoc" "/workspace/cache/git-repos/https%3A%2F%2Fgithub.com%2Faandr%2Faoc", kill_on_drop: false }`
[INFO] [stderr] Cloning into bare repository '/workspace/cache/git-repos/https%3A%2F%2Fgithub.com%2Faandr%2Faoc'...
[INFO] running `Command { std: "git" "rev-parse" "HEAD", kill_on_drop: false }`
[INFO] [stdout] 0b8bc67f01c94841478b7c60aad0bb4069067b8d
[INFO] documenting aandr/aoc against 1.75.0 for beta-1.76-rustdoc-1
[INFO] running `Command { std: "git" "clone" "/workspace/cache/git-repos/https%3A%2F%2Fgithub.com%2Faandr%2Faoc" "/workspace/builds/worker-7-tc1/source", kill_on_drop: false }`
[INFO] [stderr] Cloning into '/workspace/builds/worker-7-tc1/source'...
[INFO] [stderr] done.
[INFO] validating manifest of git repo https://github.com/aandr/aoc on toolchain 1.75.0
[INFO] running `Command { std: CARGO_HOME="/workspace/cargo-home" RUSTUP_HOME="/workspace/rustup-home" "/workspace/cargo-home/bin/cargo" "+1.75.0" "metadata" "--manifest-path" "Cargo.toml" "--no-deps", kill_on_drop: false }`
[INFO] started tweaking git repo https://github.com/aandr/aoc
[INFO] finished tweaking git repo https://github.com/aandr/aoc
[INFO] tweaked toml for git repo https://github.com/aandr/aoc written to /workspace/builds/worker-7-tc1/source/Cargo.toml
[INFO] crate git repo https://github.com/aandr/aoc already has a lockfile, it will not be regenerated
[INFO] running `Command { std: CARGO_HOME="/workspace/cargo-home" RUSTUP_HOME="/workspace/rustup-home" "/workspace/cargo-home/bin/cargo" "+1.75.0" "fetch" "--manifest-path" "Cargo.toml", kill_on_drop: false }`
[INFO] running `Command { std: "docker" "create" "-v" "/var/lib/crater-agent-workspace/builds/worker-7-tc1/target:/opt/rustwide/target:rw,Z" "-v" "/var/lib/crater-agent-workspace/builds/worker-7-tc1/source:/opt/rustwide/workdir:ro,Z" "-v" "/var/lib/crater-agent-workspace/cargo-home:/opt/rustwide/cargo-home:ro,Z" "-v" "/var/lib/crater-agent-workspace/rustup-home:/opt/rustwide/rustup-home:ro,Z" "-e" "SOURCE_DIR=/opt/rustwide/workdir" "-e" "CARGO_TARGET_DIR=/opt/rustwide/target" "-e" "CARGO_HOME=/opt/rustwide/cargo-home" "-e" "RUSTUP_HOME=/opt/rustwide/rustup-home" "-w" "/opt/rustwide/workdir" "-m" "1610612736" "--user" "0:0" "--network" "none" "ghcr.io/rust-lang/crates-build-env/linux@sha256:2788e3201cd34a07e3172128adcd8b3090168a8e3bcc40d7c032b9dda1df7d1c" "/opt/rustwide/cargo-home/bin/cargo" "+1.75.0" "metadata" "--no-deps" "--format-version=1", kill_on_drop: false }`
[INFO] [stdout] fa7e4791d76fd772a32ad7cce977a6ff2b915dfedfea65b3dfa1841f11175eae
[INFO] running `Command { std: "docker" "start" "-a" "fa7e4791d76fd772a32ad7cce977a6ff2b915dfedfea65b3dfa1841f11175eae", kill_on_drop: false }`
[INFO] running `Command { std: "docker" "inspect" "fa7e4791d76fd772a32ad7cce977a6ff2b915dfedfea65b3dfa1841f11175eae", kill_on_drop: false }`
[INFO] running `Command { std: "docker" "rm" "-f" "fa7e4791d76fd772a32ad7cce977a6ff2b915dfedfea65b3dfa1841f11175eae", kill_on_drop: false }`
[INFO] [stdout] fa7e4791d76fd772a32ad7cce977a6ff2b915dfedfea65b3dfa1841f11175eae
[INFO] running `Command { std: "docker" "create" "-v" "/var/lib/crater-agent-workspace/builds/worker-7-tc1/target:/opt/rustwide/target:rw,Z" "-v" "/var/lib/crater-agent-workspace/builds/worker-7-tc1/source:/opt/rustwide/workdir:ro,Z" "-v" "/var/lib/crater-agent-workspace/cargo-home:/opt/rustwide/cargo-home:ro,Z" "-v" "/var/lib/crater-agent-workspace/rustup-home:/opt/rustwide/rustup-home:ro,Z" "-e" "SOURCE_DIR=/opt/rustwide/workdir" "-e" "CARGO_TARGET_DIR=/opt/rustwide/target" "-e" "CARGO_INCREMENTAL=0" "-e" "RUST_BACKTRACE=full" "-e" "RUSTFLAGS=--cap-lints=warn" "-e" "RUSTDOCFLAGS=--cap-lints=warn" "-e" "CARGO_HOME=/opt/rustwide/cargo-home" "-e" "RUSTUP_HOME=/opt/rustwide/rustup-home" "-w" "/opt/rustwide/workdir" "-m" "1610612736" "--user" "0:0" "--network" "none" "ghcr.io/rust-lang/crates-build-env/linux@sha256:2788e3201cd34a07e3172128adcd8b3090168a8e3bcc40d7c032b9dda1df7d1c" "/opt/rustwide/cargo-home/bin/cargo" "+1.75.0" "doc" "--frozen" "--no-deps" "--document-private-items" "--message-format=json", kill_on_drop: false }`
[INFO] [stdout] 4a533931894ec2ca9bb94287afcda2869af1054eaee002a3ee869ab095aeef8e
[INFO] running `Command { std: "docker" "start" "-a" "4a533931894ec2ca9bb94287afcda2869af1054eaee002a3ee869ab095aeef8e", kill_on_drop: false }`
[INFO] [stderr]    Compiling autocfg v1.1.0
[INFO] [stderr]     Checking cfg-if v1.0.0
[INFO] [stderr]    Compiling libc v0.2.137
[INFO] [stderr]    Compiling proc-macro2 v1.0.47
[INFO] [stderr]    Compiling unicode-ident v1.0.5
[INFO] [stderr]    Compiling quote v1.0.21
[INFO] [stderr]    Compiling syn v1.0.104
[INFO] [stderr]    Compiling log v0.4.17
[INFO] [stderr]    Compiling memchr v2.5.0
[INFO] [stderr]     Checking itoa v1.0.4
[INFO] [stderr]    Compiling pkg-config v0.3.26
[INFO] [stderr]     Checking once_cell v1.16.0
[INFO] [stderr]     Checking pin-project-lite v0.2.9
[INFO] [stderr]    Compiling cc v1.0.77
[INFO] [stderr]    Compiling futures-core v0.3.25
[INFO] [stderr]     Checking bytes v1.3.0
[INFO] [stderr]    Compiling tokio v1.22.0
[INFO] [stderr]     Checking tinyvec_macros v0.1.0
[INFO] [stderr]     Checking tinyvec v1.6.0
[INFO] [stderr]    Compiling slab v0.4.7
[INFO] [stderr]    Compiling serde_derive v1.0.148
[INFO] [stderr]    Compiling futures-task v0.3.25
[INFO] [stderr]     Checking mio v0.8.5
[INFO] [stderr]     Checking socket2 v0.4.7
[INFO] [stderr]     Checking num_cpus v1.14.0
[INFO] [stderr]     Checking tracing-core v0.1.30
[INFO] [stderr]    Compiling indexmap v1.9.2
[INFO] [stderr]     Checking fnv v1.0.7
[INFO] [stderr]    Compiling openssl v0.10.43
[INFO] [stderr]    Compiling serde v1.0.148
[INFO] [stderr]     Checking percent-encoding v2.2.0
[INFO] [stderr]    Compiling futures-util v0.3.25
[INFO] [stderr]     Checking unicode-bidi v0.3.8
[INFO] [stderr]     Checking unicode-normalization v0.1.22
[INFO] [stderr]     Checking foreign-types-shared v0.1.1
[INFO] [stderr]     Checking foreign-types v0.3.2
[INFO] [stderr]     Checking tracing v0.1.37
[INFO] [stderr]    Compiling openssl-sys v0.9.78
[INFO] [stderr]     Checking http v0.2.8
[INFO] [stderr]     Checking pin-utils v0.1.0
[INFO] [stderr]     Checking bitflags v1.3.2
[INFO] [stderr]    Compiling version_check v0.9.4
[INFO] [stderr]    Compiling native-tls v0.2.11
[INFO] [stderr]    Compiling futures-channel v0.3.25
[INFO] [stderr]     Checking hashbrown v0.12.3
[INFO] [stderr]    Compiling httparse v1.8.0
[INFO] [stderr]     Checking futures-sink v0.3.25
[INFO] [stderr]    Compiling time-core v0.1.0
[INFO] [stderr]     Checking futures-io v0.3.25
[INFO] [stderr]    Compiling cookie v0.16.1
[INFO] [stderr]    Compiling time-macros v0.2.6
[INFO] [stderr]     Checking idna v0.3.0
[INFO] [stderr]     Checking form_urlencoded v1.1.0
[INFO] [stderr]    Compiling serde_json v1.0.89
[INFO] [stderr]     Checking ryu v1.0.11
[INFO] [stderr]     Checking try-lock v0.2.3
[INFO] [stderr]     Checking openssl-probe v0.1.5
[INFO] [stderr]     Checking want v0.3.0
[INFO] [stderr]     Checking http-body v0.4.5
[INFO] [stderr]     Checking tower-service v0.3.2
[INFO] [stderr]     Checking psl-types v2.0.11
[INFO] [stderr]     Checking matches v0.1.9
[INFO] [stderr]    Compiling proc-macro-hack v0.5.19
[INFO] [stderr]     Checking httpdate v1.0.2
[INFO] [stderr]    Compiling encoding_rs v0.8.31
[INFO] [stderr]     Checking idna v0.2.3
[INFO] [stderr]     Checking publicsuffix v2.2.3
[INFO] [stderr]     Checking url v2.3.1
[INFO] [stderr]     Checking aho-corasick v0.7.20
[INFO] [stderr]     Checking regex-syntax v0.6.28
[INFO] [stderr]     Checking time v0.3.17
[INFO] [stderr]     Checking base64 v0.13.1
[INFO] [stderr]     Checking mime v0.3.16
[INFO] [stderr]     Checking tokio-util v0.7.4
[INFO] [stderr]     Checking ipnet v2.5.1
[INFO] [stderr]     Checking lazy_static v1.4.0
[INFO] [stderr]     Checking h2 v0.3.15
[INFO] [stderr]    Compiling openssl-macros v0.1.0
[INFO] [stderr]     Checking regex v1.7.0
[INFO] [stderr]     Checking hyper v0.14.23
[INFO] [stderr]     Checking tokio-native-tls v0.3.0
[INFO] [stderr]     Checking hyper-tls v0.5.0
[INFO] [stderr]     Checking serde_urlencoded v0.7.1
[INFO] [stderr]     Checking cookie_store v0.16.1
[INFO] [stderr]     Checking reqwest v0.11.13
[INFO] [stderr]  Documenting aoc v0.1.0 (/opt/rustwide/workdir)
[INFO] [stdout] error[E0554]: `#![feature]` may not be used on the stable release channel
[INFO] [stdout]  --> src/day3.rs:1:12
[INFO] [stdout]   |
[INFO] [stdout] 1 | #![feature(test)]
[INFO] [stdout]   |            ^^^^
[INFO] [stdout] 
[INFO] [stdout] 
[INFO] [stdout] error[E0554]: `#![feature]` may not be used on the stable release channel
[INFO] [stdout]  --> src/day3.rs:2:12
[INFO] [stdout]   |
[INFO] [stdout] 2 | #![feature(iter_array_chunks)]
[INFO] [stdout]   |            ^^^^^^^^^^^^^^^^^
[INFO] [stdout] 
[INFO] [stdout] 
[INFO] [stdout] error[E0554]: `#![feature]` may not be used on the stable release channel
[INFO] [stdout]  --> src/day6.rs:1:12
[INFO] [stdout]   |
[INFO] [stdout] 1 | #![feature(test)]
[INFO] [stdout]   |            ^^^^
[INFO] [stdout] 
[INFO] [stdout] 
[INFO] [stdout] error[E0554]: `#![feature]` may not be used on the stable release channel
[INFO] [stdout]  --> src/day5.rs:1:12
[INFO] [stdout]   |
[INFO] [stdout] 1 | #![feature(test)]
[INFO] [stdout]   |            ^^^^
[INFO] [stdout] 
[INFO] [stdout] 
[INFO] [stdout] error[E0554]: `#![feature]` may not be used on the stable release channel
[INFO] [stdout]  --> src/day1.rs:1:12
[INFO] [stdout]   |
[INFO] [stdout] 1 | #![feature(test)]
[INFO] [stdout]   |            ^^^^
[INFO] [stdout] 
[INFO] [stdout] 
[INFO] [stdout] error[E0554]: `#![feature]` may not be used on the stable release channel
[INFO] [stdout]  --> src/day1.rs:2:12
[INFO] [stdout]   |
[INFO] [stdout] 2 | #![feature(core_intrinsics)]
[INFO] [stdout]   |            ^^^^^^^^^^^^^^^
[INFO] [stdout] 
[INFO] [stdout] 
[INFO] [stdout] error[E0554]: `#![feature]` may not be used on the stable release channel
[INFO] [stdout]  --> src/day2.rs:1:12
[INFO] [stdout]   |
[INFO] [stdout] 1 | #![feature(test)]
[INFO] [stdout]   |            ^^^^
[INFO] [stdout] 
[INFO] [stdout] 
[INFO] [stdout] error[E0554]: `#![feature]` may not be used on the stable release channel
[INFO] [stdout]  --> src/day2.rs:2:12
[INFO] [stdout]   |
[INFO] [stdout] 2 | #![feature(core_intrinsics)]
[INFO] [stdout]   |            ^^^^^^^^^^^^^^^
[INFO] [stdout] 
[INFO] [stdout] 
[INFO] [stdout] error: aborting due to 2 previous errors
[INFO] [stdout] 
[INFO] [stdout] 
[INFO] [stdout] For more information about this error, try `rustc --explain E0554`.
[INFO] [stdout] 
[INFO] [stdout] error: aborting due to previous error
[INFO] [stdout] 
[INFO] [stdout] 
[INFO] [stdout] error: aborting due to 2 previous errors
[INFO] [stdout] 
[INFO] [stdout] 
[INFO] [stdout] For more information about this error, try `rustc --explain E0554`.
[INFO] [stdout] 
[INFO] [stdout] For more information about this error, try `rustc --explain E0554`.
[INFO] [stdout] 
[INFO] [stderr] error: could not document `aoc`
[INFO] [stderr] 
[INFO] [stderr] Caused by:
[INFO] [stderr]   process didn't exit successfully: `/opt/rustwide/rustup-home/toolchains/1.75.0-x86_64-unknown-linux-gnu/bin/rustdoc --edition=2021 --crate-type bin --crate-name day1 src/day1.rs -o /opt/rustwide/target/doc --error-format=json --json=diagnostic-rendered-ansi,artifacts,future-incompat --document-private-items '-Arustdoc::private-intra-doc-links' -C metadata=c804465b93d00673 -L dependency=/opt/rustwide/target/debug/deps --extern lazy_static=/opt/rustwide/target/debug/deps/liblazy_static-e7445b4e8703c20b.rmeta --extern regex=/opt/rustwide/target/debug/deps/libregex-a865ce744f69bae0.rmeta --extern reqwest=/opt/rustwide/target/debug/deps/libreqwest-9e1f6f3c168f291e.rmeta --cap-lints=warn --crate-version 0.1.0` (exit status: 1)
[INFO] [stderr] warning: build failed, waiting for other jobs to finish...
[INFO] [stderr] error: could not document `aoc`
[INFO] [stderr] 
[INFO] [stderr] Caused by:
[INFO] [stderr]   process didn't exit successfully: `/opt/rustwide/rustup-home/toolchains/1.75.0-x86_64-unknown-linux-gnu/bin/rustdoc --edition=2021 --crate-type bin --crate-name day3 src/day3.rs -o /opt/rustwide/target/doc --error-format=json --json=diagnostic-rendered-ansi,artifacts,future-incompat --document-private-items '-Arustdoc::private-intra-doc-links' -C metadata=37474ace75f03d54 -L dependency=/opt/rustwide/target/debug/deps --extern lazy_static=/opt/rustwide/target/debug/deps/liblazy_static-e7445b4e8703c20b.rmeta --extern regex=/opt/rustwide/target/debug/deps/libregex-a865ce744f69bae0.rmeta --extern reqwest=/opt/rustwide/target/debug/deps/libreqwest-9e1f6f3c168f291e.rmeta --cap-lints=warn --crate-version 0.1.0` (exit status: 1)
[INFO] [stderr] error: could not document `aoc`
[INFO] [stderr] 
[INFO] [stderr] Caused by:
[INFO] [stderr]   process didn't exit successfully: `/opt/rustwide/rustup-home/toolchains/1.75.0-x86_64-unknown-linux-gnu/bin/rustdoc --edition=2021 --crate-type bin --crate-name day6 src/day6.rs -o /opt/rustwide/target/doc --error-format=json --json=diagnostic-rendered-ansi,artifacts,future-incompat --document-private-items '-Arustdoc::private-intra-doc-links' -C metadata=a70781fe7650ee8c -L dependency=/opt/rustwide/target/debug/deps --extern lazy_static=/opt/rustwide/target/debug/deps/liblazy_static-e7445b4e8703c20b.rmeta --extern regex=/opt/rustwide/target/debug/deps/libregex-a865ce744f69bae0.rmeta --extern reqwest=/opt/rustwide/target/debug/deps/libreqwest-9e1f6f3c168f291e.rmeta --cap-lints=warn --crate-version 0.1.0` (exit status: 1)
[INFO] [stdout] error: aborting due to 2 previous errors
[INFO] [stdout] 
[INFO] [stdout] 
[INFO] [stdout] For more information about this error, try `rustc --explain E0554`.
[INFO] [stdout] 
[INFO] [stdout] error: aborting due to previous error
[INFO] [stdout] 
[INFO] [stdout] 
[INFO] [stdout] For more information about this error, try `rustc --explain E0554`.
[INFO] [stdout] 
[INFO] [stderr] error: could not document `aoc`
[INFO] [stderr] 
[INFO] [stderr] Caused by:
[INFO] [stderr]   process didn't exit successfully: `/opt/rustwide/rustup-home/toolchains/1.75.0-x86_64-unknown-linux-gnu/bin/rustdoc --edition=2021 --crate-type bin --crate-name day2 src/day2.rs -o /opt/rustwide/target/doc --error-format=json --json=diagnostic-rendered-ansi,artifacts,future-incompat --document-private-items '-Arustdoc::private-intra-doc-links' -C metadata=5eac21fa234ff432 -L dependency=/opt/rustwide/target/debug/deps --extern lazy_static=/opt/rustwide/target/debug/deps/liblazy_static-e7445b4e8703c20b.rmeta --extern regex=/opt/rustwide/target/debug/deps/libregex-a865ce744f69bae0.rmeta --extern reqwest=/opt/rustwide/target/debug/deps/libreqwest-9e1f6f3c168f291e.rmeta --cap-lints=warn --crate-version 0.1.0` (exit status: 1)
[INFO] [stderr] error: could not document `aoc`
[INFO] [stderr] 
[INFO] [stderr] Caused by:
[INFO] [stderr]   process didn't exit successfully: `/opt/rustwide/rustup-home/toolchains/1.75.0-x86_64-unknown-linux-gnu/bin/rustdoc --edition=2021 --crate-type bin --crate-name day5 src/day5.rs -o /opt/rustwide/target/doc --error-format=json --json=diagnostic-rendered-ansi,artifacts,future-incompat --document-private-items '-Arustdoc::private-intra-doc-links' -C metadata=188b691af11be649 -L dependency=/opt/rustwide/target/debug/deps --extern lazy_static=/opt/rustwide/target/debug/deps/liblazy_static-e7445b4e8703c20b.rmeta --extern regex=/opt/rustwide/target/debug/deps/libregex-a865ce744f69bae0.rmeta --extern reqwest=/opt/rustwide/target/debug/deps/libreqwest-9e1f6f3c168f291e.rmeta --cap-lints=warn --crate-version 0.1.0` (exit status: 1)
[INFO] running `Command { std: "docker" "inspect" "4a533931894ec2ca9bb94287afcda2869af1054eaee002a3ee869ab095aeef8e", kill_on_drop: false }`
[INFO] running `Command { std: "docker" "rm" "-f" "4a533931894ec2ca9bb94287afcda2869af1054eaee002a3ee869ab095aeef8e", kill_on_drop: false }`
[INFO] [stdout] 4a533931894ec2ca9bb94287afcda2869af1054eaee002a3ee869ab095aeef8e
[INFO] documenting aandr/aoc against beta-2023-12-22 for beta-1.76-rustdoc-1
[INFO] running `Command { std: "git" "clone" "/workspace/cache/git-repos/https%3A%2F%2Fgithub.com%2Faandr%2Faoc" "/workspace/builds/worker-7-tc2/source", kill_on_drop: false }`
[INFO] [stderr] Cloning into '/workspace/builds/worker-7-tc2/source'...
[INFO] [stderr] done.
[INFO] validating manifest of git repo https://github.com/aandr/aoc on toolchain beta-2023-12-22
[INFO] running `Command { std: CARGO_HOME="/workspace/cargo-home" RUSTUP_HOME="/workspace/rustup-home" "/workspace/cargo-home/bin/cargo" "+beta-2023-12-22" "metadata" "--manifest-path" "Cargo.toml" "--no-deps", kill_on_drop: false }`
[INFO] started tweaking git repo https://github.com/aandr/aoc
[INFO] finished tweaking git repo https://github.com/aandr/aoc
[INFO] tweaked toml for git repo https://github.com/aandr/aoc written to /workspace/builds/worker-7-tc2/source/Cargo.toml
[INFO] crate git repo https://github.com/aandr/aoc already has a lockfile, it will not be regenerated
[INFO] running `Command { std: CARGO_HOME="/workspace/cargo-home" RUSTUP_HOME="/workspace/rustup-home" "/workspace/cargo-home/bin/cargo" "+beta-2023-12-22" "fetch" "--manifest-path" "Cargo.toml", kill_on_drop: false }`
[INFO] running `Command { std: "docker" "create" "-v" "/var/lib/crater-agent-workspace/builds/worker-7-tc2/target:/opt/rustwide/target:rw,Z" "-v" "/var/lib/crater-agent-workspace/builds/worker-7-tc2/source:/opt/rustwide/workdir:ro,Z" "-v" "/var/lib/crater-agent-workspace/cargo-home:/opt/rustwide/cargo-home:ro,Z" "-v" "/var/lib/crater-agent-workspace/rustup-home:/opt/rustwide/rustup-home:ro,Z" "-e" "SOURCE_DIR=/opt/rustwide/workdir" "-e" "CARGO_TARGET_DIR=/opt/rustwide/target" "-e" "CARGO_HOME=/opt/rustwide/cargo-home" "-e" "RUSTUP_HOME=/opt/rustwide/rustup-home" "-w" "/opt/rustwide/workdir" "-m" "1610612736" "--user" "0:0" "--network" "none" "ghcr.io/rust-lang/crates-build-env/linux@sha256:2788e3201cd34a07e3172128adcd8b3090168a8e3bcc40d7c032b9dda1df7d1c" "/opt/rustwide/cargo-home/bin/cargo" "+beta-2023-12-22" "metadata" "--no-deps" "--format-version=1", kill_on_drop: false }`
[INFO] [stdout] db3e188771ebdfa3c8d128a6ae8447246f42fa8849c191b75923406a85c60ac1
[INFO] running `Command { std: "docker" "start" "-a" "db3e188771ebdfa3c8d128a6ae8447246f42fa8849c191b75923406a85c60ac1", kill_on_drop: false }`
[INFO] running `Command { std: "docker" "inspect" "db3e188771ebdfa3c8d128a6ae8447246f42fa8849c191b75923406a85c60ac1", kill_on_drop: false }`
[INFO] running `Command { std: "docker" "rm" "-f" "db3e188771ebdfa3c8d128a6ae8447246f42fa8849c191b75923406a85c60ac1", kill_on_drop: false }`
[INFO] [stdout] db3e188771ebdfa3c8d128a6ae8447246f42fa8849c191b75923406a85c60ac1
[INFO] running `Command { std: "docker" "create" "-v" "/var/lib/crater-agent-workspace/builds/worker-7-tc2/target:/opt/rustwide/target:rw,Z" "-v" "/var/lib/crater-agent-workspace/builds/worker-7-tc2/source:/opt/rustwide/workdir:ro,Z" "-v" "/var/lib/crater-agent-workspace/cargo-home:/opt/rustwide/cargo-home:ro,Z" "-v" "/var/lib/crater-agent-workspace/rustup-home:/opt/rustwide/rustup-home:ro,Z" "-e" "SOURCE_DIR=/opt/rustwide/workdir" "-e" "CARGO_TARGET_DIR=/opt/rustwide/target" "-e" "CARGO_INCREMENTAL=0" "-e" "RUST_BACKTRACE=full" "-e" "RUSTFLAGS=--cap-lints=warn" "-e" "RUSTDOCFLAGS=--cap-lints=warn" "-e" "CARGO_HOME=/opt/rustwide/cargo-home" "-e" "RUSTUP_HOME=/opt/rustwide/rustup-home" "-w" "/opt/rustwide/workdir" "-m" "1610612736" "--user" "0:0" "--network" "none" "ghcr.io/rust-lang/crates-build-env/linux@sha256:2788e3201cd34a07e3172128adcd8b3090168a8e3bcc40d7c032b9dda1df7d1c" "/opt/rustwide/cargo-home/bin/cargo" "+beta-2023-12-22" "doc" "--frozen" "--no-deps" "--document-private-items" "--message-format=json", kill_on_drop: false }`
[INFO] [stdout] f57c2e34a6295492eefbea3d6588ee17b40412375934c0529fd73ec1c863246a
[INFO] running `Command { std: "docker" "start" "-a" "f57c2e34a6295492eefbea3d6588ee17b40412375934c0529fd73ec1c863246a", kill_on_drop: false }`
[INFO] [stderr]    Compiling autocfg v1.1.0
[INFO] [stderr]    Compiling libc v0.2.137
[INFO] [stderr]    Compiling proc-macro2 v1.0.47
[INFO] [stderr]     Checking cfg-if v1.0.0
[INFO] [stderr]    Compiling quote v1.0.21
[INFO] [stderr]    Compiling unicode-ident v1.0.5
[INFO] [stderr]    Compiling syn v1.0.104
[INFO] [stderr]    Compiling log v0.4.17
[INFO] [stderr]    Compiling memchr v2.5.0
[INFO] [stderr]     Checking itoa v1.0.4
[INFO] [stderr]     Checking pin-project-lite v0.2.9
[INFO] [stderr]    Compiling pkg-config v0.3.26
[INFO] [stderr]     Checking once_cell v1.16.0
[INFO] [stderr]    Compiling cc v1.0.77
[INFO] [stderr]    Compiling futures-core v0.3.25
[INFO] [stderr]     Checking bytes v1.3.0
[INFO] [stderr]    Compiling tokio v1.22.0
[INFO] [stderr]     Checking tinyvec_macros v0.1.0
[INFO] [stderr]     Checking tinyvec v1.6.0
[INFO] [stderr]    Compiling slab v0.4.7
[INFO] [stderr]    Compiling serde_derive v1.0.148
[INFO] [stderr]    Compiling futures-task v0.3.25
[INFO] [stderr]     Checking socket2 v0.4.7
[INFO] [stderr]     Checking mio v0.8.5
[INFO] [stderr]     Checking num_cpus v1.14.0
[INFO] [stderr]     Checking tracing-core v0.1.30
[INFO] [stderr]    Compiling indexmap v1.9.2
[INFO] [stderr]     Checking unicode-bidi v0.3.8
[INFO] [stderr]    Compiling futures-util v0.3.25
[INFO] [stderr]     Checking fnv v1.0.7
[INFO] [stderr]    Compiling openssl v0.10.43
[INFO] [stderr]     Checking percent-encoding v2.2.0
[INFO] [stderr]     Checking foreign-types-shared v0.1.1
[INFO] [stderr]     Checking unicode-normalization v0.1.22
[INFO] [stderr]    Compiling serde v1.0.148
[INFO] [stderr]     Checking foreign-types v0.3.2
[INFO] [stderr]     Checking tracing v0.1.37
[INFO] [stderr]     Checking http v0.2.8
[INFO] [stderr]    Compiling openssl-sys v0.9.78
[INFO] [stderr]    Compiling native-tls v0.2.11
[INFO] [stderr]     Checking hashbrown v0.12.3
[INFO] [stderr]     Checking futures-io v0.3.25
[INFO] [stderr]     Checking pin-utils v0.1.0
[INFO] [stderr]    Compiling version_check v0.9.4
[INFO] [stderr]    Compiling futures-channel v0.3.25
[INFO] [stderr]    Compiling time-core v0.1.0
[INFO] [stderr]    Compiling httparse v1.8.0
[INFO] [stderr]     Checking futures-sink v0.3.25
[INFO] [stderr]     Checking bitflags v1.3.2
[INFO] [stderr]    Compiling time-macros v0.2.6
[INFO] [stderr]     Checking idna v0.3.0
[INFO] [stderr]    Compiling cookie v0.16.1
[INFO] [stderr]     Checking form_urlencoded v1.1.0
[INFO] [stderr]     Checking try-lock v0.2.3
[INFO] [stderr]     Checking openssl-probe v0.1.5
[INFO] [stderr]    Compiling serde_json v1.0.89
[INFO] [stderr]     Checking ryu v1.0.11
[INFO] [stderr]     Checking want v0.3.0
[INFO] [stderr]     Checking http-body v0.4.5
[INFO] [stderr]     Checking httpdate v1.0.2
[INFO] [stderr]    Compiling proc-macro-hack v0.5.19
[INFO] [stderr]    Compiling encoding_rs v0.8.31
[INFO] [stderr]     Checking psl-types v2.0.11
[INFO] [stderr]     Checking matches v0.1.9
[INFO] [stderr]     Checking tower-service v0.3.2
[INFO] [stderr]     Checking idna v0.2.3
[INFO] [stderr]     Checking publicsuffix v2.2.3
[INFO] [stderr]     Checking url v2.3.1
[INFO] [stderr]     Checking time v0.3.17
[INFO] [stderr]     Checking aho-corasick v0.7.20
[INFO] [stderr]     Checking base64 v0.13.1
[INFO] [stderr]     Checking tokio-util v0.7.4
[INFO] [stderr]     Checking regex-syntax v0.6.28
[INFO] [stderr]     Checking mime v0.3.16
[INFO] [stderr]     Checking ipnet v2.5.1
[INFO] [stderr]     Checking lazy_static v1.4.0
[INFO] [stderr]     Checking h2 v0.3.15
[INFO] [stderr]    Compiling openssl-macros v0.1.0
[INFO] [stderr]     Checking regex v1.7.0
[INFO] [stderr]     Checking hyper v0.14.23
[INFO] [stderr]     Checking tokio-native-tls v0.3.0
[INFO] [stderr]     Checking hyper-tls v0.5.0
[INFO] [stderr]     Checking serde_urlencoded v0.7.1
[INFO] [stderr]     Checking cookie_store v0.16.1
[INFO] [stderr]     Checking reqwest v0.11.13
[INFO] [stderr]  Documenting aoc v0.1.0 (/opt/rustwide/workdir)
[INFO] [stdout] warning: the feature `core_intrinsics` is internal to the compiler or standard library
[INFO] [stdout]  --> src/day1.rs:2:12
[INFO] [stdout]   |
[INFO] [stdout] 2 | #![feature(core_intrinsics)]
[INFO] [stdout]   |            ^^^^^^^^^^^^^^^
[INFO] [stdout]   |
[INFO] [stdout]   = note: using it is strongly discouraged
[INFO] [stdout]   = note: `#[warn(internal_features)]` on by default
[INFO] [stdout] 
[INFO] [stdout] 
[INFO] [stdout] error[E0554]: `#![feature]` may not be used on the beta release channel
[INFO] [stdout]  --> src/day6.rs:1:12
[INFO] [stdout]   |
[INFO] [stdout] 1 | #![feature(test)]
[INFO] [stdout]   |            ^^^^
[INFO] [stdout] 
[INFO] [stdout] 
[INFO] [stdout] error[E0554]: `#![feature]` may not be used on the beta release channel
[INFO] [stdout]  --> src/day5.rs:1:12
[INFO] [stdout]   |
[INFO] [stdout] 1 | #![feature(test)]
[INFO] [stdout]   |            ^^^^
[INFO] [stdout] 
[INFO] [stdout] 
[INFO] [stdout] error[E0554]: `#![feature]` may not be used on the beta release channel
[INFO] [stdout]  --> src/day1.rs:1:12
[INFO] [stdout]   |
[INFO] [stdout] 1 | #![feature(test)]
[INFO] [stdout]   |            ^^^^
[INFO] [stdout] 
[INFO] [stdout] 
[INFO] [stdout] error[E0554]: `#![feature]` may not be used on the beta release channel
[INFO] [stdout]  --> src/day1.rs:2:12
[INFO] [stdout]   |
[INFO] [stdout] 2 | #![feature(core_intrinsics)]
[INFO] [stdout]   |            ^^^^^^^^^^^^^^^
[INFO] [stdout] 
[INFO] [stdout] 
[INFO] [stdout] error[E0554]: `#![feature]` may not be used on the beta release channel
[INFO] [stdout]  --> src/day3.rs:1:12
[INFO] [stdout]   |
[INFO] [stdout] 1 | #![feature(test)]
[INFO] [stdout]   |            ^^^^
[INFO] [stdout] 
[INFO] [stdout] 
[INFO] [stdout] error[E0554]: `#![feature]` may not be used on the beta release channel
[INFO] [stdout]  --> src/day3.rs:2:12
[INFO] [stdout]   |
[INFO] [stdout] 2 | #![feature(iter_array_chunks)]
[INFO] [stdout]   |            ^^^^^^^^^^^^^^^^^
[INFO] [stdout] 
[INFO] [stdout] 
[INFO] [stdout] warning: the feature `core_intrinsics` is internal to the compiler or standard library
[INFO] [stdout]  --> src/day2.rs:2:12
[INFO] [stdout]   |
[INFO] [stdout] 2 | #![feature(core_intrinsics)]
[INFO] [stdout]   |            ^^^^^^^^^^^^^^^
[INFO] [stdout]   |
[INFO] [stdout]   = note: using it is strongly discouraged
[INFO] [stdout]   = note: `#[warn(internal_features)]` on by default
[INFO] [stdout] 
[INFO] [stdout] 
[INFO] [stdout] error[E0554]: `#![feature]` may not be used on the beta release channel
[INFO] [stdout]  --> src/day2.rs:1:12
[INFO] [stdout]   |
[INFO] [stdout] 1 | #![feature(test)]
[INFO] [stdout]   |            ^^^^
[INFO] [stdout] 
[INFO] [stdout] 
[INFO] [stdout] error[E0554]: `#![feature]` may not be used on the beta release channel
[INFO] [stdout]  --> src/day2.rs:2:12
[INFO] [stdout]   |
[INFO] [stdout] 2 | #![feature(core_intrinsics)]
[INFO] [stdout]   |            ^^^^^^^^^^^^^^^
[INFO] [stdout] 
[INFO] [stdout] 
[INFO] [stdout] error: aborting due to 1 previous error
[INFO] [stdout] 
[INFO] [stdout] 
[INFO] [stdout] For more information about this error, try `rustc --explain E0554`.
[INFO] [stdout] 
[INFO] [stdout] error: aborting due to 2 previous errors
[INFO] [stdout] 
[INFO] [stdout] 
[INFO] [stdout] error: aborting due to 2 previous errors; 1 warning emitted
[INFO] [stdout] 
[INFO] [stdout] 
[INFO] [stdout] For more information about this error, try `rustc --explain E0554`.
[INFO] [stdout] 
[INFO] [stdout] For more information about this error, try `rustc --explain E0554`.
[INFO] [stdout] 
[INFO] [stderr] error: could not document `aoc`
[INFO] [stderr] 
[INFO] [stderr] Caused by:
[INFO] [stderr]   process didn't exit successfully: `/opt/rustwide/rustup-home/toolchains/beta-2023-12-22-x86_64-unknown-linux-gnu/bin/rustdoc --edition=2021 --crate-type bin --crate-name day6 src/day6.rs -o /opt/rustwide/target/doc --error-format=json --json=diagnostic-rendered-ansi,artifacts,future-incompat --document-private-items '-Arustdoc::private-intra-doc-links' -C metadata=28ae5c657dc70a7a -L dependency=/opt/rustwide/target/debug/deps --extern lazy_static=/opt/rustwide/target/debug/deps/liblazy_static-cc91e7c9c894213a.rmeta --extern regex=/opt/rustwide/target/debug/deps/libregex-5775fb2cb7e6f16c.rmeta --extern reqwest=/opt/rustwide/target/debug/deps/libreqwest-9ad6c2bdc6e402e5.rmeta --cap-lints=warn --crate-version 0.1.0` (exit status: 1)
[INFO] [stderr] warning: build failed, waiting for other jobs to finish...
[INFO] [stderr] error: could not document `aoc`
[INFO] [stderr] 
[INFO] [stderr] Caused by:
[INFO] [stderr]   process didn't exit successfully: `/opt/rustwide/rustup-home/toolchains/beta-2023-12-22-x86_64-unknown-linux-gnu/bin/rustdoc --edition=2021 --crate-type bin --crate-name day1 src/day1.rs -o /opt/rustwide/target/doc --error-format=json --json=diagnostic-rendered-ansi,artifacts,future-incompat --document-private-items '-Arustdoc::private-intra-doc-links' -C metadata=33f2cf7461c65085 -L dependency=/opt/rustwide/target/debug/deps --extern lazy_static=/opt/rustwide/target/debug/deps/liblazy_static-cc91e7c9c894213a.rmeta --extern regex=/opt/rustwide/target/debug/deps/libregex-5775fb2cb7e6f16c.rmeta --extern reqwest=/opt/rustwide/target/debug/deps/libreqwest-9ad6c2bdc6e402e5.rmeta --cap-lints=warn --crate-version 0.1.0` (exit status: 1)
[INFO] [stderr] error: could not document `aoc`
[INFO] [stderr] 
[INFO] [stderr] Caused by:
[INFO] [stderr]   process didn't exit successfully: `/opt/rustwide/rustup-home/toolchains/beta-2023-12-22-x86_64-unknown-linux-gnu/bin/rustdoc --edition=2021 --crate-type bin --crate-name day3 src/day3.rs -o /opt/rustwide/target/doc --error-format=json --json=diagnostic-rendered-ansi,artifacts,future-incompat --document-private-items '-Arustdoc::private-intra-doc-links' -C metadata=b25b1c383f511ac3 -L dependency=/opt/rustwide/target/debug/deps --extern lazy_static=/opt/rustwide/target/debug/deps/liblazy_static-cc91e7c9c894213a.rmeta --extern regex=/opt/rustwide/target/debug/deps/libregex-5775fb2cb7e6f16c.rmeta --extern reqwest=/opt/rustwide/target/debug/deps/libreqwest-9ad6c2bdc6e402e5.rmeta --cap-lints=warn --crate-version 0.1.0` (exit status: 1)
[INFO] [stdout] error: aborting due to 1 previous error
[INFO] [stdout] 
[INFO] [stdout] 
[INFO] [stdout] For more information about this error, try `rustc --explain E0554`.
[INFO] [stdout] 
[INFO] [stderr] error: could not document `aoc`
[INFO] [stderr] 
[INFO] [stderr] Caused by:
[INFO] [stderr]   process didn't exit successfully: `/opt/rustwide/rustup-home/toolchains/beta-2023-12-22-x86_64-unknown-linux-gnu/bin/rustdoc --edition=2021 --crate-type bin --crate-name day5 src/day5.rs -o /opt/rustwide/target/doc --error-format=json --json=diagnostic-rendered-ansi,artifacts,future-incompat --document-private-items '-Arustdoc::private-intra-doc-links' -C metadata=cf23646c0e20b014 -L dependency=/opt/rustwide/target/debug/deps --extern lazy_static=/opt/rustwide/target/debug/deps/liblazy_static-cc91e7c9c894213a.rmeta --extern regex=/opt/rustwide/target/debug/deps/libregex-5775fb2cb7e6f16c.rmeta --extern reqwest=/opt/rustwide/target/debug/deps/libreqwest-9ad6c2bdc6e402e5.rmeta --cap-lints=warn --crate-version 0.1.0` (exit status: 1)
[INFO] [stdout] error: aborting due to 2 previous errors; 1 warning emitted
[INFO] [stdout] 
[INFO] [stdout] 
[INFO] [stdout] For more information about this error, try `rustc --explain E0554`.
[INFO] [stdout] 
[INFO] [stderr] error: could not document `aoc`
[INFO] [stderr] 
[INFO] [stderr] Caused by:
[INFO] [stderr]   process didn't exit successfully: `/opt/rustwide/rustup-home/toolchains/beta-2023-12-22-x86_64-unknown-linux-gnu/bin/rustdoc --edition=2021 --crate-type bin --crate-name day2 src/day2.rs -o /opt/rustwide/target/doc --error-format=json --json=diagnostic-rendered-ansi,artifacts,future-incompat --document-private-items '-Arustdoc::private-intra-doc-links' -C metadata=65a2e3f6cb6d8324 -L dependency=/opt/rustwide/target/debug/deps --extern lazy_static=/opt/rustwide/target/debug/deps/liblazy_static-cc91e7c9c894213a.rmeta --extern regex=/opt/rustwide/target/debug/deps/libregex-5775fb2cb7e6f16c.rmeta --extern reqwest=/opt/rustwide/target/debug/deps/libreqwest-9ad6c2bdc6e402e5.rmeta --cap-lints=warn --crate-version 0.1.0` (exit status: 1)
[INFO] running `Command { std: "docker" "inspect" "f57c2e34a6295492eefbea3d6588ee17b40412375934c0529fd73ec1c863246a", kill_on_drop: false }`
[INFO] running `Command { std: "docker" "rm" "-f" "f57c2e34a6295492eefbea3d6588ee17b40412375934c0529fd73ec1c863246a", kill_on_drop: false }`
[INFO] [stdout] f57c2e34a6295492eefbea3d6588ee17b40412375934c0529fd73ec1c863246a
