[INFO] cloning repository https://github.com/aakash4dev/espresso-sequencer
[INFO] running `Command { std: "git" "-c" "credential.helper=" "-c" "credential.helper=/workspace/cargo-home/bin/git-credential-null" "clone" "--bare" "https://github.com/aakash4dev/espresso-sequencer" "/workspace/cache/git-repos/https%3A%2F%2Fgithub.com%2Faakash4dev%2Fespresso-sequencer", kill_on_drop: false }`
[INFO] [stderr] Cloning into bare repository '/workspace/cache/git-repos/https%3A%2F%2Fgithub.com%2Faakash4dev%2Fespresso-sequencer'...
[INFO] running `Command { std: "git" "rev-parse" "HEAD", kill_on_drop: false }`
[INFO] [stdout] d8444df2514a020200d94408465638f290e1e7f5
[INFO] documenting aakash4dev/espresso-sequencer against 1.75.0 for beta-1.76-rustdoc-1
[INFO] running `Command { std: "git" "clone" "/workspace/cache/git-repos/https%3A%2F%2Fgithub.com%2Faakash4dev%2Fespresso-sequencer" "/workspace/builds/worker-3-tc1/source", kill_on_drop: false }`
[INFO] [stderr] Cloning into '/workspace/builds/worker-3-tc1/source'...
[INFO] [stderr] done.
[INFO] validating manifest of git repo https://github.com/aakash4dev/espresso-sequencer on toolchain 1.75.0
[INFO] running `Command { std: CARGO_HOME="/workspace/cargo-home" RUSTUP_HOME="/workspace/rustup-home" "/workspace/cargo-home/bin/cargo" "+1.75.0" "metadata" "--manifest-path" "Cargo.toml" "--no-deps", kill_on_drop: false }`
[INFO] removed /workspace/builds/worker-3-tc1/source/.cargo/config
[INFO] started tweaking git repo https://github.com/aakash4dev/espresso-sequencer
[INFO] finished tweaking git repo https://github.com/aakash4dev/espresso-sequencer
[INFO] tweaked toml for git repo https://github.com/aakash4dev/espresso-sequencer written to /workspace/builds/worker-3-tc1/source/Cargo.toml
[INFO] crate git repo https://github.com/aakash4dev/espresso-sequencer already has a lockfile, it will not be regenerated
[INFO] running `Command { std: CARGO_HOME="/workspace/cargo-home" RUSTUP_HOME="/workspace/rustup-home" "/workspace/cargo-home/bin/cargo" "+1.75.0" "fetch" "--manifest-path" "Cargo.toml", kill_on_drop: false }`
[INFO] [stderr]     Updating git repository `https://github.com/EspressoSystems//hotshot`
[INFO] [stderr]     Updating git repository `https://github.com/EspressoSystems/async-compatibility-layer`
[INFO] [stderr]     Updating git repository `https://github.com/EspressoSystems/jellyfish`
[INFO] [stderr]     Updating git repository `https://github.com/EspressoSystems/commit`
[INFO] [stderr]     Updating git repository `https://github.com/EspressoSystems/async-compatibility-layer`
[INFO] [stderr]     Updating git repository `https://github.com/EspressoSystems/hotshot-query-service`
[INFO] [stderr]     Updating git repository `https://github.com/EspressoSystems/surf-disco`
[INFO] [stderr]     Updating git repository `https://github.com/EspressoSystems/tide-disco`
[INFO] [stderr]     Updating crates.io index
[INFO] [stderr]     Updating git repository `https://github.com/EspressoSystems/nll`
[INFO] [stderr]     Updating git repository `https://github.com/EspressoSystems/blst.git`
[INFO] [stderr]     Updating git repository `https://github.com/espressosystems/espresso-systems-common`
[INFO] [stderr]     Updating git repository `https://github.com/espressosystems/tagged-base64`
[INFO] [stderr]     Updating git repository `https://github.com/EspressoSystems/atomicstore.git`
[INFO] [stderr]     Updating git repository `https://github.com/EspressoSystems/hotshot`
[INFO] [stderr]     Updating git repository `https://github.com/espressosystems/espresso-systems-common`
[INFO] [stderr]  Downloading crates ...
[INFO] [stderr]   Downloaded value-bag-sval2 v1.4.1
[INFO] [stderr]   Downloaded libp2p-noise v0.43.1
[INFO] [stderr]   Downloaded tagged-base64 v0.3.3
[INFO] [stderr]   Downloaded sval_ref v2.10.1
[INFO] [stderr]   Downloaded libp2p-quic v0.9.2
[INFO] [stderr]   Downloaded libp2p-gossipsub v0.45.1
[INFO] [stderr]   Downloaded libp2p-plaintext v0.40.0
[INFO] [stderr]   Downloaded ark-pallas v0.4.0
[INFO] [stderr]   Downloaded custom_debug_derive v0.5.1
[INFO] [stderr]   Downloaded atomic_enum v0.2.0
[INFO] [stderr]   Downloaded futures-ticker v0.0.3
[INFO] [stderr]   Downloaded const-hex v1.9.1
[INFO] [stderr]   Downloaded libp2p-yamux v0.44.1
[INFO] [stderr]   Downloaded libp2p-deflate v0.40.0
[INFO] [stderr]   Downloaded libp2p-tls v0.2.1
[INFO] [stderr]   Downloaded blocking v1.4.0
[INFO] [stderr]   Downloaded libp2p-autonat v0.11.0
[INFO] [stderr]   Downloaded console-subscriber v0.1.10
[INFO] [stderr]   Downloaded rustix v0.37.24
[INFO] [stderr]   Downloaded console-api v0.6.0
[INFO] [stderr]   Downloaded curl-sys v0.4.66+curl-8.3.0
[INFO] [stderr]   Downloaded libp2p-relay v0.16.1
[INFO] [stderr]   Downloaded cld v0.5.1
[INFO] [stderr]   Downloaded tagged-base64-macros v0.3.3
[INFO] [stderr]   Downloaded console-subscriber v0.2.0
[INFO] [stderr]   Downloaded libp2p-floodsub v0.43.0
[INFO] [stderr]   Downloaded prometheus-client v0.21.2
[INFO] [stderr]   Downloaded libp2p-kad v0.44.5
[INFO] [stderr]   Downloaded async-tungstenite v0.15.0
[INFO] [stderr]   Downloaded libp2p v0.52.3
[INFO] [stderr]   Downloaded yamux v0.12.0
[INFO] [stderr]   Downloaded ark-ed-on-bls12-377 v0.4.0
[INFO] [stderr]   Downloaded libp2p-swarm-derive v0.33.0
[INFO] [stderr]   Downloaded libp2p-mdns v0.44.0
[INFO] [stderr]   Downloaded sval_json v2.10.1
[INFO] [stderr]   Downloaded multiaddr v0.18.0
[INFO] [stderr]   Downloaded libp2p-core v0.40.1
[INFO] [stderr]   Downloaded console-api v0.5.0
[INFO] [stderr]   Downloaded ark-ed-on-bn254 v0.4.0
[INFO] [stderr]   Downloaded sval_dynamic v2.10.1
[INFO] [stderr]   Downloaded libp2p-identity v0.2.4
[INFO] [stderr]   Downloaded libp2p-connection-limits v0.2.1
[INFO] [stderr]   Downloaded custom_debug v0.5.1
[INFO] [stderr]   Downloaded sval_buffer v2.10.1
[INFO] [stderr]   Downloaded routefinder v0.5.3
[INFO] [stderr]   Downloaded smartcow v0.2.1
[INFO] [stderr]   Downloaded libp2p-wasm-ext v0.40.0
[INFO] [stderr]   Downloaded libp2p-rendezvous v0.13.0
[INFO] [stderr]   Downloaded libp2p-identify v0.43.0
[INFO] [stderr]   Downloaded libp2p-uds v0.39.0
[INFO] [stderr]   Downloaded crypto_kx v0.2.1
[INFO] [stderr]   Downloaded sval v2.10.1
[INFO] [stderr]   Downloaded libp2p-request-response v0.25.1
[INFO] [stderr]   Downloaded ark-bw6-761 v0.4.0
[INFO] [stderr]   Downloaded multistream-select v0.13.0
[INFO] [stderr]   Downloaded libp2p-websocket v0.42.1
[INFO] [stderr]   Downloaded libp2p-dns v0.40.0
[INFO] [stderr]   Downloaded libp2p-tcp v0.40.0
[INFO] [stderr]   Downloaded libp2p-allow-block-list v0.2.0
[INFO] [stderr]   Downloaded libp2p-ping v0.43.1
[INFO] [stderr]   Downloaded tracing-distributed v0.4.0
[INFO] [stderr]   Downloaded libp2p-pnet v0.23.0
[INFO] [stderr]   Downloaded maud v0.24.0
[INFO] [stderr]   Downloaded sval_serde v2.10.1
[INFO] [stderr]   Downloaded maud_macros v0.24.0
[INFO] [stderr]   Downloaded ark-ed-on-bls12-381 v0.4.0
[INFO] [stderr]   Downloaded sval_fmt v2.10.1
[INFO] [stderr]   Downloaded libp2p-swarm v0.43.5
[INFO] [stderr]   Downloaded libp2p-metrics v0.13.1
[INFO] [stderr]   Downloaded value-bag-serde1 v1.4.1
[INFO] [stderr]   Downloaded rw-stream-sink v0.4.0
[INFO] [stderr]   Downloaded quick-protobuf-codec v0.2.0
[INFO] running `Command { std: "docker" "create" "-v" "/var/lib/crater-agent-workspace/builds/worker-3-tc1/target:/opt/rustwide/target:rw,Z" "-v" "/var/lib/crater-agent-workspace/builds/worker-3-tc1/source:/opt/rustwide/workdir:ro,Z" "-v" "/var/lib/crater-agent-workspace/cargo-home:/opt/rustwide/cargo-home:ro,Z" "-v" "/var/lib/crater-agent-workspace/rustup-home:/opt/rustwide/rustup-home:ro,Z" "-e" "SOURCE_DIR=/opt/rustwide/workdir" "-e" "CARGO_TARGET_DIR=/opt/rustwide/target" "-e" "CARGO_HOME=/opt/rustwide/cargo-home" "-e" "RUSTUP_HOME=/opt/rustwide/rustup-home" "-w" "/opt/rustwide/workdir" "-m" "1610612736" "--user" "0:0" "--network" "none" "ghcr.io/rust-lang/crates-build-env/linux@sha256:2788e3201cd34a07e3172128adcd8b3090168a8e3bcc40d7c032b9dda1df7d1c" "/opt/rustwide/cargo-home/bin/cargo" "+1.75.0" "metadata" "--no-deps" "--format-version=1", kill_on_drop: false }`
[INFO] [stdout] 036348510e711e4fa10ada51367016ddb13fd973e08f8982028b55ed143fd438
[INFO] running `Command { std: "docker" "start" "-a" "036348510e711e4fa10ada51367016ddb13fd973e08f8982028b55ed143fd438", kill_on_drop: false }`
[INFO] running `Command { std: "docker" "inspect" "036348510e711e4fa10ada51367016ddb13fd973e08f8982028b55ed143fd438", kill_on_drop: false }`
[INFO] running `Command { std: "docker" "rm" "-f" "036348510e711e4fa10ada51367016ddb13fd973e08f8982028b55ed143fd438", kill_on_drop: false }`
[INFO] [stdout] 036348510e711e4fa10ada51367016ddb13fd973e08f8982028b55ed143fd438
[INFO] running `Command { std: "docker" "create" "-v" "/var/lib/crater-agent-workspace/builds/worker-3-tc1/target:/opt/rustwide/target:rw,Z" "-v" "/var/lib/crater-agent-workspace/builds/worker-3-tc1/source:/opt/rustwide/workdir:ro,Z" "-v" "/var/lib/crater-agent-workspace/cargo-home:/opt/rustwide/cargo-home:ro,Z" "-v" "/var/lib/crater-agent-workspace/rustup-home:/opt/rustwide/rustup-home:ro,Z" "-e" "SOURCE_DIR=/opt/rustwide/workdir" "-e" "CARGO_TARGET_DIR=/opt/rustwide/target" "-e" "CARGO_INCREMENTAL=0" "-e" "RUST_BACKTRACE=full" "-e" "RUSTFLAGS=--cap-lints=warn" "-e" "RUSTDOCFLAGS=--cap-lints=warn" "-e" "CARGO_HOME=/opt/rustwide/cargo-home" "-e" "RUSTUP_HOME=/opt/rustwide/rustup-home" "-w" "/opt/rustwide/workdir" "-m" "1610612736" "--user" "0:0" "--network" "none" "ghcr.io/rust-lang/crates-build-env/linux@sha256:2788e3201cd34a07e3172128adcd8b3090168a8e3bcc40d7c032b9dda1df7d1c" "/opt/rustwide/cargo-home/bin/cargo" "+1.75.0" "doc" "--frozen" "--no-deps" "--document-private-items" "--message-format=json", kill_on_drop: false }`
[INFO] [stdout] 13135a1146ee44a9c57076e4bb3051b891db88fb3877b9f0517e31d773180890
[INFO] running `Command { std: "docker" "start" "-a" "13135a1146ee44a9c57076e4bb3051b891db88fb3877b9f0517e31d773180890", kill_on_drop: false }`
[INFO] [stderr]    Compiling proc-macro2 v1.0.67
[INFO] [stderr]    Compiling serde v1.0.188
[INFO] [stderr]    Compiling libc v0.2.148
[INFO] [stderr]    Compiling syn v1.0.109
[INFO] [stderr]    Compiling typenum v1.17.0
[INFO] [stderr]     Checking subtle v2.5.0
[INFO] [stderr]     Checking once_cell v1.18.0
[INFO] [stderr]     Checking memchr v2.6.4
[INFO] [stderr]    Compiling thiserror v1.0.49
[INFO] [stderr]     Checking pin-project-lite v0.2.13
[INFO] [stderr]    Compiling generic-array v0.14.7
[INFO] [stderr]     Checking value-bag v1.4.1
[INFO] [stderr]    Compiling futures-core v0.3.28
[INFO] [stderr]     Checking const-oid v0.9.5
[INFO] [stderr]     Checking futures-io v0.3.28
[INFO] [stderr]    Compiling slab v0.4.9
[INFO] [stderr]     Checking cpufeatures v0.2.9
[INFO] [stderr]    Compiling futures-channel v0.3.28
[INFO] [stderr]    Compiling futures-task v0.3.28
[INFO] [stderr]    Compiling futures-util v0.3.28
[INFO] [stderr]     Checking scopeguard v1.2.0
[INFO] [stderr]     Checking log v0.4.20
[INFO] [stderr]     Checking byteorder v1.4.3
[INFO] [stderr]    Compiling crunchy v0.2.2
[INFO] [stderr]     Checking base64 v0.13.1
[INFO] [stderr]     Checking percent-encoding v2.3.0
[INFO] [stderr]    Compiling semver v1.0.19
[INFO] [stderr]    Compiling quote v1.0.33
[INFO] [stderr]    Compiling zeroize v1.6.0
[INFO] [stderr]    Compiling syn v2.0.37
[INFO] [stderr]     Checking form_urlencoded v1.2.0
[INFO] [stderr]     Checking tracing-core v0.1.31
[INFO] [stderr]    Compiling num-traits v0.2.16
[INFO] [stderr]     Checking idna v0.4.0
[INFO] [stderr]     Checking opaque-debug v0.3.0
[INFO] [stderr]    Compiling lock_api v0.4.10
[INFO] [stderr]    Compiling heck v0.4.1
[INFO] [stderr]    Compiling crossbeam-utils v0.8.16
[INFO] [stderr]     Checking static_assertions v1.1.0
[INFO] [stderr]     Checking spin v0.5.2
[INFO] [stderr]     Checking untrusted v0.7.1
[INFO] [stderr]    Compiling cfg-if v1.0.0
[INFO] [stderr]     Checking smallvec v1.11.1
[INFO] [stderr]    Compiling equivalent v1.0.1
[INFO] [stderr]    Compiling hashbrown v0.14.1
[INFO] [stderr]    Compiling parking_lot_core v0.9.8
[INFO] [stderr]    Compiling serde_json v1.0.107
[INFO] [stderr]     Checking data-encoding v2.4.0
[INFO] [stderr]    Compiling num-integer v0.1.45
[INFO] [stderr]    Compiling num-bigint v0.4.4
[INFO] [stderr]    Compiling cc v1.0.83
[INFO] [stderr]    Compiling winnow v0.5.15
[INFO] [stderr]    Compiling getrandom v0.2.10
[INFO] [stderr]     Checking send_wrapper v0.4.0
[INFO] [stderr]     Checking aho-corasick v1.1.1
[INFO] [stderr]    Compiling platforms v3.1.2
[INFO] [stderr]    Compiling rand_core v0.6.4
[INFO] [stderr]    Compiling convert_case v0.4.0
[INFO] [stderr]    Compiling async-trait v0.1.73
[INFO] [stderr]     Checking event-listener v2.5.3
[INFO] [stderr]    Compiling indexmap v2.0.2
[INFO] [stderr]     Checking regex-syntax v0.7.5
[INFO] [stderr]    Compiling paste v1.0.14
[INFO] [stderr]     Checking num_cpus v1.16.0
[INFO] [stderr]     Checking socket2 v0.5.4
[INFO] [stderr]     Checking mio v0.8.8
[INFO] [stderr]     Checking rand_chacha v0.3.1
[INFO] [stderr]     Checking socket2 v0.4.9
[INFO] [stderr]     Checking parking_lot v0.12.1
[INFO] [stderr]    Compiling memoffset v0.9.0
[INFO] [stderr]     Checking rand v0.8.5
[INFO] [stderr]     Checking fastrand v2.0.1
[INFO] [stderr]    Compiling ppv-lite86 v0.2.17
[INFO] [stderr]    Compiling crossbeam-epoch v0.9.15
[INFO] [stderr]     Checking hex v0.4.3
[INFO] [stderr]    Compiling digest v0.9.0
[INFO] [stderr]     Checking arrayref v0.3.7
[INFO] [stderr]    Compiling libsecp256k1-core v0.3.0
[INFO] [stderr]     Checking async-lock v2.8.0
[INFO] [stderr]    Compiling ring v0.16.20
[INFO] [stderr]     Checking core2 v0.4.0
[INFO] [stderr]     Checking quick-protobuf v0.8.1
[INFO] [stderr]    Compiling anyhow v1.0.75
[INFO] [stderr]    Compiling unicode-xid v0.2.4
[INFO] [stderr]    Compiling rayon-core v1.12.0
[INFO] [stderr]     Checking asn1_der v0.7.6
[INFO] [stderr]     Checking base-x v0.2.11
[INFO] [stderr]     Checking adler v1.0.2
[INFO] [stderr]     Checking crossbeam-deque v0.8.3
[INFO] [stderr]     Checking miniz_oxide v0.7.1
[INFO] [stderr]    Compiling proc-macro-error-attr v1.0.4
[INFO] [stderr]     Checking keccak v0.1.4
[INFO] [stderr]    Compiling proc-macro-error v1.0.4
[INFO] [stderr]    Compiling getrandom v0.1.16
[INFO] [stderr]     Checking void v1.0.2
[INFO] [stderr]    Compiling libsecp256k1-gen-genmult v0.3.0
[INFO] [stderr]     Checking regex-automata v0.3.9
[INFO] [stderr]    Compiling libsecp256k1-gen-ecmult v0.3.0
[INFO] [stderr]    Compiling backtrace v0.3.69
[INFO] [stderr]     Checking gimli v0.28.0
[INFO] [stderr]     Checking base16ct v0.2.0
[INFO] [stderr]     Checking concurrent-queue v2.3.0
[INFO] [stderr]     Checking object v0.32.1
[INFO] [stderr]     Checking rustc-hex v2.1.0
[INFO] [stderr]     Checking rustc-demangle v0.1.23
[INFO] [stderr]    Compiling rustversion v1.0.14
[INFO] [stderr]    Compiling libsecp256k1 v0.7.1
[INFO] [stderr]     Checking waker-fn v1.1.1
[INFO] [stderr]     Checking rand_core v0.5.1
[INFO] [stderr]     Checking fastrand v1.9.0
[INFO] [stderr]     Checking parking v2.1.1
[INFO] [stderr]     Checking byte-slice-cast v1.2.2
[INFO] [stderr]    Compiling time-core v0.1.2
[INFO] [stderr]    Compiling io-lifetimes v1.0.11
[INFO] [stderr]     Checking uint v0.9.5
[INFO] [stderr]     Checking futures-lite v1.13.0
[INFO] [stderr]    Compiling time-macros v0.2.15
[INFO] [stderr]    Compiling polling v2.8.0
[INFO] [stderr]    Compiling ahash v0.8.3
[INFO] [stderr]    Compiling tiny-keccak v2.0.2
[INFO] [stderr]     Checking deranged v0.3.8
[INFO] [stderr]    Compiling wasm-bindgen-backend v0.2.87
[INFO] [stderr]    Compiling rustix v0.37.24
[INFO] [stderr]     Checking fixed-hash v0.8.0
[INFO] [stderr]    Compiling async-io v1.13.0
[INFO] [stderr]    Compiling ahash v0.7.6
[INFO] [stderr]    Compiling pkg-config v0.3.27
[INFO] [stderr]    Compiling eyre v0.6.8
[INFO] [stderr]     Checking linux-raw-sys v0.3.8
[INFO] [stderr]    Compiling wasm-bindgen-macro-support v0.2.87
[INFO] [stderr]     Checking regex v1.9.6
[INFO] [stderr]     Checking async-channel v1.9.0
[INFO] [stderr]    Compiling vcpkg v0.2.15
[INFO] [stderr]    Compiling signal-hook v0.3.17
[INFO] [stderr]    Compiling doc-comment v0.3.3
[INFO] [stderr]    Compiling rustls v0.21.7
[INFO] [stderr]     Checking addr2line v0.21.0
[INFO] [stderr]     Checking hashbrown v0.13.2
[INFO] [stderr]     Checking signal-hook-registry v1.4.1
[INFO] [stderr]     Checking atomic-waker v1.1.2
[INFO] [stderr]     Checking async-task v4.4.1
[INFO] [stderr]     Checking hashbrown v0.12.3
[INFO] [stderr]     Checking time v0.3.29
[INFO] [stderr]     Checking piper v0.2.1
[INFO] [stderr]    Compiling async-process v1.7.0
[INFO] [stderr]     Checking regex-syntax v0.6.29
[INFO] [stderr]    Compiling proc-macro-warning v0.4.2
[INFO] [stderr]    Compiling standback v0.2.17
[INFO] [stderr]     Checking indenter v0.3.3
[INFO] [stderr]     Checking async-executor v1.5.4
[INFO] [stderr]    Compiling proc-macro-hack v0.5.20+deprecated
[INFO] [stderr]    Compiling libnghttp2-sys v0.1.8+1.55.1
[INFO] [stderr]     Checking tracing-log v0.1.3
[INFO] [stderr]     Checking sharded-slab v0.1.7
[INFO] [stderr]     Checking kv-log-macro v1.0.7
[INFO] [stderr]    Compiling openssl-sys v0.9.93
[INFO] [stderr]    Compiling libz-sys v1.1.12
[INFO] [stderr]     Checking thread_local v1.1.7
[INFO] [stderr]     Checking utf-8 v0.7.6
[INFO] [stderr]     Checking base64 v0.21.4
[INFO] [stderr]     Checking sct v0.7.0
[INFO] [stderr]     Checking rustls-webpki v0.101.6
[INFO] [stderr]     Checking rand_chacha v0.2.2
[INFO] [stderr]     Checking cpuid-bool v0.2.0
[INFO] [stderr]     Checking ipnet v2.8.0
[INFO] [stderr]    Compiling const_fn v0.4.9
[INFO] [stderr]    Compiling camino v1.1.6
[INFO] [stderr]    Compiling curl-sys v0.4.66+curl-8.3.0
[INFO] [stderr]    Compiling serde_derive v1.0.188
[INFO] [stderr]    Compiling zeroize_derive v1.4.2
[INFO] [stderr]    Compiling thiserror-impl v1.0.49
[INFO] [stderr]    Compiling futures-macro v0.3.28
[INFO] [stderr]    Compiling tracing-attributes v0.1.26
[INFO] [stderr]    Compiling pin-project-internal v1.1.3
[INFO] [stderr]    Compiling wasm-bindgen-macro v0.2.87
[INFO] [stderr]    Compiling curve25519-dalek-derive v0.1.0
[INFO] [stderr]    Compiling strum_macros v0.25.2
[INFO] [stderr]    Compiling libp2p-swarm-derive v0.33.0
[INFO] [stderr]    Compiling derive_more v0.99.17
[INFO] [stderr]    Compiling impl-trait-for-tuples v0.2.2
[INFO] [stderr]    Compiling rlp-derive v0.1.0
[INFO] [stderr]     Checking wasm-bindgen v0.2.87
[INFO] [stderr]    Compiling data-encoding-macro-internal v0.1.11
[INFO] [stderr]    Compiling derivative v2.2.0
[INFO] [stderr]     Checking js-sys v0.3.64
[INFO] [stderr]    Compiling ark-serialize-derive v0.4.2
[INFO] [stderr]    Compiling ark-ff-macros v0.4.2
[INFO] [stderr]     Checking data-encoding-macro v0.1.13
[INFO] [stderr]     Checking pin-project v1.1.3
[INFO] [stderr]    Compiling ark-ff-asm v0.4.2
[INFO] [stderr]     Checking multibase v0.9.1
[INFO] [stderr]    Compiling snafu-derive v0.7.5
[INFO] [stderr]     Checking regex-automata v0.1.10
[INFO] [stderr]     Checking der v0.7.8
[INFO] [stderr]     Checking tracing v0.1.37
[INFO] [stderr]    Compiling async-attributes v1.1.2
[INFO] [stderr]    Compiling time-macros-impl v0.1.2
[INFO] [stderr]     Checking blocking v1.4.0
[INFO] [stderr]     Checking tracing-futures v0.2.5
[INFO] [stderr]     Checking rand v0.7.3
[INFO] [stderr]     Checking ff v0.13.0
[INFO] [stderr]     Checking strum v0.25.0
[INFO] [stderr]     Checking matchers v0.1.0
[INFO] [stderr]    Compiling time v0.2.27
[INFO] [stderr]    Compiling radium v0.7.0
[INFO] [stderr]     Checking crc-any v2.4.3
[INFO] [stderr]     Checking group v0.13.0
[INFO] [stderr]     Checking spki v0.7.2
[INFO] [stderr]    Compiling ark-serialize-derive v0.3.0
[INFO] [stderr]     Checking ark-std v0.3.0
[INFO] [stderr]    Compiling block-buffer v0.10.4
[INFO] [stderr]    Compiling crypto-common v0.1.6
[INFO] [stderr]     Checking time-macros v0.1.1
[INFO] [stderr]     Checking pkcs8 v0.10.2
[INFO] [stderr]    Compiling cookie v0.14.4
[INFO] [stderr]     Checking mime v0.3.17
[INFO] [stderr]    Compiling ucd-trie v0.1.6
[INFO] [stderr]     Checking tap v1.0.1
[INFO] [stderr]    Compiling digest v0.10.7
[INFO] [stderr]     Checking wyz v0.5.1
[INFO] [stderr]    Compiling pest v2.7.4
[INFO] [stderr]    Compiling auto_impl v1.1.0
[INFO] [stderr]     Checking encoding_rs v0.8.33
[INFO] [stderr]     Checking funty v2.0.0
[INFO] [stderr]     Checking gloo-timers v0.2.6
[INFO] [stderr]    Compiling rustix v0.38.17
[INFO] [stderr]     Checking futures-timer v3.0.2
[INFO] [stderr]    Compiling http-types v2.12.0
[INFO] [stderr]    Compiling synstructure v0.12.6
[INFO] [stderr]    Compiling bitflags v2.4.0
[INFO] [stderr]     Checking futures-executor v0.3.28
[INFO] [stderr]    Compiling arrayvec v0.7.4
[INFO] [stderr]    Compiling curl v0.4.44
[INFO] [stderr]     Checking futures v0.3.28
[INFO] [stderr]     Checking rw-stream-sink v0.4.0
[INFO] [stderr]     Checking unicode-ident v1.0.12
[INFO] [stderr]     Checking infer v0.2.3
[INFO] [stderr]    Compiling linux-raw-sys v0.4.8
[INFO] [stderr]    Compiling displaydoc v0.2.4
[INFO] [stderr]     Checking spinning_top v0.2.5
[INFO] [stderr]     Checking pem v1.1.1
[INFO] [stderr]     Checking webpki-roots v0.25.2
[INFO] [stderr]    Compiling isahc v0.9.14
[INFO] [stderr]     Checking snafu v0.7.5
[INFO] [stderr]     Checking owo-colors v3.5.0
[INFO] [stderr]     Checking flume v0.9.2
[INFO] [stderr]     Checking sluice v0.5.5
[INFO] [stderr]    Compiling unicase v2.7.0
[INFO] [stderr]     Checking minimal-lexical v0.2.1
[INFO] [stderr]    Compiling tagged-base64-macros v0.2.0 (https://github.com/EspressoSystems/tagged-base64.git?tag=0.2.4#9b9a5fae)
[INFO] [stderr]     Checking nom v7.1.3
[INFO] [stderr]     Checking const-hex v1.9.1
[INFO] [stderr]     Checking chrono v0.4.31
[INFO] [stderr]     Checking pin-project-lite v0.1.12
[INFO] [stderr]     Checking indexmap v1.9.3
[INFO] [stderr]    Compiling hmac v0.12.1
[INFO] [stderr]    Compiling darling_core v0.14.4
[INFO] [stderr]    Compiling crypto-bigint v0.5.3
[INFO] [stderr]    Compiling ryu v1.0.15
[INFO] [stderr]    Compiling itoa v1.0.9
[INFO] [stderr]    Compiling prettyplease v0.2.15
[INFO] [stderr]     Checking want v0.3.1
[INFO] [stderr]    Compiling mime_guess v2.0.4
[INFO] [stderr]    Compiling rfc6979 v0.4.0
[INFO] [stderr]    Compiling signature v2.1.0
[INFO] [stderr]    Compiling tagged-base64-macros v0.3.3
[INFO] [stderr]    Compiling sec1 v0.7.3
[INFO] [stderr]    Compiling derive_arbitrary v1.3.1
[INFO] [stderr]    Compiling darling_core v0.20.3
[INFO] [stderr]     Checking simple-mutex v1.1.5
[INFO] [stderr]     Checking tracing-subscriber v0.2.25
[INFO] [stderr]     Checking httpdate v1.0.3
[INFO] [stderr]     Checking bytes v1.5.0
[INFO] [stderr]     Checking either v1.9.0
[INFO] [stderr]     Checking url v2.4.1
[INFO] [stderr]     Checking impl-serde v0.4.0
[INFO] [stderr]     Checking rayon v1.8.0
[INFO] [stderr]     Checking serde_urlencoded v0.7.1
[INFO] [stderr]     Checking itertools v0.10.5
[INFO] [stderr]     Checking tokio v1.32.0
[INFO] [stderr]     Checking asynchronous-codec v0.6.2
[INFO] [stderr]     Checking http v0.2.9
[INFO] [stderr]     Checking rlp v0.5.2
[INFO] [stderr]     Checking block-buffer v0.9.0
[INFO] [stderr]    Compiling serde_spanned v0.6.3
[INFO] [stderr]    Compiling toml_datetime v0.6.3
[INFO] [stderr]     Checking sha2 v0.9.9
[INFO] [stderr]     Checking unsigned-varint v0.7.2
[INFO] [stderr]     Checking crypto-mac v0.8.0
[INFO] [stderr]    Compiling rustc_version v0.4.0
[INFO] [stderr]    Compiling toml_edit v0.19.15
[INFO] [stderr]     Checking hmac v0.8.1
[INFO] [stderr]     Checking impl-rlp v0.3.0
[INFO] [stderr]     Checking inout v0.1.3
[INFO] [stderr]     Checking multihash v0.19.1
[INFO] [stderr]     Checking sha2 v0.10.8
[INFO] [stderr]     Checking hmac-drbg v0.3.0
[INFO] [stderr]     Checking hkdf v0.12.3
[INFO] [stderr]     Checking ed25519 v2.2.2
[INFO] [stderr]     Checking multistream-select v0.13.0
[INFO] [stderr]     Checking sha3 v0.10.8
[INFO] [stderr]     Checking cipher v0.4.4
[INFO] [stderr]    Compiling curve25519-dalek v4.1.1
[INFO] [stderr]     Checking bs58 v0.5.0
[INFO] [stderr]     Checking cipher v0.2.5
[INFO] [stderr]     Checking tracing-serde v0.1.3
[INFO] [stderr]     Checking universal-hash v0.4.0
[INFO] [stderr]     Checking crypto-mac v0.10.0
[INFO] [stderr]     Checking aes-soft v0.6.4
[INFO] [stderr]     Checking tracing-subscriber v0.3.17
[INFO] [stderr]     Checking polyval v0.4.5
[INFO] [stderr]     Checking hmac v0.10.1
[INFO] [stderr]     Checking ctr v0.6.0
[INFO] [stderr]     Checking ghash v0.3.1
[INFO] [stderr]     Checking aead v0.3.2
[INFO] [stderr]     Checking hkdf v0.10.0
[INFO] [stderr]     Checking aes v0.6.0
[INFO] [stderr]    Compiling open-fastrlp-derive v0.1.1
[INFO] [stderr]     Checking ark-serialize v0.3.0
[INFO] [stderr]     Checking bitvec v1.0.1
[INFO] [stderr]     Checking serde_qs v0.8.5
[INFO] [stderr]     Checking aes-gcm v0.8.0
[INFO] [stderr]     Checking salsa20 v0.10.2
[INFO] [stderr]     Checking ark-std v0.4.0
[INFO] [stderr]     Checking ark-serialize v0.4.2
[INFO] [stderr]     Checking cargo-platform v0.1.3
[INFO] [stderr]     Checking tagged-base64 v0.2.4 (https://github.com/EspressoSystems/tagged-base64.git?tag=0.2.4#9b9a5fae)
[INFO] [stderr]     Checking ed25519-dalek v2.0.0
[INFO] [stderr]     Checking ark-ff v0.4.2
[INFO] [stderr]     Checking sha-1 v0.9.8
[INFO] [stderr]     Checking tempfile v3.8.0
[INFO] [stderr]     Checking bincode v1.3.3
[INFO] [stderr]    Compiling darling_macro v0.14.4
[INFO] [stderr]     Checking cargo_metadata v0.17.0
[INFO] [stderr]    Compiling proc-macro-crate v1.3.1
[INFO] [stderr]     Checking tracing-error v0.2.0
[INFO] [stderr]    Compiling snow v0.9.3
[INFO] [stderr]     Checking color-spantrace v0.2.0
[INFO] [stderr]     Checking http-body v0.4.5
[INFO] [stderr]    Compiling elliptic-curve v0.13.6
[INFO] [stderr]     Checking color-eyre v0.6.2
[INFO] [stderr]     Checking option-ext v0.2.0
[INFO] [stderr]    Compiling siphasher v0.3.11
[INFO] [stderr]    Compiling darling_macro v0.20.3
[INFO] [stderr]     Checking dirs-sys v0.4.1
[INFO] [stderr]     Checking tagged-base64 v0.3.3
[INFO] [stderr]    Compiling ecdsa v0.16.8
[INFO] [stderr]     Checking blake2 v0.10.6
[INFO] [stderr]     Checking curve25519-dalek v3.2.0
[INFO] [stderr]     Checking universal-hash v0.5.1
[INFO] [stderr]     Checking toml v0.7.8
[INFO] [stderr]     Checking arbitrary v1.3.0
[INFO] [stderr]    Compiling darling v0.14.4
[INFO] [stderr]     Checking async-global-executor v2.3.1
[INFO] [stderr]     Checking tokio-util v0.7.9
[INFO] [stderr]     Checking k256 v0.13.1
[INFO] [stderr]     Checking tokio-rustls v0.24.1
[INFO] [stderr]     Checking async-dup v1.2.2
[INFO] [stderr]     Checking netlink-packet-utils v0.5.2
[INFO] [stderr]    Compiling blst v0.3.10 (https://github.com/EspressoSystems/blst.git?branch=no-std#faefc7fc)
[INFO] [stderr]     Checking async-std v1.12.0
[INFO] [stderr]     Checking x25519-dalek v1.1.1
[INFO] [stderr]     Checking netlink-packet-core v0.4.2
[INFO] [stderr]    Compiling darling v0.20.3
[INFO] [stderr]    Compiling derive_builder_core v0.12.0
[INFO] [stderr]     Checking h2 v0.3.21
[INFO] [stderr]     Checking poly1305 v0.8.0
[INFO] [stderr]     Checking dirs v5.0.1
[INFO] [stderr]     Checking commit v0.2.2 (https://github.com/EspressoSystems/commit?tag=0.2.2#7e938186)
[INFO] [stderr]     Checking chacha20 v0.9.1
[INFO] [stderr]     Checking ripemd v0.1.3
[INFO] [stderr]     Checking sha1 v0.10.6
[INFO] [stderr]     Checking aead v0.5.2
[INFO] [stderr]     Checking serdect v0.2.0
[INFO] [stderr]    Compiling pest_meta v2.7.4
[INFO] [stderr]     Checking web-sys v0.3.64
[INFO] [stderr]     Checking rustls-pemfile v1.0.3
[INFO] [stderr] error: could not compile `libsecp256k1` (lib)
[INFO] [stderr] 
[INFO] [stderr] Caused by:
[INFO] [stderr]   process didn't exit successfully: `/opt/rustwide/rustup-home/toolchains/1.75.0-x86_64-unknown-linux-gnu/bin/rustc --crate-name libsecp256k1 --edition=2018 /opt/rustwide/cargo-home/registry/src/index.crates.io-6f17d22bba15001f/libsecp256k1-0.7.1/src/lib.rs --error-format=json --json=diagnostic-rendered-ansi,artifacts,future-incompat --crate-type lib --emit=dep-info,metadata -C embed-bitcode=no -C debuginfo=2 --cfg 'feature="default"' --cfg 'feature="hmac"' --cfg 'feature="hmac-drbg"' --cfg 'feature="sha2"' --cfg 'feature="static-context"' --cfg 'feature="std"' --cfg 'feature="typenum"' -C metadata=e6baf20dcf24993d -C extra-filename=-e6baf20dcf24993d --out-dir /opt/rustwide/target/debug/deps -L dependency=/opt/rustwide/target/debug/deps --extern arrayref=/opt/rustwide/target/debug/deps/libarrayref-6b787c8d3386d75e.rmeta --extern base64=/opt/rustwide/target/debug/deps/libbase64-2fb7e36d56cddb97.rmeta --extern digest=/opt/rustwide/target/debug/deps/libdigest-9957fd57e6d7af95.rmeta --extern hmac_drbg=/opt/rustwide/target/debug/deps/libhmac_drbg-a19f1fb36d91166b.rmeta --extern libsecp256k1_core=/opt/rustwide/target/debug/deps/liblibsecp256k1_core-47c7d4cc17ea1472.rmeta --extern rand=/opt/rustwide/target/debug/deps/librand-0fd55bfe7d36c8da.rmeta --extern serde=/opt/rustwide/target/debug/deps/libserde-3142ccc435a77272.rmeta --extern sha2=/opt/rustwide/target/debug/deps/libsha2-0feec9b186f12629.rmeta --extern typenum=/opt/rustwide/target/debug/deps/libtypenum-c1d43d0ecfc8c4e6.rmeta --cap-lints allow --cap-lints=warn` (signal: 9, SIGKILL: kill)
[INFO] [stderr] warning: build failed, waiting for other jobs to finish...
[INFO] running `Command { std: "docker" "inspect" "13135a1146ee44a9c57076e4bb3051b891db88fb3877b9f0517e31d773180890", kill_on_drop: false }`
[INFO] running `Command { std: "docker" "rm" "-f" "13135a1146ee44a9c57076e4bb3051b891db88fb3877b9f0517e31d773180890", kill_on_drop: false }`
[INFO] [stdout] 13135a1146ee44a9c57076e4bb3051b891db88fb3877b9f0517e31d773180890
[INFO] documenting aakash4dev/espresso-sequencer against beta-2023-12-22 for beta-1.76-rustdoc-1
[INFO] running `Command { std: "git" "clone" "/workspace/cache/git-repos/https%3A%2F%2Fgithub.com%2Faakash4dev%2Fespresso-sequencer" "/workspace/builds/worker-3-tc2/source", kill_on_drop: false }`
[INFO] [stderr] Cloning into '/workspace/builds/worker-3-tc2/source'...
[INFO] [stderr] done.
[INFO] validating manifest of git repo https://github.com/aakash4dev/espresso-sequencer on toolchain beta-2023-12-22
[INFO] running `Command { std: CARGO_HOME="/workspace/cargo-home" RUSTUP_HOME="/workspace/rustup-home" "/workspace/cargo-home/bin/cargo" "+beta-2023-12-22" "metadata" "--manifest-path" "Cargo.toml" "--no-deps", kill_on_drop: false }`
[INFO] removed /workspace/builds/worker-3-tc2/source/.cargo/config
[INFO] started tweaking git repo https://github.com/aakash4dev/espresso-sequencer
[INFO] finished tweaking git repo https://github.com/aakash4dev/espresso-sequencer
[INFO] tweaked toml for git repo https://github.com/aakash4dev/espresso-sequencer written to /workspace/builds/worker-3-tc2/source/Cargo.toml
[INFO] crate git repo https://github.com/aakash4dev/espresso-sequencer already has a lockfile, it will not be regenerated
[INFO] running `Command { std: CARGO_HOME="/workspace/cargo-home" RUSTUP_HOME="/workspace/rustup-home" "/workspace/cargo-home/bin/cargo" "+beta-2023-12-22" "fetch" "--manifest-path" "Cargo.toml", kill_on_drop: false }`
[INFO] running `Command { std: "docker" "create" "-v" "/var/lib/crater-agent-workspace/builds/worker-3-tc2/target:/opt/rustwide/target:rw,Z" "-v" "/var/lib/crater-agent-workspace/builds/worker-3-tc2/source:/opt/rustwide/workdir:ro,Z" "-v" "/var/lib/crater-agent-workspace/cargo-home:/opt/rustwide/cargo-home:ro,Z" "-v" "/var/lib/crater-agent-workspace/rustup-home:/opt/rustwide/rustup-home:ro,Z" "-e" "SOURCE_DIR=/opt/rustwide/workdir" "-e" "CARGO_TARGET_DIR=/opt/rustwide/target" "-e" "CARGO_HOME=/opt/rustwide/cargo-home" "-e" "RUSTUP_HOME=/opt/rustwide/rustup-home" "-w" "/opt/rustwide/workdir" "-m" "1610612736" "--user" "0:0" "--network" "none" "ghcr.io/rust-lang/crates-build-env/linux@sha256:2788e3201cd34a07e3172128adcd8b3090168a8e3bcc40d7c032b9dda1df7d1c" "/opt/rustwide/cargo-home/bin/cargo" "+beta-2023-12-22" "metadata" "--no-deps" "--format-version=1", kill_on_drop: false }`
[INFO] [stdout] 834218cc3b9fd7812fe8bed210170ee0b15f775cd40f847b450c2a884382bc7b
[INFO] running `Command { std: "docker" "start" "-a" "834218cc3b9fd7812fe8bed210170ee0b15f775cd40f847b450c2a884382bc7b", kill_on_drop: false }`
[INFO] running `Command { std: "docker" "inspect" "834218cc3b9fd7812fe8bed210170ee0b15f775cd40f847b450c2a884382bc7b", kill_on_drop: false }`
[INFO] running `Command { std: "docker" "rm" "-f" "834218cc3b9fd7812fe8bed210170ee0b15f775cd40f847b450c2a884382bc7b", kill_on_drop: false }`
[INFO] [stdout] 834218cc3b9fd7812fe8bed210170ee0b15f775cd40f847b450c2a884382bc7b
[INFO] running `Command { std: "docker" "create" "-v" "/var/lib/crater-agent-workspace/builds/worker-3-tc2/target:/opt/rustwide/target:rw,Z" "-v" "/var/lib/crater-agent-workspace/builds/worker-3-tc2/source:/opt/rustwide/workdir:ro,Z" "-v" "/var/lib/crater-agent-workspace/cargo-home:/opt/rustwide/cargo-home:ro,Z" "-v" "/var/lib/crater-agent-workspace/rustup-home:/opt/rustwide/rustup-home:ro,Z" "-e" "SOURCE_DIR=/opt/rustwide/workdir" "-e" "CARGO_TARGET_DIR=/opt/rustwide/target" "-e" "CARGO_INCREMENTAL=0" "-e" "RUST_BACKTRACE=full" "-e" "RUSTFLAGS=--cap-lints=warn" "-e" "RUSTDOCFLAGS=--cap-lints=warn" "-e" "CARGO_HOME=/opt/rustwide/cargo-home" "-e" "RUSTUP_HOME=/opt/rustwide/rustup-home" "-w" "/opt/rustwide/workdir" "-m" "1610612736" "--user" "0:0" "--network" "none" "ghcr.io/rust-lang/crates-build-env/linux@sha256:2788e3201cd34a07e3172128adcd8b3090168a8e3bcc40d7c032b9dda1df7d1c" "/opt/rustwide/cargo-home/bin/cargo" "+beta-2023-12-22" "doc" "--frozen" "--no-deps" "--document-private-items" "--message-format=json", kill_on_drop: false }`
[INFO] [stdout] fa823814aaf63c0e9ce73cc40e33ea61b22b5b0323802e15a85924fb10c4cabb
[INFO] running `Command { std: "docker" "start" "-a" "fa823814aaf63c0e9ce73cc40e33ea61b22b5b0323802e15a85924fb10c4cabb", kill_on_drop: false }`
[INFO] [stderr]    Compiling proc-macro2 v1.0.67
[INFO] [stderr]    Compiling serde v1.0.188
[INFO] [stderr]    Compiling libc v0.2.148
[INFO] [stderr]    Compiling syn v1.0.109
[INFO] [stderr]    Compiling typenum v1.17.0
[INFO] [stderr]     Checking subtle v2.5.0
[INFO] [stderr]     Checking once_cell v1.18.0
[INFO] [stderr]     Checking memchr v2.6.4
[INFO] [stderr]    Compiling thiserror v1.0.49
[INFO] [stderr]     Checking pin-project-lite v0.2.13
[INFO] [stderr]    Compiling generic-array v0.14.7
[INFO] [stderr]     Checking value-bag v1.4.1
[INFO] [stderr]     Checking const-oid v0.9.5
[INFO] [stderr]    Compiling futures-core v0.3.28
[INFO] [stderr]     Checking futures-io v0.3.28
[INFO] [stderr]    Compiling slab v0.4.9
[INFO] [stderr]     Checking cpufeatures v0.2.9
[INFO] [stderr]    Compiling futures-channel v0.3.28
[INFO] [stderr]    Compiling futures-task v0.3.28
[INFO] [stderr]    Compiling futures-util v0.3.28
[INFO] [stderr]     Checking log v0.4.20
[INFO] [stderr]     Checking scopeguard v1.2.0
[INFO] [stderr]     Checking byteorder v1.4.3
[INFO] [stderr]    Compiling crunchy v0.2.2
[INFO] [stderr]     Checking base64 v0.13.1
[INFO] [stderr]    Compiling semver v1.0.19
[INFO] [stderr]     Checking percent-encoding v2.3.0
[INFO] [stderr]    Compiling zeroize v1.6.0
[INFO] [stderr]    Compiling quote v1.0.33
[INFO] [stderr]     Checking form_urlencoded v1.2.0
[INFO] [stderr]     Checking tracing-core v0.1.31
[INFO] [stderr]    Compiling num-traits v0.2.16
[INFO] [stderr]     Checking idna v0.4.0
[INFO] [stderr]     Checking opaque-debug v0.3.0
[INFO] [stderr]    Compiling lock_api v0.4.10
[INFO] [stderr]    Compiling heck v0.4.1
[INFO] [stderr]    Compiling crossbeam-utils v0.8.16
[INFO] [stderr]    Compiling syn v2.0.37
[INFO] [stderr]     Checking static_assertions v1.1.0
[INFO] [stderr]     Checking spin v0.5.2
[INFO] [stderr]     Checking untrusted v0.7.1
[INFO] [stderr]    Compiling cfg-if v1.0.0
[INFO] [stderr]     Checking smallvec v1.11.1
[INFO] [stderr]    Compiling parking_lot_core v0.9.8
[INFO] [stderr]    Compiling equivalent v1.0.1
[INFO] [stderr]    Compiling hashbrown v0.14.1
[INFO] [stderr]    Compiling serde_json v1.0.107
[INFO] [stderr]     Checking data-encoding v2.4.0
[INFO] [stderr]    Compiling num-integer v0.1.45
[INFO] [stderr]    Compiling num-bigint v0.4.4
[INFO] [stderr]    Compiling cc v1.0.83
[INFO] [stderr]    Compiling winnow v0.5.15
[INFO] [stderr]    Compiling getrandom v0.2.10
[INFO] [stderr]     Checking send_wrapper v0.4.0
[INFO] [stderr]     Checking aho-corasick v1.1.1
[INFO] [stderr]    Compiling async-trait v0.1.73
[INFO] [stderr]     Checking event-listener v2.5.3
[INFO] [stderr]    Compiling rand_core v0.6.4
[INFO] [stderr]    Compiling platforms v3.1.2
[INFO] [stderr]     Checking regex-syntax v0.7.5
[INFO] [stderr]    Compiling convert_case v0.4.0
[INFO] [stderr]    Compiling indexmap v2.0.2
[INFO] [stderr]    Compiling paste v1.0.14
[INFO] [stderr]    Compiling memoffset v0.9.0
[INFO] [stderr]    Compiling ppv-lite86 v0.2.17
[INFO] [stderr]     Checking num_cpus v1.16.0
[INFO] [stderr]     Checking socket2 v0.5.4
[INFO] [stderr]     Checking mio v0.8.8
[INFO] [stderr]     Checking rand_chacha v0.3.1
[INFO] [stderr]     Checking socket2 v0.4.9
[INFO] [stderr]     Checking parking_lot v0.12.1
[INFO] [stderr]     Checking fastrand v2.0.1
[INFO] [stderr]     Checking rand v0.8.5
[INFO] [stderr]    Compiling crossbeam-epoch v0.9.15
[INFO] [stderr]     Checking arrayref v0.3.7
[INFO] [stderr]     Checking hex v0.4.3
[INFO] [stderr]     Checking async-lock v2.8.0
[INFO] [stderr]     Checking quick-protobuf v0.8.1
[INFO] [stderr]    Compiling ring v0.16.20
[INFO] [stderr]     Checking core2 v0.4.0
[INFO] [stderr]    Compiling anyhow v1.0.75
[INFO] [stderr]    Compiling rayon-core v1.12.0
[INFO] [stderr]     Checking adler v1.0.2
[INFO] [stderr]     Checking base-x v0.2.11
[INFO] [stderr]    Compiling digest v0.9.0
[INFO] [stderr]     Checking asn1_der v0.7.6
[INFO] [stderr]    Compiling unicode-xid v0.2.4
[INFO] [stderr]     Checking miniz_oxide v0.7.1
[INFO] [stderr]    Compiling libsecp256k1-core v0.3.0
[INFO] [stderr]    Compiling proc-macro-error-attr v1.0.4
[INFO] [stderr]     Checking keccak v0.1.4
[INFO] [stderr]    Compiling proc-macro-error v1.0.4
[INFO] [stderr]     Checking crossbeam-deque v0.8.3
[INFO] [stderr]    Compiling getrandom v0.1.16
[INFO] [stderr]     Checking void v1.0.2
[INFO] [stderr]     Checking regex-automata v0.3.9
[INFO] [stderr]    Compiling backtrace v0.3.69
[INFO] [stderr]     Checking gimli v0.28.0
[INFO] [stderr]     Checking base16ct v0.2.0
[INFO] [stderr]     Checking concurrent-queue v2.3.0
[INFO] [stderr]     Checking object v0.32.1
[INFO] [stderr]     Checking rustc-demangle v0.1.23
[INFO] [stderr]     Checking rustc-hex v2.1.0
[INFO] [stderr]     Checking fastrand v1.9.0
[INFO] [stderr]     Checking waker-fn v1.1.1
[INFO] [stderr]     Checking rand_core v0.5.1
[INFO] [stderr]     Checking byte-slice-cast v1.2.2
[INFO] [stderr]     Checking parking v2.1.1
[INFO] [stderr]    Compiling rustversion v1.0.14
[INFO] [stderr]    Compiling io-lifetimes v1.0.11
[INFO] [stderr]     Checking futures-lite v1.13.0
[INFO] [stderr]    Compiling time-core v0.1.2
[INFO] [stderr]     Checking uint v0.9.5
[INFO] [stderr]    Compiling ahash v0.8.3
[INFO] [stderr]    Compiling polling v2.8.0
[INFO] [stderr]    Compiling libsecp256k1-gen-ecmult v0.3.0
[INFO] [stderr]    Compiling libsecp256k1-gen-genmult v0.3.0
[INFO] [stderr]    Compiling time-macros v0.2.15
[INFO] [stderr]     Checking deranged v0.3.8
[INFO] [stderr]    Compiling rustix v0.37.24
[INFO] [stderr]    Compiling tiny-keccak v2.0.2
[INFO] [stderr]     Checking fixed-hash v0.8.0
[INFO] [stderr]    Compiling libsecp256k1 v0.7.1
[INFO] [stderr]    Compiling ahash v0.7.6
[INFO] [stderr]    Compiling async-io v1.13.0
[INFO] [stderr]    Compiling pkg-config v0.3.27
[INFO] [stderr]     Checking linux-raw-sys v0.3.8
[INFO] [stderr]    Compiling eyre v0.6.8
[INFO] [stderr]    Compiling wasm-bindgen-backend v0.2.87
[INFO] [stderr]     Checking async-channel v1.9.0
[INFO] [stderr]    Compiling vcpkg v0.2.15
[INFO] [stderr]    Compiling doc-comment v0.3.3
[INFO] [stderr]    Compiling signal-hook v0.3.17
[INFO] [stderr]    Compiling rustls v0.21.7
[INFO] [stderr]     Checking hashbrown v0.13.2
[INFO] [stderr]     Checking signal-hook-registry v1.4.1
[INFO] [stderr]     Checking regex v1.9.6
[INFO] [stderr]     Checking atomic-waker v1.1.2
[INFO] [stderr]     Checking async-task v4.4.1
[INFO] [stderr]     Checking hashbrown v0.12.3
[INFO] [stderr]     Checking piper v0.2.1
[INFO] [stderr]    Compiling async-process v1.7.0
[INFO] [stderr]    Compiling proc-macro-warning v0.4.2
[INFO] [stderr]     Checking addr2line v0.21.0
[INFO] [stderr]     Checking regex-syntax v0.6.29
[INFO] [stderr]     Checking async-executor v1.5.4
[INFO] [stderr]    Compiling standback v0.2.17
[INFO] [stderr]    Compiling wasm-bindgen-macro-support v0.2.87
[INFO] [stderr]     Checking time v0.3.29
[INFO] [stderr]    Compiling proc-macro-hack v0.5.20+deprecated
[INFO] [stderr]     Checking indenter v0.3.3
[INFO] [stderr]    Compiling openssl-sys v0.9.93
[INFO] [stderr]    Compiling libz-sys v1.1.12
[INFO] [stderr]    Compiling libnghttp2-sys v0.1.8+1.55.1
[INFO] [stderr]     Checking sharded-slab v0.1.7
[INFO] [stderr]     Checking tracing-log v0.1.3
[INFO] [stderr]     Checking kv-log-macro v1.0.7
[INFO] [stderr]     Checking thread_local v1.1.7
[INFO] [stderr]     Checking base64 v0.21.4
[INFO] [stderr]     Checking rustls-webpki v0.101.6
[INFO] [stderr]     Checking sct v0.7.0
[INFO] [stderr]     Checking utf-8 v0.7.6
[INFO] [stderr]     Checking rand_chacha v0.2.2
[INFO] [stderr]    Compiling const_fn v0.4.9
[INFO] [stderr]    Compiling camino v1.1.6
[INFO] [stderr]     Checking ipnet v2.8.0
[INFO] [stderr]     Checking cpuid-bool v0.2.0
[INFO] [stderr]    Compiling curl-sys v0.4.66+curl-8.3.0
[INFO] [stderr]     Checking rand v0.7.3
[INFO] [stderr]     Checking ff v0.13.0
[INFO] [stderr]    Compiling time v0.2.27
[INFO] [stderr]     Checking crc-any v2.4.3
[INFO] [stderr]    Compiling radium v0.7.0
[INFO] [stderr]     Checking group v0.13.0
[INFO] [stderr]     Checking ark-std v0.3.0
[INFO] [stderr]    Compiling block-buffer v0.10.4
[INFO] [stderr]    Compiling crypto-common v0.1.6
[INFO] [stderr]    Compiling cookie v0.14.4
[INFO] [stderr]     Checking tap v1.0.1
[INFO] [stderr]     Checking mime v0.3.17
[INFO] [stderr]    Compiling ucd-trie v0.1.6
[INFO] [stderr]    Compiling digest v0.10.7
[INFO] [stderr]     Checking wyz v0.5.1
[INFO] [stderr]     Checking regex-automata v0.1.10
[INFO] [stderr]     Checking encoding_rs v0.8.33
[INFO] [stderr]     Checking funty v2.0.0
[INFO] [stderr]    Compiling rustix v0.38.17
[INFO] [stderr]    Compiling http-types v2.12.0
[INFO] [stderr]    Compiling synstructure v0.12.6
[INFO] [stderr]     Checking unicode-ident v1.0.12
[INFO] [stderr]    Compiling serde_derive v1.0.188
[INFO] [stderr]    Compiling zeroize_derive v1.4.2
[INFO] [stderr]    Compiling thiserror-impl v1.0.49
[INFO] [stderr]    Compiling futures-macro v0.3.28
[INFO] [stderr]    Compiling tracing-attributes v0.1.26
[INFO] [stderr]    Compiling pin-project-internal v1.1.3
[INFO] [stderr]    Compiling wasm-bindgen-macro v0.2.87
[INFO] [stderr]    Compiling curve25519-dalek-derive v0.1.0
[INFO] [stderr]    Compiling strum_macros v0.25.2
[INFO] [stderr]     Checking matchers v0.1.0
[INFO] [stderr]    Compiling derive_more v0.99.17
[INFO] [stderr]    Compiling impl-trait-for-tuples v0.2.2
[INFO] [stderr]    Compiling rlp-derive v0.1.0
[INFO] [stderr]     Checking wasm-bindgen v0.2.87
[INFO] [stderr]    Compiling data-encoding-macro-internal v0.1.11
[INFO] [stderr]    Compiling derivative v2.2.0
[INFO] [stderr]     Checking js-sys v0.3.64
[INFO] [stderr]    Compiling ark-serialize-derive v0.4.2
[INFO] [stderr]    Compiling ark-ff-asm v0.4.2
[INFO] [stderr]     Checking data-encoding-macro v0.1.13
[INFO] [stderr]    Compiling ark-ff-macros v0.4.2
[INFO] [stderr]     Checking multibase v0.9.1
[INFO] [stderr]    Compiling snafu-derive v0.7.5
[INFO] [stderr]     Checking der v0.7.8
[INFO] [stderr]     Checking pin-project v1.1.3
[INFO] [stderr]    Compiling async-attributes v1.1.2
[INFO] [stderr]     Checking tracing v0.1.37
[INFO] [stderr]    Compiling libp2p-swarm-derive v0.33.0
[INFO] [stderr]     Checking blocking v1.4.0
[INFO] [stderr]     Checking tracing-futures v0.2.5
[INFO] [stderr]    Compiling time-macros-impl v0.1.2
[INFO] [stderr]    Compiling ark-serialize-derive v0.3.0
[INFO] [stderr]    Compiling pest v2.7.4
[INFO] [stderr]    Compiling auto_impl v1.1.0
[INFO] [stderr]     Checking spki v0.7.2
[INFO] [stderr]     Checking pkcs8 v0.10.2
[INFO] [stderr]     Checking strum v0.25.0
[INFO] [stderr]    Compiling bitflags v2.4.0
[INFO] [stderr]    Compiling arrayvec v0.7.4
[INFO] [stderr]     Checking time-macros v0.1.1
[INFO] [stderr]    Compiling curl v0.4.44
[INFO] [stderr]    Compiling linux-raw-sys v0.4.8
[INFO] [stderr]     Checking infer v0.2.3
[INFO] [stderr]     Checking gloo-timers v0.2.6
[INFO] [stderr]     Checking futures-timer v3.0.2
[INFO] [stderr]    Compiling displaydoc v0.2.4
[INFO] [stderr]     Checking spinning_top v0.2.5
[INFO] [stderr]     Checking pem v1.1.1
[INFO] [stderr]     Checking webpki-roots v0.25.2
[INFO] [stderr]     Checking owo-colors v3.5.0
[INFO] [stderr]    Compiling isahc v0.9.14
[INFO] [stderr]     Checking flume v0.9.2
[INFO] [stderr]     Checking futures-executor v0.3.28
[INFO] [stderr]     Checking sluice v0.5.5
[INFO] [stderr]    Compiling unicase v2.7.0
[INFO] [stderr]     Checking futures v0.3.28
[INFO] [stderr]     Checking rw-stream-sink v0.4.0
[INFO] [stderr]     Checking minimal-lexical v0.2.1
[INFO] [stderr]    Compiling tagged-base64-macros v0.2.0 (https://github.com/EspressoSystems/tagged-base64.git?tag=0.2.4#9b9a5fae)
[INFO] [stderr]     Checking nom v7.1.3
[INFO] [stderr]     Checking snafu v0.7.5
[INFO] [stderr]     Checking const-hex v1.9.1
[INFO] [stderr]     Checking chrono v0.4.31
[INFO] [stderr]     Checking pin-project-lite v0.1.12
[INFO] [stderr]     Checking indexmap v1.9.3
[INFO] [stderr]    Compiling hmac v0.12.1
[INFO] [stderr]    Compiling darling_core v0.14.4
[INFO] [stderr]    Compiling crypto-bigint v0.5.3
[INFO] [stderr]    Compiling prettyplease v0.2.15
[INFO] [stderr]    Compiling itoa v1.0.9
[INFO] [stderr]    Compiling ryu v1.0.15
[INFO] [stderr]     Checking want v0.3.1
[INFO] [stderr]    Compiling rfc6979 v0.4.0
[INFO] [stderr]    Compiling mime_guess v2.0.4
[INFO] [stderr]    Compiling tagged-base64-macros v0.3.3
[INFO] [stderr]    Compiling derive_arbitrary v1.3.1
[INFO] [stderr]    Compiling signature v2.1.0
[INFO] [stderr]    Compiling sec1 v0.7.3
[INFO] [stderr]    Compiling darling_core v0.20.3
[INFO] [stderr]     Checking simple-mutex v1.1.5
[INFO] [stderr]     Checking tracing-subscriber v0.2.25
[INFO] [stderr]    Compiling siphasher v0.3.11
[INFO] [stderr]     Checking httpdate v1.0.3
[INFO] [stderr]     Checking option-ext v0.2.0
[INFO] [stderr]    Compiling sha3 v0.10.8
[INFO] [stderr]     Checking dirs-sys v0.4.1
[INFO] [stderr]     Checking async-dup v1.2.2
[INFO] [stderr]    Compiling sha2 v0.10.8
[INFO] [stderr]     Checking tempfile v3.8.0
[INFO] [stderr]     Checking netlink-packet-utils v0.5.2
[INFO] [stderr]    Compiling blst v0.3.10 (https://github.com/EspressoSystems/blst.git?branch=no-std#faefc7fc)
[INFO] [stderr]     Checking dirs v5.0.1
[INFO] [stderr]    Compiling pest_meta v2.7.4
[INFO] [stderr]     Checking netlink-packet-core v0.4.2
[INFO] [stderr]     Checking web-sys v0.3.64
[INFO] [stderr]     Checking rustls-pemfile v1.0.3
[INFO] [stderr]    Compiling blake3 v1.5.0
[INFO] [stderr]     Checking bytes v1.5.0
[INFO] [stderr]     Checking either v1.9.0
[INFO] [stderr]     Checking url v2.4.1
[INFO] [stderr]     Checking impl-serde v0.4.0
[INFO] [stderr]     Checking serde_urlencoded v0.7.1
[INFO] [stderr]     Checking rayon v1.8.0
[INFO] [stderr]     Checking itertools v0.10.5
[INFO] [stderr]     Checking tracing-serde v0.1.3
[INFO] [stderr]    Compiling toml_datetime v0.6.3
[INFO] [stderr]     Checking tokio v1.32.0
[INFO] [stderr]    Compiling serde_spanned v0.6.3
[INFO] [stderr]     Checking asynchronous-codec v0.6.2
[INFO] [stderr]     Checking http v0.2.9
[INFO] [stderr]     Checking rlp v0.5.2
[INFO] [stderr]    Compiling toml_edit v0.19.15
[INFO] [stderr]    Compiling rustc_version v0.4.0
[INFO] [stderr]     Checking unsigned-varint v0.7.2
[INFO] [stderr]     Checking block-buffer v0.9.0
[INFO] [stderr]     Checking crypto-mac v0.8.0
[INFO] [stderr]     Checking sha2 v0.9.9
[INFO] [stderr]     Checking multihash v0.19.1
[INFO] [stderr]     Checking hmac v0.8.1
[INFO] [stderr]    Compiling curve25519-dalek v4.1.1
[INFO] [stderr]     Checking multistream-select v0.13.0
[INFO] [stderr]     Checking hmac-drbg v0.3.0
[INFO] [stderr]     Checking hkdf v0.12.3
[INFO] [stderr]     Checking impl-rlp v0.3.0
[INFO] [stderr]     Checking inout v0.1.3
[INFO] [stderr]     Checking ed25519 v2.2.2
[INFO] [stderr]     Checking cipher v0.2.5
[INFO] [stderr]     Checking tracing-subscriber v0.3.17
[INFO] [stderr]     Checking universal-hash v0.4.0
[INFO] [stderr]     Checking crypto-mac v0.10.0
[INFO] [stderr]     Checking cipher v0.4.4
[INFO] [stderr]     Checking bs58 v0.5.0
[INFO] [stderr]     Checking aes-soft v0.6.4
[INFO] [stderr]     Checking hmac v0.10.1
[INFO] [stderr]     Checking polyval v0.4.5
[INFO] [stderr]     Checking ctr v0.6.0
[INFO] [stderr]     Checking aead v0.3.2
[INFO] [stderr]     Checking hkdf v0.10.0
[INFO] [stderr]     Checking aes v0.6.0
[INFO] [stderr]    Compiling open-fastrlp-derive v0.1.1
[INFO] [stderr]     Checking ghash v0.3.1
[INFO] [stderr]     Checking ark-serialize v0.3.0
[INFO] [stderr]     Checking bitvec v1.0.1
[INFO] [stderr]     Checking serde_qs v0.8.5
[INFO] [stderr]     Checking aes-gcm v0.8.0
[INFO] [stderr]     Checking salsa20 v0.10.2
[INFO] [stderr]     Checking cargo-platform v0.1.3
[INFO] [stderr]     Checking tagged-base64 v0.2.4 (https://github.com/EspressoSystems/tagged-base64.git?tag=0.2.4#9b9a5fae)
[INFO] [stderr]     Checking sha-1 v0.9.8
[INFO] [stderr]     Checking bincode v1.3.3
[INFO] [stderr]     Checking ark-std v0.4.0
[INFO] [stderr]    Compiling darling_macro v0.14.4
[INFO] [stderr]     Checking ark-serialize v0.4.2
[INFO] [stderr]     Checking http-body v0.4.5
[INFO] [stderr]    Compiling snow v0.9.3
[INFO] [stderr]     Checking ed25519-dalek v2.0.0
[INFO] [stderr]    Compiling proc-macro-crate v1.3.1
[INFO] [stderr]     Checking cargo_metadata v0.17.0
[INFO] [stderr]    Compiling elliptic-curve v0.13.6
[INFO] [stderr]    Compiling darling_macro v0.20.3
[INFO] [stderr]     Checking ark-ff v0.4.2
[INFO] [stderr]     Checking tracing-error v0.2.0
[INFO] [stderr]     Checking tagged-base64 v0.3.3
[INFO] [stderr]     Checking color-spantrace v0.2.0
[INFO] [stderr]     Checking blake2 v0.10.6
[INFO] [stderr]    Compiling ecdsa v0.16.8
[INFO] [stderr]     Checking curve25519-dalek v3.2.0
[INFO] [stderr]     Checking color-eyre v0.6.2
[INFO] [stderr]     Checking universal-hash v0.5.1
[INFO] [stderr]     Checking toml v0.7.8
[INFO] [stderr]    Compiling darling v0.14.4
[INFO] [stderr]     Checking arbitrary v1.3.0
[INFO] [stderr]    Compiling darling v0.20.3
[INFO] [stderr]    Compiling derive_builder_core v0.12.0
[INFO] [stderr]     Checking poly1305 v0.8.0
[INFO] [stderr]    Compiling k256 v0.13.1
[INFO] [stderr]     Checking chacha20 v0.9.1
[INFO] [stderr]     Checking x25519-dalek v1.1.1
[INFO] [stderr]     Checking ripemd v0.1.3
[INFO] [stderr]     Checking sha1 v0.10.6
[INFO] [stderr]     Checking aead v0.5.2
[INFO] [stderr]     Checking serdect v0.2.0
[INFO] [stderr]     Checking async-global-executor v2.3.1
[INFO] [stderr]     Checking tokio-util v0.7.9
[INFO] [stderr]     Checking tokio-rustls v0.24.1
[INFO] [stderr]     Checking commit v0.2.2 (https://github.com/EspressoSystems/commit?tag=0.2.2#7e938186)
[INFO] [stderr]    Compiling smartstring v1.0.1
[INFO] [stderr]     Checking dyn-clone v1.0.14
[INFO] [stderr]    Compiling lazy_static v1.4.0
[INFO] [stderr]     Checking downcast-rs v1.2.0
[INFO] [stderr]    Compiling same-file v1.0.6
[INFO] [stderr]     Checking route-recognizer v0.2.0
[INFO] [stderr]     Checking async-std v1.12.0
[INFO] [stderr]     Checking utf8parse v0.2.1
[INFO] [stderr]     Checking bech32 v0.9.1
[INFO] [stderr]     Checking walkdir v2.4.0
[INFO] [stderr]     Checking anstyle-parse v0.2.2
[INFO] [stderr]    Compiling Inflector v0.11.4
[INFO] [stderr]     Checking crypto_kx v0.2.1
[INFO] [stderr]     Checking tungstenite v0.20.1
[INFO] [stderr]     Checking chacha20poly1305 v0.10.1
[INFO] [stderr]    Compiling parity-scale-codec-derive v3.6.5
[INFO] [stderr]    Compiling scale-info-derive v2.9.0
[INFO] [stderr]    Compiling num_enum_derive v0.7.0
[INFO] [stderr]     Checking h2 v0.3.21
[INFO] [stderr]     Checking async-compatibility-layer v1.0.0 (https://github.com/EspressoSystems/async-compatibility-layer.git?tag=1.4.1#568122b0)
[INFO] [stderr]     Checking coins-core v0.8.7
[INFO] [stderr]    Compiling derive_builder_macro v0.12.0
[INFO] [stdout] error: Either config option "async-std" or "tokio" must be enabled for this crate.
[INFO] [stdout]   --> /opt/rustwide/cargo-home/git/checkouts/async-compatibility-layer-274c4cb4d7d14514/568122b/src/lib.rs:12:1
[INFO] [stdout]    |
[INFO] [stdout] 12 | compile_error! {"Either config option \"async-std\" or \"tokio\" must be enabled for this crate."}
[INFO] [stdout]    | ^^^^^^^^^^^^^^^^^^^^^^^^^^^^^^^^^^^^^^^^^^^^^^^^^^^^^^^^^^^^^^^^^^^^^^^^^^^^^^^^^^^^^^^^^^^^^^^^^^
[INFO] [stdout] 
[INFO] [stdout] 
[INFO] [stdout] error: The cfg flag async_executor_impl must be set in rustflags to either "async-std" or "tokio" for this crate. Try adding `--cfg async_executor_impl="tokio"
[INFO] [stdout]   --> /opt/rustwide/cargo-home/git/checkouts/async-compatibility-layer-274c4cb4d7d14514/568122b/src/async_primitives/subscribable_mutex.rs:13:1
[INFO] [stdout]    |
[INFO] [stdout] 13 | std::compile_error! {"The cfg flag async_executor_impl must be set in rustflags to either \"async-std\" or \"tokio\" for this crate. Try adding `--cfg async_executor_impl=\"tokio\""}
[INFO] [stdout]    | ^^^^^^^^^^^^^^^^^^^^^^^^^^^^^^^^^^^^^^^^^^^^^^^^^^^^^^^^^^^^^^^^^^^^^^^^^^^^^^^^^^^^^^^^^^^^^^^^^^^^^^^^^^^^^^^^^^^^^^^^^^^^^^^^^^^^^^^^^^^^^^^^^^^^^^^^^^^^^^^^^^^^^^^^^^^^^^^^^^^^^^
[INFO] [stdout] 
[INFO] [stdout] 
[INFO] [stdout] error[E0432]: unresolved import `inner`
[INFO] [stdout]    --> /opt/rustwide/cargo-home/git/checkouts/async-compatibility-layer-274c4cb4d7d14514/568122b/src/channel/bounded.rs:108:9
[INFO] [stdout]     |
[INFO] [stdout] 108 | pub use inner::*;
[INFO] [stdout]     |         ^^^^^ use of undeclared crate or module `inner`
[INFO] [stdout] 
[INFO] [stdout] 
[INFO] [stdout] error[E0432]: unresolved import `inner`
[INFO] [stdout]   --> /opt/rustwide/cargo-home/git/checkouts/async-compatibility-layer-274c4cb4d7d14514/568122b/src/channel/oneshot.rs:86:9
[INFO] [stdout]    |
[INFO] [stdout] 86 | pub use inner::*;
[INFO] [stdout]    |         ^^^^^ use of undeclared crate or module `inner`
[INFO] [stdout] 
[INFO] [stdout] 
[INFO] [stdout] error[E0432]: unresolved import `inner`
[INFO] [stdout]    --> /opt/rustwide/cargo-home/git/checkouts/async-compatibility-layer-274c4cb4d7d14514/568122b/src/channel/unbounded.rs:130:9
[INFO] [stdout]     |
[INFO] [stdout] 130 | pub use inner::*;
[INFO] [stdout]     |         ^^^^^ use of undeclared crate or module `inner`
[INFO] [stdout] 
[INFO] [stdout] 
[INFO] [stdout] error[E0432]: unresolved import `crate::art`
[INFO] [stdout]  --> /opt/rustwide/cargo-home/git/checkouts/async-compatibility-layer-274c4cb4d7d14514/568122b/src/async_primitives/broadcast.rs:2:12
[INFO] [stdout]   |
[INFO] [stdout] 2 | use crate::art::async_block_on;
[INFO] [stdout]   |            ^^^ could not find `art` in the crate root
[INFO] [stdout] 
[INFO] [stdout] 
[INFO] [stdout] error[E0433]: failed to resolve: could not find `art` in the crate root
[INFO] [stdout]  --> /opt/rustwide/cargo-home/git/checkouts/async-compatibility-layer-274c4cb4d7d14514/568122b/src/async_primitives/subscribable_mutex.rs:1:12
[INFO] [stdout]   |
[INFO] [stdout] 1 | use crate::art::{async_timeout, future::to, stream};
[INFO] [stdout]   |            ^^^ could not find `art` in the crate root
[INFO] [stdout] 
[INFO] [stdout] 
[INFO] [stdout] error[E0432]: unresolved import `crate::art`
[INFO] [stdout]  --> /opt/rustwide/cargo-home/git/checkouts/async-compatibility-layer-274c4cb4d7d14514/568122b/src/async_primitives/subscribable_mutex.rs:1:12
[INFO] [stdout]   |
[INFO] [stdout] 1 | use crate::art::{async_timeout, future::to, stream};
[INFO] [stdout]   |            ^^^ could not find `art` in the crate root
[INFO] [stdout] 
[INFO] [stdout] 
[INFO] [stdout] error[E0432]: unresolved imports `bounded::bounded`, `bounded::BoundedStream`, `bounded::Receiver`, `bounded::RecvError`, `bounded::SendError`, `bounded::Sender`, `bounded::TryRecvError`
[INFO] [stdout]   --> /opt/rustwide/cargo-home/git/checkouts/async-compatibility-layer-274c4cb4d7d14514/568122b/src/channel.rs:27:19
[INFO] [stdout]    |
[INFO] [stdout] 27 | pub use bounded::{bounded, BoundedStream, Receiver, RecvError, SendError, Sender, TryRecvError};
[INFO] [stdout]    |                   ^^^^^^^  ^^^^^^^^^^^^^  ^^^^^^^^  ^^^^^^^^^  ^^^^^^^^^  ^^^^^^  ^^^^^^^^^^^^ no `TryRecvError` in `channel::bounded`
[INFO] [stdout]    |                   |        |              |         |          |          |
[INFO] [stdout]    |                   |        |              |         |          |          no `Sender` in `channel::bounded`
[INFO] [stdout]    |                   |        |              |         |          no `SendError` in `channel::bounded`
[INFO] [stdout]    |                   |        |              |         no `RecvError` in `channel::bounded`
[INFO] [stdout]    |                   |        |              no `Receiver` in `channel::bounded`
[INFO] [stdout]    |                   |        no `BoundedStream` in `channel::bounded`
[INFO] [stdout]    |                   no `bounded` in `channel::bounded`
[INFO] [stdout]    |
[INFO] [stdout]    = help: consider importing one of these items instead:
[INFO] [stdout]            core::ops::Receiver
[INFO] [stdout]            std::ops::Receiver
[INFO] [stdout]            std::sync::mpsc::Receiver
[INFO] [stdout]    = help: consider importing this struct instead:
[INFO] [stdout]            std::sync::mpsc::RecvError
[INFO] [stdout]    = help: consider importing this struct instead:
[INFO] [stdout]            std::sync::mpsc::SendError
[INFO] [stdout]    = help: consider importing this struct instead:
[INFO] [stdout]            std::sync::mpsc::Sender
[INFO] [stdout]    = help: consider importing this enum instead:
[INFO] [stdout]            std::sync::mpsc::TryRecvError
[INFO] [stdout] 
[INFO] [stdout] 
[INFO] [stdout] error[E0432]: unresolved imports `oneshot::oneshot`, `oneshot::OneShotReceiver`, `oneshot::OneShotRecvError`, `oneshot::OneShotSender`, `oneshot::OneShotTryRecvError`
[INFO] [stdout]   --> /opt/rustwide/cargo-home/git/checkouts/async-compatibility-layer-274c4cb4d7d14514/568122b/src/channel.rs:28:19
[INFO] [stdout]    |
[INFO] [stdout] 28 | pub use oneshot::{oneshot, OneShotReceiver, OneShotRecvError, OneShotSender, OneShotTryRecvError};
[INFO] [stdout]    |                   ^^^^^^^  ^^^^^^^^^^^^^^^  ^^^^^^^^^^^^^^^^  ^^^^^^^^^^^^^  ^^^^^^^^^^^^^^^^^^^ no `OneShotTryRecvError` in `channel::oneshot`
[INFO] [stdout]    |                   |        |                |                 |
[INFO] [stdout]    |                   |        |                |                 no `OneShotSender` in `channel::oneshot`
[INFO] [stdout]    |                   |        |                no `OneShotRecvError` in `channel::oneshot`
[INFO] [stdout]    |                   |        no `OneShotReceiver` in `channel::oneshot`
[INFO] [stdout]    |                   no `oneshot` in `channel::oneshot`
[INFO] [stdout] 
[INFO] [stdout] 
[INFO] [stdout] error[E0432]: unresolved imports `unbounded::unbounded`, `unbounded::UnboundedReceiver`, `unbounded::UnboundedRecvError`, `unbounded::UnboundedSendError`, `unbounded::UnboundedSender`, `unbounded::UnboundedStream`, `unbounded::UnboundedTryRecvError`
[INFO] [stdout]   --> /opt/rustwide/cargo-home/git/checkouts/async-compatibility-layer-274c4cb4d7d14514/568122b/src/channel.rs:30:5
[INFO] [stdout]    |
[INFO] [stdout] 30 |     unbounded, UnboundedReceiver, UnboundedRecvError, UnboundedSendError, UnboundedSender,
[INFO] [stdout]    |     ^^^^^^^^^  ^^^^^^^^^^^^^^^^^  ^^^^^^^^^^^^^^^^^^  ^^^^^^^^^^^^^^^^^^  ^^^^^^^^^^^^^^^ no `UnboundedSender` in `channel::unbounded`
[INFO] [stdout]    |     |          |                  |                   |
[INFO] [stdout]    |     |          |                  |                   no `UnboundedSendError` in `channel::unbounded`
[INFO] [stdout]    |     |          |                  no `UnboundedRecvError` in `channel::unbounded`
[INFO] [stdout]    |     |          no `UnboundedReceiver` in `channel::unbounded`
[INFO] [stdout]    |     no `unbounded` in `channel::unbounded`
[INFO] [stdout] 31 |     UnboundedStream, UnboundedTryRecvError,
[INFO] [stdout]    |     ^^^^^^^^^^^^^^^  ^^^^^^^^^^^^^^^^^^^^^ no `UnboundedTryRecvError` in `channel::unbounded`
[INFO] [stdout]    |     |
[INFO] [stdout]    |     no `UnboundedStream` in `channel::unbounded`
[INFO] [stdout] 
[INFO] [stdout] 
[INFO] [stdout] error[E0412]: cannot find type `Sender` in this scope
[INFO] [stdout]    --> /opt/rustwide/cargo-home/git/checkouts/async-compatibility-layer-274c4cb4d7d14514/568122b/src/channel/bounded.rs:110:9
[INFO] [stdout]     |
[INFO] [stdout] 110 | impl<T> Sender<T> {
[INFO] [stdout]     |         ^^^^^^
[INFO] [stdout]    --> /rustc/0e09125c6c3c2fd70d7de961bcf0e51575235fad/library/core/src/marker.rs:82:1
[INFO] [stdout]     |
[INFO] [stdout]     = note: similarly named trait `Send` defined here
[INFO] [stdout]     |
[INFO] [stdout] help: a trait with a similar name exists
[INFO] [stdout]     |
[INFO] [stdout] 110 | impl<T> Send<T> {
[INFO] [stdout]     |         ~~~~
[INFO] [stdout] help: consider importing this struct
[INFO] [stdout]     |
[INFO] [stdout] 1   + use std::sync::mpsc::Sender;
[INFO] [stdout]     |
[INFO] [stdout] 
[INFO] [stdout] 
[INFO] [stdout] error[E0412]: cannot find type `SendError` in this scope
[INFO] [stdout]    --> /opt/rustwide/cargo-home/git/checkouts/async-compatibility-layer-274c4cb4d7d14514/568122b/src/channel/bounded.rs:116:52
[INFO] [stdout]     |
[INFO] [stdout] 116 |     pub async fn send(&self, msg: T) -> Result<(), SendError<T>> {
[INFO] [stdout]     |                                                    ^^^^^^^^^ not found in this scope
[INFO] [stdout]     |
[INFO] [stdout] help: consider importing this struct
[INFO] [stdout]     |
[INFO] [stdout] 1   + use std::sync::mpsc::SendError;
[INFO] [stdout]     |
[INFO] [stdout] 
[INFO] [stdout] 
[INFO] [stdout] error[E0412]: cannot find type `Receiver` in this scope
[INFO] [stdout]    --> /opt/rustwide/cargo-home/git/checkouts/async-compatibility-layer-274c4cb4d7d14514/568122b/src/channel/bounded.rs:126:9
[INFO] [stdout]     |
[INFO] [stdout] 126 | impl<T> Receiver<T> {
[INFO] [stdout]     |         ^^^^^^^^ not found in this scope
[INFO] [stdout]     |
[INFO] [stdout] help: consider importing one of these items
[INFO] [stdout]     |
[INFO] [stdout] 1   + use core::ops::Receiver;
[INFO] [stdout]     |
[INFO] [stdout] 1   + use std::ops::Receiver;
[INFO] [stdout]     |
[INFO] [stdout] 1   + use std::sync::mpsc::Receiver;
[INFO] [stdout]     |
[INFO] [stdout] 
[INFO] [stdout] 
[INFO] [stdout] error[E0412]: cannot find type `RecvError` in this scope
[INFO] [stdout]    --> /opt/rustwide/cargo-home/git/checkouts/async-compatibility-layer-274c4cb4d7d14514/568122b/src/channel/bounded.rs:132:47
[INFO] [stdout]     |
[INFO] [stdout] 132 |     pub async fn recv(&mut self) -> Result<T, RecvError> {
[INFO] [stdout]     |                                               ^^^^^^^^^ not found in this scope
[INFO] [stdout]     |
[INFO] [stdout] help: consider importing this struct
[INFO] [stdout]     |
[INFO] [stdout] 1   + use std::sync::mpsc::RecvError;
[INFO] [stdout]     |
[INFO] [stdout] 
[INFO] [stdout] 
[INFO] [stdout] error[E0425]: cannot find value `result` in this scope
[INFO] [stdout]    --> /opt/rustwide/cargo-home/git/checkouts/async-compatibility-layer-274c4cb4d7d14514/568122b/src/channel/bounded.rs:140:9
[INFO] [stdout]     |
[INFO] [stdout] 140 |         result
[INFO] [stdout]     |         ^^^^^^ not found in this scope
[INFO] [stdout] 
[INFO] [stdout] 
[INFO] [stdout] error[E0412]: cannot find type `BoundedStream` in this scope
[INFO] [stdout]    --> /opt/rustwide/cargo-home/git/checkouts/async-compatibility-layer-274c4cb4d7d14514/568122b/src/channel/bounded.rs:143:33
[INFO] [stdout]     |
[INFO] [stdout] 143 |     pub fn into_stream(self) -> BoundedStream<T>
[INFO] [stdout]     |                                 ^^^^^^^^^^^^^ not found in this scope
[INFO] [stdout] 
[INFO] [stdout] 
[INFO] [stdout] error[E0425]: cannot find value `result` in this scope
[INFO] [stdout]    --> /opt/rustwide/cargo-home/git/checkouts/async-compatibility-layer-274c4cb4d7d14514/568122b/src/channel/bounded.rs:154:23
[INFO] [stdout]     |
[INFO] [stdout] 154 |         BoundedStream(result)
[INFO] [stdout]     |                       ^^^^^^ not found in this scope
[INFO] [stdout] 
[INFO] [stdout] 
[INFO] [stdout] error[E0412]: cannot find type `TryRecvError` in this scope
[INFO] [stdout]    --> /opt/rustwide/cargo-home/git/checkouts/async-compatibility-layer-274c4cb4d7d14514/568122b/src/channel/bounded.rs:161:45
[INFO] [stdout]     |
[INFO] [stdout] 161 |     pub fn try_recv(&mut self) -> Result<T, TryRecvError> {
[INFO] [stdout]     |                                             ^^^^^^^^^^^^ not found in this scope
[INFO] [stdout]     |
[INFO] [stdout] help: consider importing this enum
[INFO] [stdout]     |
[INFO] [stdout] 1   + use std::sync::mpsc::TryRecvError;
[INFO] [stdout]     |
[INFO] [stdout] 
[INFO] [stdout] 
[INFO] [stdout] error[E0412]: cannot find type `RecvError` in this scope
[INFO] [stdout]    --> /opt/rustwide/cargo-home/git/checkouts/async-compatibility-layer-274c4cb4d7d14514/568122b/src/channel/bounded.rs:171:66
[INFO] [stdout]     |
[INFO] [stdout] 171 |     pub async fn drain_at_least_one(&mut self) -> Result<Vec<T>, RecvError> {
[INFO] [stdout]     |                                                                  ^^^^^^^^^ not found in this scope
[INFO] [stdout]     |
[INFO] [stdout] help: consider importing this struct
[INFO] [stdout]     |
[INFO] [stdout] 1   + use std::sync::mpsc::RecvError;
[INFO] [stdout]     |
[INFO] [stdout] 
[INFO] [stdout] 
[INFO] [stdout] error[E0412]: cannot find type `RecvError` in this scope
[INFO] [stdout]    --> /opt/rustwide/cargo-home/git/checkouts/async-compatibility-layer-274c4cb4d7d14514/568122b/src/channel/bounded.rs:198:47
[INFO] [stdout]     |
[INFO] [stdout] 198 |     pub fn drain(&mut self) -> Result<Vec<T>, RecvError> {
[INFO] [stdout]     |                                               ^^^^^^^^^ not found in this scope
[INFO] [stdout]     |
[INFO] [stdout] help: consider importing this struct
[INFO] [stdout]     |
[INFO] [stdout] 1   + use std::sync::mpsc::RecvError;
[INFO] [stdout]     |
[INFO] [stdout] 
[INFO] [stdout] 
[INFO] [stdout] error[E0412]: cannot find type `BoundedStream` in this scope
[INFO] [stdout]    --> /opt/rustwide/cargo-home/git/checkouts/async-compatibility-layer-274c4cb4d7d14514/568122b/src/channel/bounded.rs:215:20
[INFO] [stdout]     |
[INFO] [stdout] 215 | impl<T> Stream for BoundedStream<T> {
[INFO] [stdout]     |                    ^^^^^^^^^^^^^ not found in this scope
[INFO] [stdout] 
[INFO] [stdout] 
[INFO] [stdout] error[E0412]: cannot find type `Sender` in this scope
[INFO] [stdout]    --> /opt/rustwide/cargo-home/git/checkouts/async-compatibility-layer-274c4cb4d7d14514/568122b/src/channel/bounded.rs:235:19
[INFO] [stdout]     |
[INFO] [stdout] 235 | impl<T> Clone for Sender<T> {
[INFO] [stdout]     |                   ^^^^^^
[INFO] [stdout]    --> /rustc/0e09125c6c3c2fd70d7de961bcf0e51575235fad/library/core/src/marker.rs:82:1
[INFO] [stdout]     |
[INFO] [stdout]     = note: similarly named trait `Send` defined here
[INFO] [stdout]     |
[INFO] [stdout] help: a trait with a similar name exists
[INFO] [stdout]     |
[INFO] [stdout] 235 | impl<T> Clone for Send<T> {
[INFO] [stdout]     |                   ~~~~
[INFO] [stdout] help: consider importing this struct
[INFO] [stdout]     |
[INFO] [stdout] 1   + use std::sync::mpsc::Sender;
[INFO] [stdout]     |
[INFO] [stdout] 
[INFO] [stdout] 
[INFO] [stdout] error[E0412]: cannot find type `Sender` in this scope
[INFO] [stdout]    --> /opt/rustwide/cargo-home/git/checkouts/async-compatibility-layer-274c4cb4d7d14514/568122b/src/channel/bounded.rs:242:29
[INFO] [stdout]     |
[INFO] [stdout] 242 | impl<T> std::fmt::Debug for Sender<T> {
[INFO] [stdout]     |                             ^^^^^^
[INFO] [stdout]    --> /rustc/0e09125c6c3c2fd70d7de961bcf0e51575235fad/library/core/src/marker.rs:82:1
[INFO] [stdout]     |
[INFO] [stdout]     = note: similarly named trait `Send` defined here
[INFO] [stdout]     |
[INFO] [stdout] help: a trait with a similar name exists
[INFO] [stdout]     |
[INFO] [stdout] 242 | impl<T> std::fmt::Debug for Send<T> {
[INFO] [stdout]     |                             ~~~~
[INFO] [stdout] help: consider importing this struct
[INFO] [stdout]     |
[INFO] [stdout] 1   + use std::sync::mpsc::Sender;
[INFO] [stdout]     |
[INFO] [stdout] 
[INFO] [stdout] 
[INFO] [stdout] error[E0412]: cannot find type `Receiver` in this scope
[INFO] [stdout]    --> /opt/rustwide/cargo-home/git/checkouts/async-compatibility-layer-274c4cb4d7d14514/568122b/src/channel/bounded.rs:247:29
[INFO] [stdout]     |
[INFO] [stdout] 247 | impl<T> std::fmt::Debug for Receiver<T> {
[INFO] [stdout]     |                             ^^^^^^^^ not found in this scope
[INFO] [stdout]     |
[INFO] [stdout] help: consider importing one of these items
[INFO] [stdout]     |
[INFO] [stdout] 1   + use core::ops::Receiver;
[INFO] [stdout]     |
[INFO] [stdout] 1   + use std::ops::Receiver;
[INFO] [stdout]     |
[INFO] [stdout] 1   + use std::sync::mpsc::Receiver;
[INFO] [stdout]     |
[INFO] [stdout] 
[INFO] [stdout] 
[INFO] [stdout] error[E0412]: cannot find type `OneShotSender` in this scope
[INFO] [stdout]   --> /opt/rustwide/cargo-home/git/checkouts/async-compatibility-layer-274c4cb4d7d14514/568122b/src/channel/oneshot.rs:88:9
[INFO] [stdout]    |
[INFO] [stdout] 88 | impl<T> OneShotSender<T> {
[INFO] [stdout]    |         ^^^^^^^^^^^^^ not found in this scope
[INFO] [stdout] 
[INFO] [stdout] 
[INFO] [stdout] error[E0412]: cannot find type `OneShotReceiver` in this scope
[INFO] [stdout]    --> /opt/rustwide/cargo-home/git/checkouts/async-compatibility-layer-274c4cb4d7d14514/568122b/src/channel/oneshot.rs:104:9
[INFO] [stdout]     |
[INFO] [stdout] 104 | impl<T> OneShotReceiver<T> {
[INFO] [stdout]     |         ^^^^^^^^^^^^^^^ not found in this scope
[INFO] [stdout] 
[INFO] [stdout] 
[INFO] [stdout] error[E0412]: cannot find type `OneShotRecvError` in this scope
[INFO] [stdout]    --> /opt/rustwide/cargo-home/git/checkouts/async-compatibility-layer-274c4cb4d7d14514/568122b/src/channel/oneshot.rs:110:42
[INFO] [stdout]     |
[INFO] [stdout] 110 |     pub async fn recv(self) -> Result<T, OneShotRecvError> {
[INFO] [stdout]     |                                          ^^^^^^^^^^^^^^^^ not found in this scope
[INFO] [stdout]     |
[INFO] [stdout] help: you might be missing a type parameter
[INFO] [stdout]     |
[INFO] [stdout] 104 | impl<T, OneShotRecvError> OneShotReceiver<T> {
[INFO] [stdout]     |       ++++++++++++++++++
[INFO] [stdout] 
[INFO] [stdout] 
[INFO] [stdout] error[E0425]: cannot find value `result` in this scope
[INFO] [stdout]    --> /opt/rustwide/cargo-home/git/checkouts/async-compatibility-layer-274c4cb4d7d14514/568122b/src/channel/oneshot.rs:118:9
[INFO] [stdout]     |
[INFO] [stdout] 118 |         result
[INFO] [stdout]     |         ^^^^^^ not found in this scope
[INFO] [stdout] 
[INFO] [stdout] 
[INFO] [stdout] error[E0412]: cannot find type `OneShotSender` in this scope
[INFO] [stdout]    --> /opt/rustwide/cargo-home/git/checkouts/async-compatibility-layer-274c4cb4d7d14514/568122b/src/channel/oneshot.rs:123:29
[INFO] [stdout]     |
[INFO] [stdout] 123 | impl<T> std::fmt::Debug for OneShotSender<T> {
[INFO] [stdout]     |                             ^^^^^^^^^^^^^ not found in this scope
[INFO] [stdout] 
[INFO] [stdout] 
[INFO] [stdout] error[E0412]: cannot find type `OneShotReceiver` in this scope
[INFO] [stdout]    --> /opt/rustwide/cargo-home/git/checkouts/async-compatibility-layer-274c4cb4d7d14514/568122b/src/channel/oneshot.rs:128:29
[INFO] [stdout]     |
[INFO] [stdout] 128 | impl<T> std::fmt::Debug for OneShotReceiver<T> {
[INFO] [stdout]     |                             ^^^^^^^^^^^^^^^ not found in this scope
[INFO] [stdout] 
[INFO] [stdout] 
[INFO] [stdout] error[E0412]: cannot find type `UnboundedSender` in this scope
[INFO] [stdout]    --> /opt/rustwide/cargo-home/git/checkouts/async-compatibility-layer-274c4cb4d7d14514/568122b/src/channel/unbounded.rs:132:9
[INFO] [stdout]     |
[INFO] [stdout] 132 | impl<T> UnboundedSender<T> {
[INFO] [stdout]     |         ^^^^^^^^^^^^^^^ not found in this scope
[INFO] [stdout] 
[INFO] [stdout] 
[INFO] [stdout] error[E0412]: cannot find type `UnboundedSendError` in this scope
[INFO] [stdout]    --> /opt/rustwide/cargo-home/git/checkouts/async-compatibility-layer-274c4cb4d7d14514/568122b/src/channel/unbounded.rs:139:52
[INFO] [stdout]     |
[INFO] [stdout] 139 |     pub async fn send(&self, msg: T) -> Result<(), UnboundedSendError<T>> {
[INFO] [stdout]     |                                                    ^^^^^^^^^^^^^^^^^^ not found in this scope
[INFO] [stdout] 
[INFO] [stdout] 
[INFO] [stdout] error[E0425]: cannot find value `result` in this scope
[INFO] [stdout]    --> /opt/rustwide/cargo-home/git/checkouts/async-compatibility-layer-274c4cb4d7d14514/568122b/src/channel/unbounded.rs:146:9
[INFO] [stdout]     |
[INFO] [stdout] 146 |         result
[INFO] [stdout]     |         ^^^^^^ not found in this scope
[INFO] [stdout] 
[INFO] [stdout] 
[INFO] [stdout] error[E0412]: cannot find type `UnboundedReceiver` in this scope
[INFO] [stdout]    --> /opt/rustwide/cargo-home/git/checkouts/async-compatibility-layer-274c4cb4d7d14514/568122b/src/channel/unbounded.rs:150:9
[INFO] [stdout]     |
[INFO] [stdout] 150 | impl<T> UnboundedReceiver<T> {
[INFO] [stdout]     |         ^^^^^^^^^^^^^^^^^ not found in this scope
[INFO] [stdout] 
[INFO] [stdout] 
[INFO] [stdout] error[E0412]: cannot find type `UnboundedRecvError` in this scope
[INFO] [stdout]    --> /opt/rustwide/cargo-home/git/checkouts/async-compatibility-layer-274c4cb4d7d14514/568122b/src/channel/unbounded.rs:158:43
[INFO] [stdout]     |
[INFO] [stdout] 158 |     pub async fn recv(&self) -> Result<T, UnboundedRecvError> {
[INFO] [stdout]     |                                           ^^^^^^^^^^^^^^^^^^ not found in this scope
[INFO] [stdout]     |
[INFO] [stdout] help: you might be missing a type parameter
[INFO] [stdout]     |
[INFO] [stdout] 150 | impl<T, UnboundedRecvError> UnboundedReceiver<T> {
[INFO] [stdout]     |       ++++++++++++++++++++
[INFO] [stdout] 
[INFO] [stdout] 
[INFO] [stdout] error[E0425]: cannot find value `result` in this scope
[INFO] [stdout]    --> /opt/rustwide/cargo-home/git/checkouts/async-compatibility-layer-274c4cb4d7d14514/568122b/src/channel/unbounded.rs:165:9
[INFO] [stdout]     |
[INFO] [stdout] 165 |         result
[INFO] [stdout]     |         ^^^^^^ not found in this scope
[INFO] [stdout] 
[INFO] [stdout] 
[INFO] [stdout] error[E0412]: cannot find type `UnboundedStream` in this scope
[INFO] [stdout]    --> /opt/rustwide/cargo-home/git/checkouts/async-compatibility-layer-274c4cb4d7d14514/568122b/src/channel/unbounded.rs:168:33
[INFO] [stdout]     |
[INFO] [stdout] 168 |     pub fn into_stream(self) -> UnboundedStream<T> {
[INFO] [stdout]     |                                 ^^^^^^^^^^^^^^^ not found in this scope
[INFO] [stdout] 
[INFO] [stdout] 
[INFO] [stdout] error[E0425]: cannot find value `result` in this scope
[INFO] [stdout]    --> /opt/rustwide/cargo-home/git/checkouts/async-compatibility-layer-274c4cb4d7d14514/568122b/src/channel/unbounded.rs:176:25
[INFO] [stdout]     |
[INFO] [stdout] 176 |         UnboundedStream(result)
[INFO] [stdout]     |                         ^^^^^^ not found in this scope
[INFO] [stdout] 
[INFO] [stdout] 
[INFO] [stdout] error[E0412]: cannot find type `UnboundedTryRecvError` in this scope
[INFO] [stdout]    --> /opt/rustwide/cargo-home/git/checkouts/async-compatibility-layer-274c4cb4d7d14514/568122b/src/channel/unbounded.rs:183:41
[INFO] [stdout]     |
[INFO] [stdout] 183 |     pub fn try_recv(&self) -> Result<T, UnboundedTryRecvError> {
[INFO] [stdout]     |                                         ^^^^^^^^^^^^^^^^^^^^^ not found in this scope
[INFO] [stdout]     |
[INFO] [stdout] help: you might be missing a type parameter
[INFO] [stdout]     |
[INFO] [stdout] 150 | impl<T, UnboundedTryRecvError> UnboundedReceiver<T> {
[INFO] [stdout]     |       +++++++++++++++++++++++
[INFO] [stdout] 
[INFO] [stdout] 
[INFO] [stdout] error[E0412]: cannot find type `UnboundedRecvError` in this scope
[INFO] [stdout]    --> /opt/rustwide/cargo-home/git/checkouts/async-compatibility-layer-274c4cb4d7d14514/568122b/src/channel/unbounded.rs:203:62
[INFO] [stdout]     |
[INFO] [stdout] 203 |     pub async fn drain_at_least_one(&self) -> Result<Vec<T>, UnboundedRecvError> {
[INFO] [stdout]     |                                                              ^^^^^^^^^^^^^^^^^^ not found in this scope
[INFO] [stdout]     |
[INFO] [stdout] help: you might be missing a type parameter
[INFO] [stdout]     |
[INFO] [stdout] 150 | impl<T, UnboundedRecvError> UnboundedReceiver<T> {
[INFO] [stdout]     |       ++++++++++++++++++++
[INFO] [stdout] 
[INFO] [stdout] 
[INFO] [stdout] error[E0412]: cannot find type `UnboundedRecvError` in this scope
[INFO] [stdout]    --> /opt/rustwide/cargo-home/git/checkouts/async-compatibility-layer-274c4cb4d7d14514/568122b/src/channel/unbounded.rs:230:43
[INFO] [stdout]     |
[INFO] [stdout] 230 |     pub fn drain(&self) -> Result<Vec<T>, UnboundedRecvError> {
[INFO] [stdout]     |                                           ^^^^^^^^^^^^^^^^^^ not found in this scope
[INFO] [stdout]     |
[INFO] [stdout] help: you might be missing a type parameter
[INFO] [stdout]     |
[INFO] [stdout] 150 | impl<T, UnboundedRecvError> UnboundedReceiver<T> {
[INFO] [stdout]     |       ++++++++++++++++++++
[INFO] [stdout] 
[INFO] [stdout] 
[INFO] [stdout] error[E0412]: cannot find type `UnboundedStream` in this scope
[INFO] [stdout]    --> /opt/rustwide/cargo-home/git/checkouts/async-compatibility-layer-274c4cb4d7d14514/568122b/src/channel/unbounded.rs:259:20
[INFO] [stdout]     |
[INFO] [stdout] 259 | impl<T> Stream for UnboundedStream<T> {
[INFO] [stdout]     |                    ^^^^^^^^^^^^^^^ not found in this scope
[INFO] [stdout] 
[INFO] [stdout] 
[INFO] [stdout] error[E0412]: cannot find type `UnboundedSender` in this scope
[INFO] [stdout]    --> /opt/rustwide/cargo-home/git/checkouts/async-compatibility-layer-274c4cb4d7d14514/568122b/src/channel/unbounded.rs:279:19
[INFO] [stdout]     |
[INFO] [stdout] 279 | impl<T> Clone for UnboundedSender<T> {
[INFO] [stdout]     |                   ^^^^^^^^^^^^^^^ not found in this scope
[INFO] [stdout] 
[INFO] [stdout] 
[INFO] [stdout] error[E0412]: cannot find type `UnboundedSender` in this scope
[INFO] [stdout]    --> /opt/rustwide/cargo-home/git/checkouts/async-compatibility-layer-274c4cb4d7d14514/568122b/src/channel/unbounded.rs:286:29
[INFO] [stdout]     |
[INFO] [stdout] 286 | impl<T> std::fmt::Debug for UnboundedSender<T> {
[INFO] [stdout]     |                             ^^^^^^^^^^^^^^^ not found in this scope
[INFO] [stdout] 
[INFO] [stdout] 
[INFO] [stdout] error[E0412]: cannot find type `UnboundedReceiver` in this scope
[INFO] [stdout]    --> /opt/rustwide/cargo-home/git/checkouts/async-compatibility-layer-274c4cb4d7d14514/568122b/src/channel/unbounded.rs:291:29
[INFO] [stdout]     |
[INFO] [stdout] 291 | impl<T> std::fmt::Debug for UnboundedReceiver<T> {
[INFO] [stdout]     |                             ^^^^^^^^^^^^^^^^^ not found in this scope
[INFO] [stdout] 
[INFO] [stdout] 
[INFO] [stdout] error[E0603]: module `unbounded` is private
[INFO] [stdout]   --> /opt/rustwide/cargo-home/git/checkouts/async-compatibility-layer-274c4cb4d7d14514/568122b/src/async_primitives/subscribable_mutex.rs:2:22
[INFO] [stdout]    |
[INFO] [stdout] 2  | use crate::channel::{unbounded, UnboundedReceiver, UnboundedSender};
[INFO] [stdout]    |                      ^^^^^^^^^ private module
[INFO] [stdout]    |
[INFO] [stdout] note: the module `unbounded` is defined here
[INFO] [stdout]   --> /opt/rustwide/cargo-home/git/checkouts/async-compatibility-layer-274c4cb4d7d14514/568122b/src/channel.rs:22:1
[INFO] [stdout]    |
[INFO] [stdout] 22 | mod unbounded;
[INFO] [stdout]    | ^^^^^^^^^^^^^^
[INFO] [stdout] 
[INFO] [stdout] 
[INFO] [stdout] error[E0603]: module `unbounded` is private
[INFO] [stdout]   --> /opt/rustwide/cargo-home/git/checkouts/async-compatibility-layer-274c4cb4d7d14514/568122b/src/async_primitives/subscribable_rwlock.rs:1:22
[INFO] [stdout]    |
[INFO] [stdout] 1  | use crate::channel::{unbounded, UnboundedReceiver, UnboundedSender};
[INFO] [stdout]    |                      ^^^^^^^^^ private module
[INFO] [stdout]    |
[INFO] [stdout] note: the module `unbounded` is defined here
[INFO] [stdout]   --> /opt/rustwide/cargo-home/git/checkouts/async-compatibility-layer-274c4cb4d7d14514/568122b/src/channel.rs:22:1
[INFO] [stdout]    |
[INFO] [stdout] 22 | mod unbounded;
[INFO] [stdout]    | ^^^^^^^^^^^^^^
[INFO] [stdout] 
[INFO] [stdout] 
[INFO] [stderr]     Checking pbkdf2 v0.11.0
[INFO] [stderr]     Checking quick-protobuf-codec v0.2.0
[INFO] [stdout] error[E0392]: parameter `T` is never used
[INFO] [stdout]   --> /opt/rustwide/cargo-home/git/checkouts/async-compatibility-layer-274c4cb4d7d14514/568122b/src/async_primitives/broadcast.rs:25:28
[INFO] [stdout]    |
[INFO] [stdout] 25 | pub struct BroadcastSender<T> {
[INFO] [stdout]    |                            ^ unused parameter
[INFO] [stdout]    |
[INFO] [stdout]    = help: consider removing `T`, referring to it in a field, or using a marker such as `PhantomData`
[INFO] [stdout]    = help: if you intended `T` to be a const parameter, use `const T: usize` instead
[INFO] [stdout] 
[INFO] [stdout] 
[INFO] [stderr]    Compiling pest_generator v2.7.4
[INFO] [stdout] error[E0425]: cannot find function `try_recv_error_to_recv_error` in this scope
[INFO] [stdout]    --> /opt/rustwide/cargo-home/git/checkouts/async-compatibility-layer-274c4cb4d7d14514/568122b/src/channel/bounded.rs:179:38
[INFO] [stdout]     |
[INFO] [stdout] 179 |                     if let Some(e) = try_recv_error_to_recv_error(e) {
[INFO] [stdout]     |                                      ^^^^^^^^^^^^^^^^^^^^^^^^^^^^ not found in this scope
[INFO] [stdout] 
[INFO] [stdout] 
[INFO] [stderr]     Checking netlink-sys v0.8.5
[INFO] [stdout] error[E0425]: cannot find function `try_recv_error_to_recv_error` in this scope
[INFO] [stdout]    --> /opt/rustwide/cargo-home/git/checkouts/async-compatibility-layer-274c4cb4d7d14514/568122b/src/channel/unbounded.rs:211:38
[INFO] [stdout]     |
[INFO] [stdout] 211 |                     if let Some(e) = try_recv_error_to_recv_error(e) {
[INFO] [stdout]     |                                      ^^^^^^^^^^^^^^^^^^^^^^^^^^^^ not found in this scope
[INFO] [stdout] 
[INFO] [stdout] 
[INFO] [stderr]     Checking input_buffer v0.4.0
[INFO] [stderr]     Checking rusticata-macros v4.1.0
[INFO] [stderr]     Checking simple_asn1 v0.6.2
[INFO] [stderr]     Checking merlin v3.0.0
[INFO] [stdout] error[E0283]: type annotations needed
[INFO] [stdout]    --> /opt/rustwide/cargo-home/git/checkouts/async-compatibility-layer-274c4cb4d7d14514/568122b/src/async_primitives/broadcast.rs:105:21
[INFO] [stdout]     |
[INFO] [stdout] 105 |         self.handle.handle_async().await
[INFO] [stdout]     |                     ^^^^^^^^^^^^ cannot infer type for type parameter `T`
[INFO] [stdout]     |
[INFO] [stdout]     = note: cannot satisfy `_: Clone`
[INFO] [stdout] note: required by a bound in `BroadcastSender::<T>::handle_async`
[INFO] [stdout]    --> /opt/rustwide/cargo-home/git/checkouts/async-compatibility-layer-274c4cb4d7d14514/568122b/src/async_primitives/broadcast.rs:40:8
[INFO] [stdout]     |
[INFO] [stdout] 40  |     T: Clone,
[INFO] [stdout]     |        ^^^^^ required by this bound in `BroadcastSender::<T>::handle_async`
[INFO] [stdout] ...
[INFO] [stdout] 57  |     pub async fn handle_async(&self) -> BroadcastReceiver<T> {
[INFO] [stdout]     |                  ------------ required by a bound in this associated function
[INFO] [stdout] 
[INFO] [stdout] 
[INFO] [stdout] error[E0599]: no method named `timeout` found for struct `FuturesOrdered` in the current scope
[INFO] [stdout]    --> /opt/rustwide/cargo-home/git/checkouts/async-compatibility-layer-274c4cb4d7d14514/568122b/src/async_primitives/subscribable_mutex.rs:180:41
[INFO] [stdout]     |
[INFO] [stdout] 180 |         self.wait_until_with_trigger(f).timeout(timeout)
[INFO] [stdout]     |                                         ^^^^^^^ method not found in `FuturesOrdered<impl Future<Output = ()>>`
[INFO] [stdout] 
[INFO] [stdout] 
[INFO] [stdout] error[E0425]: cannot find function, tuple struct or tuple variant `BoundedStream` in this scope
[INFO] [stdout]    --> /opt/rustwide/cargo-home/git/checkouts/async-compatibility-layer-274c4cb4d7d14514/568122b/src/channel/bounded.rs:154:9
[INFO] [stdout]     |
[INFO] [stdout] 154 |         BoundedStream(result)
[INFO] [stdout]     |         ^^^^^^^^^^^^^ not found in this scope
[INFO] [stdout] 
[INFO] [stdout] 
[INFO] [stdout] error[E0425]: cannot find function `try_recv_error_to_recv_error` in this scope
[INFO] [stdout]    --> /opt/rustwide/cargo-home/git/checkouts/async-compatibility-layer-274c4cb4d7d14514/568122b/src/channel/unbounded.rs:236:38
[INFO] [stdout]     |
[INFO] [stdout] 236 |                     if let Some(e) = try_recv_error_to_recv_error(e) {
[INFO] [stdout]     |                                      ^^^^^^^^^^^^^^^^^^^^^^^^^^^^ not found in this scope
[INFO] [stdout] 
[INFO] [stdout] 
[INFO] [stdout] error[E0425]: cannot find function `try_recv_error_to_recv_error` in this scope
[INFO] [stdout]    --> /opt/rustwide/cargo-home/git/checkouts/async-compatibility-layer-274c4cb4d7d14514/568122b/src/channel/bounded.rs:204:38
[INFO] [stdout]     |
[INFO] [stdout] 204 |                     if let Some(e) = try_recv_error_to_recv_error(e) {
[INFO] [stdout]     |                                      ^^^^^^^^^^^^^^^^^^^^^^^^^^^^ not found in this scope
[INFO] [stdout] 
[INFO] [stdout] 
[INFO] [stdout] error[E0425]: cannot find function, tuple struct or tuple variant `UnboundedStream` in this scope
[INFO] [stdout]    --> /opt/rustwide/cargo-home/git/checkouts/async-compatibility-layer-274c4cb4d7d14514/568122b/src/channel/unbounded.rs:176:9
[INFO] [stdout]     |
[INFO] [stdout] 176 |         UnboundedStream(result)
[INFO] [stdout]     |         ^^^^^^^^^^^^^^^ not found in this scope
[INFO] [stdout] 
[INFO] [stdout] 
[INFO] [stdout] error: aborting due to 57 previous errors
[INFO] [stdout] 
[INFO] [stdout] 
[INFO] [stdout] Some errors have detailed explanations: E0283, E0392, E0412, E0425, E0432, E0433, E0599, E0603.
[INFO] [stdout] 
[INFO] [stdout] For more information about an error, try `rustc --explain E0283`.
[INFO] [stdout] 
[INFO] [stderr] error: could not compile `async-compatibility-layer` (lib) due to 58 previous errors
[INFO] [stderr] warning: build failed, waiting for other jobs to finish...
[INFO] running `Command { std: "docker" "inspect" "fa823814aaf63c0e9ce73cc40e33ea61b22b5b0323802e15a85924fb10c4cabb", kill_on_drop: false }`
[INFO] running `Command { std: "docker" "rm" "-f" "fa823814aaf63c0e9ce73cc40e33ea61b22b5b0323802e15a85924fb10c4cabb", kill_on_drop: false }`
[INFO] [stdout] fa823814aaf63c0e9ce73cc40e33ea61b22b5b0323802e15a85924fb10c4cabb
