[INFO] cloning repository https://github.com/aWeinzierl/SO
[INFO] running `Command { std: "git" "-c" "credential.helper=" "-c" "credential.helper=/workspace/cargo-home/bin/git-credential-null" "clone" "--bare" "https://github.com/aWeinzierl/SO" "/workspace/cache/git-repos/https%3A%2F%2Fgithub.com%2FaWeinzierl%2FSO", kill_on_drop: false }`
[INFO] [stderr] Cloning into bare repository '/workspace/cache/git-repos/https%3A%2F%2Fgithub.com%2FaWeinzierl%2FSO'...
[INFO] running `Command { std: "git" "rev-parse" "HEAD", kill_on_drop: false }`
[INFO] [stdout] 8eeda62d61def7882a2aaa85a1345b7c55493aa1
[INFO] documenting aWeinzierl/SO against 1.75.0 for beta-1.76-rustdoc-1
[INFO] running `Command { std: "git" "clone" "/workspace/cache/git-repos/https%3A%2F%2Fgithub.com%2FaWeinzierl%2FSO" "/workspace/builds/worker-4-tc1/source", kill_on_drop: false }`
[INFO] [stderr] Cloning into '/workspace/builds/worker-4-tc1/source'...
[INFO] [stderr] done.
[INFO] validating manifest of git repo https://github.com/aWeinzierl/SO on toolchain 1.75.0
[INFO] running `Command { std: CARGO_HOME="/workspace/cargo-home" RUSTUP_HOME="/workspace/rustup-home" "/workspace/cargo-home/bin/cargo" "+1.75.0" "metadata" "--manifest-path" "Cargo.toml" "--no-deps", kill_on_drop: false }`
[INFO] removed /workspace/builds/worker-4-tc1/source/rust-toolchain.toml
[INFO] started tweaking git repo https://github.com/aWeinzierl/SO
[INFO] finished tweaking git repo https://github.com/aWeinzierl/SO
[INFO] tweaked toml for git repo https://github.com/aWeinzierl/SO written to /workspace/builds/worker-4-tc1/source/Cargo.toml
[INFO] crate git repo https://github.com/aWeinzierl/SO already has a lockfile, it will not be regenerated
[INFO] running `Command { std: CARGO_HOME="/workspace/cargo-home" RUSTUP_HOME="/workspace/rustup-home" "/workspace/cargo-home/bin/cargo" "+1.75.0" "fetch" "--manifest-path" "Cargo.toml", kill_on_drop: false }`
[INFO] [stderr]  Downloading crates ...
[INFO] [stderr]   Downloaded async-broadcast v0.4.0
[INFO] [stderr]   Downloaded windows-implement v0.35.0
[INFO] [stderr]   Downloaded windows-tokens v0.35.0
[INFO] running `Command { std: "docker" "create" "-v" "/var/lib/crater-agent-workspace/builds/worker-4-tc1/target:/opt/rustwide/target:rw,Z" "-v" "/var/lib/crater-agent-workspace/builds/worker-4-tc1/source:/opt/rustwide/workdir:ro,Z" "-v" "/var/lib/crater-agent-workspace/cargo-home:/opt/rustwide/cargo-home:ro,Z" "-v" "/var/lib/crater-agent-workspace/rustup-home:/opt/rustwide/rustup-home:ro,Z" "-e" "SOURCE_DIR=/opt/rustwide/workdir" "-e" "CARGO_TARGET_DIR=/opt/rustwide/target" "-e" "CARGO_HOME=/opt/rustwide/cargo-home" "-e" "RUSTUP_HOME=/opt/rustwide/rustup-home" "-w" "/opt/rustwide/workdir" "-m" "1610612736" "--user" "0:0" "--network" "none" "ghcr.io/rust-lang/crates-build-env/linux@sha256:2788e3201cd34a07e3172128adcd8b3090168a8e3bcc40d7c032b9dda1df7d1c" "/opt/rustwide/cargo-home/bin/cargo" "+1.75.0" "metadata" "--no-deps" "--format-version=1", kill_on_drop: false }`
[INFO] [stdout] c359122ddb43427e3bee5a83872a9909ec46abc7df2d2c1e14742c0558a8a5f5
[INFO] running `Command { std: "docker" "start" "-a" "c359122ddb43427e3bee5a83872a9909ec46abc7df2d2c1e14742c0558a8a5f5", kill_on_drop: false }`
[INFO] running `Command { std: "docker" "inspect" "c359122ddb43427e3bee5a83872a9909ec46abc7df2d2c1e14742c0558a8a5f5", kill_on_drop: false }`
[INFO] running `Command { std: "docker" "rm" "-f" "c359122ddb43427e3bee5a83872a9909ec46abc7df2d2c1e14742c0558a8a5f5", kill_on_drop: false }`
[INFO] [stdout] c359122ddb43427e3bee5a83872a9909ec46abc7df2d2c1e14742c0558a8a5f5
[INFO] running `Command { std: "docker" "create" "-v" "/var/lib/crater-agent-workspace/builds/worker-4-tc1/target:/opt/rustwide/target:rw,Z" "-v" "/var/lib/crater-agent-workspace/builds/worker-4-tc1/source:/opt/rustwide/workdir:ro,Z" "-v" "/var/lib/crater-agent-workspace/cargo-home:/opt/rustwide/cargo-home:ro,Z" "-v" "/var/lib/crater-agent-workspace/rustup-home:/opt/rustwide/rustup-home:ro,Z" "-e" "SOURCE_DIR=/opt/rustwide/workdir" "-e" "CARGO_TARGET_DIR=/opt/rustwide/target" "-e" "CARGO_INCREMENTAL=0" "-e" "RUST_BACKTRACE=full" "-e" "RUSTFLAGS=--cap-lints=warn" "-e" "RUSTDOCFLAGS=--cap-lints=warn" "-e" "CARGO_HOME=/opt/rustwide/cargo-home" "-e" "RUSTUP_HOME=/opt/rustwide/rustup-home" "-w" "/opt/rustwide/workdir" "-m" "1610612736" "--user" "0:0" "--network" "none" "ghcr.io/rust-lang/crates-build-env/linux@sha256:2788e3201cd34a07e3172128adcd8b3090168a8e3bcc40d7c032b9dda1df7d1c" "/opt/rustwide/cargo-home/bin/cargo" "+1.75.0" "doc" "--frozen" "--no-deps" "--document-private-items" "--message-format=json", kill_on_drop: false }`
[INFO] [stdout] 4867edbb02d1fe003cdc807077cc0e68f37dfe39d50b938cd804b35e30e15959
[INFO] running `Command { std: "docker" "start" "-a" "4867edbb02d1fe003cdc807077cc0e68f37dfe39d50b938cd804b35e30e15959", kill_on_drop: false }`
[INFO] [stderr]    Compiling proc-macro2 v1.0.36
[INFO] [stderr]    Compiling syn v1.0.86
[INFO] [stderr]    Compiling libc v0.2.119
[INFO] [stderr]    Compiling futures-core v0.3.21
[INFO] [stderr]     Checking futures-sink v0.3.21
[INFO] [stderr]     Checking pin-project-lite v0.2.8
[INFO] [stderr]    Compiling futures-channel v0.3.21
[INFO] [stderr]    Compiling futures-task v0.3.21
[INFO] [stderr]    Compiling memchr v2.4.1
[INFO] [stderr]    Compiling parking_lot_core v0.8.5
[INFO] [stderr]    Compiling futures-util v0.3.21
[INFO] [stderr]    Compiling log v0.4.14
[INFO] [stderr]     Checking instant v0.1.12
[INFO] [stderr]     Checking scopeguard v1.1.0
[INFO] [stderr]     Checking futures-io v0.3.21
[INFO] [stderr]     Checking smallvec v1.8.0
[INFO] [stderr]     Checking pin-utils v0.1.0
[INFO] [stderr]     Checking slab v0.4.5
[INFO] [stderr]     Checking lock_api v0.4.6
[INFO] [stderr]     Checking bytes v1.1.0
[INFO] [stderr]    Compiling windows-tokens v0.35.0
[INFO] [stderr]     Checking event-listener v2.5.2
[INFO] [stderr]     Checking easy-parallel v3.2.0
[INFO] [stderr]    Compiling quote v1.0.15
[INFO] [stderr]     Checking num_cpus v1.13.1
[INFO] [stderr]     Checking parking_lot v0.11.2
[INFO] [stderr]     Checking async-broadcast v0.4.0
[INFO] [stderr]    Compiling futures-macro v0.3.21
[INFO] [stderr]    Compiling tokio-macros v1.7.0
[INFO] [stderr]    Compiling windows-implement v0.35.0
[INFO] [stderr]     Checking tokio v1.17.0
[INFO] [stderr]     Checking windows v0.35.0
[INFO] [stderr]     Checking tokio-util v0.6.9
[INFO] [stderr]     Checking tokio-stream v0.1.8
[INFO] [stderr]     Checking futures-executor v0.3.21
[INFO] [stderr]     Checking futures v0.3.21
[INFO] [stdout] error[E0433]: failed to resolve: could not find `windows` in `os`
[INFO] [stdout]   --> /opt/rustwide/cargo-home/registry/src/index.crates.io-6f17d22bba15001f/windows-0.35.0/src/core/pcwstr.rs:60:24
[INFO] [stdout]    |
[INFO] [stdout] 60 |         use ::std::os::windows::ffi::OsStrExt;
[INFO] [stdout]    |                        ^^^^^^^ could not find `windows` in `os`
[INFO] [stdout] 
[INFO] [stdout] 
[INFO] [stdout] error[E0599]: no method named `encode_wide` found for reference `&OsStr` in the current scope
[INFO] [stdout]   --> /opt/rustwide/cargo-home/registry/src/index.crates.io-6f17d22bba15001f/windows-0.35.0/src/core/pcwstr.rs:61:72
[INFO] [stdout]    |
[INFO] [stdout] 61 |         unsafe { Param::Boxed(PCWSTR(bindings::SysAllocStringLen(&self.encode_wide().collect::<alloc::vec::Vec<u16>>()).into_raw())) }
[INFO] [stdout]    |                                                                        ^^^^^^^^^^^ method not found in `&OsStr`
[INFO] [stdout] 
[INFO] [stdout] 
[INFO] [stdout] error: aborting due to 2 previous errors
[INFO] [stdout] 
[INFO] [stdout] 
[INFO] [stdout] Some errors have detailed explanations: E0433, E0599.
[INFO] [stdout] 
[INFO] [stdout] For more information about an error, try `rustc --explain E0433`.
[INFO] [stdout] 
[INFO] [stderr] error: could not compile `windows` (lib) due to 3 previous errors
[INFO] running `Command { std: "docker" "inspect" "4867edbb02d1fe003cdc807077cc0e68f37dfe39d50b938cd804b35e30e15959", kill_on_drop: false }`
[INFO] running `Command { std: "docker" "rm" "-f" "4867edbb02d1fe003cdc807077cc0e68f37dfe39d50b938cd804b35e30e15959", kill_on_drop: false }`
[INFO] [stdout] 4867edbb02d1fe003cdc807077cc0e68f37dfe39d50b938cd804b35e30e15959
[INFO] documenting aWeinzierl/SO against beta-2023-12-22 for beta-1.76-rustdoc-1
[INFO] running `Command { std: "git" "clone" "/workspace/cache/git-repos/https%3A%2F%2Fgithub.com%2FaWeinzierl%2FSO" "/workspace/builds/worker-4-tc2/source", kill_on_drop: false }`
[INFO] [stderr] Cloning into '/workspace/builds/worker-4-tc2/source'...
[INFO] [stderr] done.
[INFO] validating manifest of git repo https://github.com/aWeinzierl/SO on toolchain beta-2023-12-22
[INFO] running `Command { std: CARGO_HOME="/workspace/cargo-home" RUSTUP_HOME="/workspace/rustup-home" "/workspace/cargo-home/bin/cargo" "+beta-2023-12-22" "metadata" "--manifest-path" "Cargo.toml" "--no-deps", kill_on_drop: false }`
[INFO] removed /workspace/builds/worker-4-tc2/source/rust-toolchain.toml
[INFO] started tweaking git repo https://github.com/aWeinzierl/SO
[INFO] finished tweaking git repo https://github.com/aWeinzierl/SO
[INFO] tweaked toml for git repo https://github.com/aWeinzierl/SO written to /workspace/builds/worker-4-tc2/source/Cargo.toml
[INFO] crate git repo https://github.com/aWeinzierl/SO already has a lockfile, it will not be regenerated
[INFO] running `Command { std: CARGO_HOME="/workspace/cargo-home" RUSTUP_HOME="/workspace/rustup-home" "/workspace/cargo-home/bin/cargo" "+beta-2023-12-22" "fetch" "--manifest-path" "Cargo.toml", kill_on_drop: false }`
[INFO] running `Command { std: "docker" "create" "-v" "/var/lib/crater-agent-workspace/builds/worker-4-tc2/target:/opt/rustwide/target:rw,Z" "-v" "/var/lib/crater-agent-workspace/builds/worker-4-tc2/source:/opt/rustwide/workdir:ro,Z" "-v" "/var/lib/crater-agent-workspace/cargo-home:/opt/rustwide/cargo-home:ro,Z" "-v" "/var/lib/crater-agent-workspace/rustup-home:/opt/rustwide/rustup-home:ro,Z" "-e" "SOURCE_DIR=/opt/rustwide/workdir" "-e" "CARGO_TARGET_DIR=/opt/rustwide/target" "-e" "CARGO_HOME=/opt/rustwide/cargo-home" "-e" "RUSTUP_HOME=/opt/rustwide/rustup-home" "-w" "/opt/rustwide/workdir" "-m" "1610612736" "--user" "0:0" "--network" "none" "ghcr.io/rust-lang/crates-build-env/linux@sha256:2788e3201cd34a07e3172128adcd8b3090168a8e3bcc40d7c032b9dda1df7d1c" "/opt/rustwide/cargo-home/bin/cargo" "+beta-2023-12-22" "metadata" "--no-deps" "--format-version=1", kill_on_drop: false }`
[INFO] [stdout] 75090d26798025514fcfc4a15ec841874273c5d5dc39a6e9ca3167518008b4dc
[INFO] running `Command { std: "docker" "start" "-a" "75090d26798025514fcfc4a15ec841874273c5d5dc39a6e9ca3167518008b4dc", kill_on_drop: false }`
[INFO] running `Command { std: "docker" "inspect" "75090d26798025514fcfc4a15ec841874273c5d5dc39a6e9ca3167518008b4dc", kill_on_drop: false }`
[INFO] running `Command { std: "docker" "rm" "-f" "75090d26798025514fcfc4a15ec841874273c5d5dc39a6e9ca3167518008b4dc", kill_on_drop: false }`
[INFO] [stdout] 75090d26798025514fcfc4a15ec841874273c5d5dc39a6e9ca3167518008b4dc
[INFO] running `Command { std: "docker" "create" "-v" "/var/lib/crater-agent-workspace/builds/worker-4-tc2/target:/opt/rustwide/target:rw,Z" "-v" "/var/lib/crater-agent-workspace/builds/worker-4-tc2/source:/opt/rustwide/workdir:ro,Z" "-v" "/var/lib/crater-agent-workspace/cargo-home:/opt/rustwide/cargo-home:ro,Z" "-v" "/var/lib/crater-agent-workspace/rustup-home:/opt/rustwide/rustup-home:ro,Z" "-e" "SOURCE_DIR=/opt/rustwide/workdir" "-e" "CARGO_TARGET_DIR=/opt/rustwide/target" "-e" "CARGO_INCREMENTAL=0" "-e" "RUST_BACKTRACE=full" "-e" "RUSTFLAGS=--cap-lints=warn" "-e" "RUSTDOCFLAGS=--cap-lints=warn" "-e" "CARGO_HOME=/opt/rustwide/cargo-home" "-e" "RUSTUP_HOME=/opt/rustwide/rustup-home" "-w" "/opt/rustwide/workdir" "-m" "1610612736" "--user" "0:0" "--network" "none" "ghcr.io/rust-lang/crates-build-env/linux@sha256:2788e3201cd34a07e3172128adcd8b3090168a8e3bcc40d7c032b9dda1df7d1c" "/opt/rustwide/cargo-home/bin/cargo" "+beta-2023-12-22" "doc" "--frozen" "--no-deps" "--document-private-items" "--message-format=json", kill_on_drop: false }`
[INFO] [stdout] cd6742a07c7791aa3a7c0e14b42ea56f0ac71c23684bf0423e5dd06e0e239126
[INFO] running `Command { std: "docker" "start" "-a" "cd6742a07c7791aa3a7c0e14b42ea56f0ac71c23684bf0423e5dd06e0e239126", kill_on_drop: false }`
[INFO] [stderr]    Compiling proc-macro2 v1.0.36
[INFO] [stderr]    Compiling syn v1.0.86
[INFO] [stderr]    Compiling libc v0.2.119
[INFO] [stderr]    Compiling futures-core v0.3.21
[INFO] [stderr]     Checking pin-project-lite v0.2.8
[INFO] [stderr]     Checking futures-sink v0.3.21
[INFO] [stderr]    Compiling futures-channel v0.3.21
[INFO] [stderr]    Compiling futures-task v0.3.21
[INFO] [stderr]    Compiling memchr v2.4.1
[INFO] [stderr]    Compiling parking_lot_core v0.8.5
[INFO] [stderr]    Compiling futures-util v0.3.21
[INFO] [stderr]    Compiling log v0.4.14
[INFO] [stderr]     Checking instant v0.1.12
[INFO] [stderr]     Checking smallvec v1.8.0
[INFO] [stderr]     Checking scopeguard v1.1.0
[INFO] [stderr]     Checking futures-io v0.3.21
[INFO] [stderr]     Checking pin-utils v0.1.0
[INFO] [stderr]     Checking slab v0.4.5
[INFO] [stderr]     Checking lock_api v0.4.6
[INFO] [stderr]     Checking bytes v1.1.0
[INFO] [stderr]    Compiling windows-tokens v0.35.0
[INFO] [stderr]     Checking event-listener v2.5.2
[INFO] [stderr]     Checking easy-parallel v3.2.0
[INFO] [stderr]    Compiling quote v1.0.15
[INFO] [stderr]     Checking num_cpus v1.13.1
[INFO] [stderr]     Checking parking_lot v0.11.2
[INFO] [stderr]     Checking async-broadcast v0.4.0
[INFO] [stderr]    Compiling futures-macro v0.3.21
[INFO] [stderr]    Compiling tokio-macros v1.7.0
[INFO] [stderr]    Compiling windows-implement v0.35.0
[INFO] [stderr]     Checking tokio v1.17.0
[INFO] [stderr]     Checking windows v0.35.0
[INFO] [stderr]     Checking tokio-util v0.6.9
[INFO] [stderr]     Checking tokio-stream v0.1.8
[INFO] [stderr]     Checking futures-executor v0.3.21
[INFO] [stderr]     Checking futures v0.3.21
[INFO] [stdout] error[E0433]: failed to resolve: could not find `windows` in `os`
[INFO] [stdout]   --> /opt/rustwide/cargo-home/registry/src/index.crates.io-6f17d22bba15001f/windows-0.35.0/src/core/pcwstr.rs:60:24
[INFO] [stdout]    |
[INFO] [stdout] 60 |         use ::std::os::windows::ffi::OsStrExt;
[INFO] [stdout]    |                        ^^^^^^^ could not find `windows` in `os`
[INFO] [stdout] 
[INFO] [stdout] 
[INFO] [stdout] error[E0599]: no method named `encode_wide` found for reference `&OsStr` in the current scope
[INFO] [stdout]   --> /opt/rustwide/cargo-home/registry/src/index.crates.io-6f17d22bba15001f/windows-0.35.0/src/core/pcwstr.rs:61:72
[INFO] [stdout]    |
[INFO] [stdout] 61 |         unsafe { Param::Boxed(PCWSTR(bindings::SysAllocStringLen(&self.encode_wide().collect::<alloc::vec::Vec<u16>>()).into_raw())) }
[INFO] [stdout]    |                                                                        ^^^^^^^^^^^ method not found in `&OsStr`
[INFO] [stdout] 
[INFO] [stdout] 
[INFO] [stdout] error: aborting due to 2 previous errors
[INFO] [stdout] 
[INFO] [stdout] 
[INFO] [stdout] Some errors have detailed explanations: E0433, E0599.
[INFO] [stdout] 
[INFO] [stdout] For more information about an error, try `rustc --explain E0433`.
[INFO] [stdout] 
[INFO] [stderr] error: could not compile `windows` (lib) due to 3 previous errors
[INFO] running `Command { std: "docker" "inspect" "cd6742a07c7791aa3a7c0e14b42ea56f0ac71c23684bf0423e5dd06e0e239126", kill_on_drop: false }`
[INFO] running `Command { std: "docker" "rm" "-f" "cd6742a07c7791aa3a7c0e14b42ea56f0ac71c23684bf0423e5dd06e0e239126", kill_on_drop: false }`
[INFO] [stdout] cd6742a07c7791aa3a7c0e14b42ea56f0ac71c23684bf0423e5dd06e0e239126
