[INFO] cloning repository https://github.com/Zona-Tres/SkillUp
[INFO] running `Command { std: "git" "-c" "credential.helper=" "-c" "credential.helper=/workspace/cargo-home/bin/git-credential-null" "clone" "--bare" "https://github.com/Zona-Tres/SkillUp" "/workspace/cache/git-repos/https%3A%2F%2Fgithub.com%2FZona-Tres%2FSkillUp", kill_on_drop: false }`
[INFO] [stderr] Cloning into bare repository '/workspace/cache/git-repos/https%3A%2F%2Fgithub.com%2FZona-Tres%2FSkillUp'...
[INFO] running `Command { std: "git" "rev-parse" "HEAD", kill_on_drop: false }`
[INFO] [stdout] aa5106371d6d0e0a6430f4fc9cdde40661232a8a
[INFO] documenting Zona-Tres/SkillUp against 1.75.0 for beta-1.76-rustdoc-1
[INFO] running `Command { std: "git" "clone" "/workspace/cache/git-repos/https%3A%2F%2Fgithub.com%2FZona-Tres%2FSkillUp" "/workspace/builds/worker-0-tc1/source", kill_on_drop: false }`
[INFO] [stderr] Cloning into '/workspace/builds/worker-0-tc1/source'...
[INFO] [stderr] done.
[INFO] validating manifest of git repo https://github.com/Zona-Tres/SkillUp on toolchain 1.75.0
[INFO] running `Command { std: CARGO_HOME="/workspace/cargo-home" RUSTUP_HOME="/workspace/rustup-home" "/workspace/cargo-home/bin/cargo" "+1.75.0" "metadata" "--manifest-path" "Cargo.toml" "--no-deps", kill_on_drop: false }`
[INFO] removed /workspace/builds/worker-0-tc1/source/rust-toolchain.toml
[INFO] started tweaking git repo https://github.com/Zona-Tres/SkillUp
[INFO] finished tweaking git repo https://github.com/Zona-Tres/SkillUp
[INFO] tweaked toml for git repo https://github.com/Zona-Tres/SkillUp written to /workspace/builds/worker-0-tc1/source/Cargo.toml
[INFO] crate git repo https://github.com/Zona-Tres/SkillUp already has a lockfile, it will not be regenerated
[INFO] running `Command { std: CARGO_HOME="/workspace/cargo-home" RUSTUP_HOME="/workspace/rustup-home" "/workspace/cargo-home/bin/cargo" "+1.75.0" "fetch" "--manifest-path" "Cargo.toml", kill_on_drop: false }`
[INFO] [stderr]     Updating git repository `https://github.com/gear-dapps/gear-lib.git`
[INFO] [stderr]     Updating git repository `https://github.com/gear-tech/gear`
[INFO] [stderr]     Updating git repository `https://github.com/gear-tech/substrate.git`
[INFO] [stderr]     Updating git repository `https://github.com/gear-tech/dlmalloc-rust.git`
[INFO] [stderr]     Updating git repository `https://github.com/gear-tech/wasm-instrument.git`
[INFO] [stderr]     Updating git repository `https://github.com/gear-tech/substrate.git`
[INFO] [stderr]     Updating git repository `https://github.com/grishasobol/rust-libc-print.git`
[INFO] [stderr]     Updating git repository `https://github.com/gear-tech/wasmi`
[INFO] [stderr]     Updating git submodule `https://github.com/robbepop/wasm_kernel.git`
[INFO] [stderr]     Updating git submodule `https://github.com/WebAssembly/testsuite.git`
[INFO] [stderr]     Updating git submodule `https://github.com/WebAssembly/testsuite.git`
[INFO] [stderr]     Updating git repository `https://github.com/gear-tech/parity-wasm`
[INFO] [stderr]     Updating git submodule `https://github.com/WebAssembly/testsuite.git`
[INFO] [stderr]     Blocking waiting for file lock on package cache
[INFO] [stderr]  Downloading crates ...
[INFO] [stderr]   Downloaded sp-core-hashing v8.0.0
[INFO] [stderr]   Downloaded wasmtime-jit-icache-coherence v6.0.2
[INFO] [stderr]   Downloaded wasmtime-jit-debug v6.0.2
[INFO] [stderr]   Downloaded sp-std v7.0.0
[INFO] [stderr]   Downloaded subxt-macro v0.27.1
[INFO] [stderr]   Downloaded wasmtime-asm-macros v6.0.2
[INFO] [stderr]   Downloaded str-buf v2.0.5
[INFO] [stderr]   Downloaded nonempty v0.8.1
[INFO] [stderr]   Downloaded subxt-metadata v0.27.1
[INFO] [stderr]   Downloaded wasmtime-types v6.0.2
[INFO] [stderr]   Downloaded wasmi v0.14.0
[INFO] [stderr]   Downloaded bounded-collections v0.1.7
[INFO] [stderr]   Downloaded wabt v0.10.0
[INFO] [stderr]   Downloaded wasmparser-nostd v0.83.0
[INFO] [stderr]   Downloaded wasmtime v6.0.2
[INFO] [stderr]   Downloaded subxt-codegen v0.27.1
[INFO] [stderr]   Downloaded wabt-sys v0.8.0
[INFO] [stderr]   Downloaded subxt v0.27.1
[INFO] [stderr]   Downloaded wasmtime-jit v6.0.2
[INFO] [stderr]   Downloaded wasmtime-runtime v6.0.2
[INFO] [stderr]   Downloaded wasmtime-environ v6.0.2
[INFO] [stderr]   Downloaded pwasm-utils v0.19.0
[INFO] [stderr]   Downloaded cranelift-entity v0.93.2
[INFO] running `Command { std: "docker" "create" "-v" "/var/lib/crater-agent-workspace/builds/worker-0-tc1/target:/opt/rustwide/target:rw,Z" "-v" "/var/lib/crater-agent-workspace/builds/worker-0-tc1/source:/opt/rustwide/workdir:ro,Z" "-v" "/var/lib/crater-agent-workspace/cargo-home:/opt/rustwide/cargo-home:ro,Z" "-v" "/var/lib/crater-agent-workspace/rustup-home:/opt/rustwide/rustup-home:ro,Z" "-e" "SOURCE_DIR=/opt/rustwide/workdir" "-e" "CARGO_TARGET_DIR=/opt/rustwide/target" "-e" "CARGO_HOME=/opt/rustwide/cargo-home" "-e" "RUSTUP_HOME=/opt/rustwide/rustup-home" "-w" "/opt/rustwide/workdir" "-m" "1610612736" "--user" "0:0" "--network" "none" "ghcr.io/rust-lang/crates-build-env/linux@sha256:2788e3201cd34a07e3172128adcd8b3090168a8e3bcc40d7c032b9dda1df7d1c" "/opt/rustwide/cargo-home/bin/cargo" "+1.75.0" "metadata" "--no-deps" "--format-version=1", kill_on_drop: false }`
[INFO] [stdout] a302f94a02f51910e52b6314aff5f2e7090a984d15d991efb35c6ade928d099e
[INFO] running `Command { std: "docker" "start" "-a" "a302f94a02f51910e52b6314aff5f2e7090a984d15d991efb35c6ade928d099e", kill_on_drop: false }`
[INFO] running `Command { std: "docker" "inspect" "a302f94a02f51910e52b6314aff5f2e7090a984d15d991efb35c6ade928d099e", kill_on_drop: false }`
[INFO] running `Command { std: "docker" "rm" "-f" "a302f94a02f51910e52b6314aff5f2e7090a984d15d991efb35c6ade928d099e", kill_on_drop: false }`
[INFO] [stdout] a302f94a02f51910e52b6314aff5f2e7090a984d15d991efb35c6ade928d099e
[INFO] running `Command { std: "docker" "create" "-v" "/var/lib/crater-agent-workspace/builds/worker-0-tc1/target:/opt/rustwide/target:rw,Z" "-v" "/var/lib/crater-agent-workspace/builds/worker-0-tc1/source:/opt/rustwide/workdir:ro,Z" "-v" "/var/lib/crater-agent-workspace/cargo-home:/opt/rustwide/cargo-home:ro,Z" "-v" "/var/lib/crater-agent-workspace/rustup-home:/opt/rustwide/rustup-home:ro,Z" "-e" "SOURCE_DIR=/opt/rustwide/workdir" "-e" "CARGO_TARGET_DIR=/opt/rustwide/target" "-e" "CARGO_INCREMENTAL=0" "-e" "RUST_BACKTRACE=full" "-e" "RUSTFLAGS=--cap-lints=warn" "-e" "RUSTDOCFLAGS=--cap-lints=warn" "-e" "CARGO_HOME=/opt/rustwide/cargo-home" "-e" "RUSTUP_HOME=/opt/rustwide/rustup-home" "-w" "/opt/rustwide/workdir" "-m" "1610612736" "--user" "0:0" "--network" "none" "ghcr.io/rust-lang/crates-build-env/linux@sha256:2788e3201cd34a07e3172128adcd8b3090168a8e3bcc40d7c032b9dda1df7d1c" "/opt/rustwide/cargo-home/bin/cargo" "+1.75.0" "doc" "--frozen" "--no-deps" "--document-private-items" "--message-format=json", kill_on_drop: false }`
[INFO] [stdout] ae9e0d1fb05af88e5a091e9a17f6acc4c7620d9633a62e868dcc219942111d1d
[INFO] running `Command { std: "docker" "start" "-a" "ae9e0d1fb05af88e5a091e9a17f6acc4c7620d9633a62e868dcc219942111d1d", kill_on_drop: false }`
[INFO] [stderr]    Compiling proc-macro2 v1.0.59
[INFO] [stderr]    Compiling quote v1.0.28
[INFO] [stderr]    Compiling unicode-ident v1.0.9
[INFO] [stderr]    Compiling version_check v0.9.4
[INFO] [stderr]    Compiling serde v1.0.163
[INFO] [stderr]    Compiling autocfg v1.1.0
[INFO] [stderr]    Compiling typenum v1.16.0
[INFO] [stderr]    Compiling syn v1.0.109
[INFO] [stderr]    Compiling hashbrown v0.12.3
[INFO] [stderr]    Compiling once_cell v1.17.1
[INFO] [stderr]    Compiling winnow v0.4.6
[INFO] [stderr]    Compiling libc v0.2.144
[INFO] [stderr]    Compiling convert_case v0.4.0
[INFO] [stderr]    Compiling cfg-if v1.0.0
[INFO] [stderr]    Compiling futures-core v0.3.28
[INFO] [stderr]    Compiling arrayvec v0.7.2
[INFO] [stderr]    Compiling futures-task v0.3.28
[INFO] [stderr]    Compiling crunchy v0.2.2
[INFO] [stderr]    Compiling byte-slice-cast v1.2.2
[INFO] [stderr]    Compiling generic-array v0.14.7
[INFO] [stderr]    Compiling ahash v0.8.3
[INFO] [stderr]    Compiling byteorder v1.4.3
[INFO] [stderr]    Compiling futures-channel v0.3.28
[INFO] [stderr]    Compiling indexmap v1.9.3
[INFO] [stderr]    Compiling futures-util v0.3.28
[INFO] [stderr]    Compiling arrayvec v0.4.12
[INFO] [stderr]    Compiling static_assertions v1.1.0
[INFO] [stderr]    Compiling hex v0.4.3
[INFO] [stderr]    Compiling futures-sink v0.3.28
[INFO] [stderr]    Compiling rand_core v0.6.4
[INFO] [stderr]    Compiling dlmalloc v0.1.4 (https://github.com/gear-tech/dlmalloc-rust.git?rev=9135baa#9135baa7)
[INFO] [stderr]    Compiling opaque-debug v0.3.0
[INFO] [stderr]    Compiling subtle-ng v2.5.0
[INFO] [stderr]    Compiling pin-utils v0.1.0
[INFO] [stderr]     Checking cpufeatures v0.2.7
[INFO] [stderr]    Compiling str-buf v2.0.5
[INFO] [stderr]     Checking keccak v0.1.4
[INFO] [stderr]    Compiling pin-project-lite v0.2.9
[INFO] [stderr]    Compiling nodrop v0.1.14
[INFO] [stderr]    Compiling memchr v2.5.0
[INFO] [stderr]    Compiling uint v0.9.5
[INFO] [stderr]    Compiling fixed-hash v0.8.0
[INFO] [stderr]    Compiling semver v1.0.17
[INFO] [stderr]    Compiling gsys v0.1.0 (https://github.com/gear-tech/gear?rev=78dfa07#78dfa07e)
[INFO] [stderr]    Compiling syn v2.0.17
[INFO] [stderr]    Compiling camino v1.1.4
[INFO] [stderr]    Compiling log v0.4.17
[INFO] [stderr]    Compiling serde_json v1.0.96
[INFO] [stderr]    Compiling futures-io v0.3.28
[INFO] [stderr]    Compiling libc_print v0.1.16 (https://github.com/grishasobol/rust-libc-print.git#b3008048)
[INFO] [stderr]    Compiling page_size v0.4.2
[INFO] [stderr]     Checking arrayref v0.3.7
[INFO] [stderr]    Compiling thiserror v1.0.40
[INFO] [stderr]    Compiling constant_time_eq v0.1.5
[INFO] [stderr]    Compiling blake2-rfc v0.2.18
[INFO] [stderr]    Compiling hashbrown v0.13.2
[INFO] [stderr]    Compiling ryu v1.0.13
[INFO] [stderr]    Compiling bs58 v0.4.0
[INFO] [stderr]    Compiling galloc v0.1.0 (https://github.com/gear-tech/gear?rev=78dfa07#78dfa07e)
[INFO] [stderr]    Compiling parity-wasm v0.45.0
[INFO] [stderr]    Compiling anyhow v1.0.71
[INFO] [stderr]    Compiling itoa v1.0.6
[INFO] [stderr]    Compiling atty v0.2.14
[INFO] [stderr]    Compiling aho-corasick v1.0.1
[INFO] [stderr]    Compiling indexmap-nostd v0.4.0
[INFO] [stderr]    Compiling regex-syntax v0.7.2
[INFO] [stderr]    Compiling parity-wasm v0.42.2
[INFO] [stderr]    Compiling lazy_static v1.4.0
[INFO] [stderr]    Compiling digest v0.9.0
[INFO] [stderr]    Compiling block-buffer v0.9.0
[INFO] [stderr]    Compiling gear-wasm-builder v0.1.2 (https://github.com/gear-tech/gear?rev=78dfa07#78dfa07e)
[INFO] [stderr]    Compiling either v1.8.1
[INFO] [stderr]    Compiling sha2 v0.9.9
[INFO] [stderr]    Compiling wasmparser-nostd v0.100.1
[INFO] [stderr]     Checking crypto-common v0.1.6
[INFO] [stderr]     Checking block-buffer v0.10.4
[INFO] [stderr]    Compiling which v4.4.0
[INFO] [stderr]     Checking digest v0.10.7
[INFO] [stderr]    Compiling colored v2.0.0
[INFO] [stderr]    Compiling filetime v0.2.21
[INFO] [stderr]    Compiling pathdiff v0.2.1
[INFO] [stderr]     Checking constant_time_eq v0.2.5
[INFO] [stderr]     Checking sha3 v0.10.8
[INFO] [stderr]     Checking blake2b_simd v1.0.1
[INFO] [stderr]     Checking sha2 v0.10.6
[INFO] [stderr]     Checking twox-hash v1.6.3
[INFO] [stderr]    Compiling gear-lib-macros v0.3.7 (https://github.com/gear-dapps/gear-lib.git?tag=0.3.7#b7043009)
[INFO] [stderr]     Checking sp-std v7.0.0
[INFO] [stderr]    Compiling wasm-instrument v0.2.1 (https://github.com/gear-tech/wasm-instrument.git?branch=gear-stable#756a8b92)
[INFO] [stderr]     Checking sp-core-hashing v8.0.0
[INFO] [stderr]    Compiling pwasm-utils v0.19.0
[INFO] [stderr]    Compiling futures v0.3.28
[INFO] [stderr]    Compiling regex v1.8.3
[INFO] [stderr]    Compiling serde_derive v1.0.163
[INFO] [stderr]    Compiling enum-iterator-derive v1.2.1
[INFO] [stderr]    Compiling zeroize_derive v1.4.2
[INFO] [stderr]    Compiling gstd-codegen v0.1.0 (https://github.com/gear-tech/gear?rev=78dfa07#78dfa07e)
[INFO] [stderr]    Compiling gmeta-codegen v0.1.0 (https://github.com/gear-tech/gear?rev=78dfa07#78dfa07e)
[INFO] [stderr]    Compiling thiserror-impl v1.0.40
[INFO] [stderr]    Compiling zeroize v1.6.0
[INFO] [stderr]    Compiling impl-trait-for-tuples v0.2.2
[INFO] [stderr]    Compiling derive_more v0.99.17
[INFO] [stderr]    Compiling gear-lib-derive v0.3.7 (https://github.com/gear-dapps/gear-lib.git?tag=0.3.7#b7043009)
[INFO] [stderr]    Compiling merlin v3.0.0
[INFO] [stderr]    Compiling curve25519-dalek-ng v4.1.1
[INFO] [stderr]    Compiling enum-iterator v1.4.1
[INFO] [stderr]     Checking schnorrkel v0.10.2
[INFO] [stderr]     Checking gear-lib-sr25519 v0.3.7 (https://github.com/gear-dapps/gear-lib.git?tag=0.3.7#b7043009)
[INFO] [stderr]    Compiling gear-wasm-instrument v0.1.0 (https://github.com/gear-tech/gear?rev=78dfa07#78dfa07e)
[INFO] [stderr]    Compiling serde_spanned v0.6.2
[INFO] [stderr]    Compiling toml_datetime v0.6.2
[INFO] [stderr]    Compiling cargo-platform v0.1.2
[INFO] [stderr]    Compiling toml_edit v0.19.10
[INFO] [stderr]    Compiling cargo_metadata v0.15.4
[INFO] [stderr]    Compiling proc-macro-crate v1.3.1
[INFO] [stderr]    Compiling toml v0.7.4
[INFO] [stderr]    Compiling parity-scale-codec-derive v3.1.4
[INFO] [stderr]    Compiling scale-info-derive v2.6.0
[INFO] [stderr]    Compiling parity-scale-codec v3.5.0
[INFO] [stderr]     Checking scale-info v2.7.0
[INFO] [stderr]     Checking impl-codec v0.6.0
[INFO] [stderr]     Checking gear-core-errors v0.1.0 (https://github.com/gear-tech/gear?rev=78dfa07#78dfa07e)
[INFO] [stderr]     Checking primitive-types v0.12.1
[INFO] [stderr]     Checking gmeta v0.1.0 (https://github.com/gear-tech/gear?rev=78dfa07#78dfa07e)
[INFO] [stderr]     Checking gcore v0.1.0 (https://github.com/gear-tech/gear?rev=78dfa07#78dfa07e)
[INFO] [stderr]     Checking gstd v0.1.0 (https://github.com/gear-tech/gear?rev=78dfa07#78dfa07e)
[INFO] [stderr]     Checking gear-lib v0.3.7 (https://github.com/gear-dapps/gear-lib.git?tag=0.3.7#b7043009)
[INFO] [stderr]     Checking dynamic-nft-io v0.1.1 (/opt/rustwide/workdir/io)
[INFO] [stdout] error[E0277]: the trait bound `gstd::HashMap<primitive_types::U256, bool>: WrapperTypeEncode` is not satisfied
[INFO] [stdout]    --> io/src/lib.rs:141:33
[INFO] [stdout]     |
[INFO] [stdout] 141 |   #[derive(Debug, Clone, Default, Encode, Decode, TypeInfo)]
[INFO] [stdout]     |                                   ^^^^^^ the trait `WrapperTypeEncode` is not implemented for `gstd::HashMap<primitive_types::U256, bool>`
[INFO] [stdout] 142 |   #[codec(crate = gstd::codec)]
[INFO] [stdout]     |  _________________-
[INFO] [stdout] 143 | | #[scale_info(crate = gstd::scale_info)]
[INFO] [stdout] 144 | | pub struct IoNFT {
[INFO] [stdout] 145 | |     pub token: IoNFTState,
[INFO] [stdout] ...   |
[INFO] [stdout] 149 | |     pub dynamic_data: Vec<u8>,
[INFO] [stdout] 150 | |     pub is_available: HashMap<TokenId, bool>,
[INFO] [stdout]     | |_______- required by a bound introduced by this call
[INFO] [stdout]     |
[INFO] [stdout]     = help: the following other types implement trait `WrapperTypeEncode`:
[INFO] [stdout]               Box<T>
[INFO] [stdout]               Cow<'a, T>
[INFO] [stdout]               gstd::parity_scale_codec::Ref<'a, T, U>
[INFO] [stdout]               Rc<T>
[INFO] [stdout]               Arc<T>
[INFO] [stdout]               gstd::Vec<T>
[INFO] [stdout]               gstd::String
[INFO] [stdout]               &T
[INFO] [stdout]               &mut T
[INFO] [stdout]     = note: required for `gstd::HashMap<primitive_types::U256, bool>` to implement `gstd::Encode`
[INFO] [stdout] 
[INFO] [stdout] 
[INFO] [stdout] error[E0277]: the trait bound `gstd::HashMap<primitive_types::U256, gstd::Vec<gstd::String>>: WrapperTypeEncode` is not satisfied
[INFO] [stdout]    --> io/src/lib.rs:141:33
[INFO] [stdout]     |
[INFO] [stdout] 141 |   #[derive(Debug, Clone, Default, Encode, Decode, TypeInfo)]
[INFO] [stdout]     |                                   ^^^^^^ the trait `WrapperTypeEncode` is not implemented for `gstd::HashMap<primitive_types::U256, gstd::Vec<gstd::String>>`
[INFO] [stdout] 142 |   #[codec(crate = gstd::codec)]
[INFO] [stdout]     |  _________________-
[INFO] [stdout] 143 | | #[scale_info(crate = gstd::scale_info)]
[INFO] [stdout] 144 | | pub struct IoNFT {
[INFO] [stdout] 145 | |     pub token: IoNFTState,
[INFO] [stdout] ...   |
[INFO] [stdout] 150 | |     pub is_available: HashMap<TokenId, bool>,
[INFO] [stdout] 151 | |     pub skills: HashMap<TokenId, Vec<String>>
[INFO] [stdout]     | |_______- required by a bound introduced by this call
[INFO] [stdout]     |
[INFO] [stdout]     = help: the following other types implement trait `WrapperTypeEncode`:
[INFO] [stdout]               Box<T>
[INFO] [stdout]               Cow<'a, T>
[INFO] [stdout]               gstd::parity_scale_codec::Ref<'a, T, U>
[INFO] [stdout]               Rc<T>
[INFO] [stdout]               Arc<T>
[INFO] [stdout]               gstd::Vec<T>
[INFO] [stdout]               gstd::String
[INFO] [stdout]               &T
[INFO] [stdout]               &mut T
[INFO] [stdout]     = note: required for `gstd::HashMap<primitive_types::U256, gstd::Vec<gstd::String>>` to implement `gstd::Encode`
[INFO] [stdout] 
[INFO] [stdout] 
[INFO] [stdout] error[E0277]: the trait bound `gstd::HashMap<primitive_types::U256, bool>: WrapperTypeDecode` is not satisfied
[INFO] [stdout]    --> io/src/lib.rs:150:23
[INFO] [stdout]     |
[INFO] [stdout] 150 |     pub is_available: HashMap<TokenId, bool>,
[INFO] [stdout]     |                       ^^^^^^^^^^^^^^^^^^^^^^ the trait `WrapperTypeDecode` is not implemented for `gstd::HashMap<primitive_types::U256, bool>`
[INFO] [stdout]     |
[INFO] [stdout]     = help: the following other types implement trait `WrapperTypeDecode`:
[INFO] [stdout]               Box<T>
[INFO] [stdout]               Rc<T>
[INFO] [stdout]               Arc<T>
[INFO] [stdout]     = note: required for `gstd::HashMap<primitive_types::U256, bool>` to implement `gstd::Decode`
[INFO] [stdout] 
[INFO] [stdout] 
[INFO] [stdout] error[E0277]: the trait bound `gstd::HashMap<primitive_types::U256, gstd::Vec<gstd::String>>: WrapperTypeDecode` is not satisfied
[INFO] [stdout]    --> io/src/lib.rs:151:17
[INFO] [stdout]     |
[INFO] [stdout] 151 |     pub skills: HashMap<TokenId, Vec<String>>
[INFO] [stdout]     |                 ^^^^^^^^^^^^^^^^^^^^^^^^^^^^^ the trait `WrapperTypeDecode` is not implemented for `gstd::HashMap<primitive_types::U256, gstd::Vec<gstd::String>>`
[INFO] [stdout]     |
[INFO] [stdout]     = help: the following other types implement trait `WrapperTypeDecode`:
[INFO] [stdout]               Box<T>
[INFO] [stdout]               Rc<T>
[INFO] [stdout]               Arc<T>
[INFO] [stdout]     = note: required for `gstd::HashMap<primitive_types::U256, gstd::Vec<gstd::String>>` to implement `gstd::Decode`
[INFO] [stdout] 
[INFO] [stdout] 
[INFO] [stdout] error[E0277]: the trait bound `gstd::HashMap<primitive_types::U256, bool>: gstd::TypeInfo` is not satisfied
[INFO] [stdout]    --> io/src/lib.rs:150:23
[INFO] [stdout]     |
[INFO] [stdout] 141 | #[derive(Debug, Clone, Default, Encode, Decode, TypeInfo)]
[INFO] [stdout]     |                                                 -------- required by a bound introduced by this call
[INFO] [stdout] ...
[INFO] [stdout] 150 |     pub is_available: HashMap<TokenId, bool>,
[INFO] [stdout]     |                       ^^^^^^^^^^^^^^^^^^^^^^ the trait `gstd::TypeInfo` is not implemented for `gstd::HashMap<primitive_types::U256, bool>`
[INFO] [stdout]     |
[INFO] [stdout]     = help: the following other types implement trait `gstd::TypeInfo`:
[INFO] [stdout]               bool
[INFO] [stdout]               char
[INFO] [stdout]               i8
[INFO] [stdout]               i16
[INFO] [stdout]               i32
[INFO] [stdout]               i64
[INFO] [stdout]               i128
[INFO] [stdout]               u8
[INFO] [stdout]             and 98 others
[INFO] [stdout] note: required by a bound in `FieldBuilder::<MetaForm, N>::ty`
[INFO] [stdout]    --> /opt/rustwide/cargo-home/registry/src/index.crates.io-6f17d22bba15001f/scale-info-2.7.0/src/build.rs:458:13
[INFO] [stdout]     |
[INFO] [stdout] 456 |     pub fn ty<TY>(self) -> FieldBuilder<MetaForm, N, field_state::TypeAssigned>
[INFO] [stdout]     |            -- required by a bound in this associated function
[INFO] [stdout] 457 |     where
[INFO] [stdout] 458 |         TY: TypeInfo + 'static + ?Sized,
[INFO] [stdout]     |             ^^^^^^^^ required by this bound in `FieldBuilder::<MetaForm, N>::ty`
[INFO] [stdout] 
[INFO] [stdout] 
[INFO] [stdout] error[E0277]: the trait bound `gstd::HashMap<primitive_types::U256, gstd::Vec<gstd::String>>: gstd::TypeInfo` is not satisfied
[INFO] [stdout]    --> io/src/lib.rs:151:17
[INFO] [stdout]     |
[INFO] [stdout] 141 | #[derive(Debug, Clone, Default, Encode, Decode, TypeInfo)]
[INFO] [stdout]     |                                                 -------- required by a bound introduced by this call
[INFO] [stdout] ...
[INFO] [stdout] 151 |     pub skills: HashMap<TokenId, Vec<String>>
[INFO] [stdout]     |                 ^^^^^^^^^^^^^^^^^^^^^^^^^^^^^ the trait `gstd::TypeInfo` is not implemented for `gstd::HashMap<primitive_types::U256, gstd::Vec<gstd::String>>`
[INFO] [stdout]     |
[INFO] [stdout]     = help: the following other types implement trait `gstd::TypeInfo`:
[INFO] [stdout]               bool
[INFO] [stdout]               char
[INFO] [stdout]               i8
[INFO] [stdout]               i16
[INFO] [stdout]               i32
[INFO] [stdout]               i64
[INFO] [stdout]               i128
[INFO] [stdout]               u8
[INFO] [stdout]             and 98 others
[INFO] [stdout] note: required by a bound in `FieldBuilder::<MetaForm, N>::ty`
[INFO] [stdout]    --> /opt/rustwide/cargo-home/registry/src/index.crates.io-6f17d22bba15001f/scale-info-2.7.0/src/build.rs:458:13
[INFO] [stdout]     |
[INFO] [stdout] 456 |     pub fn ty<TY>(self) -> FieldBuilder<MetaForm, N, field_state::TypeAssigned>
[INFO] [stdout]     |            -- required by a bound in this associated function
[INFO] [stdout] 457 |     where
[INFO] [stdout] 458 |         TY: TypeInfo + 'static + ?Sized,
[INFO] [stdout]     |             ^^^^^^^^ required by this bound in `FieldBuilder::<MetaForm, N>::ty`
[INFO] [stdout] 
[INFO] [stdout] 
[INFO] [stdout] error: aborting due to 6 previous errors
[INFO] [stdout] 
[INFO] [stdout] 
[INFO] [stdout] For more information about this error, try `rustc --explain E0277`.
[INFO] [stdout] 
[INFO] [stderr] error: could not compile `dynamic-nft-io` (lib) due to 7 previous errors
[INFO] [stderr] warning: build failed, waiting for other jobs to finish...
[INFO] running `Command { std: "docker" "inspect" "ae9e0d1fb05af88e5a091e9a17f6acc4c7620d9633a62e868dcc219942111d1d", kill_on_drop: false }`
[INFO] running `Command { std: "docker" "rm" "-f" "ae9e0d1fb05af88e5a091e9a17f6acc4c7620d9633a62e868dcc219942111d1d", kill_on_drop: false }`
[INFO] [stdout] ae9e0d1fb05af88e5a091e9a17f6acc4c7620d9633a62e868dcc219942111d1d
