[INFO] cloning repository https://github.com/Zerthox/arcdps-buddy
[INFO] running `Command { std: "git" "-c" "credential.helper=" "-c" "credential.helper=/workspace/cargo-home/bin/git-credential-null" "clone" "--bare" "https://github.com/Zerthox/arcdps-buddy" "/workspace/cache/git-repos/https%3A%2F%2Fgithub.com%2FZerthox%2Farcdps-buddy", kill_on_drop: false }`
[INFO] [stderr] Cloning into bare repository '/workspace/cache/git-repos/https%3A%2F%2Fgithub.com%2FZerthox%2Farcdps-buddy'...
[INFO] running `Command { std: "git" "rev-parse" "HEAD", kill_on_drop: false }`
[INFO] [stdout] 5daab1e372851e5ae92dd97e4f817c882afb1c3f
[INFO] documenting Zerthox/arcdps-buddy against 1.75.0 for beta-1.76-rustdoc-1
[INFO] running `Command { std: "git" "clone" "/workspace/cache/git-repos/https%3A%2F%2Fgithub.com%2FZerthox%2Farcdps-buddy" "/workspace/builds/worker-0-tc1/source", kill_on_drop: false }`
[INFO] [stderr] Cloning into '/workspace/builds/worker-0-tc1/source'...
[INFO] [stderr] done.
[INFO] validating manifest of git repo https://github.com/Zerthox/arcdps-buddy on toolchain 1.75.0
[INFO] running `Command { std: CARGO_HOME="/workspace/cargo-home" RUSTUP_HOME="/workspace/rustup-home" "/workspace/cargo-home/bin/cargo" "+1.75.0" "metadata" "--manifest-path" "Cargo.toml" "--no-deps", kill_on_drop: false }`
[INFO] started tweaking git repo https://github.com/Zerthox/arcdps-buddy
[INFO] finished tweaking git repo https://github.com/Zerthox/arcdps-buddy
[INFO] tweaked toml for git repo https://github.com/Zerthox/arcdps-buddy written to /workspace/builds/worker-0-tc1/source/Cargo.toml
[INFO] crate git repo https://github.com/Zerthox/arcdps-buddy already has a lockfile, it will not be regenerated
[INFO] running `Command { std: CARGO_HOME="/workspace/cargo-home" RUSTUP_HOME="/workspace/rustup-home" "/workspace/cargo-home/bin/cargo" "+1.75.0" "fetch" "--manifest-path" "Cargo.toml", kill_on_drop: false }`
[INFO] [stderr]     Updating git repository `https://github.com/zerthox/arcdps-utils`
[INFO] [stderr]     Updating git repository `https://github.com/zerthox/arcdps-rs`
[INFO] [stderr]     Updating crates.io index
[INFO] [stderr]  Downloading crates ...
[INFO] [stderr]   Downloaded open v5.0.1
[INFO] [stderr]   Downloaded arcdps-imgui v0.8.0
[INFO] [stderr]   Downloaded arcdps-imgui-sys v0.8.0
[INFO] running `Command { std: "docker" "create" "-v" "/var/lib/crater-agent-workspace/builds/worker-0-tc1/target:/opt/rustwide/target:rw,Z" "-v" "/var/lib/crater-agent-workspace/builds/worker-0-tc1/source:/opt/rustwide/workdir:ro,Z" "-v" "/var/lib/crater-agent-workspace/cargo-home:/opt/rustwide/cargo-home:ro,Z" "-v" "/var/lib/crater-agent-workspace/rustup-home:/opt/rustwide/rustup-home:ro,Z" "-e" "SOURCE_DIR=/opt/rustwide/workdir" "-e" "CARGO_TARGET_DIR=/opt/rustwide/target" "-e" "CARGO_HOME=/opt/rustwide/cargo-home" "-e" "RUSTUP_HOME=/opt/rustwide/rustup-home" "-w" "/opt/rustwide/workdir" "-m" "1610612736" "--user" "0:0" "--network" "none" "ghcr.io/rust-lang/crates-build-env/linux@sha256:2788e3201cd34a07e3172128adcd8b3090168a8e3bcc40d7c032b9dda1df7d1c" "/opt/rustwide/cargo-home/bin/cargo" "+1.75.0" "metadata" "--no-deps" "--format-version=1", kill_on_drop: false }`
[INFO] [stdout] 3e10f5af454253dbc0da9bb93964d3cd26182dc762222333a336933515d7a097
[INFO] running `Command { std: "docker" "start" "-a" "3e10f5af454253dbc0da9bb93964d3cd26182dc762222333a336933515d7a097", kill_on_drop: false }`
[INFO] running `Command { std: "docker" "inspect" "3e10f5af454253dbc0da9bb93964d3cd26182dc762222333a336933515d7a097", kill_on_drop: false }`
[INFO] running `Command { std: "docker" "rm" "-f" "3e10f5af454253dbc0da9bb93964d3cd26182dc762222333a336933515d7a097", kill_on_drop: false }`
[INFO] [stdout] 3e10f5af454253dbc0da9bb93964d3cd26182dc762222333a336933515d7a097
[INFO] running `Command { std: "docker" "create" "-v" "/var/lib/crater-agent-workspace/builds/worker-0-tc1/target:/opt/rustwide/target:rw,Z" "-v" "/var/lib/crater-agent-workspace/builds/worker-0-tc1/source:/opt/rustwide/workdir:ro,Z" "-v" "/var/lib/crater-agent-workspace/cargo-home:/opt/rustwide/cargo-home:ro,Z" "-v" "/var/lib/crater-agent-workspace/rustup-home:/opt/rustwide/rustup-home:ro,Z" "-e" "SOURCE_DIR=/opt/rustwide/workdir" "-e" "CARGO_TARGET_DIR=/opt/rustwide/target" "-e" "CARGO_INCREMENTAL=0" "-e" "RUST_BACKTRACE=full" "-e" "RUSTFLAGS=--cap-lints=warn" "-e" "RUSTDOCFLAGS=--cap-lints=warn" "-e" "CARGO_HOME=/opt/rustwide/cargo-home" "-e" "RUSTUP_HOME=/opt/rustwide/rustup-home" "-w" "/opt/rustwide/workdir" "-m" "1610612736" "--user" "0:0" "--network" "none" "ghcr.io/rust-lang/crates-build-env/linux@sha256:2788e3201cd34a07e3172128adcd8b3090168a8e3bcc40d7c032b9dda1df7d1c" "/opt/rustwide/cargo-home/bin/cargo" "+1.75.0" "doc" "--frozen" "--no-deps" "--document-private-items" "--message-format=json", kill_on_drop: false }`
[INFO] [stdout] 0610d63b6f7266d7b636b5ddc48b3ac5dbf5e533d747b336f77a527b6aa96078
[INFO] running `Command { std: "docker" "start" "-a" "0610d63b6f7266d7b636b5ddc48b3ac5dbf5e533d747b336f77a527b6aa96078", kill_on_drop: false }`
[INFO] [stderr]    Compiling proc-macro2 v1.0.70
[INFO] [stderr]    Compiling libc v0.2.151
[INFO] [stderr]    Compiling serde v1.0.193
[INFO] [stderr]    Compiling vcpkg v0.2.15
[INFO] [stderr]    Compiling pkg-config v0.3.27
[INFO] [stderr]    Compiling toml_datetime v0.6.3
[INFO] [stderr]    Compiling winnow v0.5.28
[INFO] [stderr]    Compiling windows_x86_64_gnu v0.52.0
[INFO] [stderr]     Checking once_cell v1.19.0
[INFO] [stderr]    Compiling lock_api v0.4.11
[INFO] [stderr]    Compiling parking_lot_core v0.8.6
[INFO] [stderr]     Checking instant v0.1.12
[INFO] [stderr]    Compiling num-traits v0.2.17
[INFO] [stderr]    Compiling heck v0.4.1
[INFO] [stderr]     Checking smallvec v1.11.2
[INFO] [stderr]    Compiling quote v1.0.33
[INFO] [stderr]    Compiling openssl v0.10.61
[INFO] [stderr]     Checking windows-targets v0.52.0
[INFO] [stderr]    Compiling syn v2.0.41
[INFO] [stderr]     Checking log v0.4.20
[INFO] [stderr]    Compiling cc v1.0.83
[INFO] [stderr]     Checking bitflags v2.4.1
[INFO] [stderr]     Checking itoa v1.0.10
[INFO] [stderr]     Checking chlorine v1.0.10
[INFO] [stderr]    Compiling native-tls v0.2.11
[INFO] [stderr]    Compiling rand_core v0.6.4
[INFO] [stderr]    Compiling siphasher v0.3.11
[INFO] [stderr]     Checking ryu v1.0.16
[INFO] [stderr]     Checking parking_lot v0.11.2
[INFO] [stderr]    Compiling rand v0.8.5
[INFO] [stderr]    Compiling phf_shared v0.11.2
[INFO] [stderr]     Checking windows-core v0.52.0
[INFO] [stderr]     Checking is-docker v0.2.0
[INFO] [stderr]    Compiling unsafe-libyaml v0.2.9
[INFO] [stderr]    Compiling minreq v2.11.0
[INFO] [stderr]    Compiling toml_edit v0.20.2
[INFO] [stderr]    Compiling semver v1.0.20
[INFO] [stderr]     Checking iana-time-zone v0.1.58
[INFO] [stderr]     Checking windows v0.52.0
[INFO] [stderr]    Compiling phf_generator v0.11.2
[INFO] [stderr]     Checking is-wsl v0.4.0
[INFO] [stderr]     Checking hashbrown v0.14.3
[INFO] [stderr]     Checking pathdiff v0.2.1
[INFO] [stderr]     Checking equivalent v1.0.1
[INFO] [stderr]    Compiling openssl-sys v0.9.97
[INFO] [stderr]    Compiling arcdps-imgui-sys v0.8.0
[INFO] [stderr]     Checking open v5.0.1
[INFO] [stderr]     Checking indexmap v2.1.0
[INFO] [stderr]    Compiling proc-macro-crate v2.0.1
[INFO] [stderr]    Compiling serde_derive v1.0.193
[INFO] [stderr]    Compiling openssl-macros v0.1.1
[INFO] [stderr]    Compiling num_enum_derive v0.7.1
[INFO] [stderr]    Compiling strum_macros v0.25.3
[INFO] [stderr]    Compiling arcdps_codegen v0.10.3 (https://github.com/zerthox/arcdps-rs#eb5711e8)
[INFO] [stderr]    Compiling phf_macros v0.11.2
[INFO] [stderr]     Checking phf v0.11.2
[INFO] [stderr]     Checking num_enum v0.7.1
[INFO] [stderr]     Checking strum v0.25.0
[INFO] [stderr]     Checking arcdps-imgui v0.8.0
[INFO] [stderr]     Checking evtc v0.7.0 (https://github.com/zerthox/arcdps-rs#eb5711e8)
[INFO] [stderr]     Checking serde_json v1.0.108
[INFO] [stderr]     Checking chrono v0.4.31
[INFO] [stderr]     Checking serde_yaml v0.9.27
[INFO] [stderr]    Compiling arcdps_buddy v0.6.2 (/opt/rustwide/workdir)
[INFO] [stderr]     Checking arcdps v0.13.0 (https://github.com/zerthox/arcdps-rs#eb5711e8)
[INFO] [stdout] error[E0433]: failed to resolve: could not find `windows` in `os`
[INFO] [stdout]   --> /opt/rustwide/cargo-home/git/checkouts/arcdps-rs-c3748d55481363f5/eb5711e/arcdps/src/exports/mod.rs:20:9
[INFO] [stdout]    |
[INFO] [stdout] 20 |     os::windows::prelude::*,
[INFO] [stdout]    |         ^^^^^^^ could not find `windows` in `os`
[INFO] [stdout] 
[INFO] [stdout] 
[INFO] [stdout] error[E0433]: failed to resolve: could not find `windows` in `os`
[INFO] [stdout]  --> /opt/rustwide/cargo-home/git/checkouts/arcdps-rs-c3748d55481363f5/eb5711e/arcdps/src/util.rs:6:23
[INFO] [stdout]   |
[INFO] [stdout] 6 |     os::{raw::c_char, windows::prelude::OsStrExt},
[INFO] [stdout]   |                       ^^^^^^^ could not find `windows` in `os`
[INFO] [stdout] 
[INFO] [stdout] 
[INFO] [stdout] error[E0599]: no function or associated item named `from_wide` found for struct `OsString` in the current scope
[INFO] [stdout]   --> /opt/rustwide/cargo-home/git/checkouts/arcdps-rs-c3748d55481363f5/eb5711e/arcdps/src/exports/mod.rs:63:32
[INFO] [stdout]    |
[INFO] [stdout] 63 |         let string = OsString::from_wide(slice);
[INFO] [stdout]    |                                ^^^^^^^^^ function or associated item not found in `OsString`
[INFO] [stdout]    |
[INFO] [stdout] note: if you're trying to build a new `OsString` consider using one of the following associated functions:
[INFO] [stdout]       OsString::new
[INFO] [stdout]       OsString::from_encoded_bytes_unchecked
[INFO] [stdout]       OsString::with_capacity
[INFO] [stdout]   --> /rustc/82e1608dfa6e0b5569232559e3d385fea5a93112/library/std/src/ffi/os_str.rs:140:5
[INFO] [stdout] 
[INFO] [stdout] 
[INFO] [stdout] error[E0599]: no method named `encode_wide` found for reference `&OsStr` in the current scope
[INFO] [stdout]   --> /opt/rustwide/cargo-home/git/checkouts/arcdps-rs-c3748d55481363f5/eb5711e/arcdps/src/util.rs:54:10
[INFO] [stdout]    |
[INFO] [stdout] 53 | /     OsStr::new(string.as_ref())
[INFO] [stdout] 54 | |         .encode_wide()
[INFO] [stdout]    | |         -^^^^^^^^^^^ method not found in `&OsStr`
[INFO] [stdout]    | |_________|
[INFO] [stdout]    | 
[INFO] [stdout] 
[INFO] [stdout] 
[INFO] [stdout] error: aborting due to 4 previous errors
[INFO] [stdout] 
[INFO] [stdout] 
[INFO] [stdout] Some errors have detailed explanations: E0433, E0599.
[INFO] [stdout] 
[INFO] [stdout] For more information about an error, try `rustc --explain E0433`.
[INFO] [stdout] 
[INFO] [stderr] error: could not compile `arcdps` (lib) due to 5 previous errors
[INFO] running `Command { std: "docker" "inspect" "0610d63b6f7266d7b636b5ddc48b3ac5dbf5e533d747b336f77a527b6aa96078", kill_on_drop: false }`
[INFO] running `Command { std: "docker" "rm" "-f" "0610d63b6f7266d7b636b5ddc48b3ac5dbf5e533d747b336f77a527b6aa96078", kill_on_drop: false }`
[INFO] [stdout] 0610d63b6f7266d7b636b5ddc48b3ac5dbf5e533d747b336f77a527b6aa96078
[INFO] documenting Zerthox/arcdps-buddy against beta-2023-12-22 for beta-1.76-rustdoc-1
[INFO] running `Command { std: "git" "clone" "/workspace/cache/git-repos/https%3A%2F%2Fgithub.com%2FZerthox%2Farcdps-buddy" "/workspace/builds/worker-0-tc2/source", kill_on_drop: false }`
[INFO] [stderr] Cloning into '/workspace/builds/worker-0-tc2/source'...
[INFO] [stderr] done.
[INFO] validating manifest of git repo https://github.com/Zerthox/arcdps-buddy on toolchain beta-2023-12-22
[INFO] running `Command { std: CARGO_HOME="/workspace/cargo-home" RUSTUP_HOME="/workspace/rustup-home" "/workspace/cargo-home/bin/cargo" "+beta-2023-12-22" "metadata" "--manifest-path" "Cargo.toml" "--no-deps", kill_on_drop: false }`
[INFO] started tweaking git repo https://github.com/Zerthox/arcdps-buddy
[INFO] finished tweaking git repo https://github.com/Zerthox/arcdps-buddy
[INFO] tweaked toml for git repo https://github.com/Zerthox/arcdps-buddy written to /workspace/builds/worker-0-tc2/source/Cargo.toml
[INFO] crate git repo https://github.com/Zerthox/arcdps-buddy already has a lockfile, it will not be regenerated
[INFO] running `Command { std: CARGO_HOME="/workspace/cargo-home" RUSTUP_HOME="/workspace/rustup-home" "/workspace/cargo-home/bin/cargo" "+beta-2023-12-22" "fetch" "--manifest-path" "Cargo.toml", kill_on_drop: false }`
[INFO] running `Command { std: "docker" "create" "-v" "/var/lib/crater-agent-workspace/builds/worker-0-tc2/target:/opt/rustwide/target:rw,Z" "-v" "/var/lib/crater-agent-workspace/builds/worker-0-tc2/source:/opt/rustwide/workdir:ro,Z" "-v" "/var/lib/crater-agent-workspace/cargo-home:/opt/rustwide/cargo-home:ro,Z" "-v" "/var/lib/crater-agent-workspace/rustup-home:/opt/rustwide/rustup-home:ro,Z" "-e" "SOURCE_DIR=/opt/rustwide/workdir" "-e" "CARGO_TARGET_DIR=/opt/rustwide/target" "-e" "CARGO_HOME=/opt/rustwide/cargo-home" "-e" "RUSTUP_HOME=/opt/rustwide/rustup-home" "-w" "/opt/rustwide/workdir" "-m" "1610612736" "--user" "0:0" "--network" "none" "ghcr.io/rust-lang/crates-build-env/linux@sha256:2788e3201cd34a07e3172128adcd8b3090168a8e3bcc40d7c032b9dda1df7d1c" "/opt/rustwide/cargo-home/bin/cargo" "+beta-2023-12-22" "metadata" "--no-deps" "--format-version=1", kill_on_drop: false }`
[INFO] [stdout] b8aa16fe5ffeaebd6733bab81a9302b5f81550a90cd9c01863abe6683833d903
[INFO] running `Command { std: "docker" "start" "-a" "b8aa16fe5ffeaebd6733bab81a9302b5f81550a90cd9c01863abe6683833d903", kill_on_drop: false }`
[INFO] running `Command { std: "docker" "inspect" "b8aa16fe5ffeaebd6733bab81a9302b5f81550a90cd9c01863abe6683833d903", kill_on_drop: false }`
[INFO] running `Command { std: "docker" "rm" "-f" "b8aa16fe5ffeaebd6733bab81a9302b5f81550a90cd9c01863abe6683833d903", kill_on_drop: false }`
[INFO] [stdout] b8aa16fe5ffeaebd6733bab81a9302b5f81550a90cd9c01863abe6683833d903
[INFO] running `Command { std: "docker" "create" "-v" "/var/lib/crater-agent-workspace/builds/worker-0-tc2/target:/opt/rustwide/target:rw,Z" "-v" "/var/lib/crater-agent-workspace/builds/worker-0-tc2/source:/opt/rustwide/workdir:ro,Z" "-v" "/var/lib/crater-agent-workspace/cargo-home:/opt/rustwide/cargo-home:ro,Z" "-v" "/var/lib/crater-agent-workspace/rustup-home:/opt/rustwide/rustup-home:ro,Z" "-e" "SOURCE_DIR=/opt/rustwide/workdir" "-e" "CARGO_TARGET_DIR=/opt/rustwide/target" "-e" "CARGO_INCREMENTAL=0" "-e" "RUST_BACKTRACE=full" "-e" "RUSTFLAGS=--cap-lints=warn" "-e" "RUSTDOCFLAGS=--cap-lints=warn" "-e" "CARGO_HOME=/opt/rustwide/cargo-home" "-e" "RUSTUP_HOME=/opt/rustwide/rustup-home" "-w" "/opt/rustwide/workdir" "-m" "1610612736" "--user" "0:0" "--network" "none" "ghcr.io/rust-lang/crates-build-env/linux@sha256:2788e3201cd34a07e3172128adcd8b3090168a8e3bcc40d7c032b9dda1df7d1c" "/opt/rustwide/cargo-home/bin/cargo" "+beta-2023-12-22" "doc" "--frozen" "--no-deps" "--document-private-items" "--message-format=json", kill_on_drop: false }`
[INFO] [stdout] 6c75cd9375147a9cd638d0db3debe5bd13fd6bbdb4a7ad61c0dabade77249695
[INFO] running `Command { std: "docker" "start" "-a" "6c75cd9375147a9cd638d0db3debe5bd13fd6bbdb4a7ad61c0dabade77249695", kill_on_drop: false }`
[INFO] [stderr]    Compiling proc-macro2 v1.0.70
[INFO] [stderr]    Compiling libc v0.2.151
[INFO] [stderr]    Compiling serde v1.0.193
[INFO] [stderr]    Compiling pkg-config v0.3.27
[INFO] [stderr]    Compiling vcpkg v0.2.15
[INFO] [stderr]     Checking once_cell v1.19.0
[INFO] [stderr]    Compiling winnow v0.5.28
[INFO] [stderr]    Compiling toml_datetime v0.6.3
[INFO] [stderr]    Compiling windows_x86_64_gnu v0.52.0
[INFO] [stderr]    Compiling lock_api v0.4.11
[INFO] [stderr]    Compiling parking_lot_core v0.8.6
[INFO] [stderr]     Checking instant v0.1.12
[INFO] [stderr]    Compiling num-traits v0.2.17
[INFO] [stderr]    Compiling quote v1.0.33
[INFO] [stderr]     Checking smallvec v1.11.2
[INFO] [stderr]    Compiling openssl v0.10.61
[INFO] [stderr]    Compiling heck v0.4.1
[INFO] [stderr]    Compiling syn v2.0.41
[INFO] [stderr]    Compiling cc v1.0.83
[INFO] [stderr]     Checking windows-targets v0.52.0
[INFO] [stderr]    Compiling siphasher v0.3.11
[INFO] [stderr]     Checking itoa v1.0.10
[INFO] [stderr]     Checking log v0.4.20
[INFO] [stderr]     Checking chlorine v1.0.10
[INFO] [stderr]    Compiling rand_core v0.6.4
[INFO] [stderr]     Checking bitflags v2.4.1
[INFO] [stderr]    Compiling native-tls v0.2.11
[INFO] [stderr]     Checking ryu v1.0.16
[INFO] [stderr]    Compiling rand v0.8.5
[INFO] [stderr]     Checking parking_lot v0.11.2
[INFO] [stderr]    Compiling phf_shared v0.11.2
[INFO] [stderr]     Checking windows-core v0.52.0
[INFO] [stderr]     Checking is-docker v0.2.0
[INFO] [stderr]     Checking iana-time-zone v0.1.58
[INFO] [stderr]    Compiling minreq v2.11.0
[INFO] [stderr]    Compiling unsafe-libyaml v0.2.9
[INFO] [stderr]    Compiling semver v1.0.20
[INFO] [stderr]    Compiling phf_generator v0.11.2
[INFO] [stderr]     Checking is-wsl v0.4.0
[INFO] [stderr]     Checking windows v0.52.0
[INFO] [stderr]    Compiling toml_edit v0.20.2
[INFO] [stderr]     Checking pathdiff v0.2.1
[INFO] [stderr]     Checking hashbrown v0.14.3
[INFO] [stderr]     Checking equivalent v1.0.1
[INFO] [stderr]     Checking open v5.0.1
[INFO] [stderr]    Compiling openssl-sys v0.9.97
[INFO] [stderr]    Compiling arcdps-imgui-sys v0.8.0
[INFO] [stderr]     Checking indexmap v2.1.0
[INFO] [stderr]    Compiling proc-macro-crate v2.0.1
[INFO] [stderr]    Compiling serde_derive v1.0.193
[INFO] [stderr]    Compiling openssl-macros v0.1.1
[INFO] [stderr]    Compiling num_enum_derive v0.7.1
[INFO] [stderr]    Compiling strum_macros v0.25.3
[INFO] [stderr]    Compiling arcdps_codegen v0.10.3 (https://github.com/zerthox/arcdps-rs#eb5711e8)
[INFO] [stderr]    Compiling phf_macros v0.11.2
[INFO] [stderr]     Checking phf v0.11.2
[INFO] [stderr]     Checking num_enum v0.7.1
[INFO] [stderr]     Checking strum v0.25.0
[INFO] [stderr]     Checking arcdps-imgui v0.8.0
[INFO] [stderr]     Checking evtc v0.7.0 (https://github.com/zerthox/arcdps-rs#eb5711e8)
[INFO] [stderr]     Checking serde_json v1.0.108
[INFO] [stderr]     Checking chrono v0.4.31
[INFO] [stderr]     Checking serde_yaml v0.9.27
[INFO] [stderr]    Compiling arcdps_buddy v0.6.2 (/opt/rustwide/workdir)
[INFO] [stderr]     Checking arcdps v0.13.0 (https://github.com/zerthox/arcdps-rs#eb5711e8)
[INFO] [stdout] error[E0433]: failed to resolve: could not find `windows` in `os`
[INFO] [stdout]   --> /opt/rustwide/cargo-home/git/checkouts/arcdps-rs-c3748d55481363f5/eb5711e/arcdps/src/exports/mod.rs:20:9
[INFO] [stdout]    |
[INFO] [stdout] 20 |     os::windows::prelude::*,
[INFO] [stdout]    |         ^^^^^^^ could not find `windows` in `os`
[INFO] [stdout] 
[INFO] [stdout] 
[INFO] [stdout] error[E0433]: failed to resolve: could not find `windows` in `os`
[INFO] [stdout]  --> /opt/rustwide/cargo-home/git/checkouts/arcdps-rs-c3748d55481363f5/eb5711e/arcdps/src/util.rs:6:23
[INFO] [stdout]   |
[INFO] [stdout] 6 |     os::{raw::c_char, windows::prelude::OsStrExt},
[INFO] [stdout]   |                       ^^^^^^^ could not find `windows` in `os`
[INFO] [stdout] 
[INFO] [stdout] 
[INFO] [stdout] error[E0599]: no function or associated item named `from_wide` found for struct `OsString` in the current scope
[INFO] [stdout]   --> /opt/rustwide/cargo-home/git/checkouts/arcdps-rs-c3748d55481363f5/eb5711e/arcdps/src/exports/mod.rs:63:32
[INFO] [stdout]    |
[INFO] [stdout] 63 |         let string = OsString::from_wide(slice);
[INFO] [stdout]    |                                ^^^^^^^^^ function or associated item not found in `OsString`
[INFO] [stdout]    |
[INFO] [stdout] note: if you're trying to build a new `OsString` consider using one of the following associated functions:
[INFO] [stdout]       OsString::new
[INFO] [stdout]       OsString::from_encoded_bytes_unchecked
[INFO] [stdout]       OsString::with_capacity
[INFO] [stdout]   --> /rustc/0e09125c6c3c2fd70d7de961bcf0e51575235fad/library/std/src/ffi/os_str.rs:141:5
[INFO] [stdout] 
[INFO] [stdout] 
[INFO] [stdout] error[E0599]: no method named `encode_wide` found for reference `&OsStr` in the current scope
[INFO] [stdout]   --> /opt/rustwide/cargo-home/git/checkouts/arcdps-rs-c3748d55481363f5/eb5711e/arcdps/src/util.rs:54:10
[INFO] [stdout]    |
[INFO] [stdout] 53 | /     OsStr::new(string.as_ref())
[INFO] [stdout] 54 | |         .encode_wide()
[INFO] [stdout]    | |         -^^^^^^^^^^^ method not found in `&OsStr`
[INFO] [stdout]    | |_________|
[INFO] [stdout]    | 
[INFO] [stdout] 
[INFO] [stdout] 
[INFO] [stdout] error: aborting due to 4 previous errors
[INFO] [stdout] 
[INFO] [stdout] 
[INFO] [stdout] Some errors have detailed explanations: E0433, E0599.
[INFO] [stdout] 
[INFO] [stdout] For more information about an error, try `rustc --explain E0433`.
[INFO] [stdout] 
[INFO] [stderr] error: could not compile `arcdps` (lib) due to 5 previous errors
[INFO] running `Command { std: "docker" "inspect" "6c75cd9375147a9cd638d0db3debe5bd13fd6bbdb4a7ad61c0dabade77249695", kill_on_drop: false }`
[INFO] running `Command { std: "docker" "rm" "-f" "6c75cd9375147a9cd638d0db3debe5bd13fd6bbdb4a7ad61c0dabade77249695", kill_on_drop: false }`
[INFO] [stdout] 6c75cd9375147a9cd638d0db3debe5bd13fd6bbdb4a7ad61c0dabade77249695
