[INFO] cloning repository https://github.com/ZennDev1337/Rust-for-Arduboy
[INFO] running `Command { std: "git" "-c" "credential.helper=" "-c" "credential.helper=/workspace/cargo-home/bin/git-credential-null" "clone" "--bare" "https://github.com/ZennDev1337/Rust-for-Arduboy" "/workspace/cache/git-repos/https%3A%2F%2Fgithub.com%2FZennDev1337%2FRust-for-Arduboy", kill_on_drop: false }`
[INFO] [stderr] Cloning into bare repository '/workspace/cache/git-repos/https%3A%2F%2Fgithub.com%2FZennDev1337%2FRust-for-Arduboy'...
[INFO] running `Command { std: "git" "rev-parse" "HEAD", kill_on_drop: false }`
[INFO] [stdout] 8285f85f6252f9878fcd16839567238c0fde65cc
[INFO] documenting ZennDev1337/Rust-for-Arduboy against 1.75.0 for beta-1.76-rustdoc-1
[INFO] running `Command { std: "git" "clone" "/workspace/cache/git-repos/https%3A%2F%2Fgithub.com%2FZennDev1337%2FRust-for-Arduboy" "/workspace/builds/worker-7-tc1/source", kill_on_drop: false }`
[INFO] [stderr] Cloning into '/workspace/builds/worker-7-tc1/source'...
[INFO] [stderr] done.
[INFO] validating manifest of git repo https://github.com/ZennDev1337/Rust-for-Arduboy on toolchain 1.75.0
[INFO] running `Command { std: CARGO_HOME="/workspace/cargo-home" RUSTUP_HOME="/workspace/rustup-home" "/workspace/cargo-home/bin/cargo" "+1.75.0" "metadata" "--manifest-path" "Cargo.toml" "--no-deps", kill_on_drop: false }`
[INFO] removed /workspace/builds/worker-7-tc1/source/.cargo/config.toml
[INFO] removed /workspace/builds/worker-7-tc1/source/rust-toolchain.toml
[INFO] started tweaking git repo https://github.com/ZennDev1337/Rust-for-Arduboy
[INFO] finished tweaking git repo https://github.com/ZennDev1337/Rust-for-Arduboy
[INFO] tweaked toml for git repo https://github.com/ZennDev1337/Rust-for-Arduboy written to /workspace/builds/worker-7-tc1/source/Cargo.toml
[INFO] crate git repo https://github.com/ZennDev1337/Rust-for-Arduboy already has a lockfile, it will not be regenerated
[INFO] running `Command { std: CARGO_HOME="/workspace/cargo-home" RUSTUP_HOME="/workspace/rustup-home" "/workspace/cargo-home/bin/cargo" "+1.75.0" "fetch" "--manifest-path" "Cargo.toml", kill_on_drop: false }`
[INFO] running `Command { std: "docker" "create" "-v" "/var/lib/crater-agent-workspace/builds/worker-7-tc1/target:/opt/rustwide/target:rw,Z" "-v" "/var/lib/crater-agent-workspace/builds/worker-7-tc1/source:/opt/rustwide/workdir:ro,Z" "-v" "/var/lib/crater-agent-workspace/cargo-home:/opt/rustwide/cargo-home:ro,Z" "-v" "/var/lib/crater-agent-workspace/rustup-home:/opt/rustwide/rustup-home:ro,Z" "-e" "SOURCE_DIR=/opt/rustwide/workdir" "-e" "CARGO_TARGET_DIR=/opt/rustwide/target" "-e" "CARGO_HOME=/opt/rustwide/cargo-home" "-e" "RUSTUP_HOME=/opt/rustwide/rustup-home" "-w" "/opt/rustwide/workdir" "-m" "1610612736" "--user" "0:0" "--network" "none" "ghcr.io/rust-lang/crates-build-env/linux@sha256:2788e3201cd34a07e3172128adcd8b3090168a8e3bcc40d7c032b9dda1df7d1c" "/opt/rustwide/cargo-home/bin/cargo" "+1.75.0" "metadata" "--no-deps" "--format-version=1", kill_on_drop: false }`
[INFO] [stdout] 40fdfaf4af4773430d95a800c522606abc18895a1403d27416a18f6d19a4f0d0
[INFO] running `Command { std: "docker" "start" "-a" "40fdfaf4af4773430d95a800c522606abc18895a1403d27416a18f6d19a4f0d0", kill_on_drop: false }`
[INFO] running `Command { std: "docker" "inspect" "40fdfaf4af4773430d95a800c522606abc18895a1403d27416a18f6d19a4f0d0", kill_on_drop: false }`
[INFO] running `Command { std: "docker" "rm" "-f" "40fdfaf4af4773430d95a800c522606abc18895a1403d27416a18f6d19a4f0d0", kill_on_drop: false }`
[INFO] [stdout] 40fdfaf4af4773430d95a800c522606abc18895a1403d27416a18f6d19a4f0d0
[INFO] running `Command { std: "docker" "create" "-v" "/var/lib/crater-agent-workspace/builds/worker-7-tc1/target:/opt/rustwide/target:rw,Z" "-v" "/var/lib/crater-agent-workspace/builds/worker-7-tc1/source:/opt/rustwide/workdir:ro,Z" "-v" "/var/lib/crater-agent-workspace/cargo-home:/opt/rustwide/cargo-home:ro,Z" "-v" "/var/lib/crater-agent-workspace/rustup-home:/opt/rustwide/rustup-home:ro,Z" "-e" "SOURCE_DIR=/opt/rustwide/workdir" "-e" "CARGO_TARGET_DIR=/opt/rustwide/target" "-e" "CARGO_INCREMENTAL=0" "-e" "RUST_BACKTRACE=full" "-e" "RUSTFLAGS=--cap-lints=warn" "-e" "RUSTDOCFLAGS=--cap-lints=warn" "-e" "CARGO_HOME=/opt/rustwide/cargo-home" "-e" "RUSTUP_HOME=/opt/rustwide/rustup-home" "-w" "/opt/rustwide/workdir" "-m" "1610612736" "--user" "0:0" "--network" "none" "ghcr.io/rust-lang/crates-build-env/linux@sha256:2788e3201cd34a07e3172128adcd8b3090168a8e3bcc40d7c032b9dda1df7d1c" "/opt/rustwide/cargo-home/bin/cargo" "+1.75.0" "doc" "--frozen" "--no-deps" "--document-private-items" "--message-format=json", kill_on_drop: false }`
[INFO] [stdout] 72a7b21ddf9b48c46d9e5a12d5c806c87f420d17587368ce3985c0cd50703af1
[INFO] running `Command { std: "docker" "start" "-a" "72a7b21ddf9b48c46d9e5a12d5c806c87f420d17587368ce3985c0cd50703af1", kill_on_drop: false }`
[INFO] [stderr]    Compiling semver v1.0.18
[INFO] [stderr]     Checking stable_deref_trait v1.2.0
[INFO] [stderr]     Checking panic-halt v0.2.0
[INFO] [stderr]     Checking hash32 v0.2.1
[INFO] [stderr]     Checking spin v0.9.8
[INFO] [stderr]    Compiling rustc_version v0.4.0
[INFO] [stderr]    Compiling heapless v0.7.16
[INFO] [stderr]     Checking arduboy-rust v1.0.0 (/opt/rustwide/workdir/arduboy-rust)
[INFO] [stderr]  Documenting arduboy-rust v1.0.0 (/opt/rustwide/workdir/arduboy-rust)
[INFO] [stderr]  Documenting game v0.1.0 (/opt/rustwide/workdir/Project/game)
[INFO] [stderr]  Documenting fxdrawframes v0.1.0 (/opt/rustwide/workdir/Examples/ArduboyFX/fxdrawframes)
[INFO] [stderr]  Documenting ardvoice v0.1.0 (/opt/rustwide/workdir/Examples/ardvoice)
[INFO] [stderr]  Documenting demo7 v0.1.0 (/opt/rustwide/workdir/Examples/Arduboy-Tutorials/demo7)
[INFO] [stderr]  Documenting fxchompies v0.1.0 (/opt/rustwide/workdir/Examples/ArduboyFX/fxchompies)
[INFO] [stderr]  Documenting fxhelloworld v0.1.0 (/opt/rustwide/workdir/Examples/ArduboyFX/fxhelloworld)
[INFO] [stderr]  Documenting rustacean v0.1.0 (/opt/rustwide/workdir/Examples/rustacean)
[INFO] [stdout] error[E0432]: unresolved import `arduboy_rust::prelude`
[INFO] [stdout]  --> Examples/Arduboy-Tutorials/demo7/src/lib.rs:4:19
[INFO] [stdout]   |
[INFO] [stdout] 4 | use arduboy_rust::prelude::*;
[INFO] [stdout]   |                   ^^^^^^^ could not find `prelude` in `arduboy_rust`
[INFO] [stdout] 
[INFO] [stdout] 
[INFO] [stdout] error[E0432]: unresolved import `arduboy_rust::prelude`
[INFO] [stdout]  --> Examples/ArduboyFX/fxchompies/src/lib.rs:7:19
[INFO] [stdout]   |
[INFO] [stdout] 7 | use arduboy_rust::prelude::*;
[INFO] [stdout]   |                   ^^^^^^^ could not find `prelude` in `arduboy_rust`
[INFO] [stdout] 
[INFO] [stdout] 
[INFO] [stdout] error[E0432]: unresolved import `fx_consts`
[INFO] [stdout]  --> Examples/ArduboyFX/fxchompies/src/lib.rs:8:5
[INFO] [stdout]   |
[INFO] [stdout] 8 | use fx_consts::*;
[INFO] [stdout]   |     ^^^^^^^^^ use of undeclared crate or module `fx_consts`
[INFO] [stdout] 
[INFO] [stdout] 
[INFO] [stdout] error[E0432]: unresolved import `arduboy_rust::prelude`
[INFO] [stdout]  --> Examples/rustacean/src/lib.rs:4:19
[INFO] [stdout]   |
[INFO] [stdout] 4 | use arduboy_rust::prelude::*;
[INFO] [stdout]   |                   ^^^^^^^ could not find `prelude` in `arduboy_rust`
[INFO] [stdout] 
[INFO] [stdout] 
[INFO] [stdout] error[E0432]: unresolved import `arduboy_rust::prelude`
[INFO] [stdout]  --> Project/game/src/lib.rs:6:19
[INFO] [stdout]   |
[INFO] [stdout] 6 | use arduboy_rust::prelude::*;
[INFO] [stdout]   |                   ^^^^^^^ could not find `prelude` in `arduboy_rust`
[INFO] [stdout] 
[INFO] [stdout] 
[INFO] [stdout] error[E0432]: unresolved import `arduboy_rust::prelude`
[INFO] [stdout]  --> Examples/ArduboyFX/fxdrawframes/src/lib.rs:7:19
[INFO] [stdout]   |
[INFO] [stdout] 7 | use arduboy_rust::prelude::*;
[INFO] [stdout]   |                   ^^^^^^^ could not find `prelude` in `arduboy_rust`
[INFO] [stdout] 
[INFO] [stdout] 
[INFO] [stdout] error[E0432]: unresolved import `arduboy_rust::prelude`
[INFO] [stdout]  --> Examples/ArduboyFX/fxhelloworld/src/lib.rs:7:19
[INFO] [stdout]   |
[INFO] [stdout] 7 | use arduboy_rust::prelude::*;
[INFO] [stdout]   |                   ^^^^^^^ could not find `prelude` in `arduboy_rust`
[INFO] [stdout] 
[INFO] [stdout] 
[INFO] [stdout] error: cannot find macro `f` in this scope
[INFO] [stdout]   --> Examples/Arduboy-Tutorials/demo7/src/lib.rs:96:27
[INFO] [stdout]    |
[INFO] [stdout] 96 |             arduboy.print(f!(b"PONG\0"));
[INFO] [stdout]    |                           ^
[INFO] [stdout] 
[INFO] [stdout] 
[INFO] [stdout] error[E0432]: unresolved import `fx_consts`
[INFO] [stdout]  --> Examples/ArduboyFX/fxhelloworld/src/lib.rs:8:5
[INFO] [stdout]   |
[INFO] [stdout] 8 | use fx_consts::*;
[INFO] [stdout]   |     ^^^^^^^^^ use of undeclared crate or module `fx_consts`
[INFO] [stdout] 
[INFO] [stdout] 
[INFO] [stdout] error[E0412]: cannot find type `Arduboy2` in this scope
[INFO] [stdout]  --> Examples/ArduboyFX/fxchompies/src/lib.rs:9:16
[INFO] [stdout]   |
[INFO] [stdout] 9 | const arduboy: Arduboy2 = Arduboy2::new();
[INFO] [stdout]   |                ^^^^^^^^ not found in this scope
[INFO] [stdout] 
[INFO] [stdout] 
[INFO] [stdout] error: cannot find macro `f` in this scope
[INFO] [stdout]   --> Examples/Arduboy-Tutorials/demo7/src/lib.rs:98:27
[INFO] [stdout]    |
[INFO] [stdout] 98 |             arduboy.print(f!(b"Press A to start\0"));
[INFO] [stdout]    |                           ^
[INFO] [stdout] 
[INFO] [stdout] 
[INFO] [stdout] error: cannot find macro `f` in this scope
[INFO] [stdout]    --> Examples/Arduboy-Tutorials/demo7/src/lib.rs:111:27
[INFO] [stdout]     |
[INFO] [stdout] 111 |             arduboy.print(f!(b"You Win!\0"));
[INFO] [stdout]     |                           ^
[INFO] [stdout] 
[INFO] [stdout] 
[INFO] [stdout] error: cannot find macro `f` in this scope
[INFO] [stdout]    --> Examples/Arduboy-Tutorials/demo7/src/lib.rs:118:27
[INFO] [stdout]     |
[INFO] [stdout] 118 |             arduboy.print(f!(b"Game Over\0"));
[INFO] [stdout]     |                           ^
[INFO] [stdout] 
[INFO] [stdout] 
[INFO] [stdout] error[E0412]: cannot find type `Arduboy2` in this scope
[INFO] [stdout]  --> Examples/rustacean/src/lib.rs:5:16
[INFO] [stdout]   |
[INFO] [stdout] 5 | const arduboy: Arduboy2 = Arduboy2::new();
[INFO] [stdout]   |                ^^^^^^^^ not found in this scope
[INFO] [stdout] 
[INFO] [stdout] 
[INFO] [stdout] error[E0412]: cannot find type `Arduboy2` in this scope
[INFO] [stdout]  --> Examples/Arduboy-Tutorials/demo7/src/lib.rs:5:16
[INFO] [stdout]   |
[INFO] [stdout] 5 | const arduboy: Arduboy2 = Arduboy2::new();
[INFO] [stdout]   |                ^^^^^^^^ not found in this scope
[INFO] [stdout] 
[INFO] [stdout] 
[INFO] [stdout] error[E0432]: unresolved import `arduboy_rust::prelude`
[INFO] [stdout]  --> Examples/ardvoice/src/lib.rs:6:19
[INFO] [stdout]   |
[INFO] [stdout] 6 | use arduboy_rust::prelude::*;
[INFO] [stdout]   |                   ^^^^^^^ could not find `prelude` in `arduboy_rust`
[INFO] [stdout] 
[INFO] [stdout] 
[INFO] [stdout] error[E0433]: failed to resolve: could not resolve path `Arduboy2::new`
[INFO] [stdout]  --> Examples/ArduboyFX/fxchompies/src/lib.rs:9:27
[INFO] [stdout]   |
[INFO] [stdout] 9 | const arduboy: Arduboy2 = Arduboy2::new();
[INFO] [stdout]   |                           ^^^^^^^^^^^^^ could not resolve path `Arduboy2::new`
[INFO] [stdout]   |
[INFO] [stdout]   = note: this error was originally ignored because you are running `rustdoc`
[INFO] [stdout]   = note: try running again with `rustc` or `cargo check` and you may get a more detailed error
[INFO] [stdout] 
[INFO] [stdout] 
[INFO] [stdout] error[E0433]: failed to resolve: use of undeclared type `Arduboy2`
[INFO] [stdout]  --> Examples/ArduboyFX/fxchompies/src/lib.rs:9:27
[INFO] [stdout]   |
[INFO] [stdout] 9 | const arduboy: Arduboy2 = Arduboy2::new();
[INFO] [stdout]   |                           ^^^^^^^^ use of undeclared type `Arduboy2`
[INFO] [stdout] 
[INFO] [stdout] 
[INFO] [stdout] error[E0412]: cannot find type `Arduboy2` in this scope
[INFO] [stdout]  --> Project/game/src/lib.rs:9:16
[INFO] [stdout]   |
[INFO] [stdout] 9 | const arduboy: Arduboy2 = Arduboy2::new();
[INFO] [stdout]   |                ^^^^^^^^ not found in this scope
[INFO] [stdout] 
[INFO] [stdout] 
[INFO] [stdout] error[E0425]: cannot find value `WIDTH` in this scope
[INFO] [stdout]   --> Examples/Arduboy-Tutorials/demo7/src/lib.rs:60:13
[INFO] [stdout]    |
[INFO] [stdout] 60 |         x: (WIDTH - 4) as i16,
[INFO] [stdout]    |             ^^^^^ not found in this scope
[INFO] [stdout] 
[INFO] [stdout] 
[INFO] [stdout] error[E0433]: failed to resolve: could not resolve path `Arduboy2::new`
[INFO] [stdout]  --> Examples/Arduboy-Tutorials/demo7/src/lib.rs:5:27
[INFO] [stdout]   |
[INFO] [stdout] 5 | const arduboy: Arduboy2 = Arduboy2::new();
[INFO] [stdout]   |                           ^^^^^^^^^^^^^ could not resolve path `Arduboy2::new`
[INFO] [stdout]   |
[INFO] [stdout]   = note: this error was originally ignored because you are running `rustdoc`
[INFO] [stdout]   = note: try running again with `rustc` or `cargo check` and you may get a more detailed error
[INFO] [stdout] 
[INFO] [stdout] 
[INFO] [stdout] error[E0412]: cannot find type `Arduboy2` in this scope
[INFO] [stdout]  --> Examples/ArduboyFX/fxdrawframes/src/lib.rs:8:16
[INFO] [stdout]   |
[INFO] [stdout] 8 | const arduboy: Arduboy2 = Arduboy2::new();
[INFO] [stdout]   |                ^^^^^^^^ not found in this scope
[INFO] [stdout] 
[INFO] [stdout] 
[INFO] [stdout] error[E0412]: cannot find type `ArduboyTones` in this scope
[INFO] [stdout]  --> Examples/rustacean/src/lib.rs:6:14
[INFO] [stdout]   |
[INFO] [stdout] 6 | const sound: ArduboyTones = ArduboyTones::new();
[INFO] [stdout]   |              ^^^^^^^^^^^^ not found in this scope
[INFO] [stdout] 
[INFO] [stdout] 
[INFO] [stdout] error[E0433]: failed to resolve: could not resolve path `Arduboy2::new`
[INFO] [stdout]  --> Examples/rustacean/src/lib.rs:5:27
[INFO] [stdout]   |
[INFO] [stdout] 5 | const arduboy: Arduboy2 = Arduboy2::new();
[INFO] [stdout]   |                           ^^^^^^^^^^^^^ could not resolve path `Arduboy2::new`
[INFO] [stdout]   |
[INFO] [stdout]   = note: this error was originally ignored because you are running `rustdoc`
[INFO] [stdout]   = note: try running again with `rustc` or `cargo check` and you may get a more detailed error
[INFO] [stdout] 
[INFO] [stdout] 
[INFO] [stdout] error[E0433]: failed to resolve: could not resolve path `Arduboy2::new`
[INFO] [stdout]  --> Project/game/src/lib.rs:9:27
[INFO] [stdout]   |
[INFO] [stdout] 9 | const arduboy: Arduboy2 = Arduboy2::new();
[INFO] [stdout]   |                           ^^^^^^^^^^^^^ could not resolve path `Arduboy2::new`
[INFO] [stdout]   |
[INFO] [stdout]   = note: this error was originally ignored because you are running `rustdoc`
[INFO] [stdout]   = note: try running again with `rustc` or `cargo check` and you may get a more detailed error
[INFO] [stdout] 
[INFO] [stdout] 
[INFO] [stdout] error[E0433]: failed to resolve: use of undeclared type `Arduboy2`
[INFO] [stdout]  --> Examples/rustacean/src/lib.rs:5:27
[INFO] [stdout]   |
[INFO] [stdout] 5 | const arduboy: Arduboy2 = Arduboy2::new();
[INFO] [stdout]   |                           ^^^^^^^^ use of undeclared type `Arduboy2`
[INFO] [stdout] 
[INFO] [stdout] 
[INFO] [stdout] error[E0433]: failed to resolve: use of undeclared type `Arduboy2`
[INFO] [stdout]  --> Project/game/src/lib.rs:9:27
[INFO] [stdout]   |
[INFO] [stdout] 9 | const arduboy: Arduboy2 = Arduboy2::new();
[INFO] [stdout]   |                           ^^^^^^^^ use of undeclared type `Arduboy2`
[INFO] [stdout] 
[INFO] [stdout] 
[INFO] [stdout] error[E0433]: failed to resolve: could not resolve path `Arduboy2::new`
[INFO] [stdout]  --> Examples/ArduboyFX/fxdrawframes/src/lib.rs:8:27
[INFO] [stdout]   |
[INFO] [stdout] 8 | const arduboy: Arduboy2 = Arduboy2::new();
[INFO] [stdout]   |                           ^^^^^^^^^^^^^ could not resolve path `Arduboy2::new`
[INFO] [stdout]   |
[INFO] [stdout]   = note: this error was originally ignored because you are running `rustdoc`
[INFO] [stdout]   = note: try running again with `rustc` or `cargo check` and you may get a more detailed error
[INFO] [stdout] 
[INFO] [stdout] 
[INFO] [stdout] error[E0433]: failed to resolve: use of undeclared type `Arduboy2`
[INFO] [stdout]  --> Examples/ArduboyFX/fxdrawframes/src/lib.rs:8:27
[INFO] [stdout]   |
[INFO] [stdout] 8 | const arduboy: Arduboy2 = Arduboy2::new();
[INFO] [stdout]   |                           ^^^^^^^^ use of undeclared type `Arduboy2`
[INFO] [stdout] 
[INFO] [stdout] 
[INFO] [stdout] error[E0433]: failed to resolve: use of undeclared type `Arduboy2`
[INFO] [stdout]  --> Examples/Arduboy-Tutorials/demo7/src/lib.rs:5:27
[INFO] [stdout]   |
[INFO] [stdout] 5 | const arduboy: Arduboy2 = Arduboy2::new();
[INFO] [stdout]   |                           ^^^^^^^^ use of undeclared type `Arduboy2`
[INFO] [stdout] 
[INFO] [stdout] 
[INFO] [stdout] error[E0433]: failed to resolve: could not resolve path `ArduboyTones::new`
[INFO] [stdout]  --> Examples/rustacean/src/lib.rs:6:29
[INFO] [stdout]   |
[INFO] [stdout] 6 | const sound: ArduboyTones = ArduboyTones::new();
[INFO] [stdout]   |                             ^^^^^^^^^^^^^^^^^ could not resolve path `ArduboyTones::new`
[INFO] [stdout]   |
[INFO] [stdout]   = note: this error was originally ignored because you are running `rustdoc`
[INFO] [stdout]   = note: try running again with `rustc` or `cargo check` and you may get a more detailed error
[INFO] [stdout] 
[INFO] [stdout] 
[INFO] [stdout] error: aborting due to 4 previous errors
[INFO] [stdout] 
[INFO] [stdout] 
[INFO] [stdout] error[E0433]: failed to resolve: use of undeclared type `ArduboyTones`
[INFO] [stdout]  --> Examples/rustacean/src/lib.rs:6:29
[INFO] [stdout]   |
[INFO] [stdout] 6 | const sound: ArduboyTones = ArduboyTones::new();
[INFO] [stdout]   |                             ^^^^^^^^^^^^ use of undeclared type `ArduboyTones`
[INFO] [stdout] 
[INFO] [stdout] 
[INFO] [stdout] error: aborting due to 7 previous errors
[INFO] [stdout] 
[INFO] [stdout] 
[INFO] [stdout] Some errors have detailed explanations: E0412, E0432, E0433.
[INFO] [stdout] 
[INFO] [stdout] For more information about an error, try `rustc --explain E0412`.
[INFO] [stdout] 
[INFO] [stdout] Some errors have detailed explanations: E0412, E0432, E0433.
[INFO] [stdout] 
[INFO] [stdout] error: aborting due to 5 previous errors
[INFO] [stdout] 
[INFO] [stdout] 
[INFO] [stdout] For more information about an error, try `rustc --explain E0412`.
[INFO] [stdout] 
[INFO] [stdout] Some errors have detailed explanations: E0412, E0432, E0433.
[INFO] [stdout] 
[INFO] [stdout] For more information about an error, try `rustc --explain E0412`.
[INFO] [stdout] 
[INFO] [stderr] error: could not document `game`
[INFO] [stdout] error[E0433]: failed to resolve: could not resolve path `WIDTH`
[INFO] [stdout]   --> Examples/Arduboy-Tutorials/demo7/src/lib.rs:60:13
[INFO] [stdout]    |
[INFO] [stdout] 60 |         x: (WIDTH - 4) as i16,
[INFO] [stdout]    |             ^^^^^ could not resolve path `WIDTH`
[INFO] [stdout]    |
[INFO] [stdout]    = note: this error was originally ignored because you are running `rustdoc`
[INFO] [stdout]    = note: try running again with `rustc` or `cargo check` and you may get a more detailed error
[INFO] [stdout] 
[INFO] [stdout] 
[INFO] [stderr] 
[INFO] [stderr] Caused by:
[INFO] [stderr]   process didn't exit successfully: `/opt/rustwide/rustup-home/toolchains/1.75.0-x86_64-unknown-linux-gnu/bin/rustdoc --edition=2021 --crate-type staticlib --crate-name game Project/game/src/lib.rs -o /opt/rustwide/target/doc --error-format=json --json=diagnostic-rendered-ansi,artifacts,future-incompat --document-private-items -C metadata=55d30478981a4b04 -L dependency=/opt/rustwide/target/debug/deps --extern arduboy_rust=/opt/rustwide/target/debug/deps/libarduboy_rust-cb9c035b4713cba3.rmeta --cap-lints=warn --crate-version 0.1.0` (exit status: 1)
[INFO] [stderr] warning: build failed, waiting for other jobs to finish...
[INFO] [stderr] error: could not document `rustacean`
[INFO] [stderr] 
[INFO] [stderr] Caused by:
[INFO] [stderr]   process didn't exit successfully: `/opt/rustwide/rustup-home/toolchains/1.75.0-x86_64-unknown-linux-gnu/bin/rustdoc --edition=2021 --crate-type staticlib --crate-name rustacean Examples/rustacean/src/lib.rs -o /opt/rustwide/target/doc --error-format=json --json=diagnostic-rendered-ansi,artifacts,future-incompat --document-private-items -C metadata=43cb103526af8274 -L dependency=/opt/rustwide/target/debug/deps --extern arduboy_rust=/opt/rustwide/target/debug/deps/libarduboy_rust-cb9c035b4713cba3.rmeta --cap-lints=warn --crate-version 0.1.0` (exit status: 1)
[INFO] [stdout] error: aborting due to 4 previous errors
[INFO] [stdout] 
[INFO] [stdout] 
[INFO] [stdout] Some errors have detailed explanations: E0412, E0432, E0433.
[INFO] [stdout] 
[INFO] [stdout] error: cannot find macro `progmem` in this scope
[INFO] [stdout]   --> Examples/ardvoice/src/lib.rs:41:1
[INFO] [stdout]    |
[INFO] [stdout] 41 | progmem!(
[INFO] [stdout]    | ^^^^^^^
[INFO] [stdout] 
[INFO] [stdout] 
[INFO] [stdout] For more information about an error, try `rustc --explain E0412`.
[INFO] [stdout] 
[INFO] [stdout] error: cannot find macro `get_ardvoice_tone_addr` in this scope
[INFO] [stdout]   --> Examples/ardvoice/src/lib.rs:33:29
[INFO] [stdout]    |
[INFO] [stdout] 33 |         ardvoice.play_voice(get_ardvoice_tone_addr!(song))
[INFO] [stdout]    |                             ^^^^^^^^^^^^^^^^^^^^^^
[INFO] [stdout] 
[INFO] [stdout] 
[INFO] [stdout] error: cannot find macro `get_ardvoice_tone_addr` in this scope
[INFO] [stdout]   --> Examples/ardvoice/src/lib.rs:21:25
[INFO] [stdout]    |
[INFO] [stdout] 21 |     ardvoice.play_voice(get_ardvoice_tone_addr!(song))
[INFO] [stdout]    |                         ^^^^^^^^^^^^^^^^^^^^^^
[INFO] [stdout] 
[INFO] [stdout] 
[INFO] [stdout] error[E0412]: cannot find type `Arduboy2` in this scope
[INFO] [stdout]  --> Examples/ArduboyFX/fxhelloworld/src/lib.rs:9:16
[INFO] [stdout]   |
[INFO] [stdout] 9 | const arduboy: Arduboy2 = Arduboy2::new();
[INFO] [stdout]   |                ^^^^^^^^ not found in this scope
[INFO] [stdout] 
[INFO] [stdout] 
[INFO] [stdout] error[E0425]: cannot find value `dcmNormal` in this scope
[INFO] [stdout]   --> Examples/ArduboyFX/fxhelloworld/src/lib.rs:27:28
[INFO] [stdout]    |
[INFO] [stdout] 27 | static mut font_mode: u8 = dcmNormal;
[INFO] [stdout]    |                            ^^^^^^^^^ not found in this scope
[INFO] [stdout] 
[INFO] [stdout] 
[INFO] [stdout] error[E0412]: cannot find type `Arduboy2` in this scope
[INFO] [stdout]  --> Examples/ardvoice/src/lib.rs:8:16
[INFO] [stdout]   |
[INFO] [stdout] 8 | const arduboy: Arduboy2 = Arduboy2::new();
[INFO] [stdout]   |                ^^^^^^^^ not found in this scope
[INFO] [stdout] 
[INFO] [stdout] 
[INFO] [stdout] error[E0412]: cannot find type `ArdVoice` in this scope
[INFO] [stdout]  --> Examples/ardvoice/src/lib.rs:9:17
[INFO] [stdout]   |
[INFO] [stdout] 9 | const ardvoice: ArdVoice = ArdVoice::new();
[INFO] [stdout]   |                 ^^^^^^^^ not found in this scope
[INFO] [stdout] 
[INFO] [stdout] 
[INFO] [stdout] error[E0433]: failed to resolve: could not resolve path `Arduboy2::new`
[INFO] [stdout]  --> Examples/ArduboyFX/fxhelloworld/src/lib.rs:9:27
[INFO] [stdout]   |
[INFO] [stdout] 9 | const arduboy: Arduboy2 = Arduboy2::new();
[INFO] [stdout]   |                           ^^^^^^^^^^^^^ could not resolve path `Arduboy2::new`
[INFO] [stdout]   |
[INFO] [stdout]   = note: this error was originally ignored because you are running `rustdoc`
[INFO] [stdout]   = note: try running again with `rustc` or `cargo check` and you may get a more detailed error
[INFO] [stdout] 
[INFO] [stdout] 
[INFO] [stdout] error[E0433]: failed to resolve: use of undeclared type `Arduboy2`
[INFO] [stdout]  --> Examples/ArduboyFX/fxhelloworld/src/lib.rs:9:27
[INFO] [stdout]   |
[INFO] [stdout] 9 | const arduboy: Arduboy2 = Arduboy2::new();
[INFO] [stdout]   |                           ^^^^^^^^ use of undeclared type `Arduboy2`
[INFO] [stdout] 
[INFO] [stdout] 
[INFO] [stdout] error[E0433]: failed to resolve: could not resolve path `Arduboy2::new`
[INFO] [stdout]  --> Examples/ardvoice/src/lib.rs:8:27
[INFO] [stdout]   |
[INFO] [stdout] 8 | const arduboy: Arduboy2 = Arduboy2::new();
[INFO] [stdout]   |                           ^^^^^^^^^^^^^ could not resolve path `Arduboy2::new`
[INFO] [stdout]   |
[INFO] [stdout]   = note: this error was originally ignored because you are running `rustdoc`
[INFO] [stdout]   = note: try running again with `rustc` or `cargo check` and you may get a more detailed error
[INFO] [stdout] 
[INFO] [stdout] 
[INFO] [stdout] error[E0433]: failed to resolve: use of undeclared type `Arduboy2`
[INFO] [stdout]  --> Examples/ardvoice/src/lib.rs:8:27
[INFO] [stdout]   |
[INFO] [stdout] 8 | const arduboy: Arduboy2 = Arduboy2::new();
[INFO] [stdout]   |                           ^^^^^^^^ use of undeclared type `Arduboy2`
[INFO] [stdout] 
[INFO] [stdout] 
[INFO] [stdout] error[E0433]: failed to resolve: could not resolve path `ArdVoice::new`
[INFO] [stdout]  --> Examples/ardvoice/src/lib.rs:9:28
[INFO] [stdout]   |
[INFO] [stdout] 9 | const ardvoice: ArdVoice = ArdVoice::new();
[INFO] [stdout]   |                            ^^^^^^^^^^^^^ could not resolve path `ArdVoice::new`
[INFO] [stdout]   |
[INFO] [stdout]   = note: this error was originally ignored because you are running `rustdoc`
[INFO] [stdout]   = note: try running again with `rustc` or `cargo check` and you may get a more detailed error
[INFO] [stdout] 
[INFO] [stdout] 
[INFO] [stdout] error[E0433]: failed to resolve: could not resolve path `dcmNormal`
[INFO] [stdout]   --> Examples/ArduboyFX/fxhelloworld/src/lib.rs:27:28
[INFO] [stdout]    |
[INFO] [stdout] 27 | static mut font_mode: u8 = dcmNormal;
[INFO] [stdout]    |                            ^^^^^^^^^ could not resolve path `dcmNormal`
[INFO] [stdout]    |
[INFO] [stdout]    = note: this error was originally ignored because you are running `rustdoc`
[INFO] [stdout]    = note: try running again with `rustc` or `cargo check` and you may get a more detailed error
[INFO] [stdout] 
[INFO] [stdout] 
[INFO] [stdout] error[E0433]: failed to resolve: use of undeclared type `ArdVoice`
[INFO] [stdout]  --> Examples/ardvoice/src/lib.rs:9:28
[INFO] [stdout]   |
[INFO] [stdout] 9 | const ardvoice: ArdVoice = ArdVoice::new();
[INFO] [stdout]   |                            ^^^^^^^^ use of undeclared type `ArdVoice`
[INFO] [stdout] 
[INFO] [stdout] 
[INFO] [stdout] error: aborting due to 10 previous errors
[INFO] [stdout] 
[INFO] [stdout] 
[INFO] [stdout] Some errors have detailed explanations: E0412, E0432, E0433.
[INFO] [stdout] 
[INFO] [stdout] For more information about an error, try `rustc --explain E0412`.
[INFO] [stdout] 
[INFO] [stdout] error: aborting due to 7 previous errors
[INFO] [stdout] 
[INFO] [stdout] 
[INFO] [stderr] error: could not document `fxdrawframes`
[INFO] [stderr] 
[INFO] [stderr] Caused by:
[INFO] [stderr]   process didn't exit successfully: `/opt/rustwide/rustup-home/toolchains/1.75.0-x86_64-unknown-linux-gnu/bin/rustdoc --edition=2021 --crate-type staticlib --crate-name fxdrawframes Examples/ArduboyFX/fxdrawframes/src/lib.rs -o /opt/rustwide/target/doc --error-format=json --json=diagnostic-rendered-ansi,artifacts,future-incompat --document-private-items -C metadata=9ea428946efeaa38 -L dependency=/opt/rustwide/target/debug/deps --extern arduboy_rust=/opt/rustwide/target/debug/deps/libarduboy_rust-cb9c035b4713cba3.rmeta --cap-lints=warn --crate-version 0.1.0` (exit status: 1)
[INFO] [stdout] Some errors have detailed explanations: E0412, E0425, E0432, E0433.
[INFO] [stdout] 
[INFO] [stderr] error: could not document `fxchompies`
[INFO] [stderr] 
[INFO] [stderr] Caused by:
[INFO] [stderr]   process didn't exit successfully: `/opt/rustwide/rustup-home/toolchains/1.75.0-x86_64-unknown-linux-gnu/bin/rustdoc --edition=2021 --crate-type staticlib --crate-name fxchompies Examples/ArduboyFX/fxchompies/src/lib.rs -o /opt/rustwide/target/doc --error-format=json --json=diagnostic-rendered-ansi,artifacts,future-incompat --document-private-items -C metadata=dc8f07688f610179 -L dependency=/opt/rustwide/target/debug/deps --extern arduboy_rust=/opt/rustwide/target/debug/deps/libarduboy_rust-cb9c035b4713cba3.rmeta --cap-lints=warn --crate-version 0.1.0` (exit status: 1)
[INFO] [stdout] error: aborting due to 10 previous errors
[INFO] [stdout] 
[INFO] [stdout] 
[INFO] [stdout] Some errors have detailed explanations: E0412, E0425, E0432, E0433.
[INFO] [stdout] 
[INFO] [stdout] For more information about an error, try `rustc --explain E0412`.
[INFO] [stdout] 
[INFO] [stdout] For more information about an error, try `rustc --explain E0412`.
[INFO] [stdout] 
[INFO] [stderr] error: could not document `ardvoice`
[INFO] [stderr] 
[INFO] [stderr] Caused by:
[INFO] [stderr]   process didn't exit successfully: `/opt/rustwide/rustup-home/toolchains/1.75.0-x86_64-unknown-linux-gnu/bin/rustdoc --edition=2021 --crate-type staticlib --crate-name ardvoice Examples/ardvoice/src/lib.rs -o /opt/rustwide/target/doc --error-format=json --json=diagnostic-rendered-ansi,artifacts,future-incompat --document-private-items -C metadata=e96c67ae2cbb6093 -L dependency=/opt/rustwide/target/debug/deps --extern arduboy_rust=/opt/rustwide/target/debug/deps/libarduboy_rust-cb9c035b4713cba3.rmeta --cap-lints=warn --crate-version 0.1.0` (exit status: 1)
[INFO] [stderr] error: could not document `demo7`
[INFO] [stderr] 
[INFO] [stderr] Caused by:
[INFO] [stderr]   process didn't exit successfully: `/opt/rustwide/rustup-home/toolchains/1.75.0-x86_64-unknown-linux-gnu/bin/rustdoc --edition=2021 --crate-type staticlib --crate-name demo7 Examples/Arduboy-Tutorials/demo7/src/lib.rs -o /opt/rustwide/target/doc --error-format=json --json=diagnostic-rendered-ansi,artifacts,future-incompat --document-private-items -C metadata=319418bbe02a2532 -L dependency=/opt/rustwide/target/debug/deps --extern arduboy_rust=/opt/rustwide/target/debug/deps/libarduboy_rust-cb9c035b4713cba3.rmeta --cap-lints=warn --crate-version 0.1.0` (exit status: 1)
[INFO] [stderr] error: could not document `fxhelloworld`
[INFO] [stderr] 
[INFO] [stderr] Caused by:
[INFO] [stderr]   process didn't exit successfully: `/opt/rustwide/rustup-home/toolchains/1.75.0-x86_64-unknown-linux-gnu/bin/rustdoc --edition=2021 --crate-type staticlib --crate-name fxhelloworld Examples/ArduboyFX/fxhelloworld/src/lib.rs -o /opt/rustwide/target/doc --error-format=json --json=diagnostic-rendered-ansi,artifacts,future-incompat --document-private-items -C metadata=528456d665d23bf1 -L dependency=/opt/rustwide/target/debug/deps --extern arduboy_rust=/opt/rustwide/target/debug/deps/libarduboy_rust-cb9c035b4713cba3.rmeta --cap-lints=warn --crate-version 0.1.0` (exit status: 1)
[INFO] running `Command { std: "docker" "inspect" "72a7b21ddf9b48c46d9e5a12d5c806c87f420d17587368ce3985c0cd50703af1", kill_on_drop: false }`
[INFO] running `Command { std: "docker" "rm" "-f" "72a7b21ddf9b48c46d9e5a12d5c806c87f420d17587368ce3985c0cd50703af1", kill_on_drop: false }`
[INFO] [stdout] 72a7b21ddf9b48c46d9e5a12d5c806c87f420d17587368ce3985c0cd50703af1
[INFO] documenting ZennDev1337/Rust-for-Arduboy against beta-2023-12-22 for beta-1.76-rustdoc-1
[INFO] running `Command { std: "git" "clone" "/workspace/cache/git-repos/https%3A%2F%2Fgithub.com%2FZennDev1337%2FRust-for-Arduboy" "/workspace/builds/worker-7-tc2/source", kill_on_drop: false }`
[INFO] [stderr] Cloning into '/workspace/builds/worker-7-tc2/source'...
[INFO] [stderr] done.
[INFO] validating manifest of git repo https://github.com/ZennDev1337/Rust-for-Arduboy on toolchain beta-2023-12-22
[INFO] running `Command { std: CARGO_HOME="/workspace/cargo-home" RUSTUP_HOME="/workspace/rustup-home" "/workspace/cargo-home/bin/cargo" "+beta-2023-12-22" "metadata" "--manifest-path" "Cargo.toml" "--no-deps", kill_on_drop: false }`
[INFO] removed /workspace/builds/worker-7-tc2/source/.cargo/config.toml
[INFO] removed /workspace/builds/worker-7-tc2/source/rust-toolchain.toml
[INFO] started tweaking git repo https://github.com/ZennDev1337/Rust-for-Arduboy
[INFO] finished tweaking git repo https://github.com/ZennDev1337/Rust-for-Arduboy
[INFO] tweaked toml for git repo https://github.com/ZennDev1337/Rust-for-Arduboy written to /workspace/builds/worker-7-tc2/source/Cargo.toml
[INFO] crate git repo https://github.com/ZennDev1337/Rust-for-Arduboy already has a lockfile, it will not be regenerated
[INFO] running `Command { std: CARGO_HOME="/workspace/cargo-home" RUSTUP_HOME="/workspace/rustup-home" "/workspace/cargo-home/bin/cargo" "+beta-2023-12-22" "fetch" "--manifest-path" "Cargo.toml", kill_on_drop: false }`
[INFO] running `Command { std: "docker" "create" "-v" "/var/lib/crater-agent-workspace/builds/worker-7-tc2/target:/opt/rustwide/target:rw,Z" "-v" "/var/lib/crater-agent-workspace/builds/worker-7-tc2/source:/opt/rustwide/workdir:ro,Z" "-v" "/var/lib/crater-agent-workspace/cargo-home:/opt/rustwide/cargo-home:ro,Z" "-v" "/var/lib/crater-agent-workspace/rustup-home:/opt/rustwide/rustup-home:ro,Z" "-e" "SOURCE_DIR=/opt/rustwide/workdir" "-e" "CARGO_TARGET_DIR=/opt/rustwide/target" "-e" "CARGO_HOME=/opt/rustwide/cargo-home" "-e" "RUSTUP_HOME=/opt/rustwide/rustup-home" "-w" "/opt/rustwide/workdir" "-m" "1610612736" "--user" "0:0" "--network" "none" "ghcr.io/rust-lang/crates-build-env/linux@sha256:2788e3201cd34a07e3172128adcd8b3090168a8e3bcc40d7c032b9dda1df7d1c" "/opt/rustwide/cargo-home/bin/cargo" "+beta-2023-12-22" "metadata" "--no-deps" "--format-version=1", kill_on_drop: false }`
[INFO] [stdout] 0620cde1397b0820143b04a72b1dff1838d1ddd05af6a432379bb432bd2a7188
[INFO] running `Command { std: "docker" "start" "-a" "0620cde1397b0820143b04a72b1dff1838d1ddd05af6a432379bb432bd2a7188", kill_on_drop: false }`
[INFO] running `Command { std: "docker" "inspect" "0620cde1397b0820143b04a72b1dff1838d1ddd05af6a432379bb432bd2a7188", kill_on_drop: false }`
[INFO] running `Command { std: "docker" "rm" "-f" "0620cde1397b0820143b04a72b1dff1838d1ddd05af6a432379bb432bd2a7188", kill_on_drop: false }`
[INFO] [stdout] 0620cde1397b0820143b04a72b1dff1838d1ddd05af6a432379bb432bd2a7188
[INFO] running `Command { std: "docker" "create" "-v" "/var/lib/crater-agent-workspace/builds/worker-7-tc2/target:/opt/rustwide/target:rw,Z" "-v" "/var/lib/crater-agent-workspace/builds/worker-7-tc2/source:/opt/rustwide/workdir:ro,Z" "-v" "/var/lib/crater-agent-workspace/cargo-home:/opt/rustwide/cargo-home:ro,Z" "-v" "/var/lib/crater-agent-workspace/rustup-home:/opt/rustwide/rustup-home:ro,Z" "-e" "SOURCE_DIR=/opt/rustwide/workdir" "-e" "CARGO_TARGET_DIR=/opt/rustwide/target" "-e" "CARGO_INCREMENTAL=0" "-e" "RUST_BACKTRACE=full" "-e" "RUSTFLAGS=--cap-lints=warn" "-e" "RUSTDOCFLAGS=--cap-lints=warn" "-e" "CARGO_HOME=/opt/rustwide/cargo-home" "-e" "RUSTUP_HOME=/opt/rustwide/rustup-home" "-w" "/opt/rustwide/workdir" "-m" "1610612736" "--user" "0:0" "--network" "none" "ghcr.io/rust-lang/crates-build-env/linux@sha256:2788e3201cd34a07e3172128adcd8b3090168a8e3bcc40d7c032b9dda1df7d1c" "/opt/rustwide/cargo-home/bin/cargo" "+beta-2023-12-22" "doc" "--frozen" "--no-deps" "--document-private-items" "--message-format=json", kill_on_drop: false }`
[INFO] [stdout] 1ed3f71b823155bdd8931c53f1af1f5dbf918d04dda3464612356f3ee734aac9
[INFO] running `Command { std: "docker" "start" "-a" "1ed3f71b823155bdd8931c53f1af1f5dbf918d04dda3464612356f3ee734aac9", kill_on_drop: false }`
[INFO] [stderr]    Compiling semver v1.0.18
[INFO] [stderr]     Checking stable_deref_trait v1.2.0
[INFO] [stderr]     Checking panic-halt v0.2.0
[INFO] [stderr]     Checking hash32 v0.2.1
[INFO] [stderr]     Checking spin v0.9.8
[INFO] [stderr]    Compiling rustc_version v0.4.0
[INFO] [stderr]    Compiling heapless v0.7.16
[INFO] [stderr]     Checking arduboy-rust v1.0.0 (/opt/rustwide/workdir/arduboy-rust)
[INFO] [stderr]  Documenting arduboy-rust v1.0.0 (/opt/rustwide/workdir/arduboy-rust)
[INFO] [stderr]  Documenting progmem v0.1.0 (/opt/rustwide/workdir/Examples/Arduboy-Tutorials/progmem)
[INFO] [stderr]  Documenting eeprom v0.1.0 (/opt/rustwide/workdir/Examples/Arduboy-Tutorials/eeprom)
[INFO] [stderr]  Documenting rustacean v0.1.0 (/opt/rustwide/workdir/Examples/rustacean)
[INFO] [stderr]  Documenting demo5 v0.1.0 (/opt/rustwide/workdir/Examples/Arduboy-Tutorials/demo5)
[INFO] [stderr]  Documenting fxbasicexample v0.1.0 (/opt/rustwide/workdir/Examples/ArduboyFX/fxbasicexample)
[INFO] [stderr]  Documenting game v0.1.0 (/opt/rustwide/workdir/Project/game)
[INFO] [stderr]  Documenting tone v0.1.0 (/opt/rustwide/workdir/Examples/Arduboy-Tutorials/tone)
[INFO] [stdout] error[E0432]: unresolved import `arduboy_rust::prelude`
[INFO] [stdout]  --> Examples/ArduboyFX/fxbasicexample/src/lib.rs:6:19
[INFO] [stdout]   |
[INFO] [stdout] 6 | use arduboy_rust::prelude::*;
[INFO] [stdout]   |                   ^^^^^^^ could not find `prelude` in `arduboy_rust`
[INFO] [stdout] 
[INFO] [stdout] 
[INFO] [stdout] error[E0412]: cannot find type `Arduboy2` in this scope
[INFO] [stdout]  --> Examples/ArduboyFX/fxbasicexample/src/lib.rs:9:16
[INFO] [stdout]   |
[INFO] [stdout] 9 | const arduboy: Arduboy2 = Arduboy2::new();
[INFO] [stdout]   |                ^^^^^^^^ not found in this scope
[INFO] [stdout] 
[INFO] [stdout] 
[INFO] [stdout] error[E0425]: cannot find value `WIDTH` in this scope
[INFO] [stdout]   --> Examples/ArduboyFX/fxbasicexample/src/lib.rs:21:22
[INFO] [stdout]    |
[INFO] [stdout] 21 | static mut x: i16 = (WIDTH - FXlogoWith) / 2;
[INFO] [stdout]    |                      ^^^^^ not found in this scope
[INFO] [stdout] 
[INFO] [stdout] 
[INFO] [stdout] error[E0433]: failed to resolve: could not resolve path `Arduboy2::new`
[INFO] [stdout]  --> Examples/ArduboyFX/fxbasicexample/src/lib.rs:9:27
[INFO] [stdout]   |
[INFO] [stdout] 9 | const arduboy: Arduboy2 = Arduboy2::new();
[INFO] [stdout]   |                           ^^^^^^^^^^^^^ could not resolve path `Arduboy2::new`
[INFO] [stdout]   |
[INFO] [stdout]   = note: this error was originally ignored because you are running `rustdoc`
[INFO] [stdout]   = note: try running again with `rustc` or `cargo check` and you may get a more detailed error
[INFO] [stdout] 
[INFO] [stdout] 
[INFO] [stdout] error[E0432]: unresolved import `arduboy_rust::prelude`
[INFO] [stdout]  --> Examples/Arduboy-Tutorials/progmem/src/lib.rs:7:19
[INFO] [stdout]   |
[INFO] [stdout] 7 | use arduboy_rust::prelude::*;
[INFO] [stdout]   |                   ^^^^^^^ could not find `prelude` in `arduboy_rust`
[INFO] [stdout] 
[INFO] [stdout] 
[INFO] [stdout] error[E0432]: unresolved import `tones_pitch`
[INFO] [stdout]  --> Examples/Arduboy-Tutorials/progmem/src/lib.rs:8:5
[INFO] [stdout]   |
[INFO] [stdout] 8 | use tones_pitch::*;
[INFO] [stdout]   |     ^^^^^^^^^^^ use of undeclared crate or module `tones_pitch`
[INFO] [stdout] 
[INFO] [stdout] 
[INFO] [stdout] error[E0432]: unresolved import `arduboy_rust::prelude`
[INFO] [stdout]  --> Examples/Arduboy-Tutorials/eeprom/src/lib.rs:6:19
[INFO] [stdout]   |
[INFO] [stdout] 6 | use arduboy_rust::prelude::*;
[INFO] [stdout]   |                   ^^^^^^^ could not find `prelude` in `arduboy_rust`
[INFO] [stdout] 
[INFO] [stdout] 
[INFO] [stdout] error[E0433]: failed to resolve: use of undeclared type `Arduboy2`
[INFO] [stdout]  --> Examples/ArduboyFX/fxbasicexample/src/lib.rs:9:27
[INFO] [stdout]   |
[INFO] [stdout] 9 | const arduboy: Arduboy2 = Arduboy2::new();
[INFO] [stdout]   |                           ^^^^^^^^ use of undeclared type `Arduboy2`
[INFO] [stdout] 
[INFO] [stdout] 
[INFO] [stdout] error[E0433]: failed to resolve: could not resolve path `WIDTH`
[INFO] [stdout]   --> Examples/ArduboyFX/fxbasicexample/src/lib.rs:21:22
[INFO] [stdout]    |
[INFO] [stdout] 21 | static mut x: i16 = (WIDTH - FXlogoWith) / 2;
[INFO] [stdout]    |                      ^^^^^ could not resolve path `WIDTH`
[INFO] [stdout]    |
[INFO] [stdout]    = note: this error was originally ignored because you are running `rustdoc`
[INFO] [stdout]    = note: try running again with `rustc` or `cargo check` and you may get a more detailed error
[INFO] [stdout] 
[INFO] [stdout] 
[INFO] [stdout] error: aborting due to 6 previous errors
[INFO] [stdout] 
[INFO] [stdout] 
[INFO] [stdout] Some errors have detailed explanations: E0412, E0425, E0432, E0433.
[INFO] [stdout] 
[INFO] [stdout] For more information about an error, try `rustc --explain E0412`.
[INFO] [stdout] 
[INFO] [stdout] error: cannot find macro `get_sprite_addr` in this scope
[INFO] [stdout]    --> Examples/Arduboy-Tutorials/progmem/src/lib.rs:114:46
[INFO] [stdout]     |
[INFO] [stdout] 114 |     sprites::draw_override(playerx, playery, get_sprite_addr!(player_sprite1), 0);
[INFO] [stdout]     |                                              ^^^^^^^^^^^^^^^
[INFO] [stdout] 
[INFO] [stdout] 
[INFO] [stderr] error: could not document `fxbasicexample`
[INFO] [stdout] error: cannot find macro `f` in this scope
[INFO] [stdout]   --> Examples/Arduboy-Tutorials/eeprom/src/lib.rs:58:23
[INFO] [stdout]    |
[INFO] [stdout] 58 |         arduboy.print(f!(b"nope\0"));
[INFO] [stdout]    |                       ^
[INFO] [stdout] 
[INFO] [stdout] 
[INFO] [stderr] 
[INFO] [stdout] error: cannot find macro `f` in this scope
[INFO] [stdout]   --> Examples/Arduboy-Tutorials/eeprom/src/lib.rs:55:23
[INFO] [stdout]    |
[INFO] [stdout] 55 |         arduboy.print(f!(b"lolxd\0"));
[INFO] [stdout]    |                       ^
[INFO] [stdout] 
[INFO] [stdout] 
[INFO] [stderr] Caused by:
[INFO] [stderr]   process didn't exit successfully: `/opt/rustwide/rustup-home/toolchains/beta-2023-12-22-x86_64-unknown-linux-gnu/bin/rustdoc --edition=2021 --crate-type staticlib --crate-name fxbasicexample Examples/ArduboyFX/fxbasicexample/src/lib.rs -o /opt/rustwide/target/doc --error-format=json --json=diagnostic-rendered-ansi,artifacts,future-incompat --document-private-items -C metadata=94d9c950fdf07107 -L dependency=/opt/rustwide/target/debug/deps --extern arduboy_rust=/opt/rustwide/target/debug/deps/libarduboy_rust-f8b5a7429b214252.rmeta --cap-lints=warn --crate-version 0.1.0` (exit status: 1)
[INFO] [stderr] warning: build failed, waiting for other jobs to finish...
[INFO] [stdout] error[E0432]: unresolved import `arduboy_rust::prelude`
[INFO] [stdout]  --> Examples/Arduboy-Tutorials/tone/src/lib.rs:6:19
[INFO] [stdout]   |
[INFO] [stdout] 6 | use arduboy_rust::prelude::*;
[INFO] [stdout]   |                   ^^^^^^^ could not find `prelude` in `arduboy_rust`
[INFO] [stdout] 
[INFO] [stdout] 
[INFO] [stdout] error[E0432]: unresolved import `tones_pitch`
[INFO] [stdout]  --> Examples/Arduboy-Tutorials/tone/src/lib.rs:7:5
[INFO] [stdout]   |
[INFO] [stdout] 7 | use tones_pitch::*;
[INFO] [stdout]   |     ^^^^^^^^^^^ use of undeclared crate or module `tones_pitch`
[INFO] [stdout] 
[INFO] [stdout] 
[INFO] [stdout] error[E0412]: cannot find type `Arduboy2` in this scope
[INFO] [stdout]  --> Examples/Arduboy-Tutorials/eeprom/src/lib.rs:7:16
[INFO] [stdout]   |
[INFO] [stdout] 7 | const arduboy: Arduboy2 = Arduboy2::new();
[INFO] [stdout]   |                ^^^^^^^^ not found in this scope
[INFO] [stdout] 
[INFO] [stdout] 
[INFO] [stdout] error: cannot find macro `get_string_addr` in this scope
[INFO] [stdout]    --> Examples/Arduboy-Tutorials/progmem/src/lib.rs:113:19
[INFO] [stdout]     |
[INFO] [stdout] 113 |     arduboy.print(get_string_addr!(text1));
[INFO] [stdout]     |                   ^^^^^^^^^^^^^^^
[INFO] [stdout] 
[INFO] [stdout] 
[INFO] [stdout] error[E0412]: cannot find type `EEPROM` in this scope
[INFO] [stdout]   --> Examples/Arduboy-Tutorials/eeprom/src/lib.rs:12:11
[INFO] [stdout]    |
[INFO] [stdout] 12 | static e: EEPROM = EEPROM::new(10);
[INFO] [stdout]    |           ^^^^^^ not found in this scope
[INFO] [stdout] 
[INFO] [stdout] 
[INFO] [stdout] error: cannot find macro `get_tones_addr` in this scope
[INFO] [stdout]   --> Examples/Arduboy-Tutorials/progmem/src/lib.rs:78:17
[INFO] [stdout]    |
[INFO] [stdout] 78 |     sound.tones(get_tones_addr!(tones));
[INFO] [stdout]    |                 ^^^^^^^^^^^^^^
[INFO] [stdout] 
[INFO] [stdout] 
[INFO] [stdout] error: cannot find macro `progmem` in this scope
[INFO] [stdout]   --> Examples/Arduboy-Tutorials/progmem/src/lib.rs:12:1
[INFO] [stdout]    |
[INFO] [stdout] 12 | progmem!(
[INFO] [stdout]    | ^^^^^^^
[INFO] [stdout] 
[INFO] [stdout] 
[INFO] [stdout] error[E0433]: failed to resolve: could not resolve path `Arduboy2::new`
[INFO] [stdout]  --> Examples/Arduboy-Tutorials/eeprom/src/lib.rs:7:27
[INFO] [stdout]   |
[INFO] [stdout] 7 | const arduboy: Arduboy2 = Arduboy2::new();
[INFO] [stdout]   |                           ^^^^^^^^^^^^^ could not resolve path `Arduboy2::new`
[INFO] [stdout]   |
[INFO] [stdout]   = note: this error was originally ignored because you are running `rustdoc`
[INFO] [stdout]   = note: try running again with `rustc` or `cargo check` and you may get a more detailed error
[INFO] [stdout] 
[INFO] [stdout] 
[INFO] [stdout] error[E0433]: failed to resolve: use of undeclared type `Arduboy2`
[INFO] [stdout]  --> Examples/Arduboy-Tutorials/eeprom/src/lib.rs:7:27
[INFO] [stdout]   |
[INFO] [stdout] 7 | const arduboy: Arduboy2 = Arduboy2::new();
[INFO] [stdout]   |                           ^^^^^^^^ use of undeclared type `Arduboy2`
[INFO] [stdout] 
[INFO] [stdout] 
[INFO] [stdout] error[E0433]: failed to resolve: could not resolve path `EEPROM::new`
[INFO] [stdout]   --> Examples/Arduboy-Tutorials/eeprom/src/lib.rs:12:20
[INFO] [stdout]    |
[INFO] [stdout] 12 | static e: EEPROM = EEPROM::new(10);
[INFO] [stdout]    |                    ^^^^^^^^^^^ could not resolve path `EEPROM::new`
[INFO] [stdout]    |
[INFO] [stdout]    = note: this error was originally ignored because you are running `rustdoc`
[INFO] [stdout]    = note: try running again with `rustc` or `cargo check` and you may get a more detailed error
[INFO] [stdout] 
[INFO] [stdout] 
[INFO] [stdout] error[E0433]: failed to resolve: use of undeclared type `EEPROM`
[INFO] [stdout]   --> Examples/Arduboy-Tutorials/eeprom/src/lib.rs:12:20
[INFO] [stdout]    |
[INFO] [stdout] 12 | static e: EEPROM = EEPROM::new(10);
[INFO] [stdout]    |                    ^^^^^^ use of undeclared type `EEPROM`
[INFO] [stdout] 
[INFO] [stdout] 
[INFO] [stdout] error[E0432]: unresolved import `arduboy_rust::prelude`
[INFO] [stdout]  --> Examples/rustacean/src/lib.rs:4:19
[INFO] [stdout]   |
[INFO] [stdout] 4 | use arduboy_rust::prelude::*;
[INFO] [stdout]   |                   ^^^^^^^ could not find `prelude` in `arduboy_rust`
[INFO] [stdout] 
[INFO] [stdout] 
[INFO] [stdout] error[E0412]: cannot find type `Arduboy2` in this scope
[INFO] [stdout]  --> Examples/Arduboy-Tutorials/progmem/src/lib.rs:9:16
[INFO] [stdout]   |
[INFO] [stdout] 9 | const arduboy: Arduboy2 = Arduboy2::new();
[INFO] [stdout]   |                ^^^^^^^^ not found in this scope
[INFO] [stdout] 
[INFO] [stdout] 
[INFO] [stdout] error[E0412]: cannot find type `ArduboyTones` in this scope
[INFO] [stdout]   --> Examples/Arduboy-Tutorials/progmem/src/lib.rs:10:14
[INFO] [stdout]    |
[INFO] [stdout] 10 | const sound: ArduboyTones = ArduboyTones::new();
[INFO] [stdout]    |              ^^^^^^^^^^^^ not found in this scope
[INFO] [stdout] 
[INFO] [stdout] 
[INFO] [stdout] error[E0412]: cannot find type `c_int` in this scope
[INFO] [stdout]   --> Examples/Arduboy-Tutorials/progmem/src/lib.rs:67:21
[INFO] [stdout]    |
[INFO] [stdout] 67 | static mut playerx: c_int = 5;
[INFO] [stdout]    |                     ^^^^^ not found in this scope
[INFO] [stdout]    |
[INFO] [stdout] help: consider importing this type alias
[INFO] [stdout]    |
[INFO] [stdout] 7  + use core::ffi::c_int;
[INFO] [stdout]    |
[INFO] [stdout] 
[INFO] [stdout] 
[INFO] [stdout] error[E0412]: cannot find type `c_int` in this scope
[INFO] [stdout]   --> Examples/Arduboy-Tutorials/progmem/src/lib.rs:68:21
[INFO] [stdout]    |
[INFO] [stdout] 68 | static mut playery: c_int = 10;
[INFO] [stdout]    |                     ^^^^^ not found in this scope
[INFO] [stdout]    |
[INFO] [stdout] help: consider importing this type alias
[INFO] [stdout]    |
[INFO] [stdout] 7  + use core::ffi::c_int;
[INFO] [stdout]    |
[INFO] [stdout] 
[INFO] [stdout] 
[INFO] [stderr] error: could not document `eeprom`
[INFO] [stdout] error[E0554]: `#![feature]` may not be used on the beta release channel
[INFO] [stdout]  --> Examples/Arduboy-Tutorials/progmem/src/lib.rs:3:1
[INFO] [stdout]   |
[INFO] [stdout] 3 | #![feature(const_trait_impl)]
[INFO] [stdout]   | ^^^^^^^^^^^^^^^^^^^^^^^^^^^^^
[INFO] [stdout] 
[INFO] [stdout] 
[INFO] [stderr] 
[INFO] [stdout] error: aborting due to 9 previous errors
[INFO] [stdout] 
[INFO] [stdout] 
[INFO] [stderr] Caused by:
[INFO] [stdout] Some errors have detailed explanations: E0412, E0432, E0433.
[INFO] [stdout] 
[INFO] [stderr]   process didn't exit successfully: `/opt/rustwide/rustup-home/toolchains/beta-2023-12-22-x86_64-unknown-linux-gnu/bin/rustdoc --edition=2021 --crate-type staticlib --crate-name eeprom Examples/Arduboy-Tutorials/eeprom/src/lib.rs -o /opt/rustwide/target/doc --error-format=json --json=diagnostic-rendered-ansi,artifacts,future-incompat --document-private-items -C metadata=6061cff582e9f19b -L dependency=/opt/rustwide/target/debug/deps --extern arduboy_rust=/opt/rustwide/target/debug/deps/libarduboy_rust-f8b5a7429b214252.rmeta --cap-lints=warn --crate-version 0.1.0` (exit status: 1)
[INFO] [stdout] For more information about an error, try `rustc --explain E0412`.
[INFO] [stdout] 
[INFO] [stderr] error: could not document `progmem`
[INFO] [stdout] error[E0433]: failed to resolve: could not resolve path `Arduboy2::new`
[INFO] [stdout]  --> Examples/Arduboy-Tutorials/progmem/src/lib.rs:9:27
[INFO] [stdout]   |
[INFO] [stdout] 9 | const arduboy: Arduboy2 = Arduboy2::new();
[INFO] [stdout]   |                           ^^^^^^^^^^^^^ could not resolve path `Arduboy2::new`
[INFO] [stdout]   |
[INFO] [stdout]   = note: this error was originally ignored because you are running `rustdoc`
[INFO] [stdout]   = note: try running again with `rustc` or `cargo check` and you may get a more detailed error
[INFO] [stdout] 
[INFO] [stdout] 
[INFO] [stderr] 
[INFO] [stdout] error[E0433]: failed to resolve: use of undeclared type `Arduboy2`
[INFO] [stdout]  --> Examples/Arduboy-Tutorials/progmem/src/lib.rs:9:27
[INFO] [stdout]   |
[INFO] [stdout] 9 | const arduboy: Arduboy2 = Arduboy2::new();
[INFO] [stdout]   |                           ^^^^^^^^ use of undeclared type `Arduboy2`
[INFO] [stdout] 
[INFO] [stdout] 
[INFO] [stderr] Caused by:
[INFO] [stdout] error[E0433]: failed to resolve: could not resolve path `ArduboyTones::new`
[INFO] [stdout]   --> Examples/Arduboy-Tutorials/progmem/src/lib.rs:10:29
[INFO] [stdout]    |
[INFO] [stdout] 10 | const sound: ArduboyTones = ArduboyTones::new();
[INFO] [stdout]    |                             ^^^^^^^^^^^^^^^^^ could not resolve path `ArduboyTones::new`
[INFO] [stdout]    |
[INFO] [stdout]    = note: this error was originally ignored because you are running `rustdoc`
[INFO] [stdout]    = note: try running again with `rustc` or `cargo check` and you may get a more detailed error
[INFO] [stdout] 
[INFO] [stdout] 
[INFO] [stderr]   process didn't exit successfully: `/opt/rustwide/rustup-home/toolchains/beta-2023-12-22-x86_64-unknown-linux-gnu/bin/rustdoc --edition=2021 --crate-type staticlib --crate-name progmem Examples/Arduboy-Tutorials/progmem/src/lib.rs -o /opt/rustwide/target/doc --error-format=json --json=diagnostic-rendered-ansi,artifacts,future-incompat --document-private-items -C metadata=4a5d912a639de8d7 -L dependency=/opt/rustwide/target/debug/deps --extern arduboy_rust=/opt/rustwide/target/debug/deps/libarduboy_rust-f8b5a7429b214252.rmeta --cap-lints=warn --crate-version 0.1.0` (exit status: 1)
[INFO] [stdout] error[E0433]: failed to resolve: use of undeclared type `ArduboyTones`
[INFO] [stdout]   --> Examples/Arduboy-Tutorials/progmem/src/lib.rs:10:29
[INFO] [stdout]    |
[INFO] [stdout] 10 | const sound: ArduboyTones = ArduboyTones::new();
[INFO] [stdout]    |                             ^^^^^^^^^^^^ use of undeclared type `ArduboyTones`
[INFO] [stdout] 
[INFO] [stdout] 
[INFO] [stderr] error: could not document `rustacean`
[INFO] [stdout] error: aborting due to 15 previous errors
[INFO] [stdout] 
[INFO] [stdout] 
[INFO] [stderr] 
[INFO] [stdout] Some errors have detailed explanations: E0412, E0432, E0433, E0554.
[INFO] [stdout] 
[INFO] [stderr] Caused by:
[INFO] [stdout] For more information about an error, try `rustc --explain E0412`.
[INFO] [stdout] 
[INFO] [stderr]   process didn't exit successfully: `/opt/rustwide/rustup-home/toolchains/beta-2023-12-22-x86_64-unknown-linux-gnu/bin/rustdoc --edition=2021 --crate-type staticlib --crate-name rustacean Examples/rustacean/src/lib.rs -o /opt/rustwide/target/doc --error-format=json --json=diagnostic-rendered-ansi,artifacts,future-incompat --document-private-items -C metadata=7f521d3954f18527 -L dependency=/opt/rustwide/target/debug/deps --extern arduboy_rust=/opt/rustwide/target/debug/deps/libarduboy_rust-f8b5a7429b214252.rmeta --cap-lints=warn --crate-version 0.1.0` (exit status: 1)
[INFO] [stdout] error[E0412]: cannot find type `Arduboy2` in this scope
[INFO] [stdout]  --> Examples/rustacean/src/lib.rs:5:16
[INFO] [stdout]   |
[INFO] [stdout] 5 | const arduboy: Arduboy2 = Arduboy2::new();
[INFO] [stdout]   |                ^^^^^^^^ not found in this scope
[INFO] [stdout] 
[INFO] [stdout] 
[INFO] [stdout] error[E0412]: cannot find type `ArduboyTones` in this scope
[INFO] [stdout]  --> Examples/rustacean/src/lib.rs:6:14
[INFO] [stdout]   |
[INFO] [stdout] 6 | const sound: ArduboyTones = ArduboyTones::new();
[INFO] [stdout]   |              ^^^^^^^^^^^^ not found in this scope
[INFO] [stdout] 
[INFO] [stdout] 
[INFO] [stdout] error[E0433]: failed to resolve: could not resolve path `Arduboy2::new`
[INFO] [stdout]  --> Examples/rustacean/src/lib.rs:5:27
[INFO] [stdout]   |
[INFO] [stdout] 5 | const arduboy: Arduboy2 = Arduboy2::new();
[INFO] [stdout]   |                           ^^^^^^^^^^^^^ could not resolve path `Arduboy2::new`
[INFO] [stdout]   |
[INFO] [stdout]   = note: this error was originally ignored because you are running `rustdoc`
[INFO] [stdout]   = note: try running again with `rustc` or `cargo check` and you may get a more detailed error
[INFO] [stdout] 
[INFO] [stdout] 
[INFO] [stderr] error: could not document `game`
[INFO] [stdout] error[E0432]: unresolved import `arduboy_rust::prelude`
[INFO] [stdout]  --> Project/game/src/lib.rs:6:19
[INFO] [stdout]   |
[INFO] [stdout] 6 | use arduboy_rust::prelude::*;
[INFO] [stdout]   |                   ^^^^^^^ could not find `prelude` in `arduboy_rust`
[INFO] [stdout] 
[INFO] [stdout] 
[INFO] [stderr] 
[INFO] [stdout] error[E0433]: failed to resolve: use of undeclared type `Arduboy2`
[INFO] [stdout]  --> Examples/rustacean/src/lib.rs:5:27
[INFO] [stdout]   |
[INFO] [stdout] 5 | const arduboy: Arduboy2 = Arduboy2::new();
[INFO] [stdout]   |                           ^^^^^^^^ use of undeclared type `Arduboy2`
[INFO] [stdout] 
[INFO] [stdout] 
[INFO] [stderr] Caused by:
[INFO] [stdout] error[E0433]: failed to resolve: could not resolve path `ArduboyTones::new`
[INFO] [stdout]  --> Examples/rustacean/src/lib.rs:6:29
[INFO] [stdout]   |
[INFO] [stdout] 6 | const sound: ArduboyTones = ArduboyTones::new();
[INFO] [stdout]   |                             ^^^^^^^^^^^^^^^^^ could not resolve path `ArduboyTones::new`
[INFO] [stdout]   |
[INFO] [stdout]   = note: this error was originally ignored because you are running `rustdoc`
[INFO] [stdout]   = note: try running again with `rustc` or `cargo check` and you may get a more detailed error
[INFO] [stdout] 
[INFO] [stdout] 
[INFO] [stderr]   process didn't exit successfully: `/opt/rustwide/rustup-home/toolchains/beta-2023-12-22-x86_64-unknown-linux-gnu/bin/rustdoc --edition=2021 --crate-type staticlib --crate-name game Project/game/src/lib.rs -o /opt/rustwide/target/doc --error-format=json --json=diagnostic-rendered-ansi,artifacts,future-incompat --document-private-items -C metadata=773f373fb18617f4 -L dependency=/opt/rustwide/target/debug/deps --extern arduboy_rust=/opt/rustwide/target/debug/deps/libarduboy_rust-f8b5a7429b214252.rmeta --cap-lints=warn --crate-version 0.1.0` (exit status: 1)
[INFO] [stdout] error[E0433]: failed to resolve: use of undeclared type `ArduboyTones`
[INFO] [stdout]  --> Examples/rustacean/src/lib.rs:6:29
[INFO] [stdout]   |
[INFO] [stdout] 6 | const sound: ArduboyTones = ArduboyTones::new();
[INFO] [stdout]   |                             ^^^^^^^^^^^^ use of undeclared type `ArduboyTones`
[INFO] [stdout] 
[INFO] [stdout] 
[INFO] [stdout] error: aborting due to 7 previous errors
[INFO] [stdout] 
[INFO] [stdout] 
[INFO] [stdout] Some errors have detailed explanations: E0412, E0432, E0433.
[INFO] [stdout] 
[INFO] [stdout] For more information about an error, try `rustc --explain E0412`.
[INFO] [stdout] 
[INFO] [stdout] error[E0432]: unresolved import `arduboy_rust::prelude`
[INFO] [stdout]  --> Examples/Arduboy-Tutorials/demo5/src/lib.rs:6:19
[INFO] [stdout]   |
[INFO] [stdout] 6 | use arduboy_rust::prelude::*;
[INFO] [stdout]   |                   ^^^^^^^ could not find `prelude` in `arduboy_rust`
[INFO] [stdout] 
[INFO] [stdout] 
[INFO] [stdout] error[E0412]: cannot find type `Arduboy2` in this scope
[INFO] [stdout]  --> Project/game/src/lib.rs:9:16
[INFO] [stdout]   |
[INFO] [stdout] 9 | const arduboy: Arduboy2 = Arduboy2::new();
[INFO] [stdout]   |                ^^^^^^^^ not found in this scope
[INFO] [stdout] 
[INFO] [stdout] 
[INFO] [stdout] error[E0433]: failed to resolve: could not resolve path `Arduboy2::new`
[INFO] [stdout]  --> Project/game/src/lib.rs:9:27
[INFO] [stdout]   |
[INFO] [stdout] 9 | const arduboy: Arduboy2 = Arduboy2::new();
[INFO] [stdout]   |                           ^^^^^^^^^^^^^ could not resolve path `Arduboy2::new`
[INFO] [stdout]   |
[INFO] [stdout]   = note: this error was originally ignored because you are running `rustdoc`
[INFO] [stdout]   = note: try running again with `rustc` or `cargo check` and you may get a more detailed error
[INFO] [stdout] 
[INFO] [stdout] 
[INFO] [stdout] error[E0433]: failed to resolve: use of undeclared type `Arduboy2`
[INFO] [stdout]  --> Project/game/src/lib.rs:9:27
[INFO] [stdout]   |
[INFO] [stdout] 9 | const arduboy: Arduboy2 = Arduboy2::new();
[INFO] [stdout]   |                           ^^^^^^^^ use of undeclared type `Arduboy2`
[INFO] [stdout] 
[INFO] [stdout] 
[INFO] [stdout] error: aborting due to 4 previous errors
[INFO] [stdout] 
[INFO] [stdout] 
[INFO] [stdout] Some errors have detailed explanations: E0412, E0432, E0433.
[INFO] [stdout] 
[INFO] [stdout] For more information about an error, try `rustc --explain E0412`.
[INFO] [stdout] 
[INFO] [stdout] error: cannot find macro `f` in this scope
[INFO] [stdout]   --> Examples/Arduboy-Tutorials/demo5/src/lib.rs:86:23
[INFO] [stdout]    |
[INFO] [stdout] 86 |         arduboy.print(f!(b"Correct Number: \0"));
[INFO] [stdout]    |                       ^
[INFO] [stdout] 
[INFO] [stdout] 
[INFO] [stdout] error: cannot find macro `f` in this scope
[INFO] [stdout]   --> Examples/Arduboy-Tutorials/demo5/src/lib.rs:85:23
[INFO] [stdout]    |
[INFO] [stdout] 85 |         arduboy.print(f!(b"\n\0"));
[INFO] [stdout]    |                       ^
[INFO] [stdout] 
[INFO] [stdout] 
[INFO] [stdout] error: cannot find macro `f` in this scope
[INFO] [stdout]   --> Examples/Arduboy-Tutorials/demo5/src/lib.rs:84:23
[INFO] [stdout]    |
[INFO] [stdout] 84 |         arduboy.print(f!(b"You won!\0"));
[INFO] [stdout]    |                       ^
[INFO] [stdout] 
[INFO] [stdout] 
[INFO] [stdout] error: cannot find macro `f` in this scope
[INFO] [stdout]   --> Examples/Arduboy-Tutorials/demo5/src/lib.rs:77:35
[INFO] [stdout]    |
[INFO] [stdout] 77 |                     arduboy.print(f!(b" is too low!\0"));
[INFO] [stdout]    |                                   ^
[INFO] [stdout] 
[INFO] [stdout] 
[INFO] [stdout] error: cannot find macro `f` in this scope
[INFO] [stdout]   --> Examples/Arduboy-Tutorials/demo5/src/lib.rs:74:35
[INFO] [stdout]    |
[INFO] [stdout] 74 |                     arduboy.print(f!(b" is too high!\0"));
[INFO] [stdout]    |                                   ^
[INFO] [stdout] 
[INFO] [stdout] 
[INFO] [stdout] error: cannot find macro `f` in this scope
[INFO] [stdout]   --> Examples/Arduboy-Tutorials/demo5/src/lib.rs:70:31
[INFO] [stdout]    |
[INFO] [stdout] 70 |                 arduboy.print(f!(b"Good luck!\0"));
[INFO] [stdout]    |                               ^
[INFO] [stdout] 
[INFO] [stdout] 
[INFO] [stdout] error: cannot find macro `f` in this scope
[INFO] [stdout]   --> Examples/Arduboy-Tutorials/demo5/src/lib.rs:68:27
[INFO] [stdout]    |
[INFO] [stdout] 68 |             arduboy.print(f!(b"\n\0"));
[INFO] [stdout]    |                           ^
[INFO] [stdout] 
[INFO] [stdout] 
[INFO] [stdout] error: cannot find macro `f` in this scope
[INFO] [stdout]   --> Examples/Arduboy-Tutorials/demo5/src/lib.rs:66:27
[INFO] [stdout]    |
[INFO] [stdout] 66 |             arduboy.print(f!(b"Number to guess: \0"));
[INFO] [stdout]    |                           ^
[INFO] [stdout] 
[INFO] [stdout] 
[INFO] [stdout] error: cannot find macro `f` in this scope
[INFO] [stdout]   --> Examples/Arduboy-Tutorials/demo5/src/lib.rs:65:27
[INFO] [stdout]    |
[INFO] [stdout] 65 |             arduboy.print(f!(b"\n\0"));
[INFO] [stdout]    |                           ^
[INFO] [stdout] 
[INFO] [stdout] 
[INFO] [stdout] error: cannot find macro `f` in this scope
[INFO] [stdout]   --> Examples/Arduboy-Tutorials/demo5/src/lib.rs:63:27
[INFO] [stdout]    |
[INFO] [stdout] 63 |             arduboy.print(f!(b"Attempt: \0"));
[INFO] [stdout]    |                           ^
[INFO] [stdout] 
[INFO] [stdout] 
[INFO] [stdout] error: cannot find macro `f` in this scope
[INFO] [stdout]   --> Examples/Arduboy-Tutorials/demo5/src/lib.rs:39:27
[INFO] [stdout]    |
[INFO] [stdout] 39 |             arduboy.print(f!(b"Correct Number: \0"));
[INFO] [stdout]    |                           ^
[INFO] [stdout] 
[INFO] [stdout] 
[INFO] [stdout] error: cannot find macro `f` in this scope
[INFO] [stdout]   --> Examples/Arduboy-Tutorials/demo5/src/lib.rs:38:27
[INFO] [stdout]    |
[INFO] [stdout] 38 |             arduboy.print(f!(b"\n\0"));
[INFO] [stdout]    |                           ^
[INFO] [stdout] 
[INFO] [stdout] 
[INFO] [stderr] error: could not document `demo5`
[INFO] [stdout] error: cannot find macro `f` in this scope
[INFO] [stdout]   --> Examples/Arduboy-Tutorials/demo5/src/lib.rs:37:27
[INFO] [stdout]    |
[INFO] [stdout] 37 |             arduboy.print(f!(b"You lost!\0"));
[INFO] [stdout]    |                           ^
[INFO] [stdout] 
[INFO] [stdout] 
[INFO] [stderr] 
[INFO] [stdout] error[E0412]: cannot find type `Arduboy2` in this scope
[INFO] [stdout]  --> Examples/Arduboy-Tutorials/demo5/src/lib.rs:7:16
[INFO] [stdout]   |
[INFO] [stdout] 7 | const arduboy: Arduboy2 = Arduboy2::new();
[INFO] [stdout]   |                ^^^^^^^^ not found in this scope
[INFO] [stdout] 
[INFO] [stdout] 
[INFO] [stderr] Caused by:
[INFO] [stdout] error[E0412]: cannot find type `c_int` in this scope
[INFO] [stdout]   --> Examples/Arduboy-Tutorials/demo5/src/lib.rs:10:23
[INFO] [stdout]    |
[INFO] [stdout] 10 | static mut playerwin: c_int = 0;
[INFO] [stdout]    |                       ^^^^^ not found in this scope
[INFO] [stdout]    |
[INFO] [stdout] help: consider importing this type alias
[INFO] [stdout]    |
[INFO] [stdout] 6  + use core::ffi::c_int;
[INFO] [stdout]    |
[INFO] [stdout] 
[INFO] [stdout] 
[INFO] [stderr]   process didn't exit successfully: `/opt/rustwide/rustup-home/toolchains/beta-2023-12-22-x86_64-unknown-linux-gnu/bin/rustdoc --edition=2021 --crate-type staticlib --crate-name demo5 Examples/Arduboy-Tutorials/demo5/src/lib.rs -o /opt/rustwide/target/doc --error-format=json --json=diagnostic-rendered-ansi,artifacts,future-incompat --document-private-items -C metadata=82cfd077efffd48c -L dependency=/opt/rustwide/target/debug/deps --extern arduboy_rust=/opt/rustwide/target/debug/deps/libarduboy_rust-f8b5a7429b214252.rmeta --cap-lints=warn --crate-version 0.1.0` (exit status: 1)
[INFO] [stdout] error[E0412]: cannot find type `c_int` in this scope
[INFO] [stdout]   --> Examples/Arduboy-Tutorials/demo5/src/lib.rs:11:22
[INFO] [stdout]    |
[INFO] [stdout] 11 | static mut attempts: c_int = 0;
[INFO] [stdout]    |                      ^^^^^ not found in this scope
[INFO] [stdout]    |
[INFO] [stdout] help: consider importing this type alias
[INFO] [stdout]    |
[INFO] [stdout] 6  + use core::ffi::c_int;
[INFO] [stdout]    |
[INFO] [stdout] 
[INFO] [stdout] 
[INFO] [stdout] error[E0412]: cannot find type `c_int` in this scope
[INFO] [stdout]   --> Examples/Arduboy-Tutorials/demo5/src/lib.rs:12:27
[INFO] [stdout]    |
[INFO] [stdout] 12 | static mut guessednumber: c_int = 0;
[INFO] [stdout]    |                           ^^^^^ not found in this scope
[INFO] [stdout]    |
[INFO] [stdout] help: consider importing this type alias
[INFO] [stdout]    |
[INFO] [stdout] 6  + use core::ffi::c_int;
[INFO] [stdout]    |
[INFO] [stdout] 
[INFO] [stdout] 
[INFO] [stdout] error[E0412]: cannot find type `c_int` in this scope
[INFO] [stdout]   --> Examples/Arduboy-Tutorials/demo5/src/lib.rs:13:26
[INFO] [stdout]    |
[INFO] [stdout] 13 | static mut randomnumber: c_int = 0;
[INFO] [stdout]    |                          ^^^^^ not found in this scope
[INFO] [stdout]    |
[INFO] [stdout] help: consider importing this type alias
[INFO] [stdout]    |
[INFO] [stdout] 6  + use core::ffi::c_int;
[INFO] [stdout]    |
[INFO] [stdout] 
[INFO] [stdout] 
[INFO] [stdout] error[E0412]: cannot find type `c_int` in this scope
[INFO] [stdout]   --> Examples/Arduboy-Tutorials/demo5/src/lib.rs:14:23
[INFO] [stdout]    |
[INFO] [stdout] 14 | static mut lastguess: c_int = 0;
[INFO] [stdout]    |                       ^^^^^ not found in this scope
[INFO] [stdout]    |
[INFO] [stdout] help: consider importing this type alias
[INFO] [stdout]    |
[INFO] [stdout] 6  + use core::ffi::c_int;
[INFO] [stdout]    |
[INFO] [stdout] 
[INFO] [stdout] 
[INFO] [stdout] error[E0433]: failed to resolve: could not resolve path `Arduboy2::new`
[INFO] [stdout]  --> Examples/Arduboy-Tutorials/demo5/src/lib.rs:7:27
[INFO] [stdout]   |
[INFO] [stdout] 7 | const arduboy: Arduboy2 = Arduboy2::new();
[INFO] [stdout]   |                           ^^^^^^^^^^^^^ could not resolve path `Arduboy2::new`
[INFO] [stdout]   |
[INFO] [stdout]   = note: this error was originally ignored because you are running `rustdoc`
[INFO] [stdout]   = note: try running again with `rustc` or `cargo check` and you may get a more detailed error
[INFO] [stdout] 
[INFO] [stdout] 
[INFO] [stdout] error[E0433]: failed to resolve: use of undeclared type `Arduboy2`
[INFO] [stdout]  --> Examples/Arduboy-Tutorials/demo5/src/lib.rs:7:27
[INFO] [stdout]   |
[INFO] [stdout] 7 | const arduboy: Arduboy2 = Arduboy2::new();
[INFO] [stdout]   |                           ^^^^^^^^ use of undeclared type `Arduboy2`
[INFO] [stdout] 
[INFO] [stdout] 
[INFO] [stdout] error: aborting due to 22 previous errors
[INFO] [stdout] 
[INFO] [stdout] 
[INFO] [stdout] Some errors have detailed explanations: E0412, E0432, E0433.
[INFO] [stdout] 
[INFO] [stdout] For more information about an error, try `rustc --explain E0412`.
[INFO] [stdout] 
[INFO] [stdout] error: cannot find macro `f` in this scope
[INFO] [stdout]    --> Examples/Arduboy-Tutorials/tone/src/lib.rs:503:19
[INFO] [stdout]     |
[INFO] [stdout] 503 |     arduboy.print(f!(b"\n\nUP:   enable\nDOWN: disable\nB: break\0"));
[INFO] [stdout]     |                   ^
[INFO] [stdout] 
[INFO] [stdout] 
[INFO] [stdout] error: cannot find macro `f` in this scope
[INFO] [stdout]    --> Examples/Arduboy-Tutorials/tone/src/lib.rs:500:23
[INFO] [stdout]     |
[INFO] [stdout] 500 |         arduboy.print(f!(b"NO\0"))
[INFO] [stdout]     |                       ^
[INFO] [stdout] 
[INFO] [stdout] 
[INFO] [stdout] error: cannot find macro `f` in this scope
[INFO] [stdout]    --> Examples/Arduboy-Tutorials/tone/src/lib.rs:498:23
[INFO] [stdout]     |
[INFO] [stdout] 498 |         arduboy.print(f!(b"YES\0"));
[INFO] [stdout]     |                       ^
[INFO] [stdout] 
[INFO] [stdout] 
[INFO] [stdout] error: cannot find macro `f` in this scope
[INFO] [stdout]    --> Examples/Arduboy-Tutorials/tone/src/lib.rs:496:19
[INFO] [stdout]     |
[INFO] [stdout] 496 |     arduboy.print(f!(b"Audio enabled: \0"));
[INFO] [stdout]     |                   ^
[INFO] [stdout] 
[INFO] [stdout] 
[INFO] [stdout] error: cannot find macro `f` in this scope
[INFO] [stdout]    --> Examples/Arduboy-Tutorials/tone/src/lib.rs:470:19
[INFO] [stdout]     |
[INFO] [stdout] 470 |     arduboy.print(f!(b"volume_mode(HIGH)\ntones(sound1)\n\nB: break\0"));
[INFO] [stdout]     |                   ^
[INFO] [stdout] 
[INFO] [stdout] 
[INFO] [stdout] error: cannot find macro `get_tones_addr` in this scope
[INFO] [stdout]    --> Examples/Arduboy-Tutorials/tone/src/lib.rs:468:17
[INFO] [stdout]     |
[INFO] [stdout] 468 |     sound.tones(get_tones_addr!(sound1));
[INFO] [stdout]     |                 ^^^^^^^^^^^^^^
[INFO] [stdout] 
[INFO] [stdout] 
[INFO] [stdout] error: cannot find macro `f` in this scope
[INFO] [stdout]    --> Examples/Arduboy-Tutorials/tone/src/lib.rs:455:19
[INFO] [stdout]     |
[INFO] [stdout] 455 |     arduboy.print(f!(
[INFO] [stdout]     |                   ^
[INFO] [stdout] 
[INFO] [stdout] 
[INFO] [stdout] error: cannot find macro `get_tones_addr` in this scope
[INFO] [stdout]    --> Examples/Arduboy-Tutorials/tone/src/lib.rs:453:17
[INFO] [stdout]     |
[INFO] [stdout] 453 |     sound.tones(get_tones_addr!(sound1));
[INFO] [stdout]     |                 ^^^^^^^^^^^^^^
[INFO] [stdout] 
[INFO] [stdout] 
[INFO] [stdout] error: cannot find macro `f` in this scope
[INFO] [stdout]    --> Examples/Arduboy-Tutorials/tone/src/lib.rs:443:19
[INFO] [stdout]     |
[INFO] [stdout] 443 |     arduboy.print(f!(b"volume_mode(IN_TONES)\ntones(sound1)\n\nB: break\0"));
[INFO] [stdout]     |                   ^
[INFO] [stdout] 
[INFO] [stdout] 
[INFO] [stdout] error: cannot find macro `get_tones_addr` in this scope
[INFO] [stdout]    --> Examples/Arduboy-Tutorials/tone/src/lib.rs:441:17
[INFO] [stdout]     |
[INFO] [stdout] 441 |     sound.tones(get_tones_addr!(sound1));
[INFO] [stdout]     |                 ^^^^^^^^^^^^^^
[INFO] [stdout] 
[INFO] [stdout] 
[INFO] [stdout] error: cannot find macro `f` in this scope
[INFO] [stdout]    --> Examples/Arduboy-Tutorials/tone/src/lib.rs:421:19
[INFO] [stdout]     |
[INFO] [stdout] 421 |     arduboy.print(f!(b"tonesInRAM(inRAM)\n\nA: change notes\nB: break\0"));
[INFO] [stdout]     |                   ^
[INFO] [stdout] 
[INFO] [stdout] 
[INFO] [stdout] error: cannot find macro `get_tones_addr` in this scope
[INFO] [stdout]    --> Examples/Arduboy-Tutorials/tone/src/lib.rs:419:24
[INFO] [stdout]     |
[INFO] [stdout] 419 |     sound.tones_in_ram(get_tones_addr!(in_ram) as *mut u32);
[INFO] [stdout]     |                        ^^^^^^^^^^^^^^
[INFO] [stdout] 
[INFO] [stdout] 
[INFO] [stdout] error: cannot find macro `get_tones_addr` in this scope
[INFO] [stdout]    --> Examples/Arduboy-Tutorials/tone/src/lib.rs:410:25
[INFO] [stdout]     |
[INFO] [stdout] 410 |             sound.tones(get_tones_addr!(allNotes));
[INFO] [stdout]     |                         ^^^^^^^^^^^^^^
[INFO] [stdout] 
[INFO] [stdout] 
[INFO] [stdout] error: cannot find macro `get_tones_addr` in this scope
[INFO] [stdout]    --> Examples/Arduboy-Tutorials/tone/src/lib.rs:407:25
[INFO] [stdout]     |
[INFO] [stdout] 407 |             sound.tones(get_tones_addr!(allNotes));
[INFO] [stdout]     |                         ^^^^^^^^^^^^^^
[INFO] [stdout] 
[INFO] [stdout] 
[INFO] [stdout] error: cannot find macro `f` in this scope
[INFO] [stdout]    --> Examples/Arduboy-Tutorials/tone/src/lib.rs:400:19
[INFO] [stdout]     |
[INFO] [stdout] 400 |     arduboy.print(f!(
[INFO] [stdout]     |                   ^
[INFO] [stdout] 
[INFO] [stdout] 
[INFO] [stdout] error: cannot find macro `get_tones_addr` in this scope
[INFO] [stdout]    --> Examples/Arduboy-Tutorials/tone/src/lib.rs:398:17
[INFO] [stdout]     |
[INFO] [stdout] 398 |     sound.tones(get_tones_addr!(allNotes));
[INFO] [stdout]     |                 ^^^^^^^^^^^^^^
[INFO] [stdout] 
[INFO] [stdout] 
[INFO] [stdout] error: cannot find macro `f` in this scope
[INFO] [stdout]    --> Examples/Arduboy-Tutorials/tone/src/lib.rs:386:19
[INFO] [stdout]     |
[INFO] [stdout] 386 |     arduboy.print(f!(
[INFO] [stdout]     |                   ^
[INFO] [stdout] 
[INFO] [stdout] 
[INFO] [stdout] error: cannot find macro `f` in this scope
[INFO] [stdout]    --> Examples/Arduboy-Tutorials/tone/src/lib.rs:374:19
[INFO] [stdout]     |
[INFO] [stdout] 374 |     arduboy.print(f!(b"tone(C4,500,C5H,5000)\n\nB: no_tone(), break\0"));
[INFO] [stdout]     |                   ^
[INFO] [stdout] 
[INFO] [stdout] 
[INFO] [stdout] error: cannot find macro `f` in this scope
[INFO] [stdout]    --> Examples/Arduboy-Tutorials/tone/src/lib.rs:363:19
[INFO] [stdout]     |
[INFO] [stdout] 363 |     arduboy.print(f!(b"tone(500, 4000)\n\nB: break\0"));
[INFO] [stdout]     |                   ^
[INFO] [stdout] 
[INFO] [stdout] 
[INFO] [stdout] error: cannot find macro `f` in this scope
[INFO] [stdout]    --> Examples/Arduboy-Tutorials/tone/src/lib.rs:349:19
[INFO] [stdout]     |
[INFO] [stdout] 349 |     arduboy.print(f!(
[INFO] [stdout]     |                   ^
[INFO] [stdout] 
[INFO] [stdout] 
[INFO] [stdout] error: cannot find macro `progmem` in this scope
[INFO] [stdout]   --> Examples/Arduboy-Tutorials/tone/src/lib.rs:12:1
[INFO] [stdout]    |
[INFO] [stdout] 12 | progmem!(
[INFO] [stdout]    | ^^^^^^^
[INFO] [stdout] 
[INFO] [stdout] 
[INFO] [stdout] error[E0412]: cannot find type `Arduboy2` in this scope
[INFO] [stdout]  --> Examples/Arduboy-Tutorials/tone/src/lib.rs:8:16
[INFO] [stdout]   |
[INFO] [stdout] 8 | const arduboy: Arduboy2 = Arduboy2::new();
[INFO] [stdout]   |                ^^^^^^^^ not found in this scope
[INFO] [stdout] 
[INFO] [stdout] 
[INFO] [stdout] error[E0412]: cannot find type `ArduboyTones` in this scope
[INFO] [stdout]  --> Examples/Arduboy-Tutorials/tone/src/lib.rs:9:14
[INFO] [stdout]   |
[INFO] [stdout] 9 | const sound: ArduboyTones = ArduboyTones::new();
[INFO] [stdout]   |              ^^^^^^^^^^^^ not found in this scope
[INFO] [stdout] 
[INFO] [stdout] 
[INFO] [stdout] error[E0433]: failed to resolve: could not resolve path `Arduboy2::new`
[INFO] [stdout]  --> Examples/Arduboy-Tutorials/tone/src/lib.rs:8:27
[INFO] [stdout]   |
[INFO] [stdout] 8 | const arduboy: Arduboy2 = Arduboy2::new();
[INFO] [stdout]   |                           ^^^^^^^^^^^^^ could not resolve path `Arduboy2::new`
[INFO] [stdout]   |
[INFO] [stdout]   = note: this error was originally ignored because you are running `rustdoc`
[INFO] [stdout]   = note: try running again with `rustc` or `cargo check` and you may get a more detailed error
[INFO] [stdout] 
[INFO] [stdout] 
[INFO] [stdout] error[E0433]: failed to resolve: use of undeclared type `Arduboy2`
[INFO] [stdout]  --> Examples/Arduboy-Tutorials/tone/src/lib.rs:8:27
[INFO] [stdout]   |
[INFO] [stdout] 8 | const arduboy: Arduboy2 = Arduboy2::new();
[INFO] [stdout]   |                           ^^^^^^^^ use of undeclared type `Arduboy2`
[INFO] [stdout] 
[INFO] [stdout] 
[INFO] [stdout] error[E0433]: failed to resolve: could not resolve path `ArduboyTones::new`
[INFO] [stdout]  --> Examples/Arduboy-Tutorials/tone/src/lib.rs:9:29
[INFO] [stdout]   |
[INFO] [stdout] 9 | const sound: ArduboyTones = ArduboyTones::new();
[INFO] [stdout]   |                             ^^^^^^^^^^^^^^^^^ could not resolve path `ArduboyTones::new`
[INFO] [stdout]   |
[INFO] [stdout]   = note: this error was originally ignored because you are running `rustdoc`
[INFO] [stdout]   = note: try running again with `rustc` or `cargo check` and you may get a more detailed error
[INFO] [stdout] 
[INFO] [stdout] 
[INFO] [stdout] error[E0433]: failed to resolve: use of undeclared type `ArduboyTones`
[INFO] [stdout]  --> Examples/Arduboy-Tutorials/tone/src/lib.rs:9:29
[INFO] [stdout]   |
[INFO] [stdout] 9 | const sound: ArduboyTones = ArduboyTones::new();
[INFO] [stdout]   |                             ^^^^^^^^^^^^ use of undeclared type `ArduboyTones`
[INFO] [stdout] 
[INFO] [stdout] 
[INFO] [stdout] error: aborting due to 29 previous errors
[INFO] [stdout] 
[INFO] [stdout] 
[INFO] [stdout] Some errors have detailed explanations: E0412, E0432, E0433.
[INFO] [stdout] 
[INFO] [stdout] For more information about an error, try `rustc --explain E0412`.
[INFO] [stdout] 
[INFO] [stderr] error: could not document `tone`
[INFO] [stderr] 
[INFO] [stderr] Caused by:
[INFO] [stderr]   process didn't exit successfully: `/opt/rustwide/rustup-home/toolchains/beta-2023-12-22-x86_64-unknown-linux-gnu/bin/rustdoc --edition=2021 --crate-type staticlib --crate-name tone Examples/Arduboy-Tutorials/tone/src/lib.rs -o /opt/rustwide/target/doc --error-format=json --json=diagnostic-rendered-ansi,artifacts,future-incompat --document-private-items -C metadata=334d11dc40e6d1db -L dependency=/opt/rustwide/target/debug/deps --extern arduboy_rust=/opt/rustwide/target/debug/deps/libarduboy_rust-f8b5a7429b214252.rmeta --cap-lints=warn --crate-version 0.1.0` (exit status: 1)
[INFO] running `Command { std: "docker" "inspect" "1ed3f71b823155bdd8931c53f1af1f5dbf918d04dda3464612356f3ee734aac9", kill_on_drop: false }`
[INFO] running `Command { std: "docker" "rm" "-f" "1ed3f71b823155bdd8931c53f1af1f5dbf918d04dda3464612356f3ee734aac9", kill_on_drop: false }`
[INFO] [stdout] 1ed3f71b823155bdd8931c53f1af1f5dbf918d04dda3464612356f3ee734aac9
