[INFO] cloning repository https://github.com/Zarania/aoc2023
[INFO] running `Command { std: "git" "-c" "credential.helper=" "-c" "credential.helper=/workspace/cargo-home/bin/git-credential-null" "clone" "--bare" "https://github.com/Zarania/aoc2023" "/workspace/cache/git-repos/https%3A%2F%2Fgithub.com%2FZarania%2Faoc2023", kill_on_drop: false }`
[INFO] [stderr] Cloning into bare repository '/workspace/cache/git-repos/https%3A%2F%2Fgithub.com%2FZarania%2Faoc2023'...
[INFO] running `Command { std: "git" "rev-parse" "HEAD", kill_on_drop: false }`
[INFO] [stdout] d13b4d17c16c6e6517c2c4f4c54244200dee0dfc
[INFO] documenting Zarania/aoc2023 against 1.75.0 for beta-1.76-rustdoc-1
[INFO] running `Command { std: "git" "clone" "/workspace/cache/git-repos/https%3A%2F%2Fgithub.com%2FZarania%2Faoc2023" "/workspace/builds/worker-7-tc1/source", kill_on_drop: false }`
[INFO] [stderr] Cloning into '/workspace/builds/worker-7-tc1/source'...
[INFO] [stderr] done.
[INFO] validating manifest of git repo https://github.com/Zarania/aoc2023 on toolchain 1.75.0
[INFO] running `Command { std: CARGO_HOME="/workspace/cargo-home" RUSTUP_HOME="/workspace/rustup-home" "/workspace/cargo-home/bin/cargo" "+1.75.0" "metadata" "--manifest-path" "Cargo.toml" "--no-deps", kill_on_drop: false }`
[INFO] removed /workspace/builds/worker-7-tc1/source/.cargo/config.toml
[INFO] started tweaking git repo https://github.com/Zarania/aoc2023
[INFO] finished tweaking git repo https://github.com/Zarania/aoc2023
[INFO] tweaked toml for git repo https://github.com/Zarania/aoc2023 written to /workspace/builds/worker-7-tc1/source/Cargo.toml
[INFO] crate git repo https://github.com/Zarania/aoc2023 already has a lockfile, it will not be regenerated
[INFO] running `Command { std: CARGO_HOME="/workspace/cargo-home" RUSTUP_HOME="/workspace/rustup-home" "/workspace/cargo-home/bin/cargo" "+1.75.0" "fetch" "--manifest-path" "Cargo.toml", kill_on_drop: false }`
[INFO] running `Command { std: "docker" "create" "-v" "/var/lib/crater-agent-workspace/builds/worker-7-tc1/target:/opt/rustwide/target:rw,Z" "-v" "/var/lib/crater-agent-workspace/builds/worker-7-tc1/source:/opt/rustwide/workdir:ro,Z" "-v" "/var/lib/crater-agent-workspace/cargo-home:/opt/rustwide/cargo-home:ro,Z" "-v" "/var/lib/crater-agent-workspace/rustup-home:/opt/rustwide/rustup-home:ro,Z" "-e" "SOURCE_DIR=/opt/rustwide/workdir" "-e" "CARGO_TARGET_DIR=/opt/rustwide/target" "-e" "CARGO_HOME=/opt/rustwide/cargo-home" "-e" "RUSTUP_HOME=/opt/rustwide/rustup-home" "-w" "/opt/rustwide/workdir" "-m" "1610612736" "--user" "0:0" "--network" "none" "ghcr.io/rust-lang/crates-build-env/linux@sha256:2788e3201cd34a07e3172128adcd8b3090168a8e3bcc40d7c032b9dda1df7d1c" "/opt/rustwide/cargo-home/bin/cargo" "+1.75.0" "metadata" "--no-deps" "--format-version=1", kill_on_drop: false }`
[INFO] [stdout] 3ee06841ebabba99eb5ced47ba6d3b73f29da34422b56ea7f1b7eb2a9f6950b3
[INFO] running `Command { std: "docker" "start" "-a" "3ee06841ebabba99eb5ced47ba6d3b73f29da34422b56ea7f1b7eb2a9f6950b3", kill_on_drop: false }`
[INFO] running `Command { std: "docker" "inspect" "3ee06841ebabba99eb5ced47ba6d3b73f29da34422b56ea7f1b7eb2a9f6950b3", kill_on_drop: false }`
[INFO] running `Command { std: "docker" "rm" "-f" "3ee06841ebabba99eb5ced47ba6d3b73f29da34422b56ea7f1b7eb2a9f6950b3", kill_on_drop: false }`
[INFO] [stdout] 3ee06841ebabba99eb5ced47ba6d3b73f29da34422b56ea7f1b7eb2a9f6950b3
[INFO] running `Command { std: "docker" "create" "-v" "/var/lib/crater-agent-workspace/builds/worker-7-tc1/target:/opt/rustwide/target:rw,Z" "-v" "/var/lib/crater-agent-workspace/builds/worker-7-tc1/source:/opt/rustwide/workdir:ro,Z" "-v" "/var/lib/crater-agent-workspace/cargo-home:/opt/rustwide/cargo-home:ro,Z" "-v" "/var/lib/crater-agent-workspace/rustup-home:/opt/rustwide/rustup-home:ro,Z" "-e" "SOURCE_DIR=/opt/rustwide/workdir" "-e" "CARGO_TARGET_DIR=/opt/rustwide/target" "-e" "CARGO_INCREMENTAL=0" "-e" "RUST_BACKTRACE=full" "-e" "RUSTFLAGS=--cap-lints=warn" "-e" "RUSTDOCFLAGS=--cap-lints=warn" "-e" "CARGO_HOME=/opt/rustwide/cargo-home" "-e" "RUSTUP_HOME=/opt/rustwide/rustup-home" "-w" "/opt/rustwide/workdir" "-m" "1610612736" "--user" "0:0" "--network" "none" "ghcr.io/rust-lang/crates-build-env/linux@sha256:2788e3201cd34a07e3172128adcd8b3090168a8e3bcc40d7c032b9dda1df7d1c" "/opt/rustwide/cargo-home/bin/cargo" "+1.75.0" "doc" "--frozen" "--no-deps" "--document-private-items" "--message-format=json", kill_on_drop: false }`
[INFO] [stdout] 4afddd8ae0d7644d279b8c0539ab8942c89d4d5ff9364d3470d888e2f1bfd0e7
[INFO] running `Command { std: "docker" "start" "-a" "4afddd8ae0d7644d279b8c0539ab8942c89d4d5ff9364d3470d888e2f1bfd0e7", kill_on_drop: false }`
[INFO] [stderr]    Compiling autocfg v1.1.0
[INFO] [stderr]     Checking byteorder v1.5.0
[INFO] [stderr]     Checking smallvec v1.11.2
[INFO] [stderr]     Checking pico-args v0.5.0
[INFO] [stderr]     Checking fxhash v0.2.1
[INFO] [stderr]    Compiling num-traits v0.2.17
[INFO] [stderr]     Checking hashers v1.0.1
[INFO] [stderr]     Checking atoi v2.0.0
[INFO] [stderr]     Checking advent_of_code v0.9.3 (/opt/rustwide/workdir)
[INFO] [stderr]  Documenting advent_of_code v0.9.3 (/opt/rustwide/workdir)
[INFO] [stdout] error[E0554]: `#![feature]` may not be used on the stable release channel
[INFO] [stdout]  --> src/bin/02.rs:1:12
[INFO] [stdout]   |
[INFO] [stdout] 1 | #![feature(iter_advance_by)]
[INFO] [stdout]   |            ^^^^^^^^^^^^^^^
[INFO] [stdout] 
[INFO] [stdout] 
[INFO] [stdout] error[E0554]: `#![feature]` may not be used on the stable release channel
[INFO] [stdout]  --> src/bin/05.rs:1:12
[INFO] [stdout]   |
[INFO] [stdout] 1 | #![feature(iter_array_chunks)]
[INFO] [stdout]   |            ^^^^^^^^^^^^^^^^^
[INFO] [stdout] 
[INFO] [stdout] 
[INFO] [stdout] error: aborting due to previous error
[INFO] [stdout] 
[INFO] [stdout] 
[INFO] [stdout] For more information about this error, try `rustc --explain E0554`.
[INFO] [stdout] 
[INFO] [stdout] error: aborting due to previous error
[INFO] [stdout] 
[INFO] [stdout] 
[INFO] [stdout] For more information about this error, try `rustc --explain E0554`.
[INFO] [stdout] 
[INFO] [stderr] error: could not document `advent_of_code`
[INFO] [stderr] 
[INFO] [stderr] Caused by:
[INFO] [stderr]   process didn't exit successfully: `/opt/rustwide/rustup-home/toolchains/1.75.0-x86_64-unknown-linux-gnu/bin/rustdoc --edition=2021 --crate-type bin --crate-name 02 src/bin/02.rs -o /opt/rustwide/target/doc --error-format=json --json=diagnostic-rendered-ansi,artifacts,future-incompat --document-private-items '-Arustdoc::private-intra-doc-links' -C metadata=31e96c9ae67a4aaa -L dependency=/opt/rustwide/target/debug/deps --extern advent_of_code=/opt/rustwide/target/debug/deps/libadvent_of_code-5471f9622235dc9d.rmeta --extern atoi=/opt/rustwide/target/debug/deps/libatoi-c308a17c20beb779.rmeta --extern hashers=/opt/rustwide/target/debug/deps/libhashers-69fd9265360f92e9.rmeta --extern pico_args=/opt/rustwide/target/debug/deps/libpico_args-724b89669257bf18.rmeta --extern smallvec=/opt/rustwide/target/debug/deps/libsmallvec-2a5789612b770a89.rmeta --cap-lints=warn --crate-version 0.9.3` (exit status: 1)
[INFO] [stderr] warning: build failed, waiting for other jobs to finish...
[INFO] [stderr] error: could not document `advent_of_code`
[INFO] [stderr] 
[INFO] [stderr] Caused by:
[INFO] [stderr]   process didn't exit successfully: `/opt/rustwide/rustup-home/toolchains/1.75.0-x86_64-unknown-linux-gnu/bin/rustdoc --edition=2021 --crate-type bin --crate-name 05 src/bin/05.rs -o /opt/rustwide/target/doc --error-format=json --json=diagnostic-rendered-ansi,artifacts,future-incompat --document-private-items '-Arustdoc::private-intra-doc-links' -C metadata=225520cd84bd46b7 -L dependency=/opt/rustwide/target/debug/deps --extern advent_of_code=/opt/rustwide/target/debug/deps/libadvent_of_code-5471f9622235dc9d.rmeta --extern atoi=/opt/rustwide/target/debug/deps/libatoi-c308a17c20beb779.rmeta --extern hashers=/opt/rustwide/target/debug/deps/libhashers-69fd9265360f92e9.rmeta --extern pico_args=/opt/rustwide/target/debug/deps/libpico_args-724b89669257bf18.rmeta --extern smallvec=/opt/rustwide/target/debug/deps/libsmallvec-2a5789612b770a89.rmeta --cap-lints=warn --crate-version 0.9.3` (exit status: 1)
[INFO] running `Command { std: "docker" "inspect" "4afddd8ae0d7644d279b8c0539ab8942c89d4d5ff9364d3470d888e2f1bfd0e7", kill_on_drop: false }`
[INFO] running `Command { std: "docker" "rm" "-f" "4afddd8ae0d7644d279b8c0539ab8942c89d4d5ff9364d3470d888e2f1bfd0e7", kill_on_drop: false }`
[INFO] [stdout] 4afddd8ae0d7644d279b8c0539ab8942c89d4d5ff9364d3470d888e2f1bfd0e7
[INFO] documenting Zarania/aoc2023 against beta-2023-12-22 for beta-1.76-rustdoc-1
[INFO] running `Command { std: "git" "clone" "/workspace/cache/git-repos/https%3A%2F%2Fgithub.com%2FZarania%2Faoc2023" "/workspace/builds/worker-7-tc2/source", kill_on_drop: false }`
[INFO] [stderr] Cloning into '/workspace/builds/worker-7-tc2/source'...
[INFO] [stderr] done.
[INFO] validating manifest of git repo https://github.com/Zarania/aoc2023 on toolchain beta-2023-12-22
[INFO] running `Command { std: CARGO_HOME="/workspace/cargo-home" RUSTUP_HOME="/workspace/rustup-home" "/workspace/cargo-home/bin/cargo" "+beta-2023-12-22" "metadata" "--manifest-path" "Cargo.toml" "--no-deps", kill_on_drop: false }`
[INFO] removed /workspace/builds/worker-7-tc2/source/.cargo/config.toml
[INFO] started tweaking git repo https://github.com/Zarania/aoc2023
[INFO] finished tweaking git repo https://github.com/Zarania/aoc2023
[INFO] tweaked toml for git repo https://github.com/Zarania/aoc2023 written to /workspace/builds/worker-7-tc2/source/Cargo.toml
[INFO] crate git repo https://github.com/Zarania/aoc2023 already has a lockfile, it will not be regenerated
[INFO] running `Command { std: CARGO_HOME="/workspace/cargo-home" RUSTUP_HOME="/workspace/rustup-home" "/workspace/cargo-home/bin/cargo" "+beta-2023-12-22" "fetch" "--manifest-path" "Cargo.toml", kill_on_drop: false }`
[INFO] running `Command { std: "docker" "create" "-v" "/var/lib/crater-agent-workspace/builds/worker-7-tc2/target:/opt/rustwide/target:rw,Z" "-v" "/var/lib/crater-agent-workspace/builds/worker-7-tc2/source:/opt/rustwide/workdir:ro,Z" "-v" "/var/lib/crater-agent-workspace/cargo-home:/opt/rustwide/cargo-home:ro,Z" "-v" "/var/lib/crater-agent-workspace/rustup-home:/opt/rustwide/rustup-home:ro,Z" "-e" "SOURCE_DIR=/opt/rustwide/workdir" "-e" "CARGO_TARGET_DIR=/opt/rustwide/target" "-e" "CARGO_HOME=/opt/rustwide/cargo-home" "-e" "RUSTUP_HOME=/opt/rustwide/rustup-home" "-w" "/opt/rustwide/workdir" "-m" "1610612736" "--user" "0:0" "--network" "none" "ghcr.io/rust-lang/crates-build-env/linux@sha256:2788e3201cd34a07e3172128adcd8b3090168a8e3bcc40d7c032b9dda1df7d1c" "/opt/rustwide/cargo-home/bin/cargo" "+beta-2023-12-22" "metadata" "--no-deps" "--format-version=1", kill_on_drop: false }`
[INFO] [stdout] 9c36154808681b08b38bc1f75678af923480fad9fdf77d85dadd02077cfe53ed
[INFO] running `Command { std: "docker" "start" "-a" "9c36154808681b08b38bc1f75678af923480fad9fdf77d85dadd02077cfe53ed", kill_on_drop: false }`
[INFO] running `Command { std: "docker" "inspect" "9c36154808681b08b38bc1f75678af923480fad9fdf77d85dadd02077cfe53ed", kill_on_drop: false }`
[INFO] running `Command { std: "docker" "rm" "-f" "9c36154808681b08b38bc1f75678af923480fad9fdf77d85dadd02077cfe53ed", kill_on_drop: false }`
[INFO] [stdout] 9c36154808681b08b38bc1f75678af923480fad9fdf77d85dadd02077cfe53ed
[INFO] running `Command { std: "docker" "create" "-v" "/var/lib/crater-agent-workspace/builds/worker-7-tc2/target:/opt/rustwide/target:rw,Z" "-v" "/var/lib/crater-agent-workspace/builds/worker-7-tc2/source:/opt/rustwide/workdir:ro,Z" "-v" "/var/lib/crater-agent-workspace/cargo-home:/opt/rustwide/cargo-home:ro,Z" "-v" "/var/lib/crater-agent-workspace/rustup-home:/opt/rustwide/rustup-home:ro,Z" "-e" "SOURCE_DIR=/opt/rustwide/workdir" "-e" "CARGO_TARGET_DIR=/opt/rustwide/target" "-e" "CARGO_INCREMENTAL=0" "-e" "RUST_BACKTRACE=full" "-e" "RUSTFLAGS=--cap-lints=warn" "-e" "RUSTDOCFLAGS=--cap-lints=warn" "-e" "CARGO_HOME=/opt/rustwide/cargo-home" "-e" "RUSTUP_HOME=/opt/rustwide/rustup-home" "-w" "/opt/rustwide/workdir" "-m" "1610612736" "--user" "0:0" "--network" "none" "ghcr.io/rust-lang/crates-build-env/linux@sha256:2788e3201cd34a07e3172128adcd8b3090168a8e3bcc40d7c032b9dda1df7d1c" "/opt/rustwide/cargo-home/bin/cargo" "+beta-2023-12-22" "doc" "--frozen" "--no-deps" "--document-private-items" "--message-format=json", kill_on_drop: false }`
[INFO] [stdout] d2e061c28bffb129a971f2d9e5541abde118696fec906bce1b0ba7e5f87e09b6
[INFO] running `Command { std: "docker" "start" "-a" "d2e061c28bffb129a971f2d9e5541abde118696fec906bce1b0ba7e5f87e09b6", kill_on_drop: false }`
[INFO] [stderr]    Compiling autocfg v1.1.0
[INFO] [stderr]     Checking byteorder v1.5.0
[INFO] [stderr]     Checking smallvec v1.11.2
[INFO] [stderr]     Checking pico-args v0.5.0
[INFO] [stderr]     Checking fxhash v0.2.1
[INFO] [stderr]    Compiling num-traits v0.2.17
[INFO] [stderr]     Checking hashers v1.0.1
[INFO] [stderr]     Checking atoi v2.0.0
[INFO] [stderr]     Checking advent_of_code v0.9.3 (/opt/rustwide/workdir)
[INFO] [stderr]  Documenting advent_of_code v0.9.3 (/opt/rustwide/workdir)
[INFO] [stdout] error[E0554]: `#![feature]` may not be used on the beta release channel
[INFO] [stdout]  --> src/bin/02.rs:1:12
[INFO] [stdout]   |
[INFO] [stdout] 1 | #![feature(iter_advance_by)]
[INFO] [stdout]   |            ^^^^^^^^^^^^^^^
[INFO] [stdout] 
[INFO] [stdout] 
[INFO] [stdout] error[E0554]: `#![feature]` may not be used on the beta release channel
[INFO] [stdout]  --> src/bin/05.rs:1:12
[INFO] [stdout]   |
[INFO] [stdout] 1 | #![feature(iter_array_chunks)]
[INFO] [stdout]   |            ^^^^^^^^^^^^^^^^^
[INFO] [stdout] 
[INFO] [stdout] 
[INFO] [stdout] error: aborting due to 1 previous error
[INFO] [stdout] 
[INFO] [stdout] 
[INFO] [stdout] For more information about this error, try `rustc --explain E0554`.
[INFO] [stdout] 
[INFO] [stdout] error: aborting due to 1 previous error
[INFO] [stdout] 
[INFO] [stdout] 
[INFO] [stdout] For more information about this error, try `rustc --explain E0554`.
[INFO] [stdout] 
[INFO] [stderr] error: could not document `advent_of_code`
[INFO] [stderr] 
[INFO] [stderr] Caused by:
[INFO] [stderr]   process didn't exit successfully: `/opt/rustwide/rustup-home/toolchains/beta-2023-12-22-x86_64-unknown-linux-gnu/bin/rustdoc --edition=2021 --crate-type bin --crate-name 02 src/bin/02.rs -o /opt/rustwide/target/doc --error-format=json --json=diagnostic-rendered-ansi,artifacts,future-incompat --document-private-items '-Arustdoc::private-intra-doc-links' -C metadata=5e34a4c096277f86 -L dependency=/opt/rustwide/target/debug/deps --extern advent_of_code=/opt/rustwide/target/debug/deps/libadvent_of_code-509bf27bc1f6748d.rmeta --extern atoi=/opt/rustwide/target/debug/deps/libatoi-cb4b8a053b3e16b4.rmeta --extern hashers=/opt/rustwide/target/debug/deps/libhashers-edfc3bc8a545f02f.rmeta --extern pico_args=/opt/rustwide/target/debug/deps/libpico_args-3448d724722086a6.rmeta --extern smallvec=/opt/rustwide/target/debug/deps/libsmallvec-d4981b94b0244f13.rmeta --cap-lints=warn --crate-version 0.9.3` (exit status: 1)
[INFO] [stderr] warning: build failed, waiting for other jobs to finish...
[INFO] [stderr] error: could not document `advent_of_code`
[INFO] [stderr] 
[INFO] [stderr] Caused by:
[INFO] [stderr]   process didn't exit successfully: `/opt/rustwide/rustup-home/toolchains/beta-2023-12-22-x86_64-unknown-linux-gnu/bin/rustdoc --edition=2021 --crate-type bin --crate-name 05 src/bin/05.rs -o /opt/rustwide/target/doc --error-format=json --json=diagnostic-rendered-ansi,artifacts,future-incompat --document-private-items '-Arustdoc::private-intra-doc-links' -C metadata=3187bf58e4190543 -L dependency=/opt/rustwide/target/debug/deps --extern advent_of_code=/opt/rustwide/target/debug/deps/libadvent_of_code-509bf27bc1f6748d.rmeta --extern atoi=/opt/rustwide/target/debug/deps/libatoi-cb4b8a053b3e16b4.rmeta --extern hashers=/opt/rustwide/target/debug/deps/libhashers-edfc3bc8a545f02f.rmeta --extern pico_args=/opt/rustwide/target/debug/deps/libpico_args-3448d724722086a6.rmeta --extern smallvec=/opt/rustwide/target/debug/deps/libsmallvec-d4981b94b0244f13.rmeta --cap-lints=warn --crate-version 0.9.3` (exit status: 1)
[INFO] running `Command { std: "docker" "inspect" "d2e061c28bffb129a971f2d9e5541abde118696fec906bce1b0ba7e5f87e09b6", kill_on_drop: false }`
[INFO] running `Command { std: "docker" "rm" "-f" "d2e061c28bffb129a971f2d9e5541abde118696fec906bce1b0ba7e5f87e09b6", kill_on_drop: false }`
[INFO] [stdout] d2e061c28bffb129a971f2d9e5541abde118696fec906bce1b0ba7e5f87e09b6
