[INFO] cloning repository https://github.com/ZOTTCE/fivem-wasm
[INFO] running `Command { std: "git" "-c" "credential.helper=" "-c" "credential.helper=/workspace/cargo-home/bin/git-credential-null" "clone" "--bare" "https://github.com/ZOTTCE/fivem-wasm" "/workspace/cache/git-repos/https%3A%2F%2Fgithub.com%2FZOTTCE%2Ffivem-wasm", kill_on_drop: false }`
[INFO] [stderr] Cloning into bare repository '/workspace/cache/git-repos/https%3A%2F%2Fgithub.com%2FZOTTCE%2Ffivem-wasm'...
[INFO] running `Command { std: "git" "rev-parse" "HEAD", kill_on_drop: false }`
[INFO] [stdout] da237fc8b153d8f3edbf90c9f7e5276c17c11c5e
[INFO] documenting ZOTTCE/fivem-wasm against 1.75.0 for beta-1.76-rustdoc-1
[INFO] running `Command { std: "git" "clone" "/workspace/cache/git-repos/https%3A%2F%2Fgithub.com%2FZOTTCE%2Ffivem-wasm" "/workspace/builds/worker-6-tc1/source", kill_on_drop: false }`
[INFO] [stderr] Cloning into '/workspace/builds/worker-6-tc1/source'...
[INFO] [stderr] done.
[INFO] validating manifest of git repo https://github.com/ZOTTCE/fivem-wasm on toolchain 1.75.0
[INFO] running `Command { std: CARGO_HOME="/workspace/cargo-home" RUSTUP_HOME="/workspace/rustup-home" "/workspace/cargo-home/bin/cargo" "+1.75.0" "metadata" "--manifest-path" "Cargo.toml" "--no-deps", kill_on_drop: false }`
[INFO] started tweaking git repo https://github.com/ZOTTCE/fivem-wasm
[INFO] finished tweaking git repo https://github.com/ZOTTCE/fivem-wasm
[INFO] tweaked toml for git repo https://github.com/ZOTTCE/fivem-wasm written to /workspace/builds/worker-6-tc1/source/Cargo.toml
[INFO] crate git repo https://github.com/ZOTTCE/fivem-wasm already has a lockfile, it will not be regenerated
[INFO] running `Command { std: CARGO_HOME="/workspace/cargo-home" RUSTUP_HOME="/workspace/rustup-home" "/workspace/cargo-home/bin/cargo" "+1.75.0" "fetch" "--manifest-path" "Cargo.toml", kill_on_drop: false }`
[INFO] [stderr]     Updating crates.io index
[INFO] [stderr]  Downloading crates ...
[INFO] [stderr]   Downloaded joaat v0.1.0
[INFO] [stderr]   Downloaded easybench v1.1.0
[INFO] [stderr]   Downloaded rmp-serde v0.15.4
[INFO] [stderr]   Downloaded rmp v0.8.10
[INFO] [stderr]   Downloaded full_moon_derive v0.7.0
[INFO] [stderr]   Downloaded cfx-wasm-rt-types v0.1.0
[INFO] [stderr]   Downloaded full_moon v0.11.0
[INFO] running `Command { std: "docker" "create" "-v" "/var/lib/crater-agent-workspace/builds/worker-6-tc1/target:/opt/rustwide/target:rw,Z" "-v" "/var/lib/crater-agent-workspace/builds/worker-6-tc1/source:/opt/rustwide/workdir:ro,Z" "-v" "/var/lib/crater-agent-workspace/cargo-home:/opt/rustwide/cargo-home:ro,Z" "-v" "/var/lib/crater-agent-workspace/rustup-home:/opt/rustwide/rustup-home:ro,Z" "-e" "SOURCE_DIR=/opt/rustwide/workdir" "-e" "CARGO_TARGET_DIR=/opt/rustwide/target" "-e" "CARGO_HOME=/opt/rustwide/cargo-home" "-e" "RUSTUP_HOME=/opt/rustwide/rustup-home" "-w" "/opt/rustwide/workdir" "-m" "1610612736" "--user" "0:0" "--network" "none" "ghcr.io/rust-lang/crates-build-env/linux@sha256:2788e3201cd34a07e3172128adcd8b3090168a8e3bcc40d7c032b9dda1df7d1c" "/opt/rustwide/cargo-home/bin/cargo" "+1.75.0" "metadata" "--no-deps" "--format-version=1", kill_on_drop: false }`
[INFO] [stdout] 513b3ce8cc40b56034941515df7e1c43562b3685433b5f3f824f4be86bd740d7
[INFO] running `Command { std: "docker" "start" "-a" "513b3ce8cc40b56034941515df7e1c43562b3685433b5f3f824f4be86bd740d7", kill_on_drop: false }`
[INFO] running `Command { std: "docker" "inspect" "513b3ce8cc40b56034941515df7e1c43562b3685433b5f3f824f4be86bd740d7", kill_on_drop: false }`
[INFO] running `Command { std: "docker" "rm" "-f" "513b3ce8cc40b56034941515df7e1c43562b3685433b5f3f824f4be86bd740d7", kill_on_drop: false }`
[INFO] [stdout] 513b3ce8cc40b56034941515df7e1c43562b3685433b5f3f824f4be86bd740d7
[INFO] running `Command { std: "docker" "create" "-v" "/var/lib/crater-agent-workspace/builds/worker-6-tc1/target:/opt/rustwide/target:rw,Z" "-v" "/var/lib/crater-agent-workspace/builds/worker-6-tc1/source:/opt/rustwide/workdir:ro,Z" "-v" "/var/lib/crater-agent-workspace/cargo-home:/opt/rustwide/cargo-home:ro,Z" "-v" "/var/lib/crater-agent-workspace/rustup-home:/opt/rustwide/rustup-home:ro,Z" "-e" "SOURCE_DIR=/opt/rustwide/workdir" "-e" "CARGO_TARGET_DIR=/opt/rustwide/target" "-e" "CARGO_INCREMENTAL=0" "-e" "RUST_BACKTRACE=full" "-e" "RUSTFLAGS=--cap-lints=warn" "-e" "RUSTDOCFLAGS=--cap-lints=warn" "-e" "CARGO_HOME=/opt/rustwide/cargo-home" "-e" "RUSTUP_HOME=/opt/rustwide/rustup-home" "-w" "/opt/rustwide/workdir" "-m" "1610612736" "--user" "0:0" "--network" "none" "ghcr.io/rust-lang/crates-build-env/linux@sha256:2788e3201cd34a07e3172128adcd8b3090168a8e3bcc40d7c032b9dda1df7d1c" "/opt/rustwide/cargo-home/bin/cargo" "+1.75.0" "doc" "--frozen" "--no-deps" "--document-private-items" "--message-format=json", kill_on_drop: false }`
[INFO] [stdout] f04f3f88c6576fccf9177b44f35f45b8ce8d98ea552fc6b377f0b368e3272fdf
[INFO] running `Command { std: "docker" "start" "-a" "f04f3f88c6576fccf9177b44f35f45b8ce8d98ea552fc6b377f0b368e3272fdf", kill_on_drop: false }`
[INFO] [stderr]    Compiling proc-macro2 v1.0.26
[INFO] [stderr]    Compiling syn v1.0.71
[INFO] [stderr]    Compiling serde_derive v1.0.125
[INFO] [stderr]    Compiling serde v1.0.125
[INFO] [stderr]    Compiling num-traits v0.2.14
[INFO] [stderr]     Checking futures-core v0.3.14
[INFO] [stderr]    Compiling memchr v2.4.0
[INFO] [stderr]     Checking futures-sink v0.3.14
[INFO] [stderr]     Checking slab v0.4.3
[INFO] [stderr]     Checking futures-channel v0.3.14
[INFO] [stderr]     Checking futures-io v0.3.14
[INFO] [stderr]     Checking futures-task v0.3.14
[INFO] [stderr]     Checking byteorder v1.4.3
[INFO] [stderr]     Checking pin-project-lite v0.2.6
[INFO] [stderr]    Compiling indexmap v1.6.2
[INFO] [stderr]    Compiling hashbrown v0.9.1
[INFO] [stderr]    Compiling peg-runtime v0.7.0
[INFO] [stderr]    Compiling paste-impl v0.1.18
[INFO] [stderr]     Checking either v1.6.1
[INFO] [stderr]     Checking bytecount v0.5.1
[INFO] [stderr]     Checking itertools v0.10.0
[INFO] [stderr]     Checking easybench v1.1.0
[INFO] [stderr]     Checking dotenv v0.15.0
[INFO] [stderr]     Checking joaat v0.1.0
[INFO] [stderr]    Compiling quote v1.0.9
[INFO] [stderr]     Checking convert_case v0.4.0
[INFO] [stderr]     Checking paste v0.1.18
[INFO] [stderr]    Compiling peg-macros v0.7.0
[INFO] [stderr]     Checking rmp v0.8.10
[INFO] [stderr]     Checking peg v0.7.0
[INFO] [stderr]    Compiling futures-macro v0.3.14
[INFO] [stderr]    Compiling async-stream-impl v0.3.1
[INFO] [stderr]    Compiling full_moon_derive v0.7.0
[INFO] [stderr]    Compiling derive_more v0.99.14
[INFO] [stderr]     Checking async-stream v0.3.1
[INFO] [stderr]     Checking futures-util v0.3.14
[INFO] [stderr]     Checking futures-executor v0.3.14
[INFO] [stderr]     Checking futures v0.3.14
[INFO] [stderr]     Checking rmp-serde v0.15.4
[INFO] [stderr]     Checking serde_bytes v0.11.5
[INFO] [stderr]     Checking full_moon v0.11.0
[INFO] [stderr]     Checking cfx-wasm-rt-types v0.1.0
[INFO] [stderr]     Checking cfx-core v0.2.0 (/opt/rustwide/workdir/bindings/core)
[INFO] [stderr]  Documenting cfx-core v0.2.0 (/opt/rustwide/workdir/bindings/core)
[INFO] [stdout] warning: fields `source` and `payload` are never read
[INFO] [stdout]   --> bindings/core/src/events.rs:62:5
[INFO] [stdout]    |
[INFO] [stdout] 61 | pub struct EventOwned<T: DeserializeOwned> {
[INFO] [stdout]    |            ---------- fields in this struct
[INFO] [stdout] 62 |     source: String,
[INFO] [stdout]    |     ^^^^^^
[INFO] [stdout] 63 |     payload: T,
[INFO] [stdout]    |     ^^^^^^^
[INFO] [stdout]    |
[INFO] [stdout]    = note: `#[warn(dead_code)]` on by default
[INFO] [stdout] 
[INFO] [stdout] 
[INFO] [stdout] warning: field `inner` is never read
[INFO] [stdout]   --> bindings/core/src/ref_funcs.rs:49:5
[INFO] [stdout]    |
[INFO] [stdout] 47 | pub struct RefFunction {
[INFO] [stdout]    |            ----------- field in this struct
[INFO] [stdout] 48 |     name: String,
[INFO] [stdout] 49 |     inner: Rc<InnerRefFunction>,
[INFO] [stdout]    |     ^^^^^
[INFO] [stdout]    |
[INFO] [stdout]    = note: `RefFunction` has a derived impl for the trait `Clone`, but this is intentionally ignored during dead code analysis
[INFO] [stdout] 
[INFO] [stdout] 
[INFO] [stdout] warning: 2 warnings emitted
[INFO] [stdout] 
[INFO] [stdout] 
[INFO] [stderr]     Checking cfx-client v0.2.0 (/opt/rustwide/workdir/bindings/client)
[INFO] [stderr]     Checking cfx-server v0.2.0 (/opt/rustwide/workdir/bindings/server)
[INFO] [stderr]  Documenting cfx-client v0.2.0 (/opt/rustwide/workdir/bindings/client)
[INFO] [stderr]  Documenting cfx-server v0.2.0 (/opt/rustwide/workdir/bindings/server)
[INFO] [stdout] error[E0583]: file not found for module `natives`
[INFO] [stdout]  --> bindings/client/src/lib.rs:2:1
[INFO] [stdout]   |
[INFO] [stdout] 2 | pub mod natives;
[INFO] [stdout]   | ^^^^^^^^^^^^^^^^
[INFO] [stdout]   |
[INFO] [stdout]   = help: to create the module `natives`, create file "bindings/client/src/natives.rs" or "bindings/client/src/natives/mod.rs"
[INFO] [stdout]   = note: if there is a `mod natives` elsewhere in the crate already, import it with `use crate::...` instead
[INFO] [stdout] 
[INFO] [stdout] 
[INFO] [stdout] error[E0583]: file not found for module `natives`
[INFO] [stdout]  --> bindings/server/src/lib.rs:3:1
[INFO] [stdout]   |
[INFO] [stdout] 3 | pub mod natives;
[INFO] [stdout]   | ^^^^^^^^^^^^^^^^
[INFO] [stdout]   |
[INFO] [stdout]   = help: to create the module `natives`, create file "bindings/server/src/natives.rs" or "bindings/server/src/natives/mod.rs"
[INFO] [stdout]   = note: if there is a `mod natives` elsewhere in the crate already, import it with `use crate::...` instead
[INFO] [stdout] 
[INFO] [stdout] 
[INFO] [stdout] error[E0583]: file not found for module `natives`
[INFO] [stdout]  --> bindings/server/src/lib.rs:3:1
[INFO] [stdout]   |
[INFO] [stdout] 3 | pub mod natives;
[INFO] [stdout]   | ^^^^^^^^^^^^^^^^
[INFO] [stdout]   |
[INFO] [stdout]   = help: to create the module `natives`, create file "bindings/server/src/natives.rs" or "bindings/server/src/natives/mod.rs"
[INFO] [stdout]   = note: if there is a `mod natives` elsewhere in the crate already, import it with `use crate::...` instead
[INFO] [stdout] 
[INFO] [stdout] 
[INFO] [stdout] error[E0583]: file not found for module `natives`
[INFO] [stdout]  --> bindings/client/src/lib.rs:2:1
[INFO] [stdout]   |
[INFO] [stdout] 2 | pub mod natives;
[INFO] [stdout]   | ^^^^^^^^^^^^^^^^
[INFO] [stdout]   |
[INFO] [stdout]   = help: to create the module `natives`, create file "bindings/client/src/natives.rs" or "bindings/client/src/natives/mod.rs"
[INFO] [stdout]   = note: if there is a `mod natives` elsewhere in the crate already, import it with `use crate::...` instead
[INFO] [stdout] 
[INFO] [stdout] 
[INFO] [stdout] error[E0432]: unresolved imports `crate::natives::player`, `crate::natives::streaming`, `crate::natives::task`
[INFO] [stdout]  --> bindings/client/src/task.rs:1:22
[INFO] [stdout]   |
[INFO] [stdout] 1 | use crate::natives::{player::*, streaming::*, task::*};
[INFO] [stdout]   |                      ^^^^^^     ^^^^^^^^^     ^^^^ could not find `task` in `natives`
[INFO] [stdout]   |                      |          |
[INFO] [stdout]   |                      |          could not find `streaming` in `natives`
[INFO] [stdout]   |                      could not find `player` in `natives`
[INFO] [stdout] 
[INFO] [stdout] 
[INFO] [stdout] error[E0432]: unresolved imports `crate::natives::player`, `crate::natives::streaming`, `crate::natives::task`
[INFO] [stdout]  --> bindings/client/src/task.rs:1:22
[INFO] [stdout]   |
[INFO] [stdout] 1 | use crate::natives::{player::*, streaming::*, task::*};
[INFO] [stdout]   |                      ^^^^^^     ^^^^^^^^^     ^^^^ could not find `task` in `natives`
[INFO] [stdout]   |                      |          |
[INFO] [stdout]   |                      |          could not find `streaming` in `natives`
[INFO] [stdout]   |                      could not find `player` in `natives`
[INFO] [stdout] 
[INFO] [stdout] 
[INFO] [stdout] error[E0433]: failed to resolve: could not find `cfx` in `natives`
[INFO] [stdout]   --> bindings/server/src/lib.rs:36:18
[INFO] [stdout]    |
[INFO] [stdout] 36 |         natives::cfx::trigger_client_event_internal(
[INFO] [stdout]    |                  ^^^ could not find `cfx` in `natives`
[INFO] [stdout] 
[INFO] [stdout] 
[INFO] [stdout] error[E0433]: failed to resolve: could not find `task` in `natives`
[INFO] [stdout]   --> bindings/client/src/task.rs:89:31
[INFO] [stdout]    |
[INFO] [stdout] 89 |         while crate::natives::task::get_sequence_progress(ped) != -1 {
[INFO] [stdout]    |                               ^^^^ could not find `task` in `natives`
[INFO] [stdout] 
[INFO] [stdout] 
[INFO] [stdout] error[E0433]: failed to resolve: could not find `cfx` in `natives`
[INFO] [stdout]  --> bindings/client/src/lib.rs:7:18
[INFO] [stdout]   |
[INFO] [stdout] 7 |         natives::cfx::trigger_server_event_internal(
[INFO] [stdout]   |                  ^^^ could not find `cfx` in `natives`
[INFO] [stdout] 
[INFO] [stdout] 
[INFO] [stdout] error: aborting due to 2 previous errors
[INFO] [stdout] 
[INFO] [stdout] 
[INFO] [stdout] Some errors have detailed explanations: E0432, E0583.
[INFO] [stdout] 
[INFO] [stdout] For more information about an error, try `rustc --explain E0432`.
[INFO] [stdout] 
[INFO] [stdout] error: aborting due to previous error
[INFO] [stdout] 
[INFO] [stdout] 
[INFO] [stdout] For more information about this error, try `rustc --explain E0583`.
[INFO] [stdout] 
[INFO] [stderr] error: could not document `cfx-client`
[INFO] [stderr] 
[INFO] [stderr] Caused by:
[INFO] [stderr]   process didn't exit successfully: `/opt/rustwide/rustup-home/toolchains/1.75.0-x86_64-unknown-linux-gnu/bin/rustdoc --edition=2018 --crate-type lib --crate-name cfx_client bindings/client/src/lib.rs -o /opt/rustwide/target/doc --error-format=json --json=diagnostic-rendered-ansi,artifacts,future-incompat --document-private-items -C metadata=4c61a890760714c6 -L dependency=/opt/rustwide/target/debug/deps --extern cfx_core=/opt/rustwide/target/debug/deps/libcfx_core-a05b3c6968331033.rmeta --extern futures=/opt/rustwide/target/debug/deps/libfutures-5abb0bd6fd38a247.rmeta --extern rmp_serde=/opt/rustwide/target/debug/deps/librmp_serde-be97291c71bcfc25.rmeta --extern serde=/opt/rustwide/target/debug/deps/libserde-8f8628bf3a7dacf4.rmeta --cap-lints=warn --crate-version 0.2.0` (exit status: 1)
[INFO] [stderr] warning: build failed, waiting for other jobs to finish...
[INFO] [stderr] error: could not document `cfx-server`
[INFO] [stderr] 
[INFO] [stderr] Caused by:
[INFO] [stderr]   process didn't exit successfully: `/opt/rustwide/rustup-home/toolchains/1.75.0-x86_64-unknown-linux-gnu/bin/rustdoc --edition=2018 --crate-type lib --crate-name cfx_server bindings/server/src/lib.rs -o /opt/rustwide/target/doc --error-format=json --json=diagnostic-rendered-ansi,artifacts,future-incompat --document-private-items -C metadata=82b7cc246b85ae29 -L dependency=/opt/rustwide/target/debug/deps --extern cfx_core=/opt/rustwide/target/debug/deps/libcfx_core-a05b3c6968331033.rmeta --extern futures=/opt/rustwide/target/debug/deps/libfutures-5abb0bd6fd38a247.rmeta --extern rmp_serde=/opt/rustwide/target/debug/deps/librmp_serde-be97291c71bcfc25.rmeta --extern serde=/opt/rustwide/target/debug/deps/libserde-8f8628bf3a7dacf4.rmeta --cap-lints=warn --crate-version 0.2.0` (exit status: 1)
[INFO] [stdout] error: aborting due to 2 previous errors
[INFO] [stdout] 
[INFO] [stdout] 
[INFO] [stdout] Some errors have detailed explanations: E0433, E0583.
[INFO] [stdout] 
[INFO] [stdout] For more information about an error, try `rustc --explain E0433`.
[INFO] [stdout] 
[INFO] [stderr] error: could not compile `cfx-server` (lib) due to 3 previous errors
[INFO] [stdout] error[E0425]: cannot find function `request_anim_dict` in this scope
[INFO] [stdout]   --> bindings/client/src/task.rs:42:9
[INFO] [stdout]    |
[INFO] [stdout] 42 |         request_anim_dict(anim_dict);
[INFO] [stdout]    |         ^^^^^^^^^^^^^^^^^ not found in this scope
[INFO] [stdout] 
[INFO] [stdout] 
[INFO] [stdout] error[E0425]: cannot find function `has_anim_dict_loaded` in this scope
[INFO] [stdout]   --> bindings/client/src/task.rs:44:16
[INFO] [stdout]    |
[INFO] [stdout] 44 |         while !has_anim_dict_loaded(anim_dict) {
[INFO] [stdout]    |                ^^^^^^^^^^^^^^^^^^^^ not found in this scope
[INFO] [stdout] 
[INFO] [stdout] 
[INFO] [stdout] error[E0425]: cannot find function `task_play_anim` in this scope
[INFO] [stdout]   --> bindings/client/src/task.rs:48:9
[INFO] [stdout]    |
[INFO] [stdout] 48 |         task_play_anim(
[INFO] [stdout]    |         ^^^^^^^^^^^^^^ not found in this scope
[INFO] [stdout] 
[INFO] [stdout] 
[INFO] [stdout] error[E0425]: cannot find function `player_ped_id` in this scope
[INFO] [stdout]   --> bindings/client/src/task.rs:87:19
[INFO] [stdout]    |
[INFO] [stdout] 87 |         let ped = player_ped_id();
[INFO] [stdout]    |                   ^^^^^^^^^^^^^ not found in this scope
[INFO] [stdout] 
[INFO] [stdout] 
[INFO] [stdout] error[E0425]: cannot find function `open_sequence_task` in this scope
[INFO] [stdout]   --> bindings/client/src/task.rs:14:9
[INFO] [stdout]    |
[INFO] [stdout] 14 |         open_sequence_task(&mut sequence);
[INFO] [stdout]    |         ^^^^^^^^^^^^^^^^^^ not found in this scope
[INFO] [stdout] 
[INFO] [stdout] 
[INFO] [stdout] error[E0425]: cannot find function `player_ped_id` in this scope
[INFO] [stdout]   --> bindings/client/src/task.rs:71:19
[INFO] [stdout]    |
[INFO] [stdout] 71 |         let ped = player_ped_id();
[INFO] [stdout]    |                   ^^^^^^^^^^^^^ not found in this scope
[INFO] [stdout] 
[INFO] [stdout] 
[INFO] [stdout] error[E0425]: cannot find function `clear_ped_tasks` in this scope
[INFO] [stdout]   --> bindings/client/src/task.rs:74:13
[INFO] [stdout]    |
[INFO] [stdout] 74 |             clear_ped_tasks(ped);
[INFO] [stdout]    |             ^^^^^^^^^^^^^^^ help: a local variable with a similar name exists: `clear_tasks`
[INFO] [stdout] 
[INFO] [stdout] 
[INFO] [stdout] error[E0425]: cannot find function `set_sequence_to_repeat` in this scope
[INFO] [stdout]   --> bindings/client/src/task.rs:77:9
[INFO] [stdout]    |
[INFO] [stdout] 77 |         set_sequence_to_repeat(self.sequence, self.repeat);
[INFO] [stdout]    |         ^^^^^^^^^^^^^^^^^^^^^^ not found in this scope
[INFO] [stdout] 
[INFO] [stdout] 
[INFO] [stdout] error[E0425]: cannot find function `close_sequence_task` in this scope
[INFO] [stdout]   --> bindings/client/src/task.rs:78:9
[INFO] [stdout]    |
[INFO] [stdout] 78 |         close_sequence_task(self.sequence);
[INFO] [stdout]    |         ^^^^^^^^^^^^^^^^^^^ not found in this scope
[INFO] [stdout] 
[INFO] [stdout] 
[INFO] [stdout] error[E0425]: cannot find function `task_perform_sequence` in this scope
[INFO] [stdout]   --> bindings/client/src/task.rs:79:9
[INFO] [stdout]    |
[INFO] [stdout] 79 |         task_perform_sequence(ped, self.sequence);
[INFO] [stdout]    |         ^^^^^^^^^^^^^^^^^^^^^ not found in this scope
[INFO] [stdout] 
[INFO] [stdout] 
[INFO] [stdout] error[E0425]: cannot find function `clear_sequence_task` in this scope
[INFO] [stdout]   --> bindings/client/src/task.rs:97:9
[INFO] [stdout]    |
[INFO] [stdout] 97 |         clear_sequence_task(&mut self.sequence);
[INFO] [stdout]    |         ^^^^^^^^^^^^^^^^^^^ not found in this scope
[INFO] [stdout] 
[INFO] [stdout] 
[INFO] [stdout] error: aborting due to 15 previous errors
[INFO] [stdout] 
[INFO] [stdout] 
[INFO] [stdout] Some errors have detailed explanations: E0425, E0432, E0433, E0583.
[INFO] [stdout] 
[INFO] [stdout] For more information about an error, try `rustc --explain E0425`.
[INFO] [stdout] 
[INFO] [stderr] error: could not compile `cfx-client` (lib) due to 16 previous errors
[INFO] running `Command { std: "docker" "inspect" "f04f3f88c6576fccf9177b44f35f45b8ce8d98ea552fc6b377f0b368e3272fdf", kill_on_drop: false }`
[INFO] running `Command { std: "docker" "rm" "-f" "f04f3f88c6576fccf9177b44f35f45b8ce8d98ea552fc6b377f0b368e3272fdf", kill_on_drop: false }`
[INFO] [stdout] f04f3f88c6576fccf9177b44f35f45b8ce8d98ea552fc6b377f0b368e3272fdf
[INFO] documenting ZOTTCE/fivem-wasm against beta-2023-12-22 for beta-1.76-rustdoc-1
[INFO] running `Command { std: "git" "clone" "/workspace/cache/git-repos/https%3A%2F%2Fgithub.com%2FZOTTCE%2Ffivem-wasm" "/workspace/builds/worker-6-tc2/source", kill_on_drop: false }`
[INFO] [stderr] Cloning into '/workspace/builds/worker-6-tc2/source'...
[INFO] [stderr] done.
[INFO] validating manifest of git repo https://github.com/ZOTTCE/fivem-wasm on toolchain beta-2023-12-22
[INFO] running `Command { std: CARGO_HOME="/workspace/cargo-home" RUSTUP_HOME="/workspace/rustup-home" "/workspace/cargo-home/bin/cargo" "+beta-2023-12-22" "metadata" "--manifest-path" "Cargo.toml" "--no-deps", kill_on_drop: false }`
[INFO] started tweaking git repo https://github.com/ZOTTCE/fivem-wasm
[INFO] finished tweaking git repo https://github.com/ZOTTCE/fivem-wasm
[INFO] tweaked toml for git repo https://github.com/ZOTTCE/fivem-wasm written to /workspace/builds/worker-6-tc2/source/Cargo.toml
[INFO] crate git repo https://github.com/ZOTTCE/fivem-wasm already has a lockfile, it will not be regenerated
[INFO] running `Command { std: CARGO_HOME="/workspace/cargo-home" RUSTUP_HOME="/workspace/rustup-home" "/workspace/cargo-home/bin/cargo" "+beta-2023-12-22" "fetch" "--manifest-path" "Cargo.toml", kill_on_drop: false }`
[INFO] running `Command { std: "docker" "create" "-v" "/var/lib/crater-agent-workspace/builds/worker-6-tc2/target:/opt/rustwide/target:rw,Z" "-v" "/var/lib/crater-agent-workspace/builds/worker-6-tc2/source:/opt/rustwide/workdir:ro,Z" "-v" "/var/lib/crater-agent-workspace/cargo-home:/opt/rustwide/cargo-home:ro,Z" "-v" "/var/lib/crater-agent-workspace/rustup-home:/opt/rustwide/rustup-home:ro,Z" "-e" "SOURCE_DIR=/opt/rustwide/workdir" "-e" "CARGO_TARGET_DIR=/opt/rustwide/target" "-e" "CARGO_HOME=/opt/rustwide/cargo-home" "-e" "RUSTUP_HOME=/opt/rustwide/rustup-home" "-w" "/opt/rustwide/workdir" "-m" "1610612736" "--user" "0:0" "--network" "none" "ghcr.io/rust-lang/crates-build-env/linux@sha256:2788e3201cd34a07e3172128adcd8b3090168a8e3bcc40d7c032b9dda1df7d1c" "/opt/rustwide/cargo-home/bin/cargo" "+beta-2023-12-22" "metadata" "--no-deps" "--format-version=1", kill_on_drop: false }`
[INFO] [stdout] 52a01f22f7a5900321bd46ad50a342a946e51029df849e43500729d2d25e2a10
[INFO] running `Command { std: "docker" "start" "-a" "52a01f22f7a5900321bd46ad50a342a946e51029df849e43500729d2d25e2a10", kill_on_drop: false }`
[INFO] running `Command { std: "docker" "inspect" "52a01f22f7a5900321bd46ad50a342a946e51029df849e43500729d2d25e2a10", kill_on_drop: false }`
[INFO] running `Command { std: "docker" "rm" "-f" "52a01f22f7a5900321bd46ad50a342a946e51029df849e43500729d2d25e2a10", kill_on_drop: false }`
[INFO] [stdout] 52a01f22f7a5900321bd46ad50a342a946e51029df849e43500729d2d25e2a10
[INFO] running `Command { std: "docker" "create" "-v" "/var/lib/crater-agent-workspace/builds/worker-6-tc2/target:/opt/rustwide/target:rw,Z" "-v" "/var/lib/crater-agent-workspace/builds/worker-6-tc2/source:/opt/rustwide/workdir:ro,Z" "-v" "/var/lib/crater-agent-workspace/cargo-home:/opt/rustwide/cargo-home:ro,Z" "-v" "/var/lib/crater-agent-workspace/rustup-home:/opt/rustwide/rustup-home:ro,Z" "-e" "SOURCE_DIR=/opt/rustwide/workdir" "-e" "CARGO_TARGET_DIR=/opt/rustwide/target" "-e" "CARGO_INCREMENTAL=0" "-e" "RUST_BACKTRACE=full" "-e" "RUSTFLAGS=--cap-lints=warn" "-e" "RUSTDOCFLAGS=--cap-lints=warn" "-e" "CARGO_HOME=/opt/rustwide/cargo-home" "-e" "RUSTUP_HOME=/opt/rustwide/rustup-home" "-w" "/opt/rustwide/workdir" "-m" "1610612736" "--user" "0:0" "--network" "none" "ghcr.io/rust-lang/crates-build-env/linux@sha256:2788e3201cd34a07e3172128adcd8b3090168a8e3bcc40d7c032b9dda1df7d1c" "/opt/rustwide/cargo-home/bin/cargo" "+beta-2023-12-22" "doc" "--frozen" "--no-deps" "--document-private-items" "--message-format=json", kill_on_drop: false }`
[INFO] [stdout] 07a82dfed4e44206c88c9b30a4cebf0ccd496f6b5f8d6e11148b2ac318d74b2c
[INFO] running `Command { std: "docker" "start" "-a" "07a82dfed4e44206c88c9b30a4cebf0ccd496f6b5f8d6e11148b2ac318d74b2c", kill_on_drop: false }`
[INFO] [stderr]    Compiling proc-macro2 v1.0.26
[INFO] [stderr]    Compiling syn v1.0.71
[INFO] [stderr]    Compiling serde_derive v1.0.125
[INFO] [stderr]    Compiling serde v1.0.125
[INFO] [stderr]     Checking futures-core v0.3.14
[INFO] [stderr]    Compiling num-traits v0.2.14
[INFO] [stderr]    Compiling memchr v2.4.0
[INFO] [stderr]     Checking futures-sink v0.3.14
[INFO] [stderr]     Checking slab v0.4.3
[INFO] [stderr]     Checking futures-channel v0.3.14
[INFO] [stderr]     Checking pin-project-lite v0.2.6
[INFO] [stderr]     Checking byteorder v1.4.3
[INFO] [stderr]     Checking futures-task v0.3.14
[INFO] [stderr]     Checking futures-io v0.3.14
[INFO] [stderr]    Compiling indexmap v1.6.2
[INFO] [stderr]    Compiling hashbrown v0.9.1
[INFO] [stderr]    Compiling peg-runtime v0.7.0
[INFO] [stderr]    Compiling paste-impl v0.1.18
[INFO] [stderr]     Checking bytecount v0.5.1
[INFO] [stderr]     Checking either v1.6.1
[INFO] [stderr]     Checking easybench v1.1.0
[INFO] [stderr]     Checking convert_case v0.4.0
[INFO] [stderr]     Checking joaat v0.1.0
[INFO] [stderr]     Checking dotenv v0.15.0
[INFO] [stderr]     Checking itertools v0.10.0
[INFO] [stderr]    Compiling quote v1.0.9
[INFO] [stderr]     Checking paste v0.1.18
[INFO] [stderr]    Compiling peg-macros v0.7.0
[INFO] [stderr]     Checking rmp v0.8.10
[INFO] [stderr]     Checking peg v0.7.0
[INFO] [stderr]    Compiling futures-macro v0.3.14
[INFO] [stderr]    Compiling async-stream-impl v0.3.1
[INFO] [stderr]    Compiling derive_more v0.99.14
[INFO] [stderr]    Compiling full_moon_derive v0.7.0
[INFO] [stderr]     Checking async-stream v0.3.1
[INFO] [stderr]     Checking futures-util v0.3.14
[INFO] [stderr]     Checking futures-executor v0.3.14
[INFO] [stderr]     Checking futures v0.3.14
[INFO] [stderr]     Checking rmp-serde v0.15.4
[INFO] [stderr]     Checking serde_bytes v0.11.5
[INFO] [stderr]     Checking full_moon v0.11.0
[INFO] [stderr]     Checking cfx-wasm-rt-types v0.1.0
[INFO] [stderr]     Checking cfx-core v0.2.0 (/opt/rustwide/workdir/bindings/core)
[INFO] [stderr]  Documenting cfx-core v0.2.0 (/opt/rustwide/workdir/bindings/core)
[INFO] [stdout] warning: fields `source` and `payload` are never read
[INFO] [stdout]   --> bindings/core/src/events.rs:62:5
[INFO] [stdout]    |
[INFO] [stdout] 61 | pub struct EventOwned<T: DeserializeOwned> {
[INFO] [stdout]    |            ---------- fields in this struct
[INFO] [stdout] 62 |     source: String,
[INFO] [stdout]    |     ^^^^^^
[INFO] [stdout] 63 |     payload: T,
[INFO] [stdout]    |     ^^^^^^^
[INFO] [stdout]    |
[INFO] [stdout]    = note: `#[warn(dead_code)]` on by default
[INFO] [stdout] 
[INFO] [stdout] 
[INFO] [stdout] warning: field `inner` is never read
[INFO] [stdout]   --> bindings/core/src/ref_funcs.rs:49:5
[INFO] [stdout]    |
[INFO] [stdout] 47 | pub struct RefFunction {
[INFO] [stdout]    |            ----------- field in this struct
[INFO] [stdout] 48 |     name: String,
[INFO] [stdout] 49 |     inner: Rc<InnerRefFunction>,
[INFO] [stdout]    |     ^^^^^
[INFO] [stdout]    |
[INFO] [stdout]    = note: `RefFunction` has a derived impl for the trait `Clone`, but this is intentionally ignored during dead code analysis
[INFO] [stdout] 
[INFO] [stdout] 
[INFO] [stdout] warning: 2 warnings emitted
[INFO] [stdout] 
[INFO] [stdout] 
[INFO] [stderr]     Checking cfx-client v0.2.0 (/opt/rustwide/workdir/bindings/client)
[INFO] [stderr]     Checking cfx-server v0.2.0 (/opt/rustwide/workdir/bindings/server)
[INFO] [stderr]  Documenting cfx-server v0.2.0 (/opt/rustwide/workdir/bindings/server)
[INFO] [stderr]  Documenting cfx-client v0.2.0 (/opt/rustwide/workdir/bindings/client)
[INFO] [stdout] error[E0583]: file not found for module `natives`
[INFO] [stdout]  --> bindings/server/src/lib.rs:3:1
[INFO] [stdout]   |
[INFO] [stdout] 3 | pub mod natives;
[INFO] [stdout]   | ^^^^^^^^^^^^^^^^
[INFO] [stdout]   |
[INFO] [stdout]   = help: to create the module `natives`, create file "bindings/server/src/natives.rs" or "bindings/server/src/natives/mod.rs"
[INFO] [stdout]   = note: if there is a `mod natives` elsewhere in the crate already, import it with `use crate::...` instead
[INFO] [stdout] 
[INFO] [stdout] 
[INFO] [stdout] error[E0583]: file not found for module `natives`
[INFO] [stdout]  --> bindings/client/src/lib.rs:2:1
[INFO] [stdout]   |
[INFO] [stdout] 2 | pub mod natives;
[INFO] [stdout]   | ^^^^^^^^^^^^^^^^
[INFO] [stdout]   |
[INFO] [stdout]   = help: to create the module `natives`, create file "bindings/client/src/natives.rs" or "bindings/client/src/natives/mod.rs"
[INFO] [stdout]   = note: if there is a `mod natives` elsewhere in the crate already, import it with `use crate::...` instead
[INFO] [stdout] 
[INFO] [stdout] 
[INFO] [stdout] error[E0583]: file not found for module `natives`
[INFO] [stdout]  --> bindings/client/src/lib.rs:2:1
[INFO] [stdout]   |
[INFO] [stdout] 2 | pub mod natives;
[INFO] [stdout]   | ^^^^^^^^^^^^^^^^
[INFO] [stdout]   |
[INFO] [stdout]   = help: to create the module `natives`, create file "bindings/client/src/natives.rs" or "bindings/client/src/natives/mod.rs"
[INFO] [stdout]   = note: if there is a `mod natives` elsewhere in the crate already, import it with `use crate::...` instead
[INFO] [stdout] 
[INFO] [stdout] 
[INFO] [stdout] error[E0583]: file not found for module `natives`
[INFO] [stdout]  --> bindings/server/src/lib.rs:3:1
[INFO] [stdout]   |
[INFO] [stdout] 3 | pub mod natives;
[INFO] [stdout]   | ^^^^^^^^^^^^^^^^
[INFO] [stdout]   |
[INFO] [stdout]   = help: to create the module `natives`, create file "bindings/server/src/natives.rs" or "bindings/server/src/natives/mod.rs"
[INFO] [stdout]   = note: if there is a `mod natives` elsewhere in the crate already, import it with `use crate::...` instead
[INFO] [stdout] 
[INFO] [stdout] 
[INFO] [stdout] error[E0432]: unresolved imports `crate::natives::player`, `crate::natives::streaming`, `crate::natives::task`
[INFO] [stdout]  --> bindings/client/src/task.rs:1:22
[INFO] [stdout]   |
[INFO] [stdout] 1 | use crate::natives::{player::*, streaming::*, task::*};
[INFO] [stdout]   |                      ^^^^^^     ^^^^^^^^^     ^^^^ could not find `task` in `natives`
[INFO] [stdout]   |                      |          |
[INFO] [stdout]   |                      |          could not find `streaming` in `natives`
[INFO] [stdout]   |                      could not find `player` in `natives`
[INFO] [stdout] 
[INFO] [stdout] 
[INFO] [stdout] error[E0432]: unresolved imports `crate::natives::player`, `crate::natives::streaming`, `crate::natives::task`
[INFO] [stdout]  --> bindings/client/src/task.rs:1:22
[INFO] [stdout]   |
[INFO] [stdout] 1 | use crate::natives::{player::*, streaming::*, task::*};
[INFO] [stdout]   |                      ^^^^^^     ^^^^^^^^^     ^^^^ could not find `task` in `natives`
[INFO] [stdout]   |                      |          |
[INFO] [stdout]   |                      |          could not find `streaming` in `natives`
[INFO] [stdout]   |                      could not find `player` in `natives`
[INFO] [stdout] 
[INFO] [stdout] 
[INFO] [stdout] error[E0433]: failed to resolve: could not find `cfx` in `natives`
[INFO] [stdout]   --> bindings/server/src/lib.rs:36:18
[INFO] [stdout]    |
[INFO] [stdout] 36 |         natives::cfx::trigger_client_event_internal(
[INFO] [stdout]    |                  ^^^ could not find `cfx` in `natives`
[INFO] [stdout] 
[INFO] [stdout] 
[INFO] [stdout] error[E0433]: failed to resolve: could not find `task` in `natives`
[INFO] [stdout]   --> bindings/client/src/task.rs:89:31
[INFO] [stdout]    |
[INFO] [stdout] 89 |         while crate::natives::task::get_sequence_progress(ped) != -1 {
[INFO] [stdout]    |                               ^^^^ could not find `task` in `natives`
[INFO] [stdout] 
[INFO] [stdout] 
[INFO] [stdout] error[E0433]: failed to resolve: could not find `cfx` in `natives`
[INFO] [stdout]  --> bindings/client/src/lib.rs:7:18
[INFO] [stdout]   |
[INFO] [stdout] 7 |         natives::cfx::trigger_server_event_internal(
[INFO] [stdout]   |                  ^^^ could not find `cfx` in `natives`
[INFO] [stdout] 
[INFO] [stdout] 
[INFO] [stdout] error: aborting due to 2 previous errors
[INFO] [stdout] 
[INFO] [stdout] 
[INFO] [stdout] Some errors have detailed explanations: E0432, E0583.
[INFO] [stdout] 
[INFO] [stdout] For more information about an error, try `rustc --explain E0432`.
[INFO] [stdout] 
[INFO] [stdout] error: aborting due to 1 previous error
[INFO] [stdout] 
[INFO] [stdout] 
[INFO] [stdout] For more information about this error, try `rustc --explain E0583`.
[INFO] [stdout] 
[INFO] [stderr] error: could not document `cfx-client`
[INFO] [stderr] 
[INFO] [stderr] Caused by:
[INFO] [stderr]   process didn't exit successfully: `/opt/rustwide/rustup-home/toolchains/beta-2023-12-22-x86_64-unknown-linux-gnu/bin/rustdoc --edition=2018 --crate-type lib --crate-name cfx_client bindings/client/src/lib.rs -o /opt/rustwide/target/doc --error-format=json --json=diagnostic-rendered-ansi,artifacts,future-incompat --document-private-items -C metadata=ef531b9d7fc6623a -L dependency=/opt/rustwide/target/debug/deps --extern cfx_core=/opt/rustwide/target/debug/deps/libcfx_core-bf909c39dcc388d1.rmeta --extern futures=/opt/rustwide/target/debug/deps/libfutures-a387e12813325652.rmeta --extern rmp_serde=/opt/rustwide/target/debug/deps/librmp_serde-f96f950177e69897.rmeta --extern serde=/opt/rustwide/target/debug/deps/libserde-f2e33f7ff02ce040.rmeta --cap-lints=warn --crate-version 0.2.0` (exit status: 1)
[INFO] [stderr] warning: build failed, waiting for other jobs to finish...
[INFO] [stderr] error: could not document `cfx-server`
[INFO] [stderr] 
[INFO] [stderr] Caused by:
[INFO] [stderr]   process didn't exit successfully: `/opt/rustwide/rustup-home/toolchains/beta-2023-12-22-x86_64-unknown-linux-gnu/bin/rustdoc --edition=2018 --crate-type lib --crate-name cfx_server bindings/server/src/lib.rs -o /opt/rustwide/target/doc --error-format=json --json=diagnostic-rendered-ansi,artifacts,future-incompat --document-private-items -C metadata=c34841135a622836 -L dependency=/opt/rustwide/target/debug/deps --extern cfx_core=/opt/rustwide/target/debug/deps/libcfx_core-bf909c39dcc388d1.rmeta --extern futures=/opt/rustwide/target/debug/deps/libfutures-a387e12813325652.rmeta --extern rmp_serde=/opt/rustwide/target/debug/deps/librmp_serde-f96f950177e69897.rmeta --extern serde=/opt/rustwide/target/debug/deps/libserde-f2e33f7ff02ce040.rmeta --cap-lints=warn --crate-version 0.2.0` (exit status: 1)
[INFO] [stdout] error: aborting due to 2 previous errors
[INFO] [stdout] 
[INFO] [stdout] 
[INFO] [stdout] Some errors have detailed explanations: E0433, E0583.
[INFO] [stdout] 
[INFO] [stdout] For more information about an error, try `rustc --explain E0433`.
[INFO] [stdout] 
[INFO] [stdout] error[E0425]: cannot find function `request_anim_dict` in this scope
[INFO] [stdout]   --> bindings/client/src/task.rs:42:9
[INFO] [stdout]    |
[INFO] [stdout] 42 |         request_anim_dict(anim_dict);
[INFO] [stdout]    |         ^^^^^^^^^^^^^^^^^ not found in this scope
[INFO] [stdout] 
[INFO] [stdout] 
[INFO] [stdout] error[E0425]: cannot find function `has_anim_dict_loaded` in this scope
[INFO] [stdout]   --> bindings/client/src/task.rs:44:16
[INFO] [stdout]    |
[INFO] [stdout] 44 |         while !has_anim_dict_loaded(anim_dict) {
[INFO] [stdout]    |                ^^^^^^^^^^^^^^^^^^^^ not found in this scope
[INFO] [stdout] 
[INFO] [stdout] 
[INFO] [stderr] error: could not compile `cfx-server` (lib) due to 3 previous errors
[INFO] [stdout] error[E0425]: cannot find function `task_play_anim` in this scope
[INFO] [stdout]   --> bindings/client/src/task.rs:48:9
[INFO] [stdout]    |
[INFO] [stdout] 48 |         task_play_anim(
[INFO] [stdout]    |         ^^^^^^^^^^^^^^ not found in this scope
[INFO] [stdout] 
[INFO] [stdout] 
[INFO] [stdout] error[E0425]: cannot find function `player_ped_id` in this scope
[INFO] [stdout]   --> bindings/client/src/task.rs:87:19
[INFO] [stdout]    |
[INFO] [stdout] 87 |         let ped = player_ped_id();
[INFO] [stdout]    |                   ^^^^^^^^^^^^^ not found in this scope
[INFO] [stdout] 
[INFO] [stdout] 
[INFO] [stdout] error[E0425]: cannot find function `open_sequence_task` in this scope
[INFO] [stdout]   --> bindings/client/src/task.rs:14:9
[INFO] [stdout]    |
[INFO] [stdout] 14 |         open_sequence_task(&mut sequence);
[INFO] [stdout]    |         ^^^^^^^^^^^^^^^^^^ not found in this scope
[INFO] [stdout] 
[INFO] [stdout] 
[INFO] [stdout] error[E0425]: cannot find function `player_ped_id` in this scope
[INFO] [stdout]   --> bindings/client/src/task.rs:71:19
[INFO] [stdout]    |
[INFO] [stdout] 71 |         let ped = player_ped_id();
[INFO] [stdout]    |                   ^^^^^^^^^^^^^ not found in this scope
[INFO] [stdout] 
[INFO] [stdout] 
[INFO] [stdout] error[E0425]: cannot find function `clear_ped_tasks` in this scope
[INFO] [stdout]   --> bindings/client/src/task.rs:74:13
[INFO] [stdout]    |
[INFO] [stdout] 74 |             clear_ped_tasks(ped);
[INFO] [stdout]    |             ^^^^^^^^^^^^^^^ help: a local variable with a similar name exists: `clear_tasks`
[INFO] [stdout] 
[INFO] [stdout] 
[INFO] [stdout] error[E0425]: cannot find function `set_sequence_to_repeat` in this scope
[INFO] [stdout]   --> bindings/client/src/task.rs:77:9
[INFO] [stdout]    |
[INFO] [stdout] 77 |         set_sequence_to_repeat(self.sequence, self.repeat);
[INFO] [stdout]    |         ^^^^^^^^^^^^^^^^^^^^^^ not found in this scope
[INFO] [stdout] 
[INFO] [stdout] 
[INFO] [stdout] error[E0425]: cannot find function `close_sequence_task` in this scope
[INFO] [stdout]   --> bindings/client/src/task.rs:78:9
[INFO] [stdout]    |
[INFO] [stdout] 78 |         close_sequence_task(self.sequence);
[INFO] [stdout]    |         ^^^^^^^^^^^^^^^^^^^ not found in this scope
[INFO] [stdout] 
[INFO] [stdout] 
[INFO] [stdout] error[E0425]: cannot find function `task_perform_sequence` in this scope
[INFO] [stdout]   --> bindings/client/src/task.rs:79:9
[INFO] [stdout]    |
[INFO] [stdout] 79 |         task_perform_sequence(ped, self.sequence);
[INFO] [stdout]    |         ^^^^^^^^^^^^^^^^^^^^^ not found in this scope
[INFO] [stdout] 
[INFO] [stdout] 
[INFO] [stdout] error[E0425]: cannot find function `clear_sequence_task` in this scope
[INFO] [stdout]   --> bindings/client/src/task.rs:97:9
[INFO] [stdout]    |
[INFO] [stdout] 97 |         clear_sequence_task(&mut self.sequence);
[INFO] [stdout]    |         ^^^^^^^^^^^^^^^^^^^ not found in this scope
[INFO] [stdout] 
[INFO] [stdout] 
[INFO] [stdout] error: aborting due to 15 previous errors
[INFO] [stdout] 
[INFO] [stdout] 
[INFO] [stdout] Some errors have detailed explanations: E0425, E0432, E0433, E0583.
[INFO] [stdout] 
[INFO] [stdout] For more information about an error, try `rustc --explain E0425`.
[INFO] [stdout] 
[INFO] [stderr] error: could not compile `cfx-client` (lib) due to 16 previous errors
[INFO] running `Command { std: "docker" "inspect" "07a82dfed4e44206c88c9b30a4cebf0ccd496f6b5f8d6e11148b2ac318d74b2c", kill_on_drop: false }`
[INFO] running `Command { std: "docker" "rm" "-f" "07a82dfed4e44206c88c9b30a4cebf0ccd496f6b5f8d6e11148b2ac318d74b2c", kill_on_drop: false }`
[INFO] [stdout] 07a82dfed4e44206c88c9b30a4cebf0ccd496f6b5f8d6e11148b2ac318d74b2c
