[INFO] cloning repository https://github.com/YtFlow/YtFlowCore
[INFO] running `Command { std: "git" "-c" "credential.helper=" "-c" "credential.helper=/workspace/cargo-home/bin/git-credential-null" "clone" "--bare" "https://github.com/YtFlow/YtFlowCore" "/workspace/cache/git-repos/https%3A%2F%2Fgithub.com%2FYtFlow%2FYtFlowCore", kill_on_drop: false }`
[INFO] [stderr] Cloning into bare repository '/workspace/cache/git-repos/https%3A%2F%2Fgithub.com%2FYtFlow%2FYtFlowCore'...
[INFO] running `Command { std: "git" "rev-parse" "HEAD", kill_on_drop: false }`
[INFO] [stdout] cd25b4d4e74600a71bc38fbbfd1356a6de1b9bc0
[INFO] documenting YtFlow/YtFlowCore against 1.75.0 for beta-1.76-rustdoc-1
[INFO] running `Command { std: "git" "clone" "/workspace/cache/git-repos/https%3A%2F%2Fgithub.com%2FYtFlow%2FYtFlowCore" "/workspace/builds/worker-2-tc1/source", kill_on_drop: false }`
[INFO] [stderr] Cloning into '/workspace/builds/worker-2-tc1/source'...
[INFO] [stderr] done.
[INFO] validating manifest of git repo https://github.com/YtFlow/YtFlowCore on toolchain 1.75.0
[INFO] running `Command { std: CARGO_HOME="/workspace/cargo-home" RUSTUP_HOME="/workspace/rustup-home" "/workspace/cargo-home/bin/cargo" "+1.75.0" "metadata" "--manifest-path" "Cargo.toml" "--no-deps", kill_on_drop: false }`
[INFO] removed /workspace/builds/worker-2-tc1/source/rust-toolchain.toml
[INFO] started tweaking git repo https://github.com/YtFlow/YtFlowCore
[INFO] finished tweaking git repo https://github.com/YtFlow/YtFlowCore
[INFO] tweaked toml for git repo https://github.com/YtFlow/YtFlowCore written to /workspace/builds/worker-2-tc1/source/Cargo.toml
[INFO] crate git repo https://github.com/YtFlow/YtFlowCore already has a lockfile, it will not be regenerated
[INFO] running `Command { std: CARGO_HOME="/workspace/cargo-home" RUSTUP_HOME="/workspace/rustup-home" "/workspace/cargo-home/bin/cargo" "+1.75.0" "fetch" "--manifest-path" "Cargo.toml", kill_on_drop: false }`
[INFO] [stderr]     Updating git repository `https://github.com/YtFlow/rusqlite`
[INFO] [stderr]     Updating git repository `https://github.com/YtFlow/mio-noafd`
[INFO] [stderr]     Updating crates.io index
[INFO] [stderr]     Updating git repository `https://github.com/hyperium/hyper.git`
[INFO] [stderr]  Downloading crates ...
[INFO] [stderr]   Downloaded refinery-macros v0.8.10
[INFO] [stderr]   Downloaded windows_quote v0.28.0
[INFO] [stderr]   Downloaded windows_gen v0.28.0
[INFO] [stderr]   Downloaded netlink-packet-route v0.17.1
[INFO] [stderr]   Downloaded netlink-packet-core v0.7.0
[INFO] [stderr]   Downloaded maxminddb v0.23.0
[INFO] [stderr]   Downloaded objc2-encode v2.0.0-pre.3
[INFO] [stderr]   Downloaded cfb-mode v0.8.2
[INFO] [stderr]   Downloaded cidr v0.2.2
[INFO] [stderr]   Downloaded zbus_systemd v0.0.10
[INFO] [stderr]   Downloaded camellia v0.1.0
[INFO] [stderr]   Downloaded cbindgen v0.25.0
[INFO] [stderr]   Downloaded smoltcp v0.10.0
[INFO] [stderr]   Downloaded rtnetlink v0.13.1
[INFO] [stderr]   Downloaded fruity v0.3.0
[INFO] [stderr]   Downloaded windows_reader v0.28.0
[INFO] [stderr]   Downloaded malloced v1.3.1
[INFO] [stderr]   Downloaded windows_macros v0.28.0
[INFO] [stderr]   Downloaded cbor4ii v0.3.1
[INFO] [stderr]   Downloaded windows v0.28.0
[INFO] [stderr]   Downloaded rc4 v0.1.0
[INFO] [stderr]   Downloaded netlink-proto v0.11.2
[INFO] [stderr]   Downloaded block-sys v0.1.0-beta.2
[INFO] [stderr]   Downloaded refinery-core v0.8.10
[INFO] [stderr]   Downloaded objc-sys v0.2.0-beta.3
[INFO] [stderr]   Downloaded block2 v0.2.0-alpha.7
[INFO] [stderr]   Downloaded refinery v0.8.10
[INFO] [stderr]   Downloaded const-fnv1a-hash v1.1.0
[INFO] [stderr]   Downloaded edit v0.1.4
[INFO] running `Command { std: "docker" "create" "-v" "/var/lib/crater-agent-workspace/builds/worker-2-tc1/target:/opt/rustwide/target:rw,Z" "-v" "/var/lib/crater-agent-workspace/builds/worker-2-tc1/source:/opt/rustwide/workdir:ro,Z" "-v" "/var/lib/crater-agent-workspace/cargo-home:/opt/rustwide/cargo-home:ro,Z" "-v" "/var/lib/crater-agent-workspace/rustup-home:/opt/rustwide/rustup-home:ro,Z" "-e" "SOURCE_DIR=/opt/rustwide/workdir" "-e" "CARGO_TARGET_DIR=/opt/rustwide/target" "-e" "CARGO_HOME=/opt/rustwide/cargo-home" "-e" "RUSTUP_HOME=/opt/rustwide/rustup-home" "-w" "/opt/rustwide/workdir" "-m" "1610612736" "--user" "0:0" "--network" "none" "ghcr.io/rust-lang/crates-build-env/linux@sha256:2788e3201cd34a07e3172128adcd8b3090168a8e3bcc40d7c032b9dda1df7d1c" "/opt/rustwide/cargo-home/bin/cargo" "+1.75.0" "metadata" "--no-deps" "--format-version=1", kill_on_drop: false }`
[INFO] [stdout] d0ac33b2559af2c250b8382bd84e1620b7dd094ee52690d8f689c7330a069273
[INFO] running `Command { std: "docker" "start" "-a" "d0ac33b2559af2c250b8382bd84e1620b7dd094ee52690d8f689c7330a069273", kill_on_drop: false }`
[INFO] running `Command { std: "docker" "inspect" "d0ac33b2559af2c250b8382bd84e1620b7dd094ee52690d8f689c7330a069273", kill_on_drop: false }`
[INFO] running `Command { std: "docker" "rm" "-f" "d0ac33b2559af2c250b8382bd84e1620b7dd094ee52690d8f689c7330a069273", kill_on_drop: false }`
[INFO] [stdout] d0ac33b2559af2c250b8382bd84e1620b7dd094ee52690d8f689c7330a069273
[INFO] running `Command { std: "docker" "create" "-v" "/var/lib/crater-agent-workspace/builds/worker-2-tc1/target:/opt/rustwide/target:rw,Z" "-v" "/var/lib/crater-agent-workspace/builds/worker-2-tc1/source:/opt/rustwide/workdir:ro,Z" "-v" "/var/lib/crater-agent-workspace/cargo-home:/opt/rustwide/cargo-home:ro,Z" "-v" "/var/lib/crater-agent-workspace/rustup-home:/opt/rustwide/rustup-home:ro,Z" "-e" "SOURCE_DIR=/opt/rustwide/workdir" "-e" "CARGO_TARGET_DIR=/opt/rustwide/target" "-e" "CARGO_INCREMENTAL=0" "-e" "RUST_BACKTRACE=full" "-e" "RUSTFLAGS=--cap-lints=warn" "-e" "RUSTDOCFLAGS=--cap-lints=warn" "-e" "CARGO_HOME=/opt/rustwide/cargo-home" "-e" "RUSTUP_HOME=/opt/rustwide/rustup-home" "-w" "/opt/rustwide/workdir" "-m" "1610612736" "--user" "0:0" "--network" "none" "ghcr.io/rust-lang/crates-build-env/linux@sha256:2788e3201cd34a07e3172128adcd8b3090168a8e3bcc40d7c032b9dda1df7d1c" "/opt/rustwide/cargo-home/bin/cargo" "+1.75.0" "doc" "--frozen" "--no-deps" "--document-private-items" "--message-format=json", kill_on_drop: false }`
[INFO] [stdout] 94206f3b576bbca1744d1475a4e4147375bd867089502a45d5e1b0fa01a5fc8c
[INFO] running `Command { std: "docker" "start" "-a" "94206f3b576bbca1744d1475a4e4147375bd867089502a45d5e1b0fa01a5fc8c", kill_on_drop: false }`
[INFO] [stderr]    Compiling proc-macro2 v1.0.66
[INFO] [stderr]    Compiling unicode-ident v1.0.11
[INFO] [stderr]    Compiling libc v0.2.147
[INFO] [stderr]     Checking cfg-if v1.0.0
[INFO] [stderr]    Compiling serde v1.0.188
[INFO] [stderr]    Compiling autocfg v1.1.0
[INFO] [stderr]    Compiling version_check v0.9.4
[INFO] [stderr]    Compiling typenum v1.16.0
[INFO] [stderr]     Checking log v0.4.20
[INFO] [stderr]    Compiling futures-core v0.3.28
[INFO] [stderr]     Checking memchr v2.6.2
[INFO] [stderr]    Compiling syn v1.0.109
[INFO] [stderr]    Compiling generic-array v0.14.7
[INFO] [stderr]    Compiling ahash v0.8.3
[INFO] [stderr]     Checking pin-project-lite v0.2.13
[INFO] [stderr]    Compiling lock_api v0.4.10
[INFO] [stderr]     Checking scopeguard v1.2.0
[INFO] [stderr]     Checking once_cell v1.18.0
[INFO] [stderr]     Checking futures-io v0.3.28
[INFO] [stderr]    Compiling slab v0.4.9
[INFO] [stderr]     Checking futures-sink v0.3.28
[INFO] [stderr]     Checking subtle v2.5.0
[INFO] [stderr]    Compiling vcpkg v0.2.15
[INFO] [stderr]    Compiling quote v1.0.33
[INFO] [stderr]    Compiling pkg-config v0.3.27
[INFO] [stderr]    Compiling syn v2.0.29
[INFO] [stderr]    Compiling thiserror v1.0.47
[INFO] [stderr]    Compiling futures-channel v0.3.28
[INFO] [stderr]    Compiling allocator-api2 v0.2.16
[INFO] [stderr]    Compiling futures-task v0.3.28
[INFO] [stderr]     Checking byteorder v1.4.3
[INFO] [stderr]    Compiling futures-util v0.3.28
[INFO] [stderr]     Checking getrandom v0.2.10
[INFO] [stderr]     Checking bitflags v1.3.2
[INFO] [stderr]    Compiling hashbrown v0.14.0
[INFO] [stderr]     Checking rand_core v0.6.4
[INFO] [stderr]    Compiling parking_lot_core v0.8.6
[INFO] [stderr]     Checking pin-utils v0.1.0
[INFO] [stderr]     Checking bytes v1.4.0
[INFO] [stderr]     Checking instant v0.1.12
[INFO] [stderr]     Checking crypto-common v0.1.6
[INFO] [stderr]     Checking cpufeatures v0.2.9
[INFO] [stderr]     Checking cfg-if v0.1.10
[INFO] [stderr]    Compiling equivalent v1.0.1
[INFO] [stderr]     Checking net2 v0.2.39
[INFO] [stderr]     Checking iovec v0.1.4
[INFO] [stderr]    Compiling winnow v0.5.15
[INFO] [stderr]     Checking block-buffer v0.10.4
[INFO] [stderr]     Checking num_cpus v1.16.0
[INFO] [stderr]     Checking mio v0.7.14 (https://github.com/YtFlow/mio-noafd?branch=noafd-v0.7-nobind#75682c7c)
[INFO] [stderr]    Compiling indexmap v2.0.0
[INFO] [stderr]    Compiling num-traits v0.2.16
[INFO] [stderr]     Checking tinyvec_macros v0.1.1
[INFO] [stderr]     Checking tinyvec v1.6.0
[INFO] [stderr]     Checking digest v0.10.7
[INFO] [stderr]     Checking itoa v1.0.9
[INFO] [stderr]    Compiling crossbeam-utils v0.8.16
[INFO] [stderr]    Compiling async-trait v0.1.73
[INFO] [stderr]     Checking inout v0.1.3
[INFO] [stderr]    Compiling libsqlite3-sys v0.25.2 (https://github.com/YtFlow/rusqlite#3ef90409)
[INFO] [stderr]    Compiling rustix v0.38.10
[INFO] [stderr]     Checking unicode-normalization v0.1.22
[INFO] [stderr]     Checking event-listener v2.5.3
[INFO] [stderr]     Checking zeroize v1.6.0
[INFO] [stderr]     Checking ppv-lite86 v0.2.17
[INFO] [stderr]     Checking unicode-bidi v0.3.13
[INFO] [stderr]     Checking cipher v0.4.4
[INFO] [stderr]     Checking rand_chacha v0.3.1
[INFO] [stderr]    Compiling aho-corasick v1.0.5
[INFO] [stderr]    Compiling indexmap v1.9.3
[INFO] [stderr]    Compiling memoffset v0.7.1
[INFO] [stderr]    Compiling regex-syntax v0.7.5
[INFO] [stderr]     Checking percent-encoding v2.3.0
[INFO] [stderr]     Checking rand v0.8.5
[INFO] [stderr]     Checking form_urlencoded v1.2.0
[INFO] [stderr]     Checking concurrent-queue v2.2.0
[INFO] [stderr]     Checking idna v0.4.0
[INFO] [stderr]    Compiling cc v1.0.83
[INFO] [stderr]    Compiling anyhow v1.0.75
[INFO] [stderr]     Checking waker-fn v1.1.0
[INFO] [stderr]     Checking parking v2.1.0
[INFO] [stderr]     Checking fastrand v1.9.0
[INFO] [stderr]    Compiling semver v1.0.18
[INFO] [stderr]    Compiling paste v1.0.14
[INFO] [stderr]    Compiling heck v0.4.1
[INFO] [stderr]    Compiling zvariant_utils v1.0.1
[INFO] [stderr]     Checking futures-lite v1.13.0
[INFO] [stderr]     Checking url v2.4.1
[INFO] [stderr]    Compiling openssl-sys v0.9.92
[INFO] [stderr]     Checking async-lock v2.8.0
[INFO] [stderr]     Checking tracing-core v0.1.31
[INFO] [stderr]    Compiling regex-automata v0.3.7
[INFO] [stderr]     Checking lazy_static v1.4.0
[INFO] [stderr]     Checking fnv v1.0.7
[INFO] [stderr]    Compiling io-lifetimes v1.0.11
[INFO] [stderr]     Checking http v0.2.9
[INFO] [stderr]     Checking nix v0.26.4
[INFO] [stderr]    Compiling time v0.1.45
[INFO] [stderr]     Checking universal-hash v0.5.1
[INFO] [stderr]    Compiling polling v2.8.0
[INFO] [stderr]    Compiling httparse v1.8.0
[INFO] [stderr]     Checking async-task v4.4.0
[INFO] [stderr]    Compiling iana-time-zone v0.1.57
[INFO] [stderr]    Compiling tokio-macros v1.8.2
[INFO] [stderr]    Compiling rustix v0.37.23
[INFO] [stderr]    Compiling serde_derive v1.0.188
[INFO] [stderr]    Compiling thiserror-impl v1.0.47
[INFO] [stderr]    Compiling futures-macro v0.3.28
[INFO] [stderr]    Compiling regex v1.9.4
[INFO] [stderr]    Compiling tracing-attributes v0.1.26
[INFO] [stderr]    Compiling enumflags2_derive v0.7.7
[INFO] [stderr]     Checking opaque-debug v0.3.0
[INFO] [stderr]     Checking netlink-packet-utils v0.5.2
[INFO] [stderr]    Compiling rustc_version v0.4.0
[INFO] [stderr]     Checking async-channel v1.9.0
[INFO] [stderr]     Checking sha1 v0.10.5
[INFO] [stderr]    Compiling hashlink v0.8.4
[INFO] [stderr]    Compiling async-io v1.13.0
[INFO] [stderr]    Compiling async-fs v1.6.0
[INFO] [stderr]     Checking static_assertions v1.1.0
[INFO] [stderr]    Compiling fallible-streaming-iterator v0.1.9
[INFO] [stderr]     Checking tracing v0.1.37
[INFO] [stderr]    Compiling deranged v0.3.8
[INFO] [stderr]    Compiling fallible-iterator v0.2.0
[INFO] [stderr]    Compiling time-core v0.1.1
[INFO] [stderr]     Checking data-encoding v2.4.0
[INFO] [stderr]    Compiling same-file v1.0.6
[INFO] [stderr]     Checking linux-raw-sys v0.3.8
[INFO] [stderr]     Checking atomic-waker v1.1.1
[INFO] [stderr]    Compiling walkdir v2.3.3
[INFO] [stderr]     Checking blocking v1.3.1
[INFO] [stderr]    Compiling time v0.3.28
[INFO] [stderr]    Compiling heapless v0.7.16
[INFO] [stderr]     Checking netlink-packet-core v0.7.0
[INFO] [stderr]     Checking futures-executor v0.3.28
[INFO] [stderr]     Checking futures v0.3.28
[INFO] [stderr]     Checking socket2 v0.4.9
[INFO] [stderr]     Checking spin v0.9.8
[INFO] [stderr]    Compiling serde_json v1.0.105
[INFO] [stderr]    Compiling openssl v0.10.57
[INFO] [stderr]     Checking hashbrown v0.12.3
[INFO] [stderr]     Checking matches v0.1.10
[INFO] [stderr]    Compiling parking_lot_core v0.9.8
[INFO] [stderr]    Compiling siphasher v0.3.11
[INFO] [stderr]    Compiling signal-hook v0.3.17
[INFO] [stderr]     Checking either v1.9.0
[INFO] [stderr]     Checking foreign-types-shared v0.1.1
[INFO] [stderr]     Checking foreign-types v0.3.2
[INFO] [stderr]     Checking idna v0.2.3
[INFO] [stderr]     Checking polyval v0.6.1
[INFO] [stderr]     Checking xdg-home v1.0.0
[INFO] [stderr]    Compiling async-recursion v1.0.4
[INFO] [stderr]    Compiling openssl-macros v0.1.1
[INFO] [stderr]    Compiling serde_repr v0.1.16
[INFO] [stderr]    Compiling enum-as-inner v0.3.4
[INFO] [stderr]    Compiling derivative v2.2.0
[INFO] [stderr]     Checking async-executor v1.5.1
[INFO] [stderr]     Checking async-broadcast v0.5.1
[INFO] [stderr]     Checking aead v0.5.2
[INFO] [stderr]     Checking smallvec v1.11.0
[INFO] [stderr]     Checking bitflags v2.4.0
[INFO] [stderr]     Checking serde_spanned v0.6.3
[INFO] [stderr]     Checking toml_datetime v0.6.3
[INFO] [stderr]    Compiling chrono v0.4.28
[INFO] [stderr]     Checking enumflags2 v0.7.7
[INFO] [stderr]     Checking toml_edit v0.19.14
[INFO] [stderr]     Checking parking_lot v0.11.2
[INFO] [stderr]     Checking hash32 v0.2.1
[INFO] [stderr]     Checking signal-hook-registry v1.4.1
[INFO] [stderr]     Checking tokio v1.16.1
[INFO] [stderr]     Checking ordered-stream v0.2.0
[INFO] [stderr]    Compiling crc32fast v1.3.2
[INFO] [stderr]     Checking ipnet v2.8.0
[INFO] [stderr]    Compiling smoltcp v0.10.0
[INFO] [stderr]     Checking utf-8 v0.7.6
[INFO] [stderr]     Checking rusqlite v0.28.0
[INFO] [stderr]    Compiling tokio-openssl v0.6.3
[INFO] [stderr]     Checking toml v0.7.6
[INFO] [stderr]     Checking try-lock v0.2.4
[INFO] [stderr]     Checking stable_deref_trait v1.2.0
[INFO] [stderr]     Checking hex v0.4.3
[INFO] [stderr]    Compiling proc-macro-crate v1.3.1
[INFO] [stderr]     Checking linux-raw-sys v0.4.5
[INFO] [stderr]     Checking linked-hash-map v0.5.6
[INFO] [stderr]     Checking refinery-core v0.8.10
[INFO] [stderr]     Checking lru-cache v0.1.2
[INFO] [stderr]     Checking want v0.3.1
[INFO] [stderr]     Checking tungstenite v0.20.0
[INFO] [stderr]     Checking ipnetwork v0.18.0
[INFO] [stderr]     Checking ghash v0.5.0
[INFO] [stderr]     Checking netlink-packet-route v0.17.1
[INFO] [stderr]     Checking poly1305 v0.8.0
[INFO] [stderr]     Checking http-body v0.4.5
[INFO] [stderr]     Checking chacha20 v0.9.1
[INFO] [stderr]     Checking aes v0.8.3
[INFO] [stderr]     Checking ctr v0.9.2
[INFO] [stderr]     Checking hmac v0.12.1
[INFO] [stderr]     Checking mio v0.8.8
[INFO] [stderr]     Checking keccak v0.1.4
[INFO] [stderr]     Checking tower-service v0.3.2
[INFO] [stderr]    Compiling ytflow v0.6.2 (/opt/rustwide/workdir/ytflow)
[INFO] [stderr]     Checking httpdate v1.0.3
[INFO] [stderr]     Checking managed v0.8.0
[INFO] [stderr]     Checking netlink-sys v0.8.5
[INFO] [stderr]     Checking tokio-util v0.7.2
[INFO] [stderr]     Checking trust-dns-proto v0.20.4
[INFO] [stderr]     Checking netlink-proto v0.11.2
[INFO] [stderr]    Compiling zvariant_derive v3.15.0
[INFO] [stderr]    Compiling zbus_macros v3.14.1
[INFO] [stderr]     Checking h2 v0.3.21
[INFO] [stderr]    Compiling refinery-macros v0.8.10
[INFO] [stderr]     Checking rtnetlink v0.13.1
[INFO] [stderr]     Checking trust-dns-resolver v0.20.4
[INFO] [stderr]     Checking tokio-tungstenite v0.20.0
[INFO] [stderr]     Checking signal-hook-mio v0.2.3
[INFO] [stderr]     Checking aes-gcm v0.10.2
[INFO] [stderr]     Checking sha3 v0.10.8
[INFO] [stderr]     Checking zvariant v3.15.0
[INFO] [stderr]     Checking hkdf v0.12.3
[INFO] [stderr]     Checking chacha20poly1305 v0.10.1
[INFO] [stderr]     Checking maxminddb v0.23.0
[INFO] [stderr]     Checking parking_lot v0.12.1
[INFO] [stderr]     Checking cidr v0.2.2
[INFO] [stderr]     Checking refinery v0.8.10
[INFO] [stderr]     Checking serde_bytes v0.11.12
[INFO] [stderr]     Checking uuid v1.4.1
[INFO] [stderr]     Checking cbor4ii v0.3.1
[INFO] [stderr]     Checking itertools v0.11.0
[INFO] [stderr]     Checking hyper v0.14.27 (https://github.com/hyperium/hyper.git?branch=0.14.x#d342c2c7)
[INFO] [stderr]     Checking flume v0.11.0
[INFO] [stderr]     Checking lru v0.11.0
[INFO] [stderr]     Checking camellia v0.1.0
[INFO] [stderr]     Checking rc4 v0.1.0
[INFO] [stderr]     Checking cfb-mode v0.8.2
[INFO] [stderr]     Checking md-5 v0.10.5
[INFO] [stderr]     Checking sha2 v0.10.7
[INFO] [stderr]     Checking utf8parse v0.2.1
[INFO] [stderr]     Checking arc-swap v1.6.0
[INFO] [stderr]     Checking base64 v0.21.3
[INFO] [stderr]     Checking const-fnv1a-hash v1.1.0
[INFO] [stderr]     Checking anstyle-parse v0.2.1
[INFO] [stderr]    Compiling rustversion v1.0.14
[INFO] [stderr]     Checking zbus_names v2.6.0
[INFO] [stderr]    Compiling cbindgen v0.25.0
[INFO] [stderr]     Checking anstyle v1.0.2
[INFO] [stderr]    Compiling fastrand v2.0.0
[INFO] [stderr]    Compiling ryu v1.0.15
[INFO] [stderr]     Checking anstyle-query v1.0.0
[INFO] [stderr]     Checking colorchoice v1.0.0
[INFO] [stderr]     Checking anstream v0.5.0
[INFO] [stderr]     Checking is-terminal v0.4.9
[INFO] [stderr]    Compiling toml v0.5.11
[INFO] [stderr]     Checking half v1.8.2
[INFO] [stderr]     Checking clap_lex v0.5.1
[INFO] [stderr]     Checking ciborium-io v0.2.1
[INFO] [stderr]     Checking unicode-width v0.1.10
[INFO] [stderr]     Checking strsim v0.10.0
[INFO] [stderr]     Checking ciborium-ll v0.2.1
[INFO] [stderr]     Checking tempfile v3.8.0
[INFO] [stderr]     Checking colored v1.9.4
[INFO] [stderr]     Checking clap_builder v4.4.1
[INFO] [stderr]     Checking crossterm v0.25.0
[INFO] [stderr]     Checking crossterm v0.27.0
[INFO] [stderr]     Checking which v4.4.0
[INFO] [stderr]     Checking unicode-segmentation v1.10.1
[INFO] [stderr]     Checking cassowary v0.3.0
[INFO] [stderr]     Checking edit v0.1.4
[INFO] [stderr]    Compiling strum_macros v0.25.2
[INFO] [stderr]     Checking tui v0.19.0
[INFO] [stderr]     Checking tui-input v0.8.0
[INFO] [stderr]     Checking fern v0.6.2
[INFO] [stderr]     Checking ciborium v0.2.1
[INFO] [stderr]     Checking clap v4.4.1
[INFO] [stderr]     Checking ctrlc v3.4.0
[INFO] [stderr]     Checking nanoid v0.4.0
[INFO] [stderr]     Checking strum v0.25.0
[INFO] [stderr]    Compiling ytflow-uwp-plugin v0.6.2 (/opt/rustwide/workdir/ytflow-uwp-plugin)
[INFO] [stderr]     Checking zbus v3.14.1
[INFO] [stderr]    Compiling ytflow-ffi v0.6.2 (/opt/rustwide/workdir/ytflow-ffi)
[INFO] [stderr]     Checking zbus_systemd v0.0.10
[INFO] [stderr]  Documenting ytflow v0.6.2 (/opt/rustwide/workdir/ytflow)
[INFO] [stdout] error[E0554]: `#![feature]` may not be used on the stable release channel
[INFO] [stdout]  --> ytflow/src/lib.rs:2:1
[INFO] [stdout]   |
[INFO] [stdout] 2 | #![feature(generic_const_exprs)]
[INFO] [stdout]   | ^^^^^^^^^^^^^^^^^^^^^^^^^^^^^^^^
[INFO] [stdout] 
[INFO] [stdout] 
[INFO] [stdout] error[E0554]: `#![feature]` may not be used on the stable release channel
[INFO] [stdout]  --> ytflow/src/lib.rs:3:1
[INFO] [stdout]   |
[INFO] [stdout] 3 | #![feature(stmt_expr_attributes)]
[INFO] [stdout]   | ^^^^^^^^^^^^^^^^^^^^^^^^^^^^^^^^^
[INFO] [stdout] 
[INFO] [stdout] 
[INFO] [stdout] error[E0554]: `#![feature]` may not be used on the stable release channel
[INFO] [stdout]  --> ytflow/src/lib.rs:4:1
[INFO] [stdout]   |
[INFO] [stdout] 4 | #![feature(ptr_metadata)]
[INFO] [stdout]   | ^^^^^^^^^^^^^^^^^^^^^^^^^
[INFO] [stdout] 
[INFO] [stdout] 
[INFO] [stdout] error[E0554]: `#![feature]` may not be used on the stable release channel
[INFO] [stdout]  --> ytflow/src/lib.rs:5:1
[INFO] [stdout]   |
[INFO] [stdout] 5 | #![feature(let_chains)]
[INFO] [stdout]   | ^^^^^^^^^^^^^^^^^^^^^^^
[INFO] [stdout] 
[INFO] [stdout] 
[INFO] [stdout] error[E0554]: `#![feature]` may not be used on the stable release channel
[INFO] [stdout]  --> ytflow/src/lib.rs:6:1
[INFO] [stdout]   |
[INFO] [stdout] 6 | #![feature(ip)]
[INFO] [stdout]   | ^^^^^^^^^^^^^^^
[INFO] [stdout] 
[INFO] [stdout] 
[INFO] [stdout] error[E0554]: `#![feature]` may not be used on the stable release channel
[INFO] [stdout]  --> ytflow/src/lib.rs:7:1
[INFO] [stdout]   |
[INFO] [stdout] 7 | #![feature(const_option)]
[INFO] [stdout]   | ^^^^^^^^^^^^^^^^^^^^^^^^^
[INFO] [stdout] 
[INFO] [stdout] 
[INFO] [stdout] error[E0554]: `#![feature]` may not be used on the stable release channel
[INFO] [stdout]  --> ytflow/src/lib.rs:8:1
[INFO] [stdout]   |
[INFO] [stdout] 8 | #![feature(result_flattening)]
[INFO] [stdout]   | ^^^^^^^^^^^^^^^^^^^^^^^^^^^^^^
[INFO] [stdout] 
[INFO] [stdout] 
[INFO] [stdout] warning: the feature `generic_const_exprs` is incomplete and may not be safe to use and/or cause compiler crashes
[INFO] [stdout]  --> ytflow/src/lib.rs:2:12
[INFO] [stdout]   |
[INFO] [stdout] 2 | #![feature(generic_const_exprs)]
[INFO] [stdout]   |            ^^^^^^^^^^^^^^^^^^^
[INFO] [stdout]   |
[INFO] [stdout]   = note: see issue #76560 <https://github.com/rust-lang/rust/issues/76560> for more information
[INFO] [stdout]   = note: `#[warn(incomplete_features)]` on by default
[INFO] [stdout] 
[INFO] [stdout] 
[INFO] [stdout] warning: unused imports: `AeadClientCryptoRx`, `AeadClientCryptoTx`
[INFO] [stdout]  --> ytflow/src/plugin/vmess/protocol/body.rs:9:5
[INFO] [stdout]   |
[INFO] [stdout] 9 |     AeadClientCryptoRx, AeadClientCryptoTx, AesGcmCryptoFactory, ChachaPolyCryptoFactory,
[INFO] [stdout]   |     ^^^^^^^^^^^^^^^^^^  ^^^^^^^^^^^^^^^^^^
[INFO] [stdout]   |
[INFO] [stdout]   = note: `#[warn(unused_imports)]` on by default
[INFO] [stdout] 
[INFO] [stdout] 
[INFO] [stdout] warning: unused imports: `AesCfbClientCryptoRx`, `AesCfbClientCryptoTx`
[INFO] [stdout]   --> ytflow/src/plugin/vmess/protocol/body.rs:11:19
[INFO] [stdout]    |
[INFO] [stdout] 11 | pub use aes_cfb::{AesCfbClientCryptoRx, AesCfbClientCryptoTx, AesCfbCryptoFactory};
[INFO] [stdout]    |                   ^^^^^^^^^^^^^^^^^^^^  ^^^^^^^^^^^^^^^^^^^^
[INFO] [stdout] 
[INFO] [stdout] 
[INFO] [stdout] warning: unused imports: `NoneClientCryptoRx`, `NoneClientCryptoTx`
[INFO] [stdout]   --> ytflow/src/plugin/vmess/protocol/body.rs:13:16
[INFO] [stdout]    |
[INFO] [stdout] 13 | pub use none::{NoneClientCryptoRx, NoneClientCryptoTx, NoneCryptoFactory};
[INFO] [stdout]    |                ^^^^^^^^^^^^^^^^^^  ^^^^^^^^^^^^^^^^^^
[INFO] [stdout] 
[INFO] [stdout] 
[INFO] [stdout] error[E0554]: `#![feature]` may not be used on the stable release channel
[INFO] [stdout]  --> ytflow/src/lib.rs:2:1
[INFO] [stdout]   |
[INFO] [stdout] 2 | #![feature(generic_const_exprs)]
[INFO] [stdout]   | ^^^^^^^^^^^^^^^^^^^^^^^^^^^^^^^^
[INFO] [stdout] 
[INFO] [stdout] 
[INFO] [stdout] error[E0554]: `#![feature]` may not be used on the stable release channel
[INFO] [stdout]  --> ytflow/src/lib.rs:3:1
[INFO] [stdout]   |
[INFO] [stdout] 3 | #![feature(stmt_expr_attributes)]
[INFO] [stdout]   | ^^^^^^^^^^^^^^^^^^^^^^^^^^^^^^^^^
[INFO] [stdout] 
[INFO] [stdout] 
[INFO] [stdout] error[E0554]: `#![feature]` may not be used on the stable release channel
[INFO] [stdout]  --> ytflow/src/lib.rs:4:1
[INFO] [stdout]   |
[INFO] [stdout] 4 | #![feature(ptr_metadata)]
[INFO] [stdout]   | ^^^^^^^^^^^^^^^^^^^^^^^^^
[INFO] [stdout] 
[INFO] [stdout] 
[INFO] [stdout] error[E0554]: `#![feature]` may not be used on the stable release channel
[INFO] [stdout]  --> ytflow/src/lib.rs:5:1
[INFO] [stdout]   |
[INFO] [stdout] 5 | #![feature(let_chains)]
[INFO] [stdout]   | ^^^^^^^^^^^^^^^^^^^^^^^
[INFO] [stdout] 
[INFO] [stdout] 
[INFO] [stdout] error[E0554]: `#![feature]` may not be used on the stable release channel
[INFO] [stdout]  --> ytflow/src/lib.rs:6:1
[INFO] [stdout]   |
[INFO] [stdout] 6 | #![feature(ip)]
[INFO] [stdout]   | ^^^^^^^^^^^^^^^
[INFO] [stdout] 
[INFO] [stdout] 
[INFO] [stdout] error[E0554]: `#![feature]` may not be used on the stable release channel
[INFO] [stdout]  --> ytflow/src/lib.rs:7:1
[INFO] [stdout]   |
[INFO] [stdout] 7 | #![feature(const_option)]
[INFO] [stdout]   | ^^^^^^^^^^^^^^^^^^^^^^^^^
[INFO] [stdout] 
[INFO] [stdout] 
[INFO] [stdout] error[E0554]: `#![feature]` may not be used on the stable release channel
[INFO] [stdout]  --> ytflow/src/lib.rs:8:1
[INFO] [stdout]   |
[INFO] [stdout] 8 | #![feature(result_flattening)]
[INFO] [stdout]   | ^^^^^^^^^^^^^^^^^^^^^^^^^^^^^^
[INFO] [stdout] 
[INFO] [stdout] 
[INFO] [stdout] warning: the feature `generic_const_exprs` is incomplete and may not be safe to use and/or cause compiler crashes
[INFO] [stdout]  --> ytflow/src/lib.rs:2:12
[INFO] [stdout]   |
[INFO] [stdout] 2 | #![feature(generic_const_exprs)]
[INFO] [stdout]   |            ^^^^^^^^^^^^^^^^^^^
[INFO] [stdout]   |
[INFO] [stdout]   = note: see issue #76560 <https://github.com/rust-lang/rust/issues/76560> for more information
[INFO] [stdout]   = note: `#[warn(incomplete_features)]` on by default
[INFO] [stdout] 
[INFO] [stdout] 
[INFO] [stdout] error[E0554]: `#![feature]` may not be used on the stable release channel
[INFO] [stdout]  --> ytflow/src/lib.rs:4:12
[INFO] [stdout]   |
[INFO] [stdout] 4 | #![feature(ptr_metadata)]
[INFO] [stdout]   |            ^^^^^^^^^^^^
[INFO] [stdout] 
[INFO] [stdout] 
[INFO] [stdout] error[E0554]: `#![feature]` may not be used on the stable release channel
[INFO] [stdout]  --> ytflow/src/lib.rs:6:12
[INFO] [stdout]   |
[INFO] [stdout] 6 | #![feature(ip)]
[INFO] [stdout]   |            ^^
[INFO] [stdout] 
[INFO] [stdout] 
[INFO] [stdout] error[E0554]: `#![feature]` may not be used on the stable release channel
[INFO] [stdout]  --> ytflow/src/lib.rs:7:12
[INFO] [stdout]   |
[INFO] [stdout] 7 | #![feature(const_option)]
[INFO] [stdout]   |            ^^^^^^^^^^^^
[INFO] [stdout] 
[INFO] [stdout] 
[INFO] [stdout] error[E0554]: `#![feature]` may not be used on the stable release channel
[INFO] [stdout]  --> ytflow/src/lib.rs:8:12
[INFO] [stdout]   |
[INFO] [stdout] 8 | #![feature(result_flattening)]
[INFO] [stdout]   |            ^^^^^^^^^^^^^^^^^
[INFO] [stdout] 
[INFO] [stdout] 
[INFO] [stdout] error: aborting due to 7 previous errors; 1 warning emitted
[INFO] [stdout] 
[INFO] [stdout] 
[INFO] [stdout] For more information about this error, try `rustc --explain E0554`.
[INFO] [stdout] 
[INFO] [stderr] error: could not document `ytflow`
[INFO] [stderr] 
[INFO] [stderr] Caused by:
[INFO] [stderr]   process didn't exit successfully: `/opt/rustwide/rustup-home/toolchains/1.75.0-x86_64-unknown-linux-gnu/bin/rustdoc --edition=2021 --crate-type lib --crate-name ytflow ytflow/src/lib.rs -o /opt/rustwide/target/doc --error-format=json --json=diagnostic-rendered-ansi,artifacts,future-incompat --document-private-items -C metadata=2a68c251798e6d9a -L dependency=/opt/rustwide/target/debug/deps --extern aes_gcm=/opt/rustwide/target/debug/deps/libaes_gcm-5c612ac126a673b1.rmeta --extern aho_corasick=/opt/rustwide/target/debug/deps/libaho_corasick-1a431e2bf2c90931.rmeta --extern arc_swap=/opt/rustwide/target/debug/deps/libarc_swap-10d6074808ac905b.rmeta --extern async_trait=/opt/rustwide/target/debug/deps/libasync_trait-e12a93660a07185b.so --extern base64=/opt/rustwide/target/debug/deps/libbase64-bbe61aeffca4dba0.rmeta --extern bitflags=/opt/rustwide/target/debug/deps/libbitflags-53ebf81371cf9f81.rmeta --extern camellia=/opt/rustwide/target/debug/deps/libcamellia-dfa8c51e811a669e.rmeta --extern cbor4ii=/opt/rustwide/target/debug/deps/libcbor4ii-eb53a60d1f31ce9d.rmeta --extern cfb_mode=/opt/rustwide/target/debug/deps/libcfb_mode-9dbb5b7238c081e5.rmeta --extern chacha20=/opt/rustwide/target/debug/deps/libchacha20-7b470f79bf10e4f0.rmeta --extern chacha20poly1305=/opt/rustwide/target/debug/deps/libchacha20poly1305-109795bb8d519c69.rmeta --extern chrono=/opt/rustwide/target/debug/deps/libchrono-b015d64c4583dabf.rmeta --extern cidr=/opt/rustwide/target/debug/deps/libcidr-7cf982dc430ecc85.rmeta --extern cipher=/opt/rustwide/target/debug/deps/libcipher-da66d78153d8a1cf.rmeta --extern const_fnv1a_hash=/opt/rustwide/target/debug/deps/libconst_fnv1a_hash-e47d382c3b44b1bd.rmeta --extern crc32fast=/opt/rustwide/target/debug/deps/libcrc32fast-d6d7313af3c4615a.rmeta --extern ctr=/opt/rustwide/target/debug/deps/libctr-fd09d2ff0d72f0dc.rmeta --extern flume=/opt/rustwide/target/debug/deps/libflume-f62f3f48564c7157.rmeta --extern foreign_types_shared=/opt/rustwide/target/debug/deps/libforeign_types_shared-30635c5f0d55d673.rmeta --extern futures=/opt/rustwide/target/debug/deps/libfutures-6c9853c175de54a5.rmeta --extern getrandom=/opt/rustwide/target/debug/deps/libgetrandom-29b6b469471d7ac8.rmeta --extern hkdf=/opt/rustwide/target/debug/deps/libhkdf-121a5f40ee3ae777.rmeta --extern hmac=/opt/rustwide/target/debug/deps/libhmac-c30566d6b084155c.rmeta --extern http=/opt/rustwide/target/debug/deps/libhttp-6b716ac2935b5867.rmeta --extern httparse=/opt/rustwide/target/debug/deps/libhttparse-7c8a2d6bbc52db7d.rmeta --extern hyper=/opt/rustwide/target/debug/deps/libhyper-75111e47c98d5c1e.rmeta --extern itertools=/opt/rustwide/target/debug/deps/libitertools-62d88e9243481957.rmeta --extern libc=/opt/rustwide/target/debug/deps/liblibc-71370a8b38420672.rmeta --extern lru=/opt/rustwide/target/debug/deps/liblru-43191e0f8fef8a11.rmeta --extern maxminddb=/opt/rustwide/target/debug/deps/libmaxminddb-5ce30005c272c1e7.rmeta --extern md5=/opt/rustwide/target/debug/deps/libmd5-cc4181f2a5d20b20.rmeta --extern memchr=/opt/rustwide/target/debug/deps/libmemchr-7d395bfd8189274c.rmeta --extern netlink_packet_route=/opt/rustwide/target/debug/deps/libnetlink_packet_route-366818040fd58363.rmeta --extern netlink_sys=/opt/rustwide/target/debug/deps/libnetlink_sys-53d633cd909b15c9.rmeta --extern openssl=/opt/rustwide/target/debug/deps/libopenssl-530a75eb38542a39.rmeta --extern pin_project_lite=/opt/rustwide/target/debug/deps/libpin_project_lite-a52591f63adb7509.rmeta --extern rand=/opt/rustwide/target/debug/deps/librand-40f99c9710e73c6d.rmeta --extern rc4=/opt/rustwide/target/debug/deps/librc4-10adc16c087a2b96.rmeta --extern refinery=/opt/rustwide/target/debug/deps/librefinery-2c7cca6420db4314.rmeta --extern refinery_core=/opt/rustwide/target/debug/deps/librefinery_core-7d63a2238289e0a1.rmeta --extern regex=/opt/rustwide/target/debug/deps/libregex-6437678f4de0e6a9.rmeta --extern rtnetlink=/opt/rustwide/target/debug/deps/librtnetlink-99800294d15f6df7.rmeta --extern rusqlite=/opt/rustwide/target/debug/deps/librusqlite-26b1820bc35a373e.rmeta --extern serde=/opt/rustwide/target/debug/deps/libserde-1372cbf8ed7aa959.rmeta --extern serde_bytes=/opt/rustwide/target/debug/deps/libserde_bytes-a3d9acad3721da5a.rmeta --extern sha1=/opt/rustwide/target/debug/deps/libsha1-2d3857eacf90618d.rmeta --extern sha2=/opt/rustwide/target/debug/deps/libsha2-1092d06f8765a30a.rmeta --extern sha3=/opt/rustwide/target/debug/deps/libsha3-a4d8c401272a0b9f.rmeta --extern smallvec=/opt/rustwide/target/debug/deps/libsmallvec-d0742449d865feda.rmeta --extern smoltcp=/opt/rustwide/target/debug/deps/libsmoltcp-d7c97a084efc816f.rmeta --extern socket2=/opt/rustwide/target/debug/deps/libsocket2-ae3f5ebed7df75ba.rmeta --extern subtle=/opt/rustwide/target/debug/deps/libsubtle-c7c651804a19b6a8.rmeta --extern thiserror=/opt/rustwide/target/debug/deps/libthiserror-fdf120b3eda3e431.rmeta --extern tokio=/opt/rustwide/target/debug/deps/libtokio-55fa1638247469b0.rmeta --extern tokio_openssl=/opt/rustwide/target/debug/deps/libtokio_openssl-612b3093616857e0.rmeta --extern tokio_tungstenite=/opt/rustwide/target/debug/deps/libtokio_tungstenite-e356c668046a611e.rmeta --extern tokio_util=/opt/rustwide/target/debug/deps/libtokio_util-6192eadfec3120fb.rmeta --extern trust_dns_resolver=/opt/rustwide/target/debug/deps/libtrust_dns_resolver-f445aa6c26cdd6b4.rmeta --extern uuid=/opt/rustwide/target/debug/deps/libuuid-f8b1b296cd1a1bd4.rmeta --extern zbus_systemd=/opt/rustwide/target/debug/deps/libzbus_systemd-906e2377702a9dd9.rmeta --cap-lints=warn --crate-version 0.6.2` (exit status: 1)
[INFO] [stderr] warning: build failed, waiting for other jobs to finish...
[INFO] [stdout] error: aborting due to 11 previous errors; 4 warnings emitted
[INFO] [stdout] 
[INFO] [stdout] 
[INFO] [stdout] For more information about this error, try `rustc --explain E0554`.
[INFO] [stdout] 
[INFO] [stderr] error: could not compile `ytflow` (lib) due to 12 previous errors; 4 warnings emitted
[INFO] running `Command { std: "docker" "inspect" "94206f3b576bbca1744d1475a4e4147375bd867089502a45d5e1b0fa01a5fc8c", kill_on_drop: false }`
[INFO] running `Command { std: "docker" "rm" "-f" "94206f3b576bbca1744d1475a4e4147375bd867089502a45d5e1b0fa01a5fc8c", kill_on_drop: false }`
[INFO] [stdout] 94206f3b576bbca1744d1475a4e4147375bd867089502a45d5e1b0fa01a5fc8c
[INFO] documenting YtFlow/YtFlowCore against beta-2023-12-22 for beta-1.76-rustdoc-1
[INFO] running `Command { std: "git" "clone" "/workspace/cache/git-repos/https%3A%2F%2Fgithub.com%2FYtFlow%2FYtFlowCore" "/workspace/builds/worker-2-tc2/source", kill_on_drop: false }`
[INFO] [stderr] Cloning into '/workspace/builds/worker-2-tc2/source'...
[INFO] [stderr] done.
[INFO] validating manifest of git repo https://github.com/YtFlow/YtFlowCore on toolchain beta-2023-12-22
[INFO] running `Command { std: CARGO_HOME="/workspace/cargo-home" RUSTUP_HOME="/workspace/rustup-home" "/workspace/cargo-home/bin/cargo" "+beta-2023-12-22" "metadata" "--manifest-path" "Cargo.toml" "--no-deps", kill_on_drop: false }`
[INFO] removed /workspace/builds/worker-2-tc2/source/rust-toolchain.toml
[INFO] started tweaking git repo https://github.com/YtFlow/YtFlowCore
[INFO] finished tweaking git repo https://github.com/YtFlow/YtFlowCore
[INFO] tweaked toml for git repo https://github.com/YtFlow/YtFlowCore written to /workspace/builds/worker-2-tc2/source/Cargo.toml
[INFO] crate git repo https://github.com/YtFlow/YtFlowCore already has a lockfile, it will not be regenerated
[INFO] running `Command { std: CARGO_HOME="/workspace/cargo-home" RUSTUP_HOME="/workspace/rustup-home" "/workspace/cargo-home/bin/cargo" "+beta-2023-12-22" "fetch" "--manifest-path" "Cargo.toml", kill_on_drop: false }`
[INFO] running `Command { std: "docker" "create" "-v" "/var/lib/crater-agent-workspace/builds/worker-2-tc2/target:/opt/rustwide/target:rw,Z" "-v" "/var/lib/crater-agent-workspace/builds/worker-2-tc2/source:/opt/rustwide/workdir:ro,Z" "-v" "/var/lib/crater-agent-workspace/cargo-home:/opt/rustwide/cargo-home:ro,Z" "-v" "/var/lib/crater-agent-workspace/rustup-home:/opt/rustwide/rustup-home:ro,Z" "-e" "SOURCE_DIR=/opt/rustwide/workdir" "-e" "CARGO_TARGET_DIR=/opt/rustwide/target" "-e" "CARGO_HOME=/opt/rustwide/cargo-home" "-e" "RUSTUP_HOME=/opt/rustwide/rustup-home" "-w" "/opt/rustwide/workdir" "-m" "1610612736" "--user" "0:0" "--network" "none" "ghcr.io/rust-lang/crates-build-env/linux@sha256:2788e3201cd34a07e3172128adcd8b3090168a8e3bcc40d7c032b9dda1df7d1c" "/opt/rustwide/cargo-home/bin/cargo" "+beta-2023-12-22" "metadata" "--no-deps" "--format-version=1", kill_on_drop: false }`
[INFO] [stdout] e65a7b502453126c47abec27757f50260b1c5c5ff0831e91079f100bd2eb45bd
[INFO] running `Command { std: "docker" "start" "-a" "e65a7b502453126c47abec27757f50260b1c5c5ff0831e91079f100bd2eb45bd", kill_on_drop: false }`
[INFO] running `Command { std: "docker" "inspect" "e65a7b502453126c47abec27757f50260b1c5c5ff0831e91079f100bd2eb45bd", kill_on_drop: false }`
[INFO] running `Command { std: "docker" "rm" "-f" "e65a7b502453126c47abec27757f50260b1c5c5ff0831e91079f100bd2eb45bd", kill_on_drop: false }`
[INFO] [stdout] e65a7b502453126c47abec27757f50260b1c5c5ff0831e91079f100bd2eb45bd
[INFO] running `Command { std: "docker" "create" "-v" "/var/lib/crater-agent-workspace/builds/worker-2-tc2/target:/opt/rustwide/target:rw,Z" "-v" "/var/lib/crater-agent-workspace/builds/worker-2-tc2/source:/opt/rustwide/workdir:ro,Z" "-v" "/var/lib/crater-agent-workspace/cargo-home:/opt/rustwide/cargo-home:ro,Z" "-v" "/var/lib/crater-agent-workspace/rustup-home:/opt/rustwide/rustup-home:ro,Z" "-e" "SOURCE_DIR=/opt/rustwide/workdir" "-e" "CARGO_TARGET_DIR=/opt/rustwide/target" "-e" "CARGO_INCREMENTAL=0" "-e" "RUST_BACKTRACE=full" "-e" "RUSTFLAGS=--cap-lints=warn" "-e" "RUSTDOCFLAGS=--cap-lints=warn" "-e" "CARGO_HOME=/opt/rustwide/cargo-home" "-e" "RUSTUP_HOME=/opt/rustwide/rustup-home" "-w" "/opt/rustwide/workdir" "-m" "1610612736" "--user" "0:0" "--network" "none" "ghcr.io/rust-lang/crates-build-env/linux@sha256:2788e3201cd34a07e3172128adcd8b3090168a8e3bcc40d7c032b9dda1df7d1c" "/opt/rustwide/cargo-home/bin/cargo" "+beta-2023-12-22" "doc" "--frozen" "--no-deps" "--document-private-items" "--message-format=json", kill_on_drop: false }`
[INFO] [stdout] 926dbada10a013c5c8c0480b3dcaf1bfeeab381d7cb20a0fba190fb3fafaeb1e
[INFO] running `Command { std: "docker" "start" "-a" "926dbada10a013c5c8c0480b3dcaf1bfeeab381d7cb20a0fba190fb3fafaeb1e", kill_on_drop: false }`
[INFO] [stderr]    Compiling proc-macro2 v1.0.66
[INFO] [stderr]    Compiling unicode-ident v1.0.11
[INFO] [stderr]    Compiling libc v0.2.147
[INFO] [stderr]     Checking cfg-if v1.0.0
[INFO] [stderr]    Compiling serde v1.0.188
[INFO] [stderr]    Compiling autocfg v1.1.0
[INFO] [stderr]    Compiling version_check v0.9.4
[INFO] [stderr]    Compiling typenum v1.16.0
[INFO] [stderr]     Checking log v0.4.20
[INFO] [stderr]    Compiling futures-core v0.3.28
[INFO] [stderr]     Checking memchr v2.6.2
[INFO] [stderr]    Compiling syn v1.0.109
[INFO] [stderr]    Compiling generic-array v0.14.7
[INFO] [stderr]    Compiling ahash v0.8.3
[INFO] [stderr]     Checking pin-project-lite v0.2.13
[INFO] [stderr]    Compiling lock_api v0.4.10
[INFO] [stderr]     Checking scopeguard v1.2.0
[INFO] [stderr]     Checking once_cell v1.18.0
[INFO] [stderr]     Checking futures-io v0.3.28
[INFO] [stderr]    Compiling slab v0.4.9
[INFO] [stderr]    Compiling vcpkg v0.2.15
[INFO] [stderr]    Compiling quote v1.0.33
[INFO] [stderr]     Checking futures-sink v0.3.28
[INFO] [stderr]    Compiling pkg-config v0.3.27
[INFO] [stderr]    Compiling syn v2.0.29
[INFO] [stderr]     Checking subtle v2.5.0
[INFO] [stderr]    Compiling thiserror v1.0.47
[INFO] [stderr]    Compiling allocator-api2 v0.2.16
[INFO] [stderr]    Compiling futures-channel v0.3.28
[INFO] [stderr]    Compiling futures-task v0.3.28
[INFO] [stderr]     Checking getrandom v0.2.10
[INFO] [stderr]    Compiling hashbrown v0.14.0
[INFO] [stderr]     Checking byteorder v1.4.3
[INFO] [stderr]     Checking bitflags v1.3.2
[INFO] [stderr]     Checking rand_core v0.6.4
[INFO] [stderr]    Compiling futures-util v0.3.28
[INFO] [stderr]     Checking crypto-common v0.1.6
[INFO] [stderr]     Checking pin-utils v0.1.0
[INFO] [stderr]     Checking bytes v1.4.0
[INFO] [stderr]    Compiling parking_lot_core v0.8.6
[INFO] [stderr]     Checking instant v0.1.12
[INFO] [stderr]     Checking cpufeatures v0.2.9
[INFO] [stderr]     Checking cfg-if v0.1.10
[INFO] [stderr]    Compiling equivalent v1.0.1
[INFO] [stderr]     Checking net2 v0.2.39
[INFO] [stderr]     Checking iovec v0.1.4
[INFO] [stderr]    Compiling winnow v0.5.15
[INFO] [stderr]     Checking mio v0.7.14 (https://github.com/YtFlow/mio-noafd?branch=noafd-v0.7-nobind#75682c7c)
[INFO] [stderr]    Compiling indexmap v2.0.0
[INFO] [stderr]     Checking block-buffer v0.10.4
[INFO] [stderr]     Checking num_cpus v1.16.0
[INFO] [stderr]    Compiling num-traits v0.2.16
[INFO] [stderr]     Checking tinyvec_macros v0.1.1
[INFO] [stderr]     Checking tinyvec v1.6.0
[INFO] [stderr]     Checking digest v0.10.7
[INFO] [stderr]    Compiling crossbeam-utils v0.8.16
[INFO] [stderr]     Checking itoa v1.0.9
[INFO] [stderr]    Compiling async-trait v0.1.73
[INFO] [stderr]     Checking inout v0.1.3
[INFO] [stderr]    Compiling libsqlite3-sys v0.25.2 (https://github.com/YtFlow/rusqlite#3ef90409)
[INFO] [stderr]     Checking unicode-bidi v0.3.13
[INFO] [stderr]     Checking ppv-lite86 v0.2.17
[INFO] [stderr]     Checking unicode-normalization v0.1.22
[INFO] [stderr]     Checking event-listener v2.5.3
[INFO] [stderr]    Compiling rustix v0.38.10
[INFO] [stderr]     Checking zeroize v1.6.0
[INFO] [stderr]     Checking cipher v0.4.4
[INFO] [stderr]     Checking rand_chacha v0.3.1
[INFO] [stderr]    Compiling indexmap v1.9.3
[INFO] [stderr]    Compiling memoffset v0.7.1
[INFO] [stderr]    Compiling aho-corasick v1.0.5
[INFO] [stderr]    Compiling regex-syntax v0.7.5
[INFO] [stderr]     Checking percent-encoding v2.3.0
[INFO] [stderr]     Checking concurrent-queue v2.2.0
[INFO] [stderr]     Checking rand v0.8.5
[INFO] [stderr]     Checking form_urlencoded v1.2.0
[INFO] [stderr]     Checking idna v0.4.0
[INFO] [stderr]    Compiling cc v1.0.83
[INFO] [stderr]     Checking parking v2.1.0
[INFO] [stderr]    Compiling paste v1.0.14
[INFO] [stderr]     Checking waker-fn v1.1.0
[INFO] [stderr]    Compiling heck v0.4.1
[INFO] [stderr]    Compiling anyhow v1.0.75
[INFO] [stderr]     Checking fastrand v1.9.0
[INFO] [stderr]    Compiling semver v1.0.18
[INFO] [stderr]     Checking futures-lite v1.13.0
[INFO] [stderr]    Compiling zvariant_utils v1.0.1
[INFO] [stderr]     Checking url v2.4.1
[INFO] [stderr]    Compiling openssl-sys v0.9.92
[INFO] [stderr]     Checking async-lock v2.8.0
[INFO] [stderr]     Checking tracing-core v0.1.31
[INFO] [stderr]     Checking fnv v1.0.7
[INFO] [stderr]    Compiling regex-automata v0.3.7
[INFO] [stderr]    Compiling io-lifetimes v1.0.11
[INFO] [stderr]     Checking lazy_static v1.4.0
[INFO] [stderr]     Checking http v0.2.9
[INFO] [stderr]     Checking nix v0.26.4
[INFO] [stderr]    Compiling time v0.1.45
[INFO] [stderr]     Checking universal-hash v0.5.1
[INFO] [stderr]    Compiling polling v2.8.0
[INFO] [stderr]    Compiling rustix v0.37.23
[INFO] [stderr]    Compiling iana-time-zone v0.1.57
[INFO] [stderr]     Checking opaque-debug v0.3.0
[INFO] [stderr]    Compiling serde_derive v1.0.188
[INFO] [stderr]    Compiling thiserror-impl v1.0.47
[INFO] [stderr]    Compiling futures-macro v0.3.28
[INFO] [stderr]    Compiling tokio-macros v1.8.2
[INFO] [stderr]    Compiling regex v1.9.4
[INFO] [stderr]    Compiling tracing-attributes v0.1.26
[INFO] [stderr]    Compiling enumflags2_derive v0.7.7
[INFO] [stderr]     Checking async-task v4.4.0
[INFO] [stderr]    Compiling httparse v1.8.0
[INFO] [stderr]     Checking netlink-packet-utils v0.5.2
[INFO] [stderr]    Compiling rustc_version v0.4.0
[INFO] [stderr]     Checking async-channel v1.9.0
[INFO] [stderr]     Checking sha1 v0.10.5
[INFO] [stderr]     Checking tracing v0.1.37
[INFO] [stderr]    Compiling hashlink v0.8.4
[INFO] [stderr]    Compiling async-io v1.13.0
[INFO] [stderr]    Compiling async-fs v1.6.0
[INFO] [stderr]     Checking linux-raw-sys v0.3.8
[INFO] [stderr]    Compiling deranged v0.3.8
[INFO] [stderr]    Compiling same-file v1.0.6
[INFO] [stderr]    Compiling time-core v0.1.1
[INFO] [stderr]     Checking data-encoding v2.4.0
[INFO] [stderr]    Compiling fallible-iterator v0.2.0
[INFO] [stderr]     Checking atomic-waker v1.1.1
[INFO] [stderr]    Compiling fallible-streaming-iterator v0.1.9
[INFO] [stderr]     Checking static_assertions v1.1.0
[INFO] [stderr]     Checking blocking v1.3.1
[INFO] [stderr]    Compiling walkdir v2.3.3
[INFO] [stderr]    Compiling time v0.3.28
[INFO] [stderr]    Compiling heapless v0.7.16
[INFO] [stderr]     Checking futures-executor v0.3.28
[INFO] [stderr]     Checking futures v0.3.28
[INFO] [stderr]     Checking netlink-packet-core v0.7.0
[INFO] [stderr]     Checking socket2 v0.4.9
[INFO] [stderr]     Checking spin v0.9.8
[INFO] [stderr]    Compiling siphasher v0.3.11
[INFO] [stderr]    Compiling serde_json v1.0.105
[INFO] [stderr]    Compiling signal-hook v0.3.17
[INFO] [stderr]    Compiling openssl v0.10.57
[INFO] [stderr]     Checking foreign-types-shared v0.1.1
[INFO] [stderr]     Checking hashbrown v0.12.3
[INFO] [stderr]     Checking either v1.9.0
[INFO] [stderr]    Compiling parking_lot_core v0.9.8
[INFO] [stderr]     Checking matches v0.1.10
[INFO] [stderr]     Checking idna v0.2.3
[INFO] [stderr]     Checking foreign-types v0.3.2
[INFO] [stderr]     Checking async-executor v1.5.1
[INFO] [stderr]     Checking smallvec v1.11.0
[INFO] [stderr]     Checking bitflags v2.4.0
[INFO] [stderr]     Checking serde_spanned v0.6.3
[INFO] [stderr]     Checking enumflags2 v0.7.7
[INFO] [stderr]     Checking toml_datetime v0.6.3
[INFO] [stderr]     Checking chrono v0.4.28
[INFO] [stderr]     Checking xdg-home v1.0.0
[INFO] [stderr]    Compiling enum-as-inner v0.3.4
[INFO] [stderr]    Compiling derivative v2.2.0
[INFO] [stderr]     Checking toml_edit v0.19.14
[INFO] [stderr]     Checking parking_lot v0.11.2
[INFO] [stderr]     Checking tokio v1.16.1
[INFO] [stderr]     Checking polyval v0.6.1
[INFO] [stderr]    Compiling openssl-macros v0.1.1
[INFO] [stderr]    Compiling async-recursion v1.0.4
[INFO] [stderr]     Checking rusqlite v0.28.0
[INFO] [stderr]    Compiling serde_repr v0.1.16
[INFO] [stderr]     Checking toml v0.7.6
[INFO] [stderr]     Checking async-broadcast v0.5.1
[INFO] [stderr]     Checking aead v0.5.2
[INFO] [stderr]     Checking hash32 v0.2.1
[INFO] [stderr]     Checking signal-hook-registry v1.4.1
[INFO] [stderr]     Checking ordered-stream v0.2.0
[INFO] [stderr]    Compiling tokio-openssl v0.6.3
[INFO] [stderr]    Compiling crc32fast v1.3.2
[INFO] [stderr]     Checking stable_deref_trait v1.2.0
[INFO] [stderr]     Checking ipnet v2.8.0
[INFO] [stderr]     Checking linked-hash-map v0.5.6
[INFO] [stderr]     Checking try-lock v0.2.4
[INFO] [stderr]     Checking hex v0.4.3
[INFO] [stderr]     Checking utf-8 v0.7.6
[INFO] [stderr]     Checking linux-raw-sys v0.4.5
[INFO] [stderr]    Compiling smoltcp v0.10.0
[INFO] [stderr]    Compiling proc-macro-crate v1.3.1
[INFO] [stderr]     Checking tungstenite v0.20.0
[INFO] [stderr]     Checking lru-cache v0.1.2
[INFO] [stderr]     Checking want v0.3.1
[INFO] [stderr]    Compiling refinery-core v0.8.10
[INFO] [stderr]     Checking netlink-sys v0.8.5
[INFO] [stderr]     Checking tokio-util v0.7.2
[INFO] [stderr]     Checking trust-dns-proto v0.20.4
[INFO] [stderr]     Checking netlink-proto v0.11.2
[INFO] [stderr]     Checking h2 v0.3.21
[INFO] [stderr]     Checking ghash v0.5.0
[INFO] [stderr]     Checking ipnetwork v0.18.0
[INFO] [stderr]     Checking netlink-packet-route v0.17.1
[INFO] [stderr]     Checking poly1305 v0.8.0
[INFO] [stderr]     Checking http-body v0.4.5
[INFO] [stderr]     Checking aes v0.8.3
[INFO] [stderr]     Checking chacha20 v0.9.1
[INFO] [stderr]     Checking ctr v0.9.2
[INFO] [stderr]     Checking hmac v0.12.1
[INFO] [stderr]     Checking mio v0.8.8
[INFO] [stderr]    Compiling zvariant_derive v3.15.0
[INFO] [stderr]    Compiling zbus_macros v3.14.1
[INFO] [stderr]    Compiling refinery-macros v0.8.10
[INFO] [stderr]    Compiling ytflow v0.6.2 (/opt/rustwide/workdir/ytflow)
[INFO] [stderr]     Checking managed v0.8.0
[INFO] [stderr]     Checking keccak v0.1.4
[INFO] [stderr]     Checking tower-service v0.3.2
[INFO] [stderr]     Checking httpdate v1.0.3
[INFO] [stderr]     Checking sha3 v0.10.8
[INFO] [stderr]     Checking signal-hook-mio v0.2.3
[INFO] [stderr]     Checking aes-gcm v0.10.2
[INFO] [stderr]     Checking hkdf v0.12.3
[INFO] [stderr]     Checking trust-dns-resolver v0.20.4
[INFO] [stderr]     Checking chacha20poly1305 v0.10.1
[INFO] [stderr]     Checking maxminddb v0.23.0
[INFO] [stderr]     Checking rtnetlink v0.13.1
[INFO] [stderr]     Checking refinery v0.8.10
[INFO] [stderr]     Checking parking_lot v0.12.1
[INFO] [stderr]     Checking hyper v0.14.27 (https://github.com/hyperium/hyper.git?branch=0.14.x#d342c2c7)
[INFO] [stderr]     Checking tokio-tungstenite v0.20.0
[INFO] [stderr]     Checking cbor4ii v0.3.1
[INFO] [stderr]     Checking zvariant v3.15.0
[INFO] [stderr]     Checking cidr v0.2.2
[INFO] [stderr]     Checking uuid v1.4.1
[INFO] [stderr]     Checking serde_bytes v0.11.12
[INFO] [stderr]     Checking itertools v0.11.0
[INFO] [stderr]     Checking flume v0.11.0
[INFO] [stderr]     Checking lru v0.11.0
[INFO] [stderr]     Checking cfb-mode v0.8.2
[INFO] [stderr]     Checking rc4 v0.1.0
[INFO] [stderr]     Checking camellia v0.1.0
[INFO] [stderr]     Checking md-5 v0.10.5
[INFO] [stderr]     Checking sha2 v0.10.7
[INFO] [stderr]     Checking utf8parse v0.2.1
[INFO] [stderr]     Checking base64 v0.21.3
[INFO] [stderr]     Checking const-fnv1a-hash v1.1.0
[INFO] [stderr]     Checking arc-swap v1.6.0
[INFO] [stderr]     Checking anstyle-parse v0.2.1
[INFO] [stderr]     Checking colorchoice v1.0.0
[INFO] [stderr]    Compiling rustversion v1.0.14
[INFO] [stderr]    Compiling fastrand v2.0.0
[INFO] [stderr]     Checking anstyle v1.0.2
[INFO] [stderr]     Checking anstyle-query v1.0.0
[INFO] [stderr]    Compiling ryu v1.0.15
[INFO] [stderr]    Compiling cbindgen v0.25.0
[INFO] [stderr]     Checking zbus_names v2.6.0
[INFO] [stderr]     Checking anstream v0.5.0
[INFO] [stderr]     Checking is-terminal v0.4.9
[INFO] [stderr]    Compiling toml v0.5.11
[INFO] [stderr]     Checking half v1.8.2
[INFO] [stderr]     Checking unicode-width v0.1.10
[INFO] [stderr]     Checking ciborium-io v0.2.1
[INFO] [stderr]     Checking clap_lex v0.5.1
[INFO] [stderr]     Checking strsim v0.10.0
[INFO] [stderr]     Checking ciborium-ll v0.2.1
[INFO] [stderr]     Checking clap_builder v4.4.1
[INFO] [stderr]     Checking tempfile v3.8.0
[INFO] [stderr]     Checking colored v1.9.4
[INFO] [stderr]     Checking crossterm v0.25.0
[INFO] [stderr]     Checking crossterm v0.27.0
[INFO] [stderr]     Checking which v4.4.0
[INFO] [stderr]     Checking cassowary v0.3.0
[INFO] [stderr]     Checking unicode-segmentation v1.10.1
[INFO] [stderr]     Checking tui-input v0.8.0
[INFO] [stderr]    Compiling strum_macros v0.25.2
[INFO] [stderr]     Checking tui v0.19.0
[INFO] [stderr]     Checking edit v0.1.4
[INFO] [stderr]     Checking clap v4.4.1
[INFO] [stderr]     Checking fern v0.6.2
[INFO] [stderr]     Checking ciborium v0.2.1
[INFO] [stderr]     Checking ctrlc v3.4.0
[INFO] [stderr]     Checking nanoid v0.4.0
[INFO] [stderr]    Compiling ytflow-uwp-plugin v0.6.2 (/opt/rustwide/workdir/ytflow-uwp-plugin)
[INFO] [stderr]     Checking strum v0.25.0
[INFO] [stderr]     Checking zbus v3.14.1
[INFO] [stderr]    Compiling ytflow-ffi v0.6.2 (/opt/rustwide/workdir/ytflow-ffi)
[INFO] [stderr]     Checking zbus_systemd v0.0.10
[INFO] [stderr]  Documenting ytflow v0.6.2 (/opt/rustwide/workdir/ytflow)
[INFO] [stdout] error[E0554]: `#![feature]` may not be used on the beta release channel
[INFO] [stdout]  --> ytflow/src/lib.rs:2:1
[INFO] [stdout]   |
[INFO] [stdout] 2 | #![feature(generic_const_exprs)]
[INFO] [stdout]   | ^^^^^^^^^^^^^^^^^^^^^^^^^^^^^^^^
[INFO] [stdout] 
[INFO] [stdout] 
[INFO] [stdout] error[E0554]: `#![feature]` may not be used on the beta release channel
[INFO] [stdout]  --> ytflow/src/lib.rs:3:1
[INFO] [stdout]   |
[INFO] [stdout] 3 | #![feature(stmt_expr_attributes)]
[INFO] [stdout]   | ^^^^^^^^^^^^^^^^^^^^^^^^^^^^^^^^^
[INFO] [stdout] 
[INFO] [stdout] 
[INFO] [stdout] error[E0554]: `#![feature]` may not be used on the beta release channel
[INFO] [stdout]  --> ytflow/src/lib.rs:4:1
[INFO] [stdout]   |
[INFO] [stdout] 4 | #![feature(ptr_metadata)]
[INFO] [stdout]   | ^^^^^^^^^^^^^^^^^^^^^^^^^
[INFO] [stdout] 
[INFO] [stdout] 
[INFO] [stdout] error[E0554]: `#![feature]` may not be used on the beta release channel
[INFO] [stdout]  --> ytflow/src/lib.rs:5:1
[INFO] [stdout]   |
[INFO] [stdout] 5 | #![feature(let_chains)]
[INFO] [stdout]   | ^^^^^^^^^^^^^^^^^^^^^^^
[INFO] [stdout] 
[INFO] [stdout] 
[INFO] [stdout] error[E0554]: `#![feature]` may not be used on the beta release channel
[INFO] [stdout]  --> ytflow/src/lib.rs:6:1
[INFO] [stdout]   |
[INFO] [stdout] 6 | #![feature(ip)]
[INFO] [stdout]   | ^^^^^^^^^^^^^^^
[INFO] [stdout] 
[INFO] [stdout] 
[INFO] [stdout] error[E0554]: `#![feature]` may not be used on the beta release channel
[INFO] [stdout]  --> ytflow/src/lib.rs:7:1
[INFO] [stdout]   |
[INFO] [stdout] 7 | #![feature(const_option)]
[INFO] [stdout]   | ^^^^^^^^^^^^^^^^^^^^^^^^^
[INFO] [stdout] 
[INFO] [stdout] 
[INFO] [stdout] error[E0554]: `#![feature]` may not be used on the beta release channel
[INFO] [stdout]  --> ytflow/src/lib.rs:8:1
[INFO] [stdout]   |
[INFO] [stdout] 8 | #![feature(result_flattening)]
[INFO] [stdout]   | ^^^^^^^^^^^^^^^^^^^^^^^^^^^^^^
[INFO] [stdout] 
[INFO] [stdout] 
[INFO] [stdout] warning: the feature `generic_const_exprs` is incomplete and may not be safe to use and/or cause compiler crashes
[INFO] [stdout]  --> ytflow/src/lib.rs:2:12
[INFO] [stdout]   |
[INFO] [stdout] 2 | #![feature(generic_const_exprs)]
[INFO] [stdout]   |            ^^^^^^^^^^^^^^^^^^^
[INFO] [stdout]   |
[INFO] [stdout]   = note: see issue #76560 <https://github.com/rust-lang/rust/issues/76560> for more information
[INFO] [stdout]   = note: `#[warn(incomplete_features)]` on by default
[INFO] [stdout] 
[INFO] [stdout] 
[INFO] [stdout] warning: unused imports: `AeadClientCryptoRx`, `AeadClientCryptoTx`
[INFO] [stdout]  --> ytflow/src/plugin/vmess/protocol/body.rs:9:5
[INFO] [stdout]   |
[INFO] [stdout] 9 |     AeadClientCryptoRx, AeadClientCryptoTx, AesGcmCryptoFactory, ChachaPolyCryptoFactory,
[INFO] [stdout]   |     ^^^^^^^^^^^^^^^^^^  ^^^^^^^^^^^^^^^^^^
[INFO] [stdout]   |
[INFO] [stdout]   = note: `#[warn(unused_imports)]` on by default
[INFO] [stdout] 
[INFO] [stdout] 
[INFO] [stdout] warning: unused imports: `AesCfbClientCryptoRx`, `AesCfbClientCryptoTx`
[INFO] [stdout]   --> ytflow/src/plugin/vmess/protocol/body.rs:11:19
[INFO] [stdout]    |
[INFO] [stdout] 11 | pub use aes_cfb::{AesCfbClientCryptoRx, AesCfbClientCryptoTx, AesCfbCryptoFactory};
[INFO] [stdout]    |                   ^^^^^^^^^^^^^^^^^^^^  ^^^^^^^^^^^^^^^^^^^^
[INFO] [stdout] 
[INFO] [stdout] 
[INFO] [stdout] warning: unused imports: `NoneClientCryptoRx`, `NoneClientCryptoTx`
[INFO] [stdout]   --> ytflow/src/plugin/vmess/protocol/body.rs:13:16
[INFO] [stdout]    |
[INFO] [stdout] 13 | pub use none::{NoneClientCryptoRx, NoneClientCryptoTx, NoneCryptoFactory};
[INFO] [stdout]    |                ^^^^^^^^^^^^^^^^^^  ^^^^^^^^^^^^^^^^^^
[INFO] [stdout] 
[INFO] [stdout] 
[INFO] [stdout] error[E0554]: `#![feature]` may not be used on the beta release channel
[INFO] [stdout]  --> ytflow/src/lib.rs:2:1
[INFO] [stdout]   |
[INFO] [stdout] 2 | #![feature(generic_const_exprs)]
[INFO] [stdout]   | ^^^^^^^^^^^^^^^^^^^^^^^^^^^^^^^^
[INFO] [stdout] 
[INFO] [stdout] 
[INFO] [stdout] error[E0554]: `#![feature]` may not be used on the beta release channel
[INFO] [stdout]  --> ytflow/src/lib.rs:3:1
[INFO] [stdout]   |
[INFO] [stdout] 3 | #![feature(stmt_expr_attributes)]
[INFO] [stdout]   | ^^^^^^^^^^^^^^^^^^^^^^^^^^^^^^^^^
[INFO] [stdout] 
[INFO] [stdout] 
[INFO] [stdout] error[E0554]: `#![feature]` may not be used on the beta release channel
[INFO] [stdout]  --> ytflow/src/lib.rs:4:1
[INFO] [stdout]   |
[INFO] [stdout] 4 | #![feature(ptr_metadata)]
[INFO] [stdout]   | ^^^^^^^^^^^^^^^^^^^^^^^^^
[INFO] [stdout] 
[INFO] [stdout] 
[INFO] [stdout] error[E0554]: `#![feature]` may not be used on the beta release channel
[INFO] [stdout]  --> ytflow/src/lib.rs:5:1
[INFO] [stdout]   |
[INFO] [stdout] 5 | #![feature(let_chains)]
[INFO] [stdout]   | ^^^^^^^^^^^^^^^^^^^^^^^
[INFO] [stdout] 
[INFO] [stdout] 
[INFO] [stdout] error[E0554]: `#![feature]` may not be used on the beta release channel
[INFO] [stdout]  --> ytflow/src/lib.rs:6:1
[INFO] [stdout]   |
[INFO] [stdout] 6 | #![feature(ip)]
[INFO] [stdout]   | ^^^^^^^^^^^^^^^
[INFO] [stdout] 
[INFO] [stdout] 
[INFO] [stdout] error[E0554]: `#![feature]` may not be used on the beta release channel
[INFO] [stdout]  --> ytflow/src/lib.rs:7:1
[INFO] [stdout]   |
[INFO] [stdout] 7 | #![feature(const_option)]
[INFO] [stdout]   | ^^^^^^^^^^^^^^^^^^^^^^^^^
[INFO] [stdout] 
[INFO] [stdout] 
[INFO] [stdout] error[E0554]: `#![feature]` may not be used on the beta release channel
[INFO] [stdout]  --> ytflow/src/lib.rs:8:1
[INFO] [stdout]   |
[INFO] [stdout] 8 | #![feature(result_flattening)]
[INFO] [stdout]   | ^^^^^^^^^^^^^^^^^^^^^^^^^^^^^^
[INFO] [stdout] 
[INFO] [stdout] 
[INFO] [stdout] warning: the feature `generic_const_exprs` is incomplete and may not be safe to use and/or cause compiler crashes
[INFO] [stdout]  --> ytflow/src/lib.rs:2:12
[INFO] [stdout]   |
[INFO] [stdout] 2 | #![feature(generic_const_exprs)]
[INFO] [stdout]   |            ^^^^^^^^^^^^^^^^^^^
[INFO] [stdout]   |
[INFO] [stdout]   = note: see issue #76560 <https://github.com/rust-lang/rust/issues/76560> for more information
[INFO] [stdout]   = note: `#[warn(incomplete_features)]` on by default
[INFO] [stdout] 
[INFO] [stdout] 
[INFO] [stdout] error[E0554]: `#![feature]` may not be used on the beta release channel
[INFO] [stdout]  --> ytflow/src/lib.rs:4:12
[INFO] [stdout]   |
[INFO] [stdout] 4 | #![feature(ptr_metadata)]
[INFO] [stdout]   |            ^^^^^^^^^^^^
[INFO] [stdout] 
[INFO] [stdout] 
[INFO] [stdout] error[E0554]: `#![feature]` may not be used on the beta release channel
[INFO] [stdout]  --> ytflow/src/lib.rs:6:12
[INFO] [stdout]   |
[INFO] [stdout] 6 | #![feature(ip)]
[INFO] [stdout]   |            ^^
[INFO] [stdout] 
[INFO] [stdout] 
[INFO] [stdout] error[E0554]: `#![feature]` may not be used on the beta release channel
[INFO] [stdout]  --> ytflow/src/lib.rs:7:12
[INFO] [stdout]   |
[INFO] [stdout] 7 | #![feature(const_option)]
[INFO] [stdout]   |            ^^^^^^^^^^^^
[INFO] [stdout] 
[INFO] [stdout] 
[INFO] [stdout] error[E0554]: `#![feature]` may not be used on the beta release channel
[INFO] [stdout]  --> ytflow/src/lib.rs:8:12
[INFO] [stdout]   |
[INFO] [stdout] 8 | #![feature(result_flattening)]
[INFO] [stdout]   |            ^^^^^^^^^^^^^^^^^
[INFO] [stdout] 
[INFO] [stdout] 
[INFO] [stdout] error: aborting due to 7 previous errors; 1 warning emitted
[INFO] [stdout] 
[INFO] [stdout] 
[INFO] [stdout] For more information about this error, try `rustc --explain E0554`.
[INFO] [stdout] 
[INFO] [stderr] error: could not document `ytflow`
[INFO] [stderr] 
[INFO] [stderr] Caused by:
[INFO] [stderr]   process didn't exit successfully: `/opt/rustwide/rustup-home/toolchains/beta-2023-12-22-x86_64-unknown-linux-gnu/bin/rustdoc --edition=2021 --crate-type lib --crate-name ytflow ytflow/src/lib.rs -o /opt/rustwide/target/doc --error-format=json --json=diagnostic-rendered-ansi,artifacts,future-incompat --document-private-items -C metadata=6ccfc90416992c1e -L dependency=/opt/rustwide/target/debug/deps --extern aes_gcm=/opt/rustwide/target/debug/deps/libaes_gcm-a79b3c6243fbd53d.rmeta --extern aho_corasick=/opt/rustwide/target/debug/deps/libaho_corasick-2d8bcda34ca2cfb3.rmeta --extern arc_swap=/opt/rustwide/target/debug/deps/libarc_swap-561aa55a653c6316.rmeta --extern async_trait=/opt/rustwide/target/debug/deps/libasync_trait-c044f6e3d11b3a5e.so --extern base64=/opt/rustwide/target/debug/deps/libbase64-8d0bd7d65bb81738.rmeta --extern bitflags=/opt/rustwide/target/debug/deps/libbitflags-3389c68fb9f8165e.rmeta --extern camellia=/opt/rustwide/target/debug/deps/libcamellia-da1e4ed3ac7247c3.rmeta --extern cbor4ii=/opt/rustwide/target/debug/deps/libcbor4ii-3e3efda6188ff99a.rmeta --extern cfb_mode=/opt/rustwide/target/debug/deps/libcfb_mode-fa3ba7ca0d829644.rmeta --extern chacha20=/opt/rustwide/target/debug/deps/libchacha20-771c326920ab4edf.rmeta --extern chacha20poly1305=/opt/rustwide/target/debug/deps/libchacha20poly1305-897e3be978c4f9ba.rmeta --extern chrono=/opt/rustwide/target/debug/deps/libchrono-a02fe6ce99dae79f.rmeta --extern cidr=/opt/rustwide/target/debug/deps/libcidr-c4220920852b7dc3.rmeta --extern cipher=/opt/rustwide/target/debug/deps/libcipher-4e08c642b6a4bd76.rmeta --extern const_fnv1a_hash=/opt/rustwide/target/debug/deps/libconst_fnv1a_hash-2f45265d3e78118d.rmeta --extern crc32fast=/opt/rustwide/target/debug/deps/libcrc32fast-7a56599a12063578.rmeta --extern ctr=/opt/rustwide/target/debug/deps/libctr-0503a4dc6c8f3602.rmeta --extern flume=/opt/rustwide/target/debug/deps/libflume-07b07836dd056b18.rmeta --extern foreign_types_shared=/opt/rustwide/target/debug/deps/libforeign_types_shared-1824ee2454300553.rmeta --extern futures=/opt/rustwide/target/debug/deps/libfutures-17b549f3138cd7f0.rmeta --extern getrandom=/opt/rustwide/target/debug/deps/libgetrandom-2516147090bc8e1b.rmeta --extern hkdf=/opt/rustwide/target/debug/deps/libhkdf-109e146d264877b7.rmeta --extern hmac=/opt/rustwide/target/debug/deps/libhmac-4b4939dfdddad470.rmeta --extern http=/opt/rustwide/target/debug/deps/libhttp-27cc91890abb1671.rmeta --extern httparse=/opt/rustwide/target/debug/deps/libhttparse-ce6e43cd12e8169a.rmeta --extern hyper=/opt/rustwide/target/debug/deps/libhyper-17a6eec68fee3949.rmeta --extern itertools=/opt/rustwide/target/debug/deps/libitertools-3bc512ee669b0557.rmeta --extern libc=/opt/rustwide/target/debug/deps/liblibc-f78ef19023b6552c.rmeta --extern lru=/opt/rustwide/target/debug/deps/liblru-f6958ec8fe6f0c21.rmeta --extern maxminddb=/opt/rustwide/target/debug/deps/libmaxminddb-4ede2a4285b9da9e.rmeta --extern md5=/opt/rustwide/target/debug/deps/libmd5-4fcd6be251791786.rmeta --extern memchr=/opt/rustwide/target/debug/deps/libmemchr-5ed982e23deb5a24.rmeta --extern netlink_packet_route=/opt/rustwide/target/debug/deps/libnetlink_packet_route-5381f7a0a0e9a212.rmeta --extern netlink_sys=/opt/rustwide/target/debug/deps/libnetlink_sys-d5c7f0d65a68aeab.rmeta --extern openssl=/opt/rustwide/target/debug/deps/libopenssl-20a6d080824a9ba6.rmeta --extern pin_project_lite=/opt/rustwide/target/debug/deps/libpin_project_lite-58221c951513ab43.rmeta --extern rand=/opt/rustwide/target/debug/deps/librand-0ac15e5d9b392a7e.rmeta --extern rc4=/opt/rustwide/target/debug/deps/librc4-8f2d7de019bdfa9e.rmeta --extern refinery=/opt/rustwide/target/debug/deps/librefinery-0555971dbacd8e75.rmeta --extern refinery_core=/opt/rustwide/target/debug/deps/librefinery_core-ec235fdf2385b1ad.rmeta --extern regex=/opt/rustwide/target/debug/deps/libregex-388feacb3b9dc6aa.rmeta --extern rtnetlink=/opt/rustwide/target/debug/deps/librtnetlink-b465306fe88852ae.rmeta --extern rusqlite=/opt/rustwide/target/debug/deps/librusqlite-23fc15e033875878.rmeta --extern serde=/opt/rustwide/target/debug/deps/libserde-eccd0f027c5ebdb7.rmeta --extern serde_bytes=/opt/rustwide/target/debug/deps/libserde_bytes-30db486f9a4af896.rmeta --extern sha1=/opt/rustwide/target/debug/deps/libsha1-57d45d0fa86ae090.rmeta --extern sha2=/opt/rustwide/target/debug/deps/libsha2-470ffcd764e0da5c.rmeta --extern sha3=/opt/rustwide/target/debug/deps/libsha3-f9ddd17cd2207e8f.rmeta --extern smallvec=/opt/rustwide/target/debug/deps/libsmallvec-68e1ed2cbe3798ae.rmeta --extern smoltcp=/opt/rustwide/target/debug/deps/libsmoltcp-b3fc4a48b559d1a0.rmeta --extern socket2=/opt/rustwide/target/debug/deps/libsocket2-2320b6edd1701c7d.rmeta --extern subtle=/opt/rustwide/target/debug/deps/libsubtle-c77baf02d9eb0d82.rmeta --extern thiserror=/opt/rustwide/target/debug/deps/libthiserror-ea96fc32ee27300c.rmeta --extern tokio=/opt/rustwide/target/debug/deps/libtokio-5996a73c0bf877c1.rmeta --extern tokio_openssl=/opt/rustwide/target/debug/deps/libtokio_openssl-fbff460c37ee999b.rmeta --extern tokio_tungstenite=/opt/rustwide/target/debug/deps/libtokio_tungstenite-d93edd9f8115517d.rmeta --extern tokio_util=/opt/rustwide/target/debug/deps/libtokio_util-5de9d80c39f0041a.rmeta --extern trust_dns_resolver=/opt/rustwide/target/debug/deps/libtrust_dns_resolver-9b7f3847001375c1.rmeta --extern uuid=/opt/rustwide/target/debug/deps/libuuid-657e317f6d186d25.rmeta --extern zbus_systemd=/opt/rustwide/target/debug/deps/libzbus_systemd-12044bfdd92575de.rmeta --cap-lints=warn --crate-version 0.6.2` (exit status: 1)
[INFO] [stderr] warning: build failed, waiting for other jobs to finish...
[INFO] [stdout] error: aborting due to 11 previous errors; 4 warnings emitted
[INFO] [stdout] 
[INFO] [stdout] 
[INFO] [stdout] For more information about this error, try `rustc --explain E0554`.
[INFO] [stdout] 
[INFO] [stderr] error: could not compile `ytflow` (lib) due to 12 previous errors; 4 warnings emitted
[INFO] running `Command { std: "docker" "inspect" "926dbada10a013c5c8c0480b3dcaf1bfeeab381d7cb20a0fba190fb3fafaeb1e", kill_on_drop: false }`
[INFO] running `Command { std: "docker" "rm" "-f" "926dbada10a013c5c8c0480b3dcaf1bfeeab381d7cb20a0fba190fb3fafaeb1e", kill_on_drop: false }`
[INFO] [stdout] 926dbada10a013c5c8c0480b3dcaf1bfeeab381d7cb20a0fba190fb3fafaeb1e
