[INFO] cloning repository https://github.com/Your-Seo-Source/qwik
[INFO] running `Command { std: "git" "-c" "credential.helper=" "-c" "credential.helper=/workspace/cargo-home/bin/git-credential-null" "clone" "--bare" "https://github.com/Your-Seo-Source/qwik" "/workspace/cache/git-repos/https%3A%2F%2Fgithub.com%2FYour-Seo-Source%2Fqwik", kill_on_drop: false }`
[INFO] [stderr] Cloning into bare repository '/workspace/cache/git-repos/https%3A%2F%2Fgithub.com%2FYour-Seo-Source%2Fqwik'...
[INFO] running `Command { std: "git" "rev-parse" "HEAD", kill_on_drop: false }`
[INFO] [stdout] eafe07109b842275e986df4079fb7e57a02af7b7
[INFO] documenting Your-Seo-Source/qwik against 1.75.0 for beta-1.76-rustdoc-1
[INFO] running `Command { std: "git" "clone" "/workspace/cache/git-repos/https%3A%2F%2Fgithub.com%2FYour-Seo-Source%2Fqwik" "/workspace/builds/worker-4-tc1/source", kill_on_drop: false }`
[INFO] [stderr] Cloning into '/workspace/builds/worker-4-tc1/source'...
[INFO] [stderr] done.
[INFO] validating manifest of git repo https://github.com/Your-Seo-Source/qwik on toolchain 1.75.0
[INFO] running `Command { std: CARGO_HOME="/workspace/cargo-home" RUSTUP_HOME="/workspace/rustup-home" "/workspace/cargo-home/bin/cargo" "+1.75.0" "metadata" "--manifest-path" "Cargo.toml" "--no-deps", kill_on_drop: false }`
[INFO] removed /workspace/builds/worker-4-tc1/source/rust-toolchain
[INFO] started tweaking git repo https://github.com/Your-Seo-Source/qwik
[INFO] finished tweaking git repo https://github.com/Your-Seo-Source/qwik
[INFO] tweaked toml for git repo https://github.com/Your-Seo-Source/qwik written to /workspace/builds/worker-4-tc1/source/Cargo.toml
[INFO] crate git repo https://github.com/Your-Seo-Source/qwik already has a lockfile, it will not be regenerated
[INFO] running `Command { std: CARGO_HOME="/workspace/cargo-home" RUSTUP_HOME="/workspace/rustup-home" "/workspace/cargo-home/bin/cargo" "+1.75.0" "fetch" "--manifest-path" "Cargo.toml", kill_on_drop: false }`
[INFO] [stderr] warning: virtual workspace defaulting to `resolver = "1"` despite one or more workspace members being on edition 2021 which implies `resolver = "2"`
[INFO] [stderr] note: to keep the current resolver, specify `workspace.resolver = "1"` in the workspace root's manifest
[INFO] [stderr] note: to use the edition 2021 resolver, specify `workspace.resolver = "2"` in the workspace root's manifest
[INFO] [stderr] note: for more details see https://doc.rust-lang.org/cargo/reference/resolver.html#resolver-versions
[INFO] [stderr]     Updating crates.io index
[INFO] [stderr]  Downloading crates ...
[INFO] [stderr]   Downloaded swc_ecma_visit v0.89.4
[INFO] [stderr]   Downloaded napi-sys v1.1.2
[INFO] [stderr]   Downloaded ast_node v0.9.3
[INFO] [stderr]   Downloaded string_enum v0.4.0
[INFO] [stderr]   Downloaded swc_ecma_codegen_macros v0.7.2
[INFO] [stderr]   Downloaded swc_eq_ignore_macros v0.1.1
[INFO] [stderr]   Downloaded from_variant v0.1.5
[INFO] [stderr]   Downloaded mimalloc v0.1.36
[INFO] [stderr]   Downloaded better_scoped_tls v0.1.0
[INFO] [stderr]   Downloaded swc_visit_macros v0.5.6
[INFO] [stderr]   Downloaded simple-error v0.3.0
[INFO] [stderr]   Downloaded swc_atoms v0.5.3
[INFO] [stderr]   Downloaded swc_config_macro v0.1.1
[INFO] [stderr]   Downloaded swc_macros_common v0.3.7
[INFO] [stderr]   Downloaded sourcemap v6.2.3
[INFO] [stderr]   Downloaded swc_common v0.31.4
[INFO] [stderr]   Downloaded swc_ecma_ast v0.103.4
[INFO] [stderr]   Downloaded swc_visit v0.5.5
[INFO] [stderr]   Downloaded insta v1.29.0
[INFO] [stderr]   Downloaded swc_ecma_transforms_macros v0.5.1
[INFO] [stderr]   Downloaded swc_config v0.1.5
[INFO] [stderr]   Downloaded napi-build v1.2.1
[INFO] [stderr]   Downloaded swc_ecma_transforms v0.217.14
[INFO] [stderr]   Downloaded napi-derive v1.1.2
[INFO] [stderr]   Downloaded swc_fast_graph v0.19.4
[INFO] [stderr]   Downloaded swc_ecmascript v0.227.16
[INFO] [stderr]   Downloaded swc_ecma_utils v0.116.8
[INFO] [stderr]   Downloaded swc_ecma_transforms_typescript v0.176.13
[INFO] [stderr]   Downloaded swc_ecma_transforms_optimization v0.186.14
[INFO] [stderr]   Downloaded swc_ecma_transforms_react v0.172.13
[INFO] [stderr]   Downloaded swc_ecma_codegen v0.138.9
[INFO] [stderr]   Downloaded napi v1.8.0
[INFO] [stderr]   Downloaded swc_ecma_transforms_base v0.126.10
[INFO] [stderr]   Downloaded swc_ecma_parser v0.133.8
[INFO] [stderr]   Downloaded libmimalloc-sys v0.1.32
[INFO] running `Command { std: "docker" "create" "-v" "/var/lib/crater-agent-workspace/builds/worker-4-tc1/target:/opt/rustwide/target:rw,Z" "-v" "/var/lib/crater-agent-workspace/builds/worker-4-tc1/source:/opt/rustwide/workdir:ro,Z" "-v" "/var/lib/crater-agent-workspace/cargo-home:/opt/rustwide/cargo-home:ro,Z" "-v" "/var/lib/crater-agent-workspace/rustup-home:/opt/rustwide/rustup-home:ro,Z" "-e" "SOURCE_DIR=/opt/rustwide/workdir" "-e" "CARGO_TARGET_DIR=/opt/rustwide/target" "-e" "CARGO_HOME=/opt/rustwide/cargo-home" "-e" "RUSTUP_HOME=/opt/rustwide/rustup-home" "-w" "/opt/rustwide/workdir" "-m" "1610612736" "--user" "0:0" "--network" "none" "ghcr.io/rust-lang/crates-build-env/linux@sha256:2788e3201cd34a07e3172128adcd8b3090168a8e3bcc40d7c032b9dda1df7d1c" "/opt/rustwide/cargo-home/bin/cargo" "+1.75.0" "metadata" "--no-deps" "--format-version=1", kill_on_drop: false }`
[INFO] [stdout] 73148c745d62b2bb4ff010d8bf892511ef5046b09266bc1bcde702f560bfeae8
[INFO] running `Command { std: "docker" "start" "-a" "73148c745d62b2bb4ff010d8bf892511ef5046b09266bc1bcde702f560bfeae8", kill_on_drop: false }`
[INFO] running `Command { std: "docker" "inspect" "73148c745d62b2bb4ff010d8bf892511ef5046b09266bc1bcde702f560bfeae8", kill_on_drop: false }`
[INFO] running `Command { std: "docker" "rm" "-f" "73148c745d62b2bb4ff010d8bf892511ef5046b09266bc1bcde702f560bfeae8", kill_on_drop: false }`
[INFO] [stdout] 73148c745d62b2bb4ff010d8bf892511ef5046b09266bc1bcde702f560bfeae8
[INFO] running `Command { std: "docker" "create" "-v" "/var/lib/crater-agent-workspace/builds/worker-4-tc1/target:/opt/rustwide/target:rw,Z" "-v" "/var/lib/crater-agent-workspace/builds/worker-4-tc1/source:/opt/rustwide/workdir:ro,Z" "-v" "/var/lib/crater-agent-workspace/cargo-home:/opt/rustwide/cargo-home:ro,Z" "-v" "/var/lib/crater-agent-workspace/rustup-home:/opt/rustwide/rustup-home:ro,Z" "-e" "SOURCE_DIR=/opt/rustwide/workdir" "-e" "CARGO_TARGET_DIR=/opt/rustwide/target" "-e" "CARGO_INCREMENTAL=0" "-e" "RUST_BACKTRACE=full" "-e" "RUSTFLAGS=--cap-lints=warn" "-e" "RUSTDOCFLAGS=--cap-lints=warn" "-e" "CARGO_HOME=/opt/rustwide/cargo-home" "-e" "RUSTUP_HOME=/opt/rustwide/rustup-home" "-w" "/opt/rustwide/workdir" "-m" "1610612736" "--user" "0:0" "--network" "none" "ghcr.io/rust-lang/crates-build-env/linux@sha256:2788e3201cd34a07e3172128adcd8b3090168a8e3bcc40d7c032b9dda1df7d1c" "/opt/rustwide/cargo-home/bin/cargo" "+1.75.0" "doc" "--frozen" "--no-deps" "--document-private-items" "--message-format=json", kill_on_drop: false }`
[INFO] [stdout] ace4b8e6780251297c069fa6db247f030763165704659abc07fe60853e4e00ab
[INFO] running `Command { std: "docker" "start" "-a" "ace4b8e6780251297c069fa6db247f030763165704659abc07fe60853e4e00ab", kill_on_drop: false }`
[INFO] [stderr] warning: virtual workspace defaulting to `resolver = "1"` despite one or more workspace members being on edition 2021 which implies `resolver = "2"`
[INFO] [stderr] note: to keep the current resolver, specify `workspace.resolver = "1"` in the workspace root's manifest
[INFO] [stderr] note: to use the edition 2021 resolver, specify `workspace.resolver = "2"` in the workspace root's manifest
[INFO] [stderr] note: for more details see https://doc.rust-lang.org/cargo/reference/resolver.html#resolver-versions
[INFO] [stderr]    Compiling proc-macro2 v1.0.56
[INFO] [stderr]    Compiling quote v1.0.26
[INFO] [stderr]    Compiling unicode-ident v1.0.8
[INFO] [stderr]    Compiling autocfg v1.1.0
[INFO] [stderr]    Compiling libc v0.2.141
[INFO] [stderr]    Compiling syn v1.0.109
[INFO] [stderr]     Checking cfg-if v1.0.0
[INFO] [stderr]    Compiling version_check v0.9.4
[INFO] [stderr]    Compiling serde_derive v1.0.160
[INFO] [stderr]    Compiling memchr v2.5.0
[INFO] [stderr]    Compiling serde v1.0.160
[INFO] [stderr]     Checking scopeguard v1.1.0
[INFO] [stderr]    Compiling ppv-lite86 v0.2.17
[INFO] [stderr]     Checking once_cell v1.17.1
[INFO] [stderr]    Compiling siphasher v0.3.10
[INFO] [stderr]    Compiling parking_lot_core v0.9.7
[INFO] [stderr]     Checking smallvec v1.10.0
[INFO] [stderr]    Compiling regex-syntax v0.6.29
[INFO] [stderr]    Compiling serde_json v1.0.96
[INFO] [stderr]     Checking tinyvec_macros v0.1.1
[INFO] [stderr]    Compiling phf_shared v0.10.0
[INFO] [stderr]     Checking tinyvec v1.6.0
[INFO] [stderr]    Compiling lock_api v0.4.9
[INFO] [stderr]    Compiling num-traits v0.2.15
[INFO] [stderr]     Checking ryu v1.0.13
[INFO] [stderr]    Compiling lazy_static v1.4.0
[INFO] [stderr]     Checking itoa v1.0.6
[INFO] [stderr]    Compiling num-integer v0.1.45
[INFO] [stderr]     Checking unicode-bidi v0.3.13
[INFO] [stderr]     Checking percent-encoding v2.2.0
[INFO] [stderr]    Compiling ahash v0.7.6
[INFO] [stderr]    Compiling num-bigint v0.4.3
[INFO] [stderr]     Checking static_assertions v1.1.0
[INFO] [stderr]     Checking either v1.8.1
[INFO] [stderr]     Checking form_urlencoded v1.1.0
[INFO] [stderr]     Checking precomputed-hash v0.1.1
[INFO] [stderr]     Checking new_debug_unreachable v1.0.4
[INFO] [stderr]     Checking stable_deref_trait v1.2.0
[INFO] [stderr]     Checking tracing-core v0.1.30
[INFO] [stderr]     Checking data-encoding v2.3.3
[INFO] [stderr]     Checking pin-project-lite v0.2.9
[INFO] [stderr]     Checking if_chain v1.0.2
[INFO] [stderr]     Checking unicode-id v0.3.3
[INFO] [stderr]     Checking rustc-hash v1.1.0
[INFO] [stderr]     Checking scoped-tls v1.0.1
[INFO] [stderr]     Checking lexical-util v0.8.5
[INFO] [stderr]    Compiling indexmap v1.9.3
[INFO] [stderr]     Checking hashbrown v0.12.3
[INFO] [stderr]    Compiling aho-corasick v0.7.20
[INFO] [stderr]     Checking better_scoped_tls v0.1.0
[INFO] [stderr]    Compiling cc v1.0.79
[INFO] [stderr]     Checking unicode-width v0.1.10
[INFO] [stderr]    Compiling typenum v1.16.0
[INFO] [stderr]     Checking bitflags v2.1.0
[INFO] [stderr]    Compiling generic-array v0.14.7
[INFO] [stderr]    Compiling proc-macro-hack v0.5.20+deprecated
[INFO] [stderr]    Compiling smartstring v1.0.1
[INFO] [stderr]    Compiling syn v2.0.15
[INFO] [stderr]    Compiling getrandom v0.2.9
[INFO] [stderr]     Checking unicode-normalization v0.1.22
[INFO] [stderr]     Checking lexical-write-integer v0.8.5
[INFO] [stderr]     Checking lexical-parse-integer v0.8.6
[INFO] [stderr]     Checking parking_lot v0.12.1
[INFO] [stderr]    Compiling rand_core v0.6.4
[INFO] [stderr]     Checking num_cpus v1.15.0
[INFO] [stderr]     Checking lexical-write-float v0.8.5
[INFO] [stderr]    Compiling rand_chacha v0.3.1
[INFO] [stderr]     Checking lexical-parse-float v0.8.5
[INFO] [stderr]     Checking typed-arena v2.0.2
[INFO] [stderr]    Compiling crossbeam-utils v0.8.15
[INFO] [stderr]     Checking idna v0.3.0
[INFO] [stderr]    Compiling memoffset v0.8.0
[INFO] [stderr]    Compiling rand v0.8.5
[INFO] [stderr]     Checking dashmap v5.4.0
[INFO] [stderr]    Compiling crossbeam-epoch v0.9.14
[INFO] [stderr]    Compiling regex v1.7.3
[INFO] [stderr]     Checking lexical-core v0.8.5
[INFO] [stderr]     Checking cpufeatures v0.2.6
[INFO] [stderr]     Checking fixedbitset v0.4.2
[INFO] [stderr]     Checking url v2.3.1
[INFO] [stderr]     Checking lexical v6.1.1
[INFO] [stderr]    Compiling psm v0.1.21
[INFO] [stderr]    Compiling stacker v0.1.15
[INFO] [stderr]     Checking petgraph v0.6.3
[INFO] [stderr]     Checking base64 v0.13.1
[INFO] [stderr]    Compiling rayon-core v1.11.0
[INFO] [stderr]     Checking crossbeam-channel v0.5.8
[INFO] [stderr]    Compiling anyhow v1.0.70
[INFO] [stderr]     Checking path-slash v0.2.1
[INFO] [stderr]    Compiling phf_generator v0.10.0
[INFO] [stderr]     Checking relative-path v1.8.0
[INFO] [stderr]     Checking simple-error v0.3.0
[INFO] [stderr]     Checking pathdiff v0.2.1
[INFO] [stderr]     Checking crossbeam-deque v0.8.3
[INFO] [stderr]    Compiling string_cache_codegen v0.5.2
[INFO] [stderr]     Checking base64 v0.21.0
[INFO] [stderr]     Checking os_str_bytes v6.5.0
[INFO] [stderr]    Compiling napi-build v1.2.1
[INFO] [stderr]     Checking atty v0.2.14
[INFO] [stderr]     Checking path-dedot v3.0.18
[INFO] [stderr]     Checking textwrap v0.16.0
[INFO] [stderr]     Checking napi-sys v1.1.2
[INFO] [stderr]     Checking clap_lex v0.2.4
[INFO] [stderr]     Checking strsim v0.10.0
[INFO] [stderr]     Checking termcolor v1.2.0
[INFO] [stderr]     Checking bitflags v1.3.2
[INFO] [stderr]     Checking path-absolutize v3.0.14
[INFO] [stderr]    Compiling Inflector v0.11.4
[INFO] [stderr]    Compiling swc_atoms v0.5.3
[INFO] [stderr]     Checking clap v3.2.23
[INFO] [stderr]     Checking block-buffer v0.10.4
[INFO] [stderr]     Checking crypto-common v0.1.6
[INFO] [stderr]    Compiling qwik_napi v0.1.0 (/opt/rustwide/workdir/packages/qwik/src/napi)
[INFO] [stderr]     Checking digest v0.10.6
[INFO] [stderr]     Checking rayon v1.7.0
[INFO] [stderr]     Checking sha-1 v0.10.0
[INFO] [stderr]    Compiling pmutil v0.5.3
[INFO] [stderr]    Compiling swc_macros_common v0.3.7
[INFO] [stderr]    Compiling swc_visit_macros v0.5.6
[INFO] [stderr]    Compiling tracing-attributes v0.1.23
[INFO] [stderr]    Compiling swc_eq_ignore_macros v0.1.1
[INFO] [stderr]    Compiling ast_node v0.9.3
[INFO] [stderr]    Compiling from_variant v0.1.5
[INFO] [stderr]    Compiling is-macro v0.2.2
[INFO] [stderr]    Compiling string_enum v0.4.0
[INFO] [stderr]    Compiling phf_macros v0.10.0
[INFO] [stderr]    Compiling swc_ecma_transforms_macros v0.5.1
[INFO] [stderr]    Compiling swc_config_macro v0.1.1
[INFO] [stderr]    Compiling swc_ecma_codegen_macros v0.7.2
[INFO] [stderr]    Compiling derivative v2.2.0
[INFO] [stderr]    Compiling napi-derive v1.1.2
[INFO] [stderr]     Checking phf v0.10.1
[INFO] [stderr]     Checking tracing v0.1.37
[INFO] [stderr]     Checking string_cache v0.8.7
[INFO] [stderr]     Checking triomphe v0.1.8
[INFO] [stderr]     Checking serde_bytes v0.11.9
[INFO] [stderr]     Checking swc_visit v0.5.5
[INFO] [stderr]     Checking sourcemap v6.2.3
[INFO] [stderr]     Checking swc_config v0.1.5
[INFO] [stderr]     Checking napi v1.8.0
[INFO] [stderr]     Checking swc_common v0.31.4
[INFO] [stderr]     Checking swc_ecma_ast v0.103.4
[INFO] [stderr]     Checking swc_fast_graph v0.19.4
[INFO] [stderr]     Checking swc_ecma_visit v0.89.4
[INFO] [stderr]     Checking swc_ecma_parser v0.133.8
[INFO] [stderr]     Checking swc_ecma_codegen v0.138.9
[INFO] [stderr]     Checking swc_ecma_utils v0.116.8
[INFO] [stderr]     Checking swc_ecma_transforms_base v0.126.10
[INFO] [stderr]     Checking swc_ecma_transforms_react v0.172.13
[INFO] [stderr]     Checking swc_ecma_transforms_optimization v0.186.14
[INFO] [stderr]     Checking swc_ecma_transforms_typescript v0.176.13
[INFO] [stderr]     Checking swc_ecma_transforms v0.217.14
[INFO] [stderr]     Checking swc_ecmascript v0.227.16
[INFO] [stderr]     Checking qwik-core v0.2.0 (/opt/rustwide/workdir/packages/qwik/src/optimizer/core)
[INFO] [stderr]  Documenting qwik-core v0.2.0 (/opt/rustwide/workdir/packages/qwik/src/optimizer/core)
[INFO] [stdout] error[E0554]: `#![feature]` may not be used on the stable release channel
[INFO] [stdout]  --> packages/qwik/src/optimizer/core/src/lib.rs:5:1
[INFO] [stdout]   |
[INFO] [stdout] 5 | #![feature(box_patterns)]
[INFO] [stdout]   | ^^^^^^^^^^^^^^^^^^^^^^^^^
[INFO] [stdout] 
[INFO] [stdout] 
[INFO] [stdout] error[E0554]: `#![feature]` may not be used on the stable release channel
[INFO] [stdout]  --> packages/qwik/src/optimizer/core/src/lib.rs:8:1
[INFO] [stdout]   |
[INFO] [stdout] 8 | #![feature(drain_filter)]
[INFO] [stdout]   | ^^^^^^^^^^^^^^^^^^^^^^^^^
[INFO] [stdout] 
[INFO] [stdout] 
[INFO] [stdout] error[E0554]: `#![feature]` may not be used on the stable release channel
[INFO] [stdout]  --> packages/qwik/src/optimizer/core/src/lib.rs:5:1
[INFO] [stdout]   |
[INFO] [stdout] 5 | #![feature(box_patterns)]
[INFO] [stdout]   | ^^^^^^^^^^^^^^^^^^^^^^^^^
[INFO] [stdout] 
[INFO] [stdout] 
[INFO] [stdout] error[E0554]: `#![feature]` may not be used on the stable release channel
[INFO] [stdout]  --> packages/qwik/src/optimizer/core/src/lib.rs:8:1
[INFO] [stdout]   |
[INFO] [stdout] 8 | #![feature(drain_filter)]
[INFO] [stdout]   | ^^^^^^^^^^^^^^^^^^^^^^^^^
[INFO] [stdout] 
[INFO] [stdout] 
[INFO] [stdout] warning: unused import: `crate::entry_strategy::EntryStrategy`
[INFO] [stdout]  --> packages/qwik/src/optimizer/core/src/package_json.rs:1:9
[INFO] [stdout]   |
[INFO] [stdout] 1 | pub use crate::entry_strategy::EntryStrategy;
[INFO] [stdout]   |         ^^^^^^^^^^^^^^^^^^^^^^^^^^^^^^^^^^^^
[INFO] [stdout]   |
[INFO] [stdout]   = note: `#[warn(unused_imports)]` on by default
[INFO] [stdout] 
[INFO] [stdout] 
[INFO] [stdout] warning: unused imports: `ErrorBuffer`, `HookAnalysis`, `MinifyMode`, `TransformModule`, `TransformOutput`
[INFO] [stdout]  --> packages/qwik/src/optimizer/core/src/package_json.rs:2:24
[INFO] [stdout]   |
[INFO] [stdout] 2 | pub use crate::parse::{ErrorBuffer, HookAnalysis, MinifyMode, TransformModule, TransformOutput};
[INFO] [stdout]   |                        ^^^^^^^^^^^  ^^^^^^^^^^^^  ^^^^^^^^^^  ^^^^^^^^^^^^^^^  ^^^^^^^^^^^^^^^
[INFO] [stdout] 
[INFO] [stdout] 
[INFO] [stdout] error[E0554]: `#![feature]` may not be used on the stable release channel
[INFO] [stdout]  --> packages/qwik/src/optimizer/core/src/lib.rs:8:12
[INFO] [stdout]   |
[INFO] [stdout] 8 | #![feature(drain_filter)]
[INFO] [stdout]   |            ^^^^^^^^^^^^
[INFO] [stdout] 
[INFO] [stdout] 
[INFO] [stdout] error[E0635]: unknown feature `drain_filter`
[INFO] [stdout]  --> packages/qwik/src/optimizer/core/src/lib.rs:8:12
[INFO] [stdout]   |
[INFO] [stdout] 8 | #![feature(drain_filter)]
[INFO] [stdout]   |            ^^^^^^^^^^^^
[INFO] [stdout] 
[INFO] [stdout] 
[INFO] [stdout] error: aborting due to 2 previous errors
[INFO] [stdout] 
[INFO] [stdout] 
[INFO] [stdout] For more information about this error, try `rustc --explain E0554`.
[INFO] [stdout] 
[INFO] [stderr] error: could not document `qwik-core`
[INFO] [stderr] 
[INFO] [stderr] Caused by:
[INFO] [stderr]   process didn't exit successfully: `/opt/rustwide/rustup-home/toolchains/1.75.0-x86_64-unknown-linux-gnu/bin/rustdoc --edition=2021 --crate-type rlib --crate-name qwik_core packages/qwik/src/optimizer/core/src/lib.rs -o /opt/rustwide/target/doc --cfg 'feature="fs"' --cfg 'feature="parallel"' --error-format=json --json=diagnostic-rendered-ansi,artifacts,future-incompat --document-private-items -C metadata=2cf53ea1dd5dc969 -L dependency=/opt/rustwide/target/debug/deps --extern anyhow=/opt/rustwide/target/debug/deps/libanyhow-cbf20e8dc8e522e1.rmeta --extern base64=/opt/rustwide/target/debug/deps/libbase64-1f722c7dc05c32ae.rmeta --extern derivative=/opt/rustwide/target/debug/deps/libderivative-b26ba4b355cd71b3.so --extern lazy_static=/opt/rustwide/target/debug/deps/liblazy_static-e7445b4e8703c20b.rmeta --extern path_slash=/opt/rustwide/target/debug/deps/libpath_slash-d814a9316916212f.rmeta --extern pathdiff=/opt/rustwide/target/debug/deps/libpathdiff-1e3a75b3a83deb53.rmeta --extern rayon=/opt/rustwide/target/debug/deps/librayon-44b12554095f0aa0.rmeta --extern relative_path=/opt/rustwide/target/debug/deps/librelative_path-edbb857353d410cf.rmeta --extern serde=/opt/rustwide/target/debug/deps/libserde-d867abbf2a0ede2f.rmeta --extern serde_bytes=/opt/rustwide/target/debug/deps/libserde_bytes-1010308b8a8c0bbf.rmeta --extern serde_json=/opt/rustwide/target/debug/deps/libserde_json-feb3b624621c0111.rmeta --extern simple_error=/opt/rustwide/target/debug/deps/libsimple_error-91336da35596fc1b.rmeta --extern swc_atoms=/opt/rustwide/target/debug/deps/libswc_atoms-a2b26cf95f2c179a.rmeta --extern swc_common=/opt/rustwide/target/debug/deps/libswc_common-c6f40a37b75f3b95.rmeta --extern swc_ecmascript=/opt/rustwide/target/debug/deps/libswc_ecmascript-636489d2511c4b1c.rmeta --cap-lints=warn --crate-version 0.2.0` (exit status: 1)
[INFO] [stderr] warning: build failed, waiting for other jobs to finish...
[INFO] [stdout] error[E0599]: no method named `drain_filter` found for struct `Vec<swc_ecmascript::swc_ecma_ast::ModuleItem>` in the current scope
[INFO] [stdout]   --> packages/qwik/src/optimizer/core/src/clean_side_effects.rs:41:19
[INFO] [stdout]    |
[INFO] [stdout] 41 |         node.body.drain_filter(|item| {
[INFO] [stdout]    |         ----------^^^^^^^^^^^^ method not found in `Vec<ModuleItem>`
[INFO] [stdout] 
[INFO] [stdout] 
[INFO] [stdout] warning: unused import: `Spanned`
[INFO] [stdout]  --> packages/qwik/src/optimizer/core/src/clean_side_effects.rs:1:24
[INFO] [stdout]   |
[INFO] [stdout] 1 | use swc_common::{Mark, Spanned};
[INFO] [stdout]   |                        ^^^^^^^
[INFO] [stdout] 
[INFO] [stdout] 
[INFO] [stdout] error: aborting due to 5 previous errors; 3 warnings emitted
[INFO] [stdout] 
[INFO] [stdout] 
[INFO] [stdout] Some errors have detailed explanations: E0554, E0599, E0635.
[INFO] [stdout] 
[INFO] [stdout] For more information about an error, try `rustc --explain E0554`.
[INFO] [stdout] 
[INFO] [stderr] error: could not compile `qwik-core` (lib) due to 6 previous errors; 3 warnings emitted
[INFO] running `Command { std: "docker" "inspect" "ace4b8e6780251297c069fa6db247f030763165704659abc07fe60853e4e00ab", kill_on_drop: false }`
[INFO] running `Command { std: "docker" "rm" "-f" "ace4b8e6780251297c069fa6db247f030763165704659abc07fe60853e4e00ab", kill_on_drop: false }`
[INFO] [stdout] ace4b8e6780251297c069fa6db247f030763165704659abc07fe60853e4e00ab
