[INFO] cloning repository https://github.com/Yemaoxin/cxlcached-2
[INFO] running `Command { std: "git" "-c" "credential.helper=" "-c" "credential.helper=/workspace/cargo-home/bin/git-credential-null" "clone" "--bare" "https://github.com/Yemaoxin/cxlcached-2" "/workspace/cache/git-repos/https%3A%2F%2Fgithub.com%2FYemaoxin%2Fcxlcached-2", kill_on_drop: false }`
[INFO] [stderr] Cloning into bare repository '/workspace/cache/git-repos/https%3A%2F%2Fgithub.com%2FYemaoxin%2Fcxlcached-2'...
[INFO] running `Command { std: "git" "rev-parse" "HEAD", kill_on_drop: false }`
[INFO] [stdout] 9b962089868df418d2fe76f65c0a6079d4fe7c56
[INFO] documenting Yemaoxin/cxlcached-2 against 1.75.0 for beta-1.76-rustdoc-1
[INFO] running `Command { std: "git" "clone" "/workspace/cache/git-repos/https%3A%2F%2Fgithub.com%2FYemaoxin%2Fcxlcached-2" "/workspace/builds/worker-6-tc1/source", kill_on_drop: false }`
[INFO] [stderr] Cloning into '/workspace/builds/worker-6-tc1/source'...
[INFO] [stderr] done.
[INFO] validating manifest of git repo https://github.com/Yemaoxin/cxlcached-2 on toolchain 1.75.0
[INFO] running `Command { std: CARGO_HOME="/workspace/cargo-home" RUSTUP_HOME="/workspace/rustup-home" "/workspace/cargo-home/bin/cargo" "+1.75.0" "metadata" "--manifest-path" "Cargo.toml" "--no-deps", kill_on_drop: false }`
[INFO] started tweaking git repo https://github.com/Yemaoxin/cxlcached-2
[INFO] finished tweaking git repo https://github.com/Yemaoxin/cxlcached-2
[INFO] tweaked toml for git repo https://github.com/Yemaoxin/cxlcached-2 written to /workspace/builds/worker-6-tc1/source/Cargo.toml
[INFO] crate git repo https://github.com/Yemaoxin/cxlcached-2 already has a lockfile, it will not be regenerated
[INFO] running `Command { std: CARGO_HOME="/workspace/cargo-home" RUSTUP_HOME="/workspace/rustup-home" "/workspace/cargo-home/bin/cargo" "+1.75.0" "fetch" "--manifest-path" "Cargo.toml", kill_on_drop: false }`
[INFO] [stderr]     Updating git repository `https://github.com/twitter/rustcommon`
[INFO] [stderr]     Updating crates.io index
[INFO] [stderr]     Updating git repository `https://github.com/swlynch99/httpencode`
[INFO] [stderr]  Downloading crates ...
[INFO] [stderr]   Downloaded crossbeam-epoch v0.9.0
[INFO] [stderr]   Downloaded crossbeam-utils v0.8.0
[INFO] [stderr]   Downloaded gag v0.1.10
[INFO] [stderr]   Downloaded mio v0.7.5
[INFO] [stderr]   Downloaded csv v1.1.4
[INFO] [stderr]   Downloaded boring-sys v1.0.2
[INFO] [stderr] warning: spurious network error (3 tries remaining): [56] Failure when receiving data from the peer (Recv failure: Connection reset by peer)
[INFO] [stderr]   Downloaded boring v1.0.3
[INFO] running `Command { std: "docker" "create" "-v" "/var/lib/crater-agent-workspace/builds/worker-6-tc1/target:/opt/rustwide/target:rw,Z" "-v" "/var/lib/crater-agent-workspace/builds/worker-6-tc1/source:/opt/rustwide/workdir:ro,Z" "-v" "/var/lib/crater-agent-workspace/cargo-home:/opt/rustwide/cargo-home:ro,Z" "-v" "/var/lib/crater-agent-workspace/rustup-home:/opt/rustwide/rustup-home:ro,Z" "-e" "SOURCE_DIR=/opt/rustwide/workdir" "-e" "CARGO_TARGET_DIR=/opt/rustwide/target" "-e" "CARGO_HOME=/opt/rustwide/cargo-home" "-e" "RUSTUP_HOME=/opt/rustwide/rustup-home" "-w" "/opt/rustwide/workdir" "-m" "1610612736" "--user" "0:0" "--network" "none" "ghcr.io/rust-lang/crates-build-env/linux@sha256:2788e3201cd34a07e3172128adcd8b3090168a8e3bcc40d7c032b9dda1df7d1c" "/opt/rustwide/cargo-home/bin/cargo" "+1.75.0" "metadata" "--no-deps" "--format-version=1", kill_on_drop: false }`
[INFO] [stdout] 6f41a2404e2c80a34d781fab5c764f12c7a181e2aba240bce5853e71ce55d89d
[INFO] running `Command { std: "docker" "start" "-a" "6f41a2404e2c80a34d781fab5c764f12c7a181e2aba240bce5853e71ce55d89d", kill_on_drop: false }`
[INFO] running `Command { std: "docker" "inspect" "6f41a2404e2c80a34d781fab5c764f12c7a181e2aba240bce5853e71ce55d89d", kill_on_drop: false }`
[INFO] running `Command { std: "docker" "rm" "-f" "6f41a2404e2c80a34d781fab5c764f12c7a181e2aba240bce5853e71ce55d89d", kill_on_drop: false }`
[INFO] [stdout] 6f41a2404e2c80a34d781fab5c764f12c7a181e2aba240bce5853e71ce55d89d
[INFO] running `Command { std: "docker" "create" "-v" "/var/lib/crater-agent-workspace/builds/worker-6-tc1/target:/opt/rustwide/target:rw,Z" "-v" "/var/lib/crater-agent-workspace/builds/worker-6-tc1/source:/opt/rustwide/workdir:ro,Z" "-v" "/var/lib/crater-agent-workspace/cargo-home:/opt/rustwide/cargo-home:ro,Z" "-v" "/var/lib/crater-agent-workspace/rustup-home:/opt/rustwide/rustup-home:ro,Z" "-e" "SOURCE_DIR=/opt/rustwide/workdir" "-e" "CARGO_TARGET_DIR=/opt/rustwide/target" "-e" "CARGO_INCREMENTAL=0" "-e" "RUST_BACKTRACE=full" "-e" "RUSTFLAGS=--cap-lints=warn" "-e" "RUSTDOCFLAGS=--cap-lints=warn" "-e" "CARGO_HOME=/opt/rustwide/cargo-home" "-e" "RUSTUP_HOME=/opt/rustwide/rustup-home" "-w" "/opt/rustwide/workdir" "-m" "1610612736" "--user" "0:0" "--network" "none" "ghcr.io/rust-lang/crates-build-env/linux@sha256:2788e3201cd34a07e3172128adcd8b3090168a8e3bcc40d7c032b9dda1df7d1c" "/opt/rustwide/cargo-home/bin/cargo" "+1.75.0" "doc" "--frozen" "--no-deps" "--document-private-items" "--message-format=json", kill_on_drop: false }`
[INFO] [stdout] e244ea5cbc5ca23fd9b7d160b881492c40e2325e19a8de2919a64b6679faa7e7
[INFO] running `Command { std: "docker" "start" "-a" "e244ea5cbc5ca23fd9b7d160b881492c40e2325e19a8de2919a64b6679faa7e7", kill_on_drop: false }`
[INFO] [stderr]    Compiling proc-macro2 v1.0.24
[INFO] [stderr]    Compiling libc v0.2.84
[INFO] [stderr]    Compiling unicode-xid v0.2.1
[INFO] [stderr]    Compiling syn v1.0.48
[INFO] [stderr]    Compiling memchr v2.3.4
[INFO] [stderr]    Compiling cc v1.0.62
[INFO] [stderr]    Compiling log v0.4.11
[INFO] [stderr]    Compiling serde_derive v1.0.117
[INFO] [stderr]    Compiling serde v1.0.117
[INFO] [stderr]    Compiling version_check v0.9.2
[INFO] [stderr]    Compiling glob v0.3.0
[INFO] [stderr]    Compiling lazy_static v1.4.0
[INFO] [stderr]    Compiling thread_local v1.0.1
[INFO] [stderr]    Compiling quote v1.0.7
[INFO] [stderr]    Compiling cmake v0.1.44
[INFO] [stderr]    Compiling nom v5.1.2
[INFO] [stderr]    Compiling clang-sys v0.29.3
[INFO] [stderr]    Compiling aho-corasick v0.7.15
[INFO] [stderr]    Compiling cfg-if v0.1.10
[INFO] [stderr]    Compiling quick-error v1.2.3
[INFO] [stderr]    Compiling unicode-width v0.1.8
[INFO] [stderr]    Compiling regex-syntax v0.6.21
[INFO] [stderr]    Compiling textwrap v0.11.0
[INFO] [stderr]    Compiling humantime v1.3.0
[INFO] [stderr]    Compiling atty v0.2.14
[INFO] [stderr]    Compiling bitflags v1.2.1
[INFO] [stderr]    Compiling strsim v0.8.0
[INFO] [stderr]    Compiling termcolor v1.1.0
[INFO] [stderr]    Compiling bindgen v0.53.3
[INFO] [stderr]    Compiling libloading v0.5.2
[INFO] [stderr]    Compiling ansi_term v0.11.0
[INFO] [stderr]    Compiling vec_map v0.8.2
[INFO] [stderr]    Compiling autocfg v1.0.1
[INFO] [stderr]    Compiling clap v2.33.3
[INFO] [stderr]    Compiling which v3.1.1
[INFO] [stderr]    Compiling rustc-hash v1.1.0
[INFO] [stderr]    Compiling shlex v0.1.1
[INFO] [stderr]    Compiling peeking_take_while v0.1.2
[INFO] [stderr]    Compiling lazycell v1.3.0
[INFO] [stderr]     Checking bytes v0.5.6
[INFO] [stderr]    Compiling autocfg v0.1.7
[INFO] [stderr]     Checking once_cell v1.5.2
[INFO] [stderr]    Compiling cexpr v0.4.0
[INFO] [stderr]     Checking slab v0.4.2
[INFO] [stderr]    Compiling ccommon-rs v0.1.0 (/opt/rustwide/workdir/deps/ccommon/rust/ccommon-rs)
[INFO] [stderr]    Compiling regex v1.4.2
[INFO] [stderr]     Checking iovec v0.1.4
[INFO] [stderr]    Compiling memoffset v0.5.6
[INFO] [stderr]    Compiling proc-macro-hack v0.5.19
[INFO] [stderr]    Compiling getrandom v0.1.15
[INFO] [stderr]    Compiling proc-macro-nested v0.1.6
[INFO] [stderr]    Compiling miniz_oxide v0.4.3
[INFO] [stderr]     Checking futures-sink v0.3.8
[INFO] [stderr]    Compiling env_logger v0.7.1
[INFO] [stderr]     Checking futures-core v0.3.8
[INFO] [stderr]     Checking futures-channel v0.3.8
[INFO] [stderr]     Checking rand_core v0.5.1
[INFO] [stderr]     Checking futures-task v0.3.8
[INFO] [stderr]    Compiling ring v0.16.15
[INFO] [stderr]     Checking net2 v0.2.35
[INFO] [stderr]     Checking gimli v0.23.0
[INFO] [stderr]    Compiling failure_derive v0.1.8
[INFO] [stderr]     Checking ppv-lite86 v0.2.10
[INFO] [stderr]     Checking adler v0.2.3
[INFO] [stderr]     Checking futures-io v0.3.8
[INFO] [stderr]    Compiling synstructure v0.12.4
[INFO] [stderr]     Checking rand_chacha v0.2.2
[INFO] [stderr]     Checking mio v0.6.22
[INFO] [stderr]     Checking addr2line v0.14.0
[INFO] [stderr]    Compiling num-traits v0.2.14
[INFO] [stderr]     Checking arrayvec v0.5.2
[INFO] [stderr]     Checking untrusted v0.7.1
[INFO] [stderr]     Checking smallvec v1.4.2
[INFO] [stderr]     Checking rustc-demangle v0.1.18
[INFO] [stderr]     Checking spin v0.5.2
[INFO] [stderr]     Checking httpdate v0.3.2
[INFO] [stderr]     Checking object v0.22.0
[INFO] [stderr]     Checking lock_api v0.3.4
[INFO] [stderr]     Checking parking_lot_core v0.7.2
[INFO] [stderr]     Checking mio-uds v0.6.8
[INFO] [stderr]     Checking rand v0.7.3
[INFO] [stderr]    Compiling num-integer v0.1.44
[INFO] [stderr]    Compiling boring-sys v1.0.2
[INFO] [stderr]     Checking signal-hook-registry v1.2.2
[INFO] [stderr]     Checking time v0.1.44
[INFO] [stderr]     Checking pin-project-lite v0.1.11
[INFO] [stderr]    Compiling httparse v1.3.4
[INFO] [stderr]     Checking tokio v0.2.22
[INFO] [stderr]    Compiling thiserror-impl v1.0.23
[INFO] [stderr]    Compiling pin-project-internal v1.0.1
[INFO] [stderr]    Compiling futures-macro v0.3.8
[INFO] [stderr]     Checking backtrace v0.3.54
[INFO] [stderr]     Checking failure v0.1.8
[INFO] [stderr]     Checking pin-project v1.0.1
[INFO] [stderr]     Checking thiserror v1.0.23
[INFO] [stderr]     Checking futures-util v0.3.8
[INFO] [stderr]     Checking bytes v0.4.12
[INFO] [stderr]     Checking parking_lot v0.10.2
[INFO] [stderr]     Checking memmap v0.7.0
[INFO] [stderr]    Compiling ccommon-sys v0.1.0 (/opt/rustwide/workdir/deps/ccommon/rust/ccommon-sys)
[INFO] [stderr]    Compiling pelikan-sys v0.0.0 (/opt/rustwide/workdir/src/rust-util/pelikan-sys)
[INFO] [stderr]    Compiling cdb_rs v0.1.0 (/opt/rustwide/workdir/src/storage/cdb/cdb_rs)
[INFO] [stderr]     Checking foreign-types-shared v0.1.1
[INFO] [stderr]    Compiling unicode-segmentation v1.7.1
[INFO] [stderr]     Checking bytes v1.0.1
[INFO] [stderr]     Checking rustcommon-buffer v0.2.0 (https://github.com/twitter/rustcommon#2d70e44f)
[INFO] [stderr]    Compiling heck v0.3.2
[INFO] [stderr]     Checking foreign-types v0.3.2
[INFO] [stderr]    Compiling pelikan_twemcache_http v0.1.0 (/opt/rustwide/workdir/src/server/twemcache-http)
[INFO] [stderr]     Checking webpki v0.21.3
[INFO] [stderr]     Checking sct v0.6.0
[INFO] [stderr]     Checking rustcommon-logger v1.0.0 (https://github.com/twitter/rustcommon#2d70e44f)
[INFO] [stderr]     Checking mio v0.7.5
[INFO] [stderr]     Checking futures-executor v0.3.8
[INFO] [stderr]     Checking remove_dir_all v0.5.3
[INFO] [stderr]     Checking base64 v0.12.3
[INFO] [stderr]     Checking tempfile v3.1.0
[INFO] [stderr]     Checking futures v0.3.8
[INFO] [stderr]     Checking rustls v0.18.1
[INFO] [stderr] error: failed to run custom build command for `cdb_rs v0.1.0 (/opt/rustwide/workdir/src/storage/cdb/cdb_rs)`
[INFO] [stderr] note: To improve backtraces for build dependencies, set the CARGO_PROFILE_DEV_BUILD_OVERRIDE_DEBUG=true environment variable to enable debug information generation.
[INFO] [stderr] 
[INFO] [stderr] Caused by:
[INFO] [stderr]   process didn't exit successfully: `/opt/rustwide/target/debug/build/cdb_rs-834ff8525d76ab4e/build-script-build` (exit status: 101)
[INFO] [stderr]   --- stdout
[INFO] [stderr]   running: cd "/opt/rustwide/target/debug/build/cdb_rs-67e1c3fab2cea1e6/out/build" && CMAKE_PREFIX_PATH="" "cmake" "/opt/rustwide/workdir/src/storage/cdb/cdb_rs/../../../../deps/ccommon" "-DCMAKE_INSTALL_PREFIX=/opt/rustwide/target/debug/build/cdb_rs-67e1c3fab2cea1e6/out" "-DCMAKE_C_FLAGS= -ffunction-sections -fdata-sections -fPIC -m64" "-DCMAKE_C_COMPILER=/usr/bin/cc" "-DCMAKE_CXX_FLAGS= -ffunction-sections -fdata-sections -fPIC -m64" "-DCMAKE_CXX_COMPILER=/usr/bin/c++" "-DCMAKE_ASM_FLAGS= -ffunction-sections -fdata-sections -fPIC -m64" "-DCMAKE_ASM_COMPILER=/usr/bin/cc" "-DCMAKE_BUILD_TYPE=Debug"
[INFO] [stderr]   -- The C compiler identification is GNU 11.4.0
[INFO] [stderr]   -- Detecting C compiler ABI info
[INFO] [stderr]   -- Detecting C compiler ABI info - done
[INFO] [stderr]   -- Check for working C compiler: /usr/bin/cc - skipped
[INFO] [stderr]   -- Detecting C compile features
[INFO] [stderr]   -- Detecting C compile features - done
[INFO] [stderr]   -- Looking for include file linux/time64.h
[INFO] [stderr]   -- Looking for include file linux/time64.h - not found
[INFO] [stderr]   -- Looking for sys_signame
[INFO] [stderr]   -- Looking for sys_signame - not found
[INFO] [stderr]   -- Looking for backtrace
[INFO] [stderr]   -- Looking for backtrace - found
[INFO] [stderr]   -- Looking for accept4
[INFO] [stderr]   -- Looking for accept4 - found
[INFO] [stderr]   -- Could NOT find CHECK (missing: CHECK_LIBRARIES CHECK_INCLUDES) 
[INFO] [stderr]   -- build libcheck failed, return code: 1
[INFO] [stderr]   -- build fluxcapacitor failed, return code: 1
[INFO] [stderr]   -- Looking for pthread.h
[INFO] [stderr]   -- Looking for pthread.h - found
[INFO] [stderr]   -- Performing Test CMAKE_HAVE_LIBC_PTHREAD
[INFO] [stderr]   -- Performing Test CMAKE_HAVE_LIBC_PTHREAD - Success
[INFO] [stderr]   -- Found Threads: TRUE  
[INFO] [stderr]   -- <<++=====------------------\/------------------=====++>>
[INFO] [stderr]   -- <<++                 ccommon summary                 ++>>
[INFO] [stderr]   -- <<++=====------------------/\------------------=====++>>
[INFO] [stderr]   -- =============CMake related=============
[INFO] [stderr]   -- CMAKE_BUILD_TYPE: Debug
[INFO] [stderr]   -- PLATFORM: OS_LINUX
[INFO] [stderr]   -- CPPFLAGS: 
[INFO] [stderr]   -- CFLAGS:  -ffunction-sections -fdata-sections -fPIC -m64 -O0  -std=c11 -ggdb3 -Wall -Wmissing-prototypes -Wmissing-declarations -Wredundant-decls -Wunused-function -Wunused-value -Wunused-variable -fstrict-aliasing  -lnuma -lm -Wl,--no-as-needed -ldl -pthread -fPIC -lnuma -lm
[INFO] [stderr]   -- =======================================
[INFO] [stderr]   -- =======Status of system features=======
[INFO] [stderr]   -- HAVE_SIGNAME: 
[INFO] [stderr]   -- HAVE_BACKTRACE: 1
[INFO] [stderr]   -- HAVE_ACCEPT4: 1
[INFO] [stderr]   -- HAVE_TIME64: 
[INFO] [stderr]   -- =======================================
[INFO] [stderr]   -- ======Status of optional features======
[INFO] [stderr]   -- HAVE_RUST: OFF
[INFO] [stderr]   -- HAVE_ASSERT_LOG: ON
[INFO] [stderr]   -- HAVE_ASSERT_PANIC: OFF
[INFO] [stderr]   -- HAVE_LOGGING: ON
[INFO] [stderr]   -- HAVE_STATS: ON
[INFO] [stderr]   -- HAVE_ITT_INSTRUMENTATION: OFF
[INFO] [stderr]   -- HAVE_DEBUG_MM: OFF
[INFO] [stderr]   -- HAVE_TEST: ON
[INFO] [stderr]   -- HAVE_COVERAGE: OFF
[INFO] [stderr]   -- =======================================
[INFO] [stderr]   -- Configuring incomplete, errors occurred!
[INFO] [stderr]   See also "/opt/rustwide/target/debug/build/cdb_rs-67e1c3fab2cea1e6/out/build/CMakeFiles/CMakeOutput.log".
[INFO] [stderr]   See also "/opt/rustwide/target/debug/build/cdb_rs-67e1c3fab2cea1e6/out/build/CMakeFiles/CMakeError.log".
[INFO] [stderr] 
[INFO] [stderr]   --- stderr
[INFO] [stderr]   CWD: /opt/rustwide/workdir/src/storage/cdb/cdb_rs
[INFO] [stderr]   ccommon_include: /opt/rustwide/workdir/deps/ccommon/include
[INFO] [stderr]   include_path: /opt/rustwide/workdir/src/storage/cdb
[INFO] [stderr]   CMAKE_BINARY_DIR environment variable was not set!
[INFO] [stderr]   CMake Error: Could not open file for write in copy operation /opt/rustwide/workdir/deps/ccommon/include/config.h.tmp
[INFO] [stderr]   CMake Error: : System Error: Read-only file system
[INFO] [stderr]   CMake Error at CMakeLists.txt:81 (configure_file):
[INFO] [stderr]     configure_file Problem configuring file
[INFO] [stderr] 
[INFO] [stderr] 
[INFO] [stderr]   fatal: not a git repository (or any parent up to mount point /opt/rustwide)
[INFO] [stderr]   Stopping at filesystem boundary (GIT_DISCOVERY_ACROSS_FILESYSTEM not set).
[INFO] [stderr]   fatal: failed to find TOPLEVEL
[INFO] [stderr]   fatal: not a git repository (or any parent up to mount point /opt/rustwide)
[INFO] [stderr]   Stopping at filesystem boundary (GIT_DISCOVERY_ACROSS_FILESYSTEM not set).
[INFO] [stderr]   fatal: failed to find TOPLEVEL
[INFO] [stderr]   thread 'main' panicked at /opt/rustwide/cargo-home/registry/src/index.crates.io-6f17d22bba15001f/cmake-0.1.44/src/lib.rs:885:5:
[INFO] [stderr] 
[INFO] [stderr]   command did not execute successfully, got: exit status: 1
[INFO] [stderr] 
[INFO] [stderr]   build script failed, must exit now
[INFO] [stderr]   stack backtrace:
[INFO] [stderr]      0:     0x5611b38b86cc - std::backtrace_rs::backtrace::libunwind::trace::ha637c64ce894333a
[INFO] [stderr]                                  at /rustc/82e1608dfa6e0b5569232559e3d385fea5a93112/library/std/src/../../backtrace/src/backtrace/libunwind.rs:104:5
[INFO] [stderr]      1:     0x5611b38b86cc - std::backtrace_rs::backtrace::trace_unsynchronized::h47f62dea28e0c88d
[INFO] [stderr]                                  at /rustc/82e1608dfa6e0b5569232559e3d385fea5a93112/library/std/src/../../backtrace/src/backtrace/mod.rs:66:5
[INFO] [stderr]      2:     0x5611b38b86cc - std::sys_common::backtrace::_print_fmt::h9eef0abe20ede486
[INFO] [stderr]                                  at /rustc/82e1608dfa6e0b5569232559e3d385fea5a93112/library/std/src/sys_common/backtrace.rs:67:5
[INFO] [stderr]      3:     0x5611b38b86cc - <std::sys_common::backtrace::_print::DisplayBacktrace as core::fmt::Display>::fmt::hed7f999df88cc644
[INFO] [stderr]                                  at /rustc/82e1608dfa6e0b5569232559e3d385fea5a93112/library/std/src/sys_common/backtrace.rs:44:22
[INFO] [stderr]      4:     0x5611b38e44c0 - core::fmt::rt::Argument::fmt::h1539a9308b8d058d
[INFO] [stderr]                                  at /rustc/82e1608dfa6e0b5569232559e3d385fea5a93112/library/core/src/fmt/rt.rs:142:9
[INFO] [stderr]      5:     0x5611b38e44c0 - core::fmt::write::h3a39390d8560d9c9
[INFO] [stderr]                                  at /rustc/82e1608dfa6e0b5569232559e3d385fea5a93112/library/core/src/fmt/mod.rs:1120:17
[INFO] [stderr]      6:     0x5611b38b5a1f - std::io::Write::write_fmt::h5fc9997dfe05f882
[INFO] [stderr]                                  at /rustc/82e1608dfa6e0b5569232559e3d385fea5a93112/library/std/src/io/mod.rs:1762:15
[INFO] [stderr]      7:     0x5611b38b84b4 - std::sys_common::backtrace::_print::h894006fb5c6f3d45
[INFO] [stderr]                                  at /rustc/82e1608dfa6e0b5569232559e3d385fea5a93112/library/std/src/sys_common/backtrace.rs:47:5
[INFO] [stderr]      8:     0x5611b38b84b4 - std::sys_common::backtrace::print::h23a2d212c6fff936
[INFO] [stderr]                                  at /rustc/82e1608dfa6e0b5569232559e3d385fea5a93112/library/std/src/sys_common/backtrace.rs:34:9
[INFO] [stderr]      9:     0x5611b38ba047 - std::panicking::default_hook::{{closure}}::h8a1d2ee00185001a
[INFO] [stderr]     10:     0x5611b38b9daf - std::panicking::default_hook::h6038f2eba384e475
[INFO] [stderr]                                  at /rustc/82e1608dfa6e0b5569232559e3d385fea5a93112/library/std/src/panicking.rs:292:9
[INFO] [stderr]     11:     0x5611b38ba4c8 - std::panicking::rust_panic_with_hook::h2b5517d590cab22e
[INFO] [stderr]                                  at /rustc/82e1608dfa6e0b5569232559e3d385fea5a93112/library/std/src/panicking.rs:779:13
[INFO] [stderr]     12:     0x5611b38ba3ae - std::panicking::begin_panic_handler::{{closure}}::h233112c06e0ef43e
[INFO] [stderr]                                  at /rustc/82e1608dfa6e0b5569232559e3d385fea5a93112/library/std/src/panicking.rs:657:13
[INFO] [stderr]     13:     0x5611b38b8b96 - std::sys_common::backtrace::__rust_end_short_backtrace::h6e893f24d7ebbff8
[INFO] [stderr]                                  at /rustc/82e1608dfa6e0b5569232559e3d385fea5a93112/library/std/src/sys_common/backtrace.rs:170:18
[INFO] [stderr]     14:     0x5611b38ba112 - rust_begin_unwind
[INFO] [stderr]                                  at /rustc/82e1608dfa6e0b5569232559e3d385fea5a93112/library/std/src/panicking.rs:645:5
[INFO] [stderr]     15:     0x5611b34af935 - core::panicking::panic_fmt::hbf0e066aabfa482c
[INFO] [stderr]                                  at /rustc/82e1608dfa6e0b5569232559e3d385fea5a93112/library/core/src/panicking.rs:72:14
[INFO] [stderr]     16:     0x5611b3854981 - cmake::fail::he8dc962ba487f559
[INFO] [stderr]     17:     0x5611b3854087 - cmake::run::h1e024accf3b1517c
[INFO] [stderr]     18:     0x5611b385061b - cmake::Config::build::h767a11aa3ea0c1be
[INFO] [stderr]     19:     0x5611b34b39c4 - build_script_build::main::he49026884d32b511
[INFO] [stderr]     20:     0x5611b34b0e73 - core::ops::function::FnOnce::call_once::h9c43d1c225c29406
[INFO] [stderr]     21:     0x5611b34b04e6 - std::sys_common::backtrace::__rust_begin_short_backtrace::h940079ebd3a083dc
[INFO] [stderr]     22:     0x5611b34b0ab9 - std::rt::lang_start::{{closure}}::h2e67dd70603b0109
[INFO] [stderr]     23:     0x5611b38b14e7 - core::ops::function::impls::<impl core::ops::function::FnOnce<A> for &F>::call_once::hd95060ecd5e1ca24
[INFO] [stderr]                                  at /rustc/82e1608dfa6e0b5569232559e3d385fea5a93112/library/core/src/ops/function.rs:284:13
[INFO] [stderr]     24:     0x5611b38b14e7 - std::panicking::try::do_call::h6e8cf51db32a6e4b
[INFO] [stderr]                                  at /rustc/82e1608dfa6e0b5569232559e3d385fea5a93112/library/std/src/panicking.rs:552:40
[INFO] [stderr]     25:     0x5611b38b14e7 - std::panicking::try::h3a52eefe24fe3c29
[INFO] [stderr]                                  at /rustc/82e1608dfa6e0b5569232559e3d385fea5a93112/library/std/src/panicking.rs:516:19
[INFO] [stderr]     26:     0x5611b38b14e7 - std::panic::catch_unwind::h24c28c23c02c3841
[INFO] [stderr]                                  at /rustc/82e1608dfa6e0b5569232559e3d385fea5a93112/library/std/src/panic.rs:142:14
[INFO] [stderr]     27:     0x5611b38b14e7 - std::rt::lang_start_internal::{{closure}}::h705d3c9cbc06ef47
[INFO] [stderr]                                  at /rustc/82e1608dfa6e0b5569232559e3d385fea5a93112/library/std/src/rt.rs:148:48
[INFO] [stderr]     28:     0x5611b38b14e7 - std::panicking::try::do_call::ha21f52ba13158470
[INFO] [stderr]                                  at /rustc/82e1608dfa6e0b5569232559e3d385fea5a93112/library/std/src/panicking.rs:552:40
[INFO] [stderr]     29:     0x5611b38b14e7 - std::panicking::try::h5581346bf6aeb1f8
[INFO] [stderr]                                  at /rustc/82e1608dfa6e0b5569232559e3d385fea5a93112/library/std/src/panicking.rs:516:19
[INFO] [stderr]     30:     0x5611b38b14e7 - std::panic::catch_unwind::h7919645a6b72e25b
[INFO] [stderr]                                  at /rustc/82e1608dfa6e0b5569232559e3d385fea5a93112/library/std/src/panic.rs:142:14
[INFO] [stderr]     31:     0x5611b38b14e7 - std::rt::lang_start_internal::h12de51168669836e
[INFO] [stderr]                                  at /rustc/82e1608dfa6e0b5569232559e3d385fea5a93112/library/std/src/rt.rs:148:20
[INFO] [stderr]     32:     0x5611b34b0a97 - std::rt::lang_start::h479a4405e37131c1
[INFO] [stderr]     33:     0x5611b34b4265 - main
[INFO] [stderr]     34:     0x7f405ee47d90 - <unknown>
[INFO] [stderr]     35:     0x7f405ee47e40 - __libc_start_main
[INFO] [stderr]     36:     0x5611b34b0205 - _start
[INFO] [stderr]     37:                0x0 - <unknown>
[INFO] [stderr] warning: build failed, waiting for other jobs to finish...
[INFO] [stderr] error: failed to run custom build command for `ccommon-sys v0.1.0 (/opt/rustwide/workdir/deps/ccommon/rust/ccommon-sys)`
[INFO] [stderr] note: To improve backtraces for build dependencies, set the CARGO_PROFILE_DEV_BUILD_OVERRIDE_DEBUG=true environment variable to enable debug information generation.
[INFO] [stderr] 
[INFO] [stderr] Caused by:
[INFO] [stderr]   process didn't exit successfully: `/opt/rustwide/target/debug/build/ccommon-sys-dead51a291db4d97/build-script-build` (exit status: 101)
[INFO] [stderr]   --- stdout
[INFO] [stderr]   running: cd "/opt/rustwide/target/debug/build/ccommon-sys-db5241e8d58bc657/out/build" && CMAKE_PREFIX_PATH="" "cmake" "/opt/rustwide/workdir/deps/ccommon/rust/ccommon-sys/../.." "-DCMAKE_INSTALL_PREFIX=/opt/rustwide/target/debug/build/ccommon-sys-db5241e8d58bc657/out" "-DCMAKE_C_FLAGS= -ffunction-sections -fdata-sections -fPIC -m64" "-DCMAKE_C_COMPILER=/usr/bin/cc" "-DCMAKE_CXX_FLAGS= -ffunction-sections -fdata-sections -fPIC -m64" "-DCMAKE_CXX_COMPILER=/usr/bin/c++" "-DCMAKE_ASM_FLAGS= -ffunction-sections -fdata-sections -fPIC -m64" "-DCMAKE_ASM_COMPILER=/usr/bin/cc" "-DCMAKE_BUILD_TYPE=Debug"
[INFO] [stderr]   -- The C compiler identification is GNU 11.4.0
[INFO] [stderr]   -- Detecting C compiler ABI info
[INFO] [stderr]   -- Detecting C compiler ABI info - done
[INFO] [stderr]   -- Check for working C compiler: /usr/bin/cc - skipped
[INFO] [stderr]   -- Detecting C compile features
[INFO] [stderr]   -- Detecting C compile features - done
[INFO] [stderr]   -- Looking for include file linux/time64.h
[INFO] [stderr]   -- Looking for include file linux/time64.h - not found
[INFO] [stderr]   -- Looking for sys_signame
[INFO] [stderr]   -- Looking for sys_signame - not found
[INFO] [stderr]   -- Looking for backtrace
[INFO] [stderr]   -- Looking for backtrace - found
[INFO] [stderr]   -- Looking for accept4
[INFO] [stderr]   -- Looking for accept4 - found
[INFO] [stderr]   -- Could NOT find CHECK (missing: CHECK_LIBRARIES CHECK_INCLUDES) 
[INFO] [stderr]   -- build libcheck failed, return code: 1
[INFO] [stderr]   -- build fluxcapacitor failed, return code: 1
[INFO] [stderr]   -- Looking for pthread.h
[INFO] [stderr]   -- Looking for pthread.h - found
[INFO] [stderr]   -- Performing Test CMAKE_HAVE_LIBC_PTHREAD
[INFO] [stderr]   -- Performing Test CMAKE_HAVE_LIBC_PTHREAD - Success
[INFO] [stderr]   -- Found Threads: TRUE  
[INFO] [stderr]   -- <<++=====------------------\/------------------=====++>>
[INFO] [stderr]   -- <<++                 ccommon summary                 ++>>
[INFO] [stderr]   -- <<++=====------------------/\------------------=====++>>
[INFO] [stderr]   -- =============CMake related=============
[INFO] [stderr]   -- CMAKE_BUILD_TYPE: Debug
[INFO] [stderr]   -- PLATFORM: OS_LINUX
[INFO] [stderr]   -- CPPFLAGS: 
[INFO] [stderr]   -- CFLAGS:  -ffunction-sections -fdata-sections -fPIC -m64 -O0  -std=c11 -ggdb3 -Wall -Wmissing-prototypes -Wmissing-declarations -Wredundant-decls -Wunused-function -Wunused-value -Wunused-variable -fstrict-aliasing  -lnuma -lm -Wl,--no-as-needed -ldl -pthread -fPIC -lnuma -lm
[INFO] [stderr]   -- =======================================
[INFO] [stderr]   -- =======Status of system features=======
[INFO] [stderr]   -- HAVE_SIGNAME: 
[INFO] [stderr]   -- HAVE_BACKTRACE: 1
[INFO] [stderr]   -- HAVE_ACCEPT4: 1
[INFO] [stderr]   -- HAVE_TIME64: 
[INFO] [stderr]   -- =======================================
[INFO] [stderr]   -- ======Status of optional features======
[INFO] [stderr]   -- HAVE_RUST: OFF
[INFO] [stderr]   -- HAVE_ASSERT_LOG: ON
[INFO] [stderr]   -- HAVE_ASSERT_PANIC: OFF
[INFO] [stderr]   -- HAVE_LOGGING: ON
[INFO] [stderr]   -- HAVE_STATS: ON
[INFO] [stderr]   -- HAVE_ITT_INSTRUMENTATION: OFF
[INFO] [stderr]   -- HAVE_DEBUG_MM: OFF
[INFO] [stderr]   -- HAVE_TEST: ON
[INFO] [stderr]   -- HAVE_COVERAGE: OFF
[INFO] [stderr]   -- =======================================
[INFO] [stderr]   -- Configuring incomplete, errors occurred!
[INFO] [stderr]   See also "/opt/rustwide/target/debug/build/ccommon-sys-db5241e8d58bc657/out/build/CMakeFiles/CMakeOutput.log".
[INFO] [stderr]   See also "/opt/rustwide/target/debug/build/ccommon-sys-db5241e8d58bc657/out/build/CMakeFiles/CMakeError.log".
[INFO] [stderr] 
[INFO] [stderr]   --- stderr
[INFO] [stderr]   CMake Error: Could not open file for write in copy operation /opt/rustwide/workdir/deps/ccommon/include/config.h.tmp
[INFO] [stderr]   CMake Error: : System Error: Read-only file system
[INFO] [stderr]   CMake Error at CMakeLists.txt:81 (configure_file):
[INFO] [stderr]     configure_file Problem configuring file
[INFO] [stderr] 
[INFO] [stderr] 
[INFO] [stderr]   fatal: not a git repository (or any parent up to mount point /opt/rustwide)
[INFO] [stderr]   Stopping at filesystem boundary (GIT_DISCOVERY_ACROSS_FILESYSTEM not set).
[INFO] [stderr]   fatal: failed to find TOPLEVEL
[INFO] [stderr]   fatal: not a git repository (or any parent up to mount point /opt/rustwide)
[INFO] [stderr]   Stopping at filesystem boundary (GIT_DISCOVERY_ACROSS_FILESYSTEM not set).
[INFO] [stderr]   fatal: failed to find TOPLEVEL
[INFO] [stderr]   thread 'main' panicked at /opt/rustwide/cargo-home/registry/src/index.crates.io-6f17d22bba15001f/cmake-0.1.44/src/lib.rs:885:5:
[INFO] [stderr] 
[INFO] [stderr]   command did not execute successfully, got: exit status: 1
[INFO] [stderr] 
[INFO] [stderr]   build script failed, must exit now
[INFO] [stderr]   stack backtrace:
[INFO] [stderr]      0:     0x55ddad2dfedc - std::backtrace_rs::backtrace::libunwind::trace::ha637c64ce894333a
[INFO] [stderr]                                  at /rustc/82e1608dfa6e0b5569232559e3d385fea5a93112/library/std/src/../../backtrace/src/backtrace/libunwind.rs:104:5
[INFO] [stderr]      1:     0x55ddad2dfedc - std::backtrace_rs::backtrace::trace_unsynchronized::h47f62dea28e0c88d
[INFO] [stderr]                                  at /rustc/82e1608dfa6e0b5569232559e3d385fea5a93112/library/std/src/../../backtrace/src/backtrace/mod.rs:66:5
[INFO] [stderr]      2:     0x55ddad2dfedc - std::sys_common::backtrace::_print_fmt::h9eef0abe20ede486
[INFO] [stderr]                                  at /rustc/82e1608dfa6e0b5569232559e3d385fea5a93112/library/std/src/sys_common/backtrace.rs:67:5
[INFO] [stderr]      3:     0x55ddad2dfedc - <std::sys_common::backtrace::_print::DisplayBacktrace as core::fmt::Display>::fmt::hed7f999df88cc644
[INFO] [stderr]                                  at /rustc/82e1608dfa6e0b5569232559e3d385fea5a93112/library/std/src/sys_common/backtrace.rs:44:22
[INFO] [stderr]      4:     0x55ddad30bcd0 - core::fmt::rt::Argument::fmt::h1539a9308b8d058d
[INFO] [stderr]                                  at /rustc/82e1608dfa6e0b5569232559e3d385fea5a93112/library/core/src/fmt/rt.rs:142:9
[INFO] [stderr]      5:     0x55ddad30bcd0 - core::fmt::write::h3a39390d8560d9c9
[INFO] [stderr]                                  at /rustc/82e1608dfa6e0b5569232559e3d385fea5a93112/library/core/src/fmt/mod.rs:1120:17
[INFO] [stderr]      6:     0x55ddad2dd22f - std::io::Write::write_fmt::h5fc9997dfe05f882
[INFO] [stderr]                                  at /rustc/82e1608dfa6e0b5569232559e3d385fea5a93112/library/std/src/io/mod.rs:1762:15
[INFO] [stderr]      7:     0x55ddad2dfcc4 - std::sys_common::backtrace::_print::h894006fb5c6f3d45
[INFO] [stderr]                                  at /rustc/82e1608dfa6e0b5569232559e3d385fea5a93112/library/std/src/sys_common/backtrace.rs:47:5
[INFO] [stderr]      8:     0x55ddad2dfcc4 - std::sys_common::backtrace::print::h23a2d212c6fff936
[INFO] [stderr]                                  at /rustc/82e1608dfa6e0b5569232559e3d385fea5a93112/library/std/src/sys_common/backtrace.rs:34:9
[INFO] [stderr]      9:     0x55ddad2e1857 - std::panicking::default_hook::{{closure}}::h8a1d2ee00185001a
[INFO] [stderr]     10:     0x55ddad2e15bf - std::panicking::default_hook::h6038f2eba384e475
[INFO] [stderr]                                  at /rustc/82e1608dfa6e0b5569232559e3d385fea5a93112/library/std/src/panicking.rs:292:9
[INFO] [stderr]     11:     0x55ddad2e1cd8 - std::panicking::rust_panic_with_hook::h2b5517d590cab22e
[INFO] [stderr]                                  at /rustc/82e1608dfa6e0b5569232559e3d385fea5a93112/library/std/src/panicking.rs:779:13
[INFO] [stderr]     12:     0x55ddad2e1bbe - std::panicking::begin_panic_handler::{{closure}}::h233112c06e0ef43e
[INFO] [stderr]                                  at /rustc/82e1608dfa6e0b5569232559e3d385fea5a93112/library/std/src/panicking.rs:657:13
[INFO] [stderr]     13:     0x55ddad2e03a6 - std::sys_common::backtrace::__rust_end_short_backtrace::h6e893f24d7ebbff8
[INFO] [stderr]                                  at /rustc/82e1608dfa6e0b5569232559e3d385fea5a93112/library/std/src/sys_common/backtrace.rs:170:18
[INFO] [stderr]     14:     0x55ddad2e1922 - rust_begin_unwind
[INFO] [stderr]                                  at /rustc/82e1608dfa6e0b5569232559e3d385fea5a93112/library/std/src/panicking.rs:645:5
[INFO] [stderr]     15:     0x55ddaced6935 - core::panicking::panic_fmt::hbf0e066aabfa482c
[INFO] [stderr]                                  at /rustc/82e1608dfa6e0b5569232559e3d385fea5a93112/library/core/src/panicking.rs:72:14
[INFO] [stderr]     16:     0x55ddad27c191 - cmake::fail::he8dc962ba487f559
[INFO] [stderr]     17:     0x55ddad27b897 - cmake::run::h1e024accf3b1517c
[INFO] [stderr]     18:     0x55ddad277e2b - cmake::Config::build::h767a11aa3ea0c1be
[INFO] [stderr]     19:     0x55ddaced9281 - cmake::build::h9ce56b6546ddd0b9
[INFO] [stderr]     20:     0x55ddaceda54e - build_script_build::main::h3c530cbcdcae2b32
[INFO] [stderr]     21:     0x55ddaced7ea3 - core::ops::function::FnOnce::call_once::h4aef71b80f8b68c4
[INFO] [stderr]     22:     0x55ddaced74e6 - std::sys_common::backtrace::__rust_begin_short_backtrace::h4ce5767d3854d84d
[INFO] [stderr]     23:     0x55ddaced7ab9 - std::rt::lang_start::{{closure}}::ha86033745fdfced2
[INFO] [stderr]     24:     0x55ddad2d8cf7 - core::ops::function::impls::<impl core::ops::function::FnOnce<A> for &F>::call_once::hd95060ecd5e1ca24
[INFO] [stderr]                                  at /rustc/82e1608dfa6e0b5569232559e3d385fea5a93112/library/core/src/ops/function.rs:284:13
[INFO] [stderr]     25:     0x55ddad2d8cf7 - std::panicking::try::do_call::h6e8cf51db32a6e4b
[INFO] [stderr]                                  at /rustc/82e1608dfa6e0b5569232559e3d385fea5a93112/library/std/src/panicking.rs:552:40
[INFO] [stderr]     26:     0x55ddad2d8cf7 - std::panicking::try::h3a52eefe24fe3c29
[INFO] [stderr]                                  at /rustc/82e1608dfa6e0b5569232559e3d385fea5a93112/library/std/src/panicking.rs:516:19
[INFO] [stderr]     27:     0x55ddad2d8cf7 - std::panic::catch_unwind::h24c28c23c02c3841
[INFO] [stderr]                                  at /rustc/82e1608dfa6e0b5569232559e3d385fea5a93112/library/std/src/panic.rs:142:14
[INFO] [stderr]     28:     0x55ddad2d8cf7 - std::rt::lang_start_internal::{{closure}}::h705d3c9cbc06ef47
[INFO] [stderr]                                  at /rustc/82e1608dfa6e0b5569232559e3d385fea5a93112/library/std/src/rt.rs:148:48
[INFO] [stderr]     29:     0x55ddad2d8cf7 - std::panicking::try::do_call::ha21f52ba13158470
[INFO] [stderr]                                  at /rustc/82e1608dfa6e0b5569232559e3d385fea5a93112/library/std/src/panicking.rs:552:40
[INFO] [stderr]     30:     0x55ddad2d8cf7 - std::panicking::try::h5581346bf6aeb1f8
[INFO] [stderr]                                  at /rustc/82e1608dfa6e0b5569232559e3d385fea5a93112/library/std/src/panicking.rs:516:19
[INFO] [stderr]     31:     0x55ddad2d8cf7 - std::panic::catch_unwind::h7919645a6b72e25b
[INFO] [stderr]                                  at /rustc/82e1608dfa6e0b5569232559e3d385fea5a93112/library/std/src/panic.rs:142:14
[INFO] [stderr]     32:     0x55ddad2d8cf7 - std::rt::lang_start_internal::h12de51168669836e
[INFO] [stderr]                                  at /rustc/82e1608dfa6e0b5569232559e3d385fea5a93112/library/std/src/rt.rs:148:20
[INFO] [stderr]     33:     0x55ddaced7a97 - std::rt::lang_start::hd720be93d239bcea
[INFO] [stderr]     34:     0x55ddacedb9c5 - main
[INFO] [stderr]     35:     0x7fa2810d1d90 - <unknown>
[INFO] [stderr]     36:     0x7fa2810d1e40 - __libc_start_main
[INFO] [stderr]     37:     0x55ddaced7205 - _start
[INFO] [stderr]     38:                0x0 - <unknown>
[INFO] [stderr] error: failed to run custom build command for `pelikan-sys v0.0.0 (/opt/rustwide/workdir/src/rust-util/pelikan-sys)`
[INFO] [stderr] note: To improve backtraces for build dependencies, set the CARGO_PROFILE_DEV_BUILD_OVERRIDE_DEBUG=true environment variable to enable debug information generation.
[INFO] [stderr] 
[INFO] [stderr] Caused by:
[INFO] [stderr]   process didn't exit successfully: `/opt/rustwide/target/debug/build/pelikan-sys-ea5010cec3290bb5/build-script-build` (exit status: 101)
[INFO] [stderr]   --- stdout
[INFO] [stderr]   cargo:rerun-if-env-changed=CMAKE_BUILD_DIR
[INFO] [stderr]   cargo:rerun-if-changed=build.rs
[INFO] [stderr]   cargo:rustc-link-lib=ccommon-2.1.0
[INFO] [stderr]   cargo:rustc-link-search=/opt/rustwide/target/debug/build/pelikan-sys-6cff267d0b90e398/out/ccommon/lib
[INFO] [stderr]   cargo:rerun-if-changed=../../client/network/cli_network.h
[INFO] [stderr]   cargo:rerun-if-changed=../../client/resp_cli/cli.h
[INFO] [stderr]   cargo:rerun-if-changed=../../client/resp_cli/setting.h
[INFO] [stderr]   cargo:rerun-if-changed=../../core/admin/admin.h
[INFO] [stderr]   cargo:rerun-if-changed=../../core/context.h
[INFO] [stderr]   cargo:rerun-if-changed=../../core/core.h
[INFO] [stderr]   cargo:rerun-if-changed=../../core/data/server.h
[INFO] [stderr]   cargo:rerun-if-changed=../../core/data/shared.h
[INFO] [stderr]   cargo:rerun-if-changed=../../core/data/worker.h
[INFO] [stderr]   cargo:rerun-if-changed=../../data_structure/bitmap/bitset.h
[INFO] [stderr]   cargo:rerun-if-changed=../../data_structure/sarray/sarray.h
[INFO] [stderr]   cargo:rerun-if-changed=../../data_structure/shared.h
[INFO] [stderr]   cargo:rerun-if-changed=../../data_structure/smap/smap.h
[INFO] [stderr]   cargo:rerun-if-changed=../../data_structure/ziplist/ziplist.h
[INFO] [stderr]   cargo:rerun-if-changed=../../datapool/datapool.h
[INFO] [stderr]   cargo:rerun-if-changed=../../hotkey/constant.h
[INFO] [stderr]   cargo:rerun-if-changed=../../hotkey/hotkey.h
[INFO] [stderr]   cargo:rerun-if-changed=../../hotkey/kc_map.h
[INFO] [stderr]   cargo:rerun-if-changed=../../hotkey/key_window.h
[INFO] [stderr]   cargo:rerun-if-changed=../../protocol/admin/admin_include.h
[INFO] [stderr]   cargo:rerun-if-changed=../../protocol/admin/compose.h
[INFO] [stderr]   cargo:rerun-if-changed=../../protocol/admin/format.h
[INFO] [stderr]   cargo:rerun-if-changed=../../protocol/admin/parse.h
[INFO] [stderr]   cargo:rerun-if-changed=../../protocol/admin/process.h
[INFO] [stderr]   cargo:rerun-if-changed=../../protocol/admin/request.h
[INFO] [stderr]   cargo:rerun-if-changed=../../protocol/admin/response.h
[INFO] [stderr]   cargo:rerun-if-changed=../../protocol/data/memcache/compose.h
[INFO] [stderr]   cargo:rerun-if-changed=../../protocol/data/memcache/constant.h
[INFO] [stderr]   cargo:rerun-if-changed=../../protocol/data/memcache/klog.h
[INFO] [stderr]   cargo:rerun-if-changed=../../protocol/data/memcache/parse.h
[INFO] [stderr]   cargo:rerun-if-changed=../../protocol/data/memcache/process.h
[INFO] [stderr]   cargo:rerun-if-changed=../../protocol/data/memcache/request.h
[INFO] [stderr]   cargo:rerun-if-changed=../../protocol/data/memcache/response.h
[INFO] [stderr]   cargo:rerun-if-changed=../../protocol/data/memcache_include.h
[INFO] [stderr]   cargo:rerun-if-changed=../../protocol/data/ping/compose.h
[INFO] [stderr]   cargo:rerun-if-changed=../../protocol/data/ping/parse.h
[INFO] [stderr]   cargo:rerun-if-changed=../../protocol/data/ping/request.h
[INFO] [stderr]   cargo:rerun-if-changed=../../protocol/data/ping/response.h
[INFO] [stderr]   cargo:rerun-if-changed=../../protocol/data/ping_include.h
[INFO] [stderr]   cargo:rerun-if-changed=../../protocol/data/resp/attribute.h
[INFO] [stderr]   cargo:rerun-if-changed=../../protocol/data/resp/cmd.h
[INFO] [stderr]   cargo:rerun-if-changed=../../protocol/data/resp/cmd_bitmap.h
[INFO] [stderr]   cargo:rerun-if-changed=../../protocol/data/resp/cmd_hash.h
[INFO] [stderr]   cargo:rerun-if-changed=../../protocol/data/resp/cmd_list.h
[INFO] [stderr]   cargo:rerun-if-changed=../../protocol/data/resp/cmd_misc.h
[INFO] [stderr]   cargo:rerun-if-changed=../../protocol/data/resp/cmd_sarray.h
[INFO] [stderr]   cargo:rerun-if-changed=../../protocol/data/resp/cmd_smap.h
[INFO] [stderr]   cargo:rerun-if-changed=../../protocol/data/resp/cmd_zset.h
[INFO] [stderr]   cargo:rerun-if-changed=../../protocol/data/resp/compose.h
[INFO] [stderr]   cargo:rerun-if-changed=../../protocol/data/resp/parse.h
[INFO] [stderr]   cargo:rerun-if-changed=../../protocol/data/resp/process.h
[INFO] [stderr]   cargo:rerun-if-changed=../../protocol/data/resp/request.h
[INFO] [stderr]   cargo:rerun-if-changed=../../protocol/data/resp/response.h
[INFO] [stderr]   cargo:rerun-if-changed=../../protocol/data/resp/token.h
[INFO] [stderr]   cargo:rerun-if-changed=../../protocol/data/resp_include.h
[INFO] [stderr]   cargo:rerun-if-changed=../../server/cdb/admin/process.h
[INFO] [stderr]   cargo:rerun-if-changed=../../server/cdb/data/process.h
[INFO] [stderr]   cargo:rerun-if-changed=../../server/cdb/setting.h
[INFO] [stderr]   cargo:rerun-if-changed=../../server/cdb/stats.h
[INFO] [stderr]   cargo:rerun-if-changed=../../server/pingserver/admin/process.h
[INFO] [stderr]   cargo:rerun-if-changed=../../server/pingserver/data/process.h
[INFO] [stderr]   cargo:rerun-if-changed=../../server/pingserver/setting.h
[INFO] [stderr]   cargo:rerun-if-changed=../../server/pingserver/stats.h
[INFO] [stderr]   cargo:rerun-if-changed=../../server/rds/admin/process.h
[INFO] [stderr]   cargo:rerun-if-changed=../../server/rds/data/cmd_list.h
[INFO] [stderr]   cargo:rerun-if-changed=../../server/rds/data/cmd_misc.h
[INFO] [stderr]   cargo:rerun-if-changed=../../server/rds/data/cmd_sarray.h
[INFO] [stderr]   cargo:rerun-if-changed=../../server/rds/data/cmd_smap.h
[INFO] [stderr]   cargo:rerun-if-changed=../../server/rds/data/process.h
[INFO] [stderr]   cargo:rerun-if-changed=../../server/rds/data/shared.h
[INFO] [stderr]   cargo:rerun-if-changed=../../server/rds/setting.h
[INFO] [stderr]   cargo:rerun-if-changed=../../server/rds/stats.h
[INFO] [stderr]   cargo:rerun-if-changed=../../server/segcache/admin/process.h
[INFO] [stderr]   cargo:rerun-if-changed=../../server/segcache/data/process.h
[INFO] [stderr]   cargo:rerun-if-changed=../../server/segcache/setting.h
[INFO] [stderr]   cargo:rerun-if-changed=../../server/segcache/stats.h
[INFO] [stderr]   cargo:rerun-if-changed=../../server/slimcache/admin/process.h
[INFO] [stderr]   cargo:rerun-if-changed=../../server/slimcache/data/process.h
[INFO] [stderr]   cargo:rerun-if-changed=../../server/slimcache/setting.h
[INFO] [stderr]   cargo:rerun-if-changed=../../server/slimcache/stats.h
[INFO] [stderr]   cargo:rerun-if-changed=../../server/slimrds/admin/process.h
[INFO] [stderr]   cargo:rerun-if-changed=../../server/slimrds/data/cmd_bitmap.h
[INFO] [stderr]   cargo:rerun-if-changed=../../server/slimrds/data/cmd_misc.h
[INFO] [stderr]   cargo:rerun-if-changed=../../server/slimrds/data/process.h
[INFO] [stderr]   cargo:rerun-if-changed=../../server/slimrds/setting.h
[INFO] [stderr]   cargo:rerun-if-changed=../../server/slimrds/stats.h
[INFO] [stderr]   cargo:rerun-if-changed=../../server/twemcache/admin/process.h
[INFO] [stderr]   cargo:rerun-if-changed=../../server/twemcache/data/process.h
[INFO] [stderr]   cargo:rerun-if-changed=../../server/twemcache/setting.h
[INFO] [stderr]   cargo:rerun-if-changed=../../server/twemcache/stats.h
[INFO] [stderr]   cargo:rerun-if-changed=../../server/twemcache-http/memcached/process.h
[INFO] [stderr]   cargo:rerun-if-changed=../../storage/LHD/LHD.h
[INFO] [stderr]   cargo:rerun-if-changed=../../storage/LHD/constant.h
[INFO] [stderr]   cargo:rerun-if-changed=../../storage/LHD/hashtable.h
[INFO] [stderr]   cargo:rerun-if-changed=../../storage/LHD/hyperbolic.h
[INFO] [stderr]   cargo:rerun-if-changed=../../storage/LHD/item.h
[INFO] [stderr]   cargo:rerun-if-changed=../../storage/LHD/slab.h
[INFO] [stderr]   cargo:rerun-if-changed=../../storage/LHD/slabclass.h
[INFO] [stderr]   cargo:rerun-if-changed=../../storage/cdb/cdb_rs/wrapper.h
[INFO] [stderr]   cargo:rerun-if-changed=../../storage/cdb/cdb_rs.h
[INFO] [stderr]   cargo:rerun-if-changed=../../storage/cuckoo/cuckoo.h
[INFO] [stderr]   cargo:rerun-if-changed=../../storage/cuckoo/item.h
[INFO] [stderr]   cargo:rerun-if-changed=../../storage/seg/background.h
[INFO] [stderr]   cargo:rerun-if-changed=../../storage/seg/checker.h
[INFO] [stderr]   cargo:rerun-if-changed=../../storage/seg/constant.h
[INFO] [stderr]   cargo:rerun-if-changed=../../storage/seg/count_min_sketch.h
[INFO] [stderr]   cargo:rerun-if-changed=../../storage/seg/cxl_hash.h
[INFO] [stderr]   cargo:rerun-if-changed=../../storage/seg/cxl_item.h
[INFO] [stderr]   cargo:rerun-if-changed=../../storage/seg/cxl_slab.h
[INFO] [stderr]   cargo:rerun-if-changed=../../storage/seg/cxl_slabclass.h
[INFO] [stderr]   cargo:rerun-if-changed=../../storage/seg/hashtable.h
[INFO] [stderr]   cargo:rerun-if-changed=../../storage/seg/item.h
[INFO] [stderr]   cargo:rerun-if-changed=../../storage/seg/seg.h
[INFO] [stderr]   cargo:rerun-if-changed=../../storage/seg/segevict.h
[INFO] [stderr]   cargo:rerun-if-changed=../../storage/seg/ttlbucket.h
[INFO] [stderr]   cargo:rerun-if-changed=../../storage/seg/xxhash.h
[INFO] [stderr]   cargo:rerun-if-changed=../../storage/slab/hashtable.h
[INFO] [stderr]   cargo:rerun-if-changed=../../storage/slab/item.h
[INFO] [stderr]   cargo:rerun-if-changed=../../storage/slab/slab.h
[INFO] [stderr]   cargo:rerun-if-changed=../../storage/slab/slabclass.h
[INFO] [stderr]   cargo:rerun-if-changed=../../time/time.h
[INFO] [stderr]   cargo:rerun-if-changed=../../util/procinfo.h
[INFO] [stderr]   cargo:rerun-if-changed=../../util/util.h
[INFO] [stderr]   cargo:rerun-if-changed=../../../deps/ccommon/include
[INFO] [stderr]   running: cd "/opt/rustwide/target/debug/build/pelikan-sys-6cff267d0b90e398/out/build" && CMAKE_PREFIX_PATH="" "cmake" "/opt/rustwide/workdir/src/rust-util/pelikan-sys/../../../deps/ccommon" "-DCMAKE_INSTALL_PREFIX=/opt/rustwide/target/debug/build/pelikan-sys-6cff267d0b90e398/out" "-DCMAKE_C_FLAGS= -ffunction-sections -fdata-sections -fPIC -m64" "-DCMAKE_C_COMPILER=/usr/bin/cc" "-DCMAKE_CXX_FLAGS= -ffunction-sections -fdata-sections -fPIC -m64" "-DCMAKE_CXX_COMPILER=/usr/bin/c++" "-DCMAKE_ASM_FLAGS= -ffunction-sections -fdata-sections -fPIC -m64" "-DCMAKE_ASM_COMPILER=/usr/bin/cc" "-DCMAKE_BUILD_TYPE=Debug"
[INFO] [stderr]   -- The C compiler identification is GNU 11.4.0
[INFO] [stderr]   -- Detecting C compiler ABI info
[INFO] [stderr]   -- Detecting C compiler ABI info - done
[INFO] [stderr]   -- Check for working C compiler: /usr/bin/cc - skipped
[INFO] [stderr]   -- Detecting C compile features
[INFO] [stderr]   -- Detecting C compile features - done
[INFO] [stderr]   -- Looking for include file linux/time64.h
[INFO] [stderr]   -- Looking for include file linux/time64.h - not found
[INFO] [stderr]   -- Looking for sys_signame
[INFO] [stderr]   -- Looking for sys_signame - not found
[INFO] [stderr]   -- Looking for backtrace
[INFO] [stderr]   -- Looking for backtrace - found
[INFO] [stderr]   -- Looking for accept4
[INFO] [stderr]   -- Looking for accept4 - found
[INFO] [stderr]   -- Could NOT find CHECK (missing: CHECK_LIBRARIES CHECK_INCLUDES) 
[INFO] [stderr]   -- build libcheck failed, return code: 1
[INFO] [stderr]   -- build fluxcapacitor failed, return code: 1
[INFO] [stderr]   -- Looking for pthread.h
[INFO] [stderr]   -- Looking for pthread.h - found
[INFO] [stderr]   -- Performing Test CMAKE_HAVE_LIBC_PTHREAD
[INFO] [stderr]   -- Performing Test CMAKE_HAVE_LIBC_PTHREAD - Success
[INFO] [stderr]   -- Found Threads: TRUE  
[INFO] [stderr]   -- <<++=====------------------\/------------------=====++>>
[INFO] [stderr]   -- <<++                 ccommon summary                 ++>>
[INFO] [stderr]   -- <<++=====------------------/\------------------=====++>>
[INFO] [stderr]   -- =============CMake related=============
[INFO] [stderr]   -- CMAKE_BUILD_TYPE: Debug
[INFO] [stderr]   -- PLATFORM: OS_LINUX
[INFO] [stderr]   -- CPPFLAGS: 
[INFO] [stderr]   -- CFLAGS:  -ffunction-sections -fdata-sections -fPIC -m64 -O0  -std=c11 -ggdb3 -Wall -Wmissing-prototypes -Wmissing-declarations -Wredundant-decls -Wunused-function -Wunused-value -Wunused-variable -fstrict-aliasing  -lnuma -lm -Wl,--no-as-needed -ldl -pthread -fPIC -lnuma -lm
[INFO] [stderr]   -- =======================================
[INFO] [stderr]   -- =======Status of system features=======
[INFO] [stderr]   -- HAVE_SIGNAME: 
[INFO] [stderr]   -- HAVE_BACKTRACE: 1
[INFO] [stderr]   -- HAVE_ACCEPT4: 1
[INFO] [stderr]   -- HAVE_TIME64: 
[INFO] [stderr]   -- =======================================
[INFO] [stderr]   -- ======Status of optional features======
[INFO] [stderr]   -- HAVE_RUST: OFF
[INFO] [stderr]   -- HAVE_ASSERT_LOG: ON
[INFO] [stderr]   -- HAVE_ASSERT_PANIC: OFF
[INFO] [stderr]   -- HAVE_LOGGING: ON
[INFO] [stderr]   -- HAVE_STATS: ON
[INFO] [stderr]   -- HAVE_ITT_INSTRUMENTATION: OFF
[INFO] [stderr]   -- HAVE_DEBUG_MM: OFF
[INFO] [stderr]   -- HAVE_TEST: ON
[INFO] [stderr]   -- HAVE_COVERAGE: OFF
[INFO] [stderr]   -- =======================================
[INFO] [stderr]   -- Configuring incomplete, errors occurred!
[INFO] [stderr]   See also "/opt/rustwide/target/debug/build/pelikan-sys-6cff267d0b90e398/out/build/CMakeFiles/CMakeOutput.log".
[INFO] [stderr]   See also "/opt/rustwide/target/debug/build/pelikan-sys-6cff267d0b90e398/out/build/CMakeFiles/CMakeError.log".
[INFO] [stderr] 
[INFO] [stderr]   --- stderr
[INFO] [stderr]   -----<( ENVIRONMENT )>-----
[INFO] [stderr]   CARGO: /opt/rustwide/rustup-home/toolchains/1.75.0-x86_64-unknown-linux-gnu/bin/cargo
[INFO] [stderr]   CARGO_CFG_PANIC: unwind
[INFO] [stderr]   CARGO_CFG_TARGET_ARCH: x86_64
[INFO] [stderr]   CARGO_CFG_TARGET_ENDIAN: little
[INFO] [stderr]   CARGO_CFG_TARGET_ENV: gnu
[INFO] [stderr]   CARGO_CFG_TARGET_FAMILY: unix
[INFO] [stderr]   CARGO_CFG_TARGET_FEATURE: fxsr,sse,sse2
[INFO] [stderr]   CARGO_CFG_TARGET_HAS_ATOMIC: 16,32,64,8,ptr
[INFO] [stderr]   CARGO_CFG_TARGET_OS: linux
[INFO] [stderr]   CARGO_CFG_TARGET_POINTER_WIDTH: 64
[INFO] [stderr]   CARGO_CFG_TARGET_VENDOR: unknown
[INFO] [stderr]   CARGO_CFG_UNIX: 
[INFO] [stderr]   CARGO_ENCODED_RUSTFLAGS: --cap-lints=warn
[INFO] [stderr]   CARGO_FEATURE_CORE: 1
[INFO] [stderr]   CARGO_FEATURE_DATAPOOL: 1
[INFO] [stderr]   CARGO_FEATURE_DEFAULT: 1
[INFO] [stderr]   CARGO_FEATURE_HOTKEY: 1
[INFO] [stderr]   CARGO_FEATURE_PROTOCOL_ADMIN: 1
[INFO] [stderr]   CARGO_FEATURE_PROTOCOL_MEMCACHE: 1
[INFO] [stderr]   CARGO_FEATURE_SLAB: 1
[INFO] [stderr]   CARGO_FEATURE_TIME: 1
[INFO] [stderr]   CARGO_FEATURE_UTIL: 1
[INFO] [stderr]   CARGO_HOME: /opt/rustwide/cargo-home
[INFO] [stderr]   CARGO_INCREMENTAL: 0
[INFO] [stderr]   CARGO_MAKEFLAGS: -j --jobserver-fds=7,8 --jobserver-auth=7,8
[INFO] [stderr]   CARGO_MANIFEST_DIR: /opt/rustwide/workdir/src/rust-util/pelikan-sys
[INFO] [stderr]   CARGO_PKG_AUTHORS: Sean Lynch <slynch@twitter.com>
[INFO] [stderr]   CARGO_PKG_DESCRIPTION: 
[INFO] [stderr]   CARGO_PKG_HOMEPAGE: 
[INFO] [stderr]   CARGO_PKG_LICENSE: 
[INFO] [stderr]   CARGO_PKG_LICENSE_FILE: 
[INFO] [stderr]   CARGO_PKG_NAME: pelikan-sys
[INFO] [stderr]   CARGO_PKG_README: 
[INFO] [stderr]   CARGO_PKG_REPOSITORY: 
[INFO] [stderr]   CARGO_PKG_RUST_VERSION: 
[INFO] [stderr]   CARGO_PKG_VERSION: 0.0.0
[INFO] [stderr]   CARGO_PKG_VERSION_MAJOR: 0
[INFO] [stderr]   CARGO_PKG_VERSION_MINOR: 0
[INFO] [stderr]   CARGO_PKG_VERSION_PATCH: 0
[INFO] [stderr]   CARGO_PKG_VERSION_PRE: 
[INFO] [stderr]   CARGO_TARGET_DIR: /opt/rustwide/target
[INFO] [stderr]   DEBUG: true
[INFO] [stderr]   HOME: /root
[INFO] [stderr]   HOST: x86_64-unknown-linux-gnu
[INFO] [stderr]   HOSTNAME: e244ea5cbc5c
[INFO] [stderr]   LD_LIBRARY_PATH: /opt/rustwide/target/debug/deps:/opt/rustwide/target/debug:/opt/rustwide/rustup-home/toolchains/1.75.0-x86_64-unknown-linux-gnu/lib/rustlib/x86_64-unknown-linux-gnu/lib:/opt/rustwide/rustup-home/toolchains/1.75.0-x86_64-unknown-linux-gnu/lib:/opt/rustwide/target/debug/build/libloading-424c0cc3f958efb2/out
[INFO] [stderr]   NUM_JOBS: 8
[INFO] [stderr]   OPT_LEVEL: 0
[INFO] [stderr]   OUT_DIR: /opt/rustwide/target/debug/build/pelikan-sys-6cff267d0b90e398/out
[INFO] [stderr]   PATH: /opt/rustwide/cargo-home/bin:/usr/local/sbin:/usr/local/bin:/usr/sbin:/usr/bin:/sbin:/bin
[INFO] [stderr]   PROFILE: debug
[INFO] [stderr]   RUSTC: /opt/rustwide/rustup-home/toolchains/1.75.0-x86_64-unknown-linux-gnu/bin/rustc
[INFO] [stderr]   RUSTDOC: /opt/rustwide/rustup-home/toolchains/1.75.0-x86_64-unknown-linux-gnu/bin/rustdoc
[INFO] [stderr]   RUSTDOCFLAGS: --cap-lints=warn
[INFO] [stderr]   RUSTUP_HOME: /opt/rustwide/rustup-home
[INFO] [stderr]   RUSTUP_TOOLCHAIN: 1.75.0-x86_64-unknown-linux-gnu
[INFO] [stderr]   RUST_BACKTRACE: full
[INFO] [stderr]   RUST_RECURSION_COUNT: 1
[INFO] [stderr]   SOURCE_DIR: /opt/rustwide/workdir
[INFO] [stderr]   SSL_CERT_DIR: /usr/lib/ssl/certs
[INFO] [stderr]   SSL_CERT_FILE: /usr/lib/ssl/certs/ca-certificates.crt
[INFO] [stderr]   TARGET: x86_64-unknown-linux-gnu
[INFO] [stderr]   CMAKE_BINARY_DIR environment variable was not set!
[INFO] [stderr]   CMAKE_BINARY_DIR environment variable was not set!
[INFO] [stderr]   CMake Error: Could not open file for write in copy operation /opt/rustwide/workdir/deps/ccommon/include/config.h.tmp
[INFO] [stderr]   CMake Error: : System Error: Read-only file system
[INFO] [stderr]   CMake Error at CMakeLists.txt:81 (configure_file):
[INFO] [stderr]     configure_file Problem configuring file
[INFO] [stderr] 
[INFO] [stderr] 
[INFO] [stderr]   fatal: not a git repository (or any parent up to mount point /opt/rustwide)
[INFO] [stderr]   Stopping at filesystem boundary (GIT_DISCOVERY_ACROSS_FILESYSTEM not set).
[INFO] [stderr]   fatal: failed to find TOPLEVEL
[INFO] [stderr]   fatal: not a git repository (or any parent up to mount point /opt/rustwide)
[INFO] [stderr]   Stopping at filesystem boundary (GIT_DISCOVERY_ACROSS_FILESYSTEM not set).
[INFO] [stderr]   fatal: failed to find TOPLEVEL
[INFO] [stderr]   thread 'main' panicked at /opt/rustwide/cargo-home/registry/src/index.crates.io-6f17d22bba15001f/cmake-0.1.44/src/lib.rs:885:5:
[INFO] [stderr] 
[INFO] [stderr]   command did not execute successfully, got: exit status: 1
[INFO] [stderr] 
[INFO] [stderr]   build script failed, must exit now
[INFO] [stderr]   stack backtrace:
[INFO] [stderr]      0:     0x55a77a693b3c - std::backtrace_rs::backtrace::libunwind::trace::ha637c64ce894333a
[INFO] [stderr]                                  at /rustc/82e1608dfa6e0b5569232559e3d385fea5a93112/library/std/src/../../backtrace/src/backtrace/libunwind.rs:104:5
[INFO] [stderr]      1:     0x55a77a693b3c - std::backtrace_rs::backtrace::trace_unsynchronized::h47f62dea28e0c88d
[INFO] [stderr]                                  at /rustc/82e1608dfa6e0b5569232559e3d385fea5a93112/library/std/src/../../backtrace/src/backtrace/mod.rs:66:5
[INFO] [stderr]      2:     0x55a77a693b3c - std::sys_common::backtrace::_print_fmt::h9eef0abe20ede486
[INFO] [stderr]                                  at /rustc/82e1608dfa6e0b5569232559e3d385fea5a93112/library/std/src/sys_common/backtrace.rs:67:5
[INFO] [stderr]      3:     0x55a77a693b3c - <std::sys_common::backtrace::_print::DisplayBacktrace as core::fmt::Display>::fmt::hed7f999df88cc644
[INFO] [stderr]                                  at /rustc/82e1608dfa6e0b5569232559e3d385fea5a93112/library/std/src/sys_common/backtrace.rs:44:22
[INFO] [stderr]      4:     0x55a77a6bf930 - core::fmt::rt::Argument::fmt::h1539a9308b8d058d
[INFO] [stderr]                                  at /rustc/82e1608dfa6e0b5569232559e3d385fea5a93112/library/core/src/fmt/rt.rs:142:9
[INFO] [stderr]      5:     0x55a77a6bf930 - core::fmt::write::h3a39390d8560d9c9
[INFO] [stderr]                                  at /rustc/82e1608dfa6e0b5569232559e3d385fea5a93112/library/core/src/fmt/mod.rs:1120:17
[INFO] [stderr]      6:     0x55a77a690e8f - std::io::Write::write_fmt::h5fc9997dfe05f882
[INFO] [stderr]                                  at /rustc/82e1608dfa6e0b5569232559e3d385fea5a93112/library/std/src/io/mod.rs:1762:15
[INFO] [stderr]      7:     0x55a77a693924 - std::sys_common::backtrace::_print::h894006fb5c6f3d45
[INFO] [stderr]                                  at /rustc/82e1608dfa6e0b5569232559e3d385fea5a93112/library/std/src/sys_common/backtrace.rs:47:5
[INFO] [stderr]      8:     0x55a77a693924 - std::sys_common::backtrace::print::h23a2d212c6fff936
[INFO] [stderr]                                  at /rustc/82e1608dfa6e0b5569232559e3d385fea5a93112/library/std/src/sys_common/backtrace.rs:34:9
[INFO] [stderr]      9:     0x55a77a6954b7 - std::panicking::default_hook::{{closure}}::h8a1d2ee00185001a
[INFO] [stderr]     10:     0x55a77a69521f - std::panicking::default_hook::h6038f2eba384e475
[INFO] [stderr]                                  at /rustc/82e1608dfa6e0b5569232559e3d385fea5a93112/library/std/src/panicking.rs:292:9
[INFO] [stderr]     11:     0x55a77a695938 - std::panicking::rust_panic_with_hook::h2b5517d590cab22e
[INFO] [stderr]                                  at /rustc/82e1608dfa6e0b5569232559e3d385fea5a93112/library/std/src/panicking.rs:779:13
[INFO] [stderr]     12:     0x55a77a69581e - std::panicking::begin_panic_handler::{{closure}}::h233112c06e0ef43e
[INFO] [stderr]                                  at /rustc/82e1608dfa6e0b5569232559e3d385fea5a93112/library/std/src/panicking.rs:657:13
[INFO] [stderr]     13:     0x55a77a694006 - std::sys_common::backtrace::__rust_end_short_backtrace::h6e893f24d7ebbff8
[INFO] [stderr]                                  at /rustc/82e1608dfa6e0b5569232559e3d385fea5a93112/library/std/src/sys_common/backtrace.rs:170:18
[INFO] [stderr]     14:     0x55a77a695582 - rust_begin_unwind
[INFO] [stderr]                                  at /rustc/82e1608dfa6e0b5569232559e3d385fea5a93112/library/std/src/panicking.rs:645:5
[INFO] [stderr]     15:     0x55a77a27e935 - core::panicking::panic_fmt::hbf0e066aabfa482c
[INFO] [stderr]                                  at /rustc/82e1608dfa6e0b5569232559e3d385fea5a93112/library/core/src/panicking.rs:72:14
[INFO] [stderr]     16:     0x55a77a297ac1 - cmake::fail::he8dc962ba487f559
[INFO] [stderr]     17:     0x55a77a2971c7 - cmake::run::h1e024accf3b1517c
[INFO] [stderr]     18:     0x55a77a29375b - cmake::Config::build::h767a11aa3ea0c1be
[INFO] [stderr]     19:     0x55a77a28de31 - cmake::build::h9db6fb1f64ae8291
[INFO] [stderr]     20:     0x55a77a28a592 - build_script_build::main::h6e7e022c6faafac9
[INFO] [stderr]     21:     0x55a77a28c533 - core::ops::function::FnOnce::call_once::h7033fa0a17e1e4fc
[INFO] [stderr]     22:     0x55a77a28bc56 - std::sys_common::backtrace::__rust_begin_short_backtrace::hc1afe1e862aa642b
[INFO] [stderr]     23:     0x55a77a28bd49 - std::rt::lang_start::{{closure}}::h8f1f6827de266181
[INFO] [stderr]     24:     0x55a77a68c717 - core::ops::function::impls::<impl core::ops::function::FnOnce<A> for &F>::call_once::hd95060ecd5e1ca24
[INFO] [stderr]                                  at /rustc/82e1608dfa6e0b5569232559e3d385fea5a93112/library/core/src/ops/function.rs:284:13
[INFO] [stderr]     25:     0x55a77a68c717 - std::panicking::try::do_call::h6e8cf51db32a6e4b
[INFO] [stderr]                                  at /rustc/82e1608dfa6e0b5569232559e3d385fea5a93112/library/std/src/panicking.rs:552:40
[INFO] [stderr]     26:     0x55a77a68c717 - std::panicking::try::h3a52eefe24fe3c29
[INFO] [stderr]                                  at /rustc/82e1608dfa6e0b5569232559e3d385fea5a93112/library/std/src/panicking.rs:516:19
[INFO] [stderr]     27:     0x55a77a68c717 - std::panic::catch_unwind::h24c28c23c02c3841
[INFO] [stderr]                                  at /rustc/82e1608dfa6e0b5569232559e3d385fea5a93112/library/std/src/panic.rs:142:14
[INFO] [stderr]     28:     0x55a77a68c717 - std::rt::lang_start_internal::{{closure}}::h705d3c9cbc06ef47
[INFO] [stderr]                                  at /rustc/82e1608dfa6e0b5569232559e3d385fea5a93112/library/std/src/rt.rs:148:48
[INFO] [stderr]     29:     0x55a77a68c717 - std::panicking::try::do_call::ha21f52ba13158470
[INFO] [stderr]                                  at /rustc/82e1608dfa6e0b5569232559e3d385fea5a93112/library/std/src/panicking.rs:552:40
[INFO] [stderr]     30:     0x55a77a68c717 - std::panicking::try::h5581346bf6aeb1f8
[INFO] [stderr]                                  at /rustc/82e1608dfa6e0b5569232559e3d385fea5a93112/library/std/src/panicking.rs:516:19
[INFO] [stderr]     31:     0x55a77a68c717 - std::panic::catch_unwind::h7919645a6b72e25b
[INFO] [stderr]                                  at /rustc/82e1608dfa6e0b5569232559e3d385fea5a93112/library/std/src/panic.rs:142:14
[INFO] [stderr]     32:     0x55a77a68c717 - std::rt::lang_start_internal::h12de51168669836e
[INFO] [stderr]                                  at /rustc/82e1608dfa6e0b5569232559e3d385fea5a93112/library/std/src/rt.rs:148:20
[INFO] [stderr]     33:     0x55a77a28bd27 - std::rt::lang_start::h59a44e97c6e1f26a
[INFO] [stderr]     34:     0x55a77a28b7c5 - main
[INFO] [stderr]     35:     0x7f1c75995d90 - <unknown>
[INFO] [stderr]     36:     0x7f1c75995e40 - __libc_start_main
[INFO] [stderr]     37:     0x55a77a27f205 - _start
[INFO] [stderr]     38:                0x0 - <unknown>
[INFO] [stderr] error: failed to run custom build command for `pelikan_twemcache_http v0.1.0 (/opt/rustwide/workdir/src/server/twemcache-http)`
[INFO] [stderr] note: To improve backtraces for build dependencies, set the CARGO_PROFILE_DEV_BUILD_OVERRIDE_DEBUG=true environment variable to enable debug information generation.
[INFO] [stderr] 
[INFO] [stderr] Caused by:
[INFO] [stderr]   process didn't exit successfully: `/opt/rustwide/target/debug/build/pelikan_twemcache_http-569b98c616f4e121/build-script-build` (exit status: 101)
[INFO] [stderr]   --- stdout
[INFO] [stderr]   running: cd "/opt/rustwide/target/debug/build/pelikan_twemcache_http-5d6e822bcf173585/out/build" && CMAKE_PREFIX_PATH="" "cmake" "/opt/rustwide/workdir/src/server/twemcache-http/../../.." "-DCMAKE_INSTALL_PREFIX=/opt/rustwide/target/debug/build/pelikan_twemcache_http-5d6e822bcf173585/out" "-DCMAKE_C_FLAGS= -ffunction-sections -fdata-sections -fPIC -m64" "-DCMAKE_C_COMPILER=/usr/bin/cc" "-DCMAKE_CXX_FLAGS= -ffunction-sections -fdata-sections -fPIC -m64" "-DCMAKE_CXX_COMPILER=/usr/bin/c++" "-DCMAKE_ASM_FLAGS= -ffunction-sections -fdata-sections -fPIC -m64" "-DCMAKE_ASM_COMPILER=/usr/bin/cc" "-DCMAKE_BUILD_TYPE=Debug"
[INFO] [stderr]   -- The C compiler identification is GNU 11.4.0
[INFO] [stderr]   -- Detecting C compiler ABI info
[INFO] [stderr]   -- Detecting C compiler ABI info - done
[INFO] [stderr]   -- Check for working C compiler: /usr/bin/cc - skipped
[INFO] [stderr]   -- Detecting C compile features
[INFO] [stderr]   -- Detecting C compile features - done
[INFO] [stderr]   -- Looking for EFD_NONBLOCK
[INFO] [stderr]   -- Looking for EFD_NONBLOCK - found
[INFO] [stderr]   -- Looking for backtrace
[INFO] [stderr]   -- Looking for backtrace - found
[INFO] [stderr]   -- Looking for include file linux/time64.h
[INFO] [stderr]   -- Looking for include file linux/time64.h - not found
[INFO] [stderr]   -- Looking for sys_signame
[INFO] [stderr]   -- Looking for sys_signame - not found
[INFO] [stderr]   -- Looking for accept4
[INFO] [stderr]   -- Looking for accept4 - found
[INFO] [stderr]   -- Looking for pthread.h
[INFO] [stderr]   -- Looking for pthread.h - found
[INFO] [stderr]   -- Performing Test CMAKE_HAVE_LIBC_PTHREAD
[INFO] [stderr]   -- Performing Test CMAKE_HAVE_LIBC_PTHREAD - Success
[INFO] [stderr]   -- Found Threads: TRUE  
[INFO] [stderr]   -- <<++=====------------------\/------------------=====++>>
[INFO] [stderr]   -- <<++                 ccommon summary                 ++>>
[INFO] [stderr]   -- <<++=====------------------/\------------------=====++>>
[INFO] [stderr]   -- =============CMake related=============
[INFO] [stderr]   -- CMAKE_BUILD_TYPE: Debug
[INFO] [stderr]   -- PLATFORM: OS_LINUX
[INFO] [stderr]   -- CPPFLAGS: 
[INFO] [stderr]   -- CFLAGS:  -ffunction-sections -fdata-sections -fPIC -m64 -O0  -std=c11 -ggdb3 -Wall -Wshadow -Winline -Wstrict-prototypes -Wmissing-prototypes -Wmissing-declarations -Wredundant-decls -Wunused-function -Wunused-value -Wunused-variable -fno-strict-aliasing -lnuma -lm -lrt  -L/path/to/numa/lib -lnuma  -O0  -std=c11 -ggdb3 -Wall -Wmissing-prototypes -Wmissing-declarations -Wredundant-decls -Wunused-function -Wunused-value -Wunused-variable -fstrict-aliasing  -lnuma -lm -Wl,--no-as-needed -ldl -pthread -fPIC -lnuma -lm
[INFO] [stderr]   -- =======================================
[INFO] [stderr]   -- =======Status of system features=======
[INFO] [stderr]   -- HAVE_SIGNAME: 
[INFO] [stderr]   -- HAVE_BACKTRACE: 1
[INFO] [stderr]   -- HAVE_ACCEPT4: 1
[INFO] [stderr]   -- HAVE_TIME64: 
[INFO] [stderr]   -- =======================================
[INFO] [stderr]   -- ======Status of optional features======
[INFO] [stderr]   -- HAVE_RUST: OFF
[INFO] [stderr]   -- HAVE_ASSERT_LOG: OFF
[INFO] [stderr]   -- HAVE_ASSERT_PANIC: OFF
[INFO] [stderr]   -- HAVE_LOGGING: OFF
[INFO] [stderr]   -- HAVE_STATS: OFF
[INFO] [stderr]   -- HAVE_ITT_INSTRUMENTATION: OFF
[INFO] [stderr]   -- HAVE_DEBUG_MM: OFF
[INFO] [stderr]   -- HAVE_TEST: OFF
[INFO] [stderr]   -- HAVE_COVERAGE: OFF
[INFO] [stderr]   -- =======================================
[INFO] [stderr]   -- <<++=====------------------\/------------------=====++>>
[INFO] [stderr]   -- <<++                 pelikan summary                 ++>>
[INFO] [stderr]   -- <<++=====------------------/\------------------=====++>>
[INFO] [stderr]   -- =============CMake related=============
[INFO] [stderr]   -- CMAKE_BUILD_TYPE: Debug
[INFO] [stderr]   -- PLATFORM: OS_LINUX
[INFO] [stderr]   -- CPPFLAGS: 
[INFO] [stderr]   -- CFLAGS:  -ffunction-sections -fdata-sections -fPIC -m64 -O0  -std=c11 -ggdb3 -Wall -Wshadow -Winline -Wstrict-prototypes -Wmissing-prototypes -Wmissing-declarations -Wredundant-decls -Wunused-function -Wunused-value -Wunused-variable -fno-strict-aliasing -lnuma -lm -lrt  -L/path/to/numa/lib -lnuma 
[INFO] [stderr]   -- =======================================
[INFO] [stderr]   -- =======Status of system features=======
[INFO] [stderr]   -- HAVE_BACKTRACE: 1
[INFO] [stderr]   -- USE_EVENT_FD: 1
[INFO] [stderr]   -- =======================================
[INFO] [stderr]   -- ======Status of optional features======
[INFO] [stderr]   -- HAVE_RUST: OFF
[INFO] [stderr]   -- HAVE_ASSERT_LOG: OFF
[INFO] [stderr]   -- HAVE_ASSERT_PANIC: OFF
[INFO] [stderr]   -- HAVE_LOGGING: OFF
[INFO] [stderr]   -- HAVE_STATS: OFF
[INFO] [stderr]   -- HAVE_ITT_INSTRUMENTATION: OFF
[INFO] [stderr]   -- HAVE_DEBUG_MM: OFF
[INFO] [stderr]   -- HAVE_TEST: OFF
[INFO] [stderr]   -- HAVE_COVERAGE: OFF
[INFO] [stderr]   -- USE_PMEM: OFF
[INFO] [stderr]   -- =======================================
[INFO] [stderr]   -- Configuring incomplete, errors occurred!
[INFO] [stderr]   See also "/opt/rustwide/target/debug/build/pelikan_twemcache_http-5d6e822bcf173585/out/build/CMakeFiles/CMakeOutput.log".
[INFO] [stderr]   See also "/opt/rustwide/target/debug/build/pelikan_twemcache_http-5d6e822bcf173585/out/build/CMakeFiles/CMakeError.log".
[INFO] [stderr] 
[INFO] [stderr]   --- stderr
[INFO] [stderr]   CMAKE_BINARY_DIR environment variable was not set!
[INFO] [stderr]   CMake Error: Could not open file for write in copy operation /opt/rustwide/workdir/deps/ccommon/include/config.h.tmp
[INFO] [stderr]   CMake Error: : System Error: Read-only file system
[INFO] [stderr]   CMake Error at deps/ccommon/CMakeLists.txt:81 (configure_file):
[INFO] [stderr]     configure_file Problem configuring file
[INFO] [stderr] 
[INFO] [stderr] 
[INFO] [stderr]   thread 'main' panicked at /opt/rustwide/cargo-home/registry/src/index.crates.io-6f17d22bba15001f/cmake-0.1.44/src/lib.rs:885:5:
[INFO] [stderr] 
[INFO] [stderr]   command did not execute successfully, got: exit status: 1
[INFO] [stderr] 
[INFO] [stderr]   build script failed, must exit now
[INFO] [stderr]   stack backtrace:
[INFO] [stderr]      0:     0x5578d3c5c49c - std::backtrace_rs::backtrace::libunwind::trace::ha637c64ce894333a
[INFO] [stderr]                                  at /rustc/82e1608dfa6e0b5569232559e3d385fea5a93112/library/std/src/../../backtrace/src/backtrace/libunwind.rs:104:5
[INFO] [stderr]      1:     0x5578d3c5c49c - std::backtrace_rs::backtrace::trace_unsynchronized::h47f62dea28e0c88d
[INFO] [stderr]                                  at /rustc/82e1608dfa6e0b5569232559e3d385fea5a93112/library/std/src/../../backtrace/src/backtrace/mod.rs:66:5
[INFO] [stderr]      2:     0x5578d3c5c49c - std::sys_common::backtrace::_print_fmt::h9eef0abe20ede486
[INFO] [stderr]                                  at /rustc/82e1608dfa6e0b5569232559e3d385fea5a93112/library/std/src/sys_common/backtrace.rs:67:5
[INFO] [stderr]      3:     0x5578d3c5c49c - <std::sys_common::backtrace::_print::DisplayBacktrace as core::fmt::Display>::fmt::hed7f999df88cc644
[INFO] [stderr]                                  at /rustc/82e1608dfa6e0b5569232559e3d385fea5a93112/library/std/src/sys_common/backtrace.rs:44:22
[INFO] [stderr]      4:     0x5578d3c89300 - core::fmt::rt::Argument::fmt::h1539a9308b8d058d
[INFO] [stderr]                                  at /rustc/82e1608dfa6e0b5569232559e3d385fea5a93112/library/core/src/fmt/rt.rs:142:9
[INFO] [stderr]      5:     0x5578d3c89300 - core::fmt::write::h3a39390d8560d9c9
[INFO] [stderr]                                  at /rustc/82e1608dfa6e0b5569232559e3d385fea5a93112/library/core/src/fmt/mod.rs:1120:17
[INFO] [stderr]      6:     0x5578d3c594ef - std::io::Write::write_fmt::h5fc9997dfe05f882
[INFO] [stderr]                                  at /rustc/82e1608dfa6e0b5569232559e3d385fea5a93112/library/std/src/io/mod.rs:1762:15
[INFO] [stderr]      7:     0x5578d3c5c284 - std::sys_common::backtrace::_print::h894006fb5c6f3d45
[INFO] [stderr]                                  at /rustc/82e1608dfa6e0b5569232559e3d385fea5a93112/library/std/src/sys_common/backtrace.rs:47:5
[INFO] [stderr]      8:     0x5578d3c5c284 - std::sys_common::backtrace::print::h23a2d212c6fff936
[INFO] [stderr]                                  at /rustc/82e1608dfa6e0b5569232559e3d385fea5a93112/library/std/src/sys_common/backtrace.rs:34:9
[INFO] [stderr]      9:     0x5578d3c5e437 - std::panicking::default_hook::{{closure}}::h8a1d2ee00185001a
[INFO] [stderr]     10:     0x5578d3c5e19f - std::panicking::default_hook::h6038f2eba384e475
[INFO] [stderr]                                  at /rustc/82e1608dfa6e0b5569232559e3d385fea5a93112/library/std/src/panicking.rs:292:9
[INFO] [stderr]     11:     0x5578d3c5e8b8 - std::panicking::rust_panic_with_hook::h2b5517d590cab22e
[INFO] [stderr]                                  at /rustc/82e1608dfa6e0b5569232559e3d385fea5a93112/library/std/src/panicking.rs:779:13
[INFO] [stderr]     12:     0x5578d3c5e79e - std::panicking::begin_panic_handler::{{closure}}::h233112c06e0ef43e
[INFO] [stderr]                                  at /rustc/82e1608dfa6e0b5569232559e3d385fea5a93112/library/std/src/panicking.rs:657:13
[INFO] [stderr]     13:     0x5578d3c5c966 - std::sys_common::backtrace::__rust_end_short_backtrace::h6e893f24d7ebbff8
[INFO] [stderr]                                  at /rustc/82e1608dfa6e0b5569232559e3d385fea5a93112/library/std/src/sys_common/backtrace.rs:170:18
[INFO] [stderr]     14:     0x5578d3c5e502 - rust_begin_unwind
[INFO] [stderr]                                  at /rustc/82e1608dfa6e0b5569232559e3d385fea5a93112/library/std/src/panicking.rs:645:5
[INFO] [stderr]     15:     0x5578d3846b25 - core::panicking::panic_fmt::hbf0e066aabfa482c
[INFO] [stderr]                                  at /rustc/82e1608dfa6e0b5569232559e3d385fea5a93112/library/core/src/panicking.rs:72:14
[INFO] [stderr]     16:     0x5578d3bebb31 - cmake::fail::he8dc962ba487f559
[INFO] [stderr]     17:     0x5578d3beb237 - cmake::run::h1e024accf3b1517c
[INFO] [stderr]     18:     0x5578d3be77cb - cmake::Config::build::h767a11aa3ea0c1be
[INFO] [stderr]     19:     0x5578d384a81a - build_script_build::main::hbc0619a84c13eba7
[INFO] [stderr]     20:     0x5578d38480f3 - core::ops::function::FnOnce::call_once::h7ae64ee690c9421b
[INFO] [stderr]     21:     0x5578d38477c6 - std::sys_common::backtrace::__rust_begin_short_backtrace::h2f16baa2913155f7
[INFO] [stderr]     22:     0x5578d3847d99 - std::rt::lang_start::{{closure}}::hb08de423a9a5ff12
[INFO] [stderr]     23:     0x5578d3c54fb7 - core::ops::function::impls::<impl core::ops::function::FnOnce<A> for &F>::call_once::hd95060ecd5e1ca24
[INFO] [stderr]                                  at /rustc/82e1608dfa6e0b5569232559e3d385fea5a93112/library/core/src/ops/function.rs:284:13
[INFO] [stderr]     24:     0x5578d3c54fb7 - std::panicking::try::do_call::h6e8cf51db32a6e4b
[INFO] [stderr]                                  at /rustc/82e1608dfa6e0b5569232559e3d385fea5a93112/library/std/src/panicking.rs:552:40
[INFO] [stderr]     25:     0x5578d3c54fb7 - std::panicking::try::h3a52eefe24fe3c29
[INFO] [stderr]                                  at /rustc/82e1608dfa6e0b5569232559e3d385fea5a93112/library/std/src/panicking.rs:516:19
[INFO] [stderr]     26:     0x5578d3c54fb7 - std::panic::catch_unwind::h24c28c23c02c3841
[INFO] [stderr]                                  at /rustc/82e1608dfa6e0b5569232559e3d385fea5a93112/library/std/src/panic.rs:142:14
[INFO] [stderr]     27:     0x5578d3c54fb7 - std::rt::lang_start_internal::{{closure}}::h705d3c9cbc06ef47
[INFO] [stderr]                                  at /rustc/82e1608dfa6e0b5569232559e3d385fea5a93112/library/std/src/rt.rs:148:48
[INFO] [stderr]     28:     0x5578d3c54fb7 - std::panicking::try::do_call::ha21f52ba13158470
[INFO] [stderr]                                  at /rustc/82e1608dfa6e0b5569232559e3d385fea5a93112/library/std/src/panicking.rs:552:40
[INFO] [stderr]     29:     0x5578d3c54fb7 - std::panicking::try::h5581346bf6aeb1f8
[INFO] [stderr]                                  at /rustc/82e1608dfa6e0b5569232559e3d385fea5a93112/library/std/src/panicking.rs:516:19
[INFO] [stderr]     30:     0x5578d3c54fb7 - std::panic::catch_unwind::h7919645a6b72e25b
[INFO] [stderr]                                  at /rustc/82e1608dfa6e0b5569232559e3d385fea5a93112/library/std/src/panic.rs:142:14
[INFO] [stderr]     31:     0x5578d3c54fb7 - std::rt::lang_start_internal::h12de51168669836e
[INFO] [stderr]                                  at /rustc/82e1608dfa6e0b5569232559e3d385fea5a93112/library/std/src/rt.rs:148:20
[INFO] [stderr]     32:     0x5578d3847d77 - std::rt::lang_start::h3c5f19c61fb195e8
[INFO] [stderr]     33:     0x5578d384b205 - main
[INFO] [stderr]     34:     0x7f0f32014d90 - <unknown>
[INFO] [stderr]     35:     0x7f0f32014e40 - __libc_start_main
[INFO] [stderr]     36:     0x5578d38473f5 - _start
[INFO] [stderr]     37:                0x0 - <unknown>
[INFO] running `Command { std: "docker" "inspect" "e244ea5cbc5ca23fd9b7d160b881492c40e2325e19a8de2919a64b6679faa7e7", kill_on_drop: false }`
[INFO] running `Command { std: "docker" "rm" "-f" "e244ea5cbc5ca23fd9b7d160b881492c40e2325e19a8de2919a64b6679faa7e7", kill_on_drop: false }`
[INFO] [stdout] e244ea5cbc5ca23fd9b7d160b881492c40e2325e19a8de2919a64b6679faa7e7
