[INFO] cloning repository https://github.com/Xoorgh/wrath
[INFO] running `Command { std: "git" "-c" "credential.helper=" "-c" "credential.helper=/workspace/cargo-home/bin/git-credential-null" "clone" "--bare" "https://github.com/Xoorgh/wrath" "/workspace/cache/git-repos/https%3A%2F%2Fgithub.com%2FXoorgh%2Fwrath", kill_on_drop: false }`
[INFO] [stderr] Cloning into bare repository '/workspace/cache/git-repos/https%3A%2F%2Fgithub.com%2FXoorgh%2Fwrath'...
[INFO] running `Command { std: "git" "rev-parse" "HEAD", kill_on_drop: false }`
[INFO] [stdout] dac786d359b8c849007d19e5db03e495c96da593
[INFO] documenting Xoorgh/wrath against 1.75.0 for beta-1.76-rustdoc-1
[INFO] running `Command { std: "git" "clone" "/workspace/cache/git-repos/https%3A%2F%2Fgithub.com%2FXoorgh%2Fwrath" "/workspace/builds/worker-5-tc1/source", kill_on_drop: false }`
[INFO] [stderr] Cloning into '/workspace/builds/worker-5-tc1/source'...
[INFO] [stderr] done.
[INFO] validating manifest of git repo https://github.com/Xoorgh/wrath on toolchain 1.75.0
[INFO] running `Command { std: CARGO_HOME="/workspace/cargo-home" RUSTUP_HOME="/workspace/rustup-home" "/workspace/cargo-home/bin/cargo" "+1.75.0" "metadata" "--manifest-path" "Cargo.toml" "--no-deps", kill_on_drop: false }`
[INFO] started tweaking git repo https://github.com/Xoorgh/wrath
[INFO] finished tweaking git repo https://github.com/Xoorgh/wrath
[INFO] tweaked toml for git repo https://github.com/Xoorgh/wrath written to /workspace/builds/worker-5-tc1/source/Cargo.toml
[INFO] crate git repo https://github.com/Xoorgh/wrath already has a lockfile, it will not be regenerated
[INFO] running `Command { std: CARGO_HOME="/workspace/cargo-home" RUSTUP_HOME="/workspace/rustup-home" "/workspace/cargo-home/bin/cargo" "+1.75.0" "fetch" "--manifest-path" "Cargo.toml", kill_on_drop: false }`
[INFO] [stderr]     Blocking waiting for file lock on package cache
[INFO] [stderr]     Updating crates.io index
[INFO] [stderr]     Blocking waiting for file lock on package cache
[INFO] [stderr]  Downloading crates ...
[INFO] [stderr]   Downloaded zerocopy v0.7.28
[INFO] [stderr]   Downloaded miniquad v0.4.0-alpha.10
[INFO] [stderr]   Downloaded macroquad v0.4.4
[INFO] [stderr]   Downloaded zerocopy-derive v0.7.28
[INFO] [stderr]   Downloaded macroquad-particles v0.2.0
[INFO] running `Command { std: "docker" "create" "-v" "/var/lib/crater-agent-workspace/builds/worker-5-tc1/target:/opt/rustwide/target:rw,Z" "-v" "/var/lib/crater-agent-workspace/builds/worker-5-tc1/source:/opt/rustwide/workdir:ro,Z" "-v" "/var/lib/crater-agent-workspace/cargo-home:/opt/rustwide/cargo-home:ro,Z" "-v" "/var/lib/crater-agent-workspace/rustup-home:/opt/rustwide/rustup-home:ro,Z" "-e" "SOURCE_DIR=/opt/rustwide/workdir" "-e" "CARGO_TARGET_DIR=/opt/rustwide/target" "-e" "CARGO_HOME=/opt/rustwide/cargo-home" "-e" "RUSTUP_HOME=/opt/rustwide/rustup-home" "-w" "/opt/rustwide/workdir" "-m" "1610612736" "--user" "0:0" "--network" "none" "ghcr.io/rust-lang/crates-build-env/linux@sha256:2788e3201cd34a07e3172128adcd8b3090168a8e3bcc40d7c032b9dda1df7d1c" "/opt/rustwide/cargo-home/bin/cargo" "+1.75.0" "metadata" "--no-deps" "--format-version=1", kill_on_drop: false }`
[INFO] [stdout] 6ef98b74e7fbdc482c0faf9584d5f76c317335132eb38427f9ef40b77bd303d3
[INFO] running `Command { std: "docker" "start" "-a" "6ef98b74e7fbdc482c0faf9584d5f76c317335132eb38427f9ef40b77bd303d3", kill_on_drop: false }`
[INFO] running `Command { std: "docker" "inspect" "6ef98b74e7fbdc482c0faf9584d5f76c317335132eb38427f9ef40b77bd303d3", kill_on_drop: false }`
[INFO] running `Command { std: "docker" "rm" "-f" "6ef98b74e7fbdc482c0faf9584d5f76c317335132eb38427f9ef40b77bd303d3", kill_on_drop: false }`
[INFO] [stdout] 6ef98b74e7fbdc482c0faf9584d5f76c317335132eb38427f9ef40b77bd303d3
[INFO] running `Command { std: "docker" "create" "-v" "/var/lib/crater-agent-workspace/builds/worker-5-tc1/target:/opt/rustwide/target:rw,Z" "-v" "/var/lib/crater-agent-workspace/builds/worker-5-tc1/source:/opt/rustwide/workdir:ro,Z" "-v" "/var/lib/crater-agent-workspace/cargo-home:/opt/rustwide/cargo-home:ro,Z" "-v" "/var/lib/crater-agent-workspace/rustup-home:/opt/rustwide/rustup-home:ro,Z" "-e" "SOURCE_DIR=/opt/rustwide/workdir" "-e" "CARGO_TARGET_DIR=/opt/rustwide/target" "-e" "CARGO_INCREMENTAL=0" "-e" "RUST_BACKTRACE=full" "-e" "RUSTFLAGS=--cap-lints=warn" "-e" "RUSTDOCFLAGS=--cap-lints=warn" "-e" "CARGO_HOME=/opt/rustwide/cargo-home" "-e" "RUSTUP_HOME=/opt/rustwide/rustup-home" "-w" "/opt/rustwide/workdir" "-m" "1610612736" "--user" "0:0" "--network" "none" "ghcr.io/rust-lang/crates-build-env/linux@sha256:2788e3201cd34a07e3172128adcd8b3090168a8e3bcc40d7c032b9dda1df7d1c" "/opt/rustwide/cargo-home/bin/cargo" "+1.75.0" "doc" "--frozen" "--no-deps" "--document-private-items" "--message-format=json", kill_on_drop: false }`
[INFO] [stdout] b750d715153eff5d4a8f5703784222490f9a17c2615f03449f8b0ac0b05f366f
[INFO] running `Command { std: "docker" "start" "-a" "b750d715153eff5d4a8f5703784222490f9a17c2615f03449f8b0ac0b05f366f", kill_on_drop: false }`
[INFO] [stderr]    Compiling autocfg v1.1.0
[INFO] [stderr]    Compiling version_check v0.9.4
[INFO] [stderr]     Checking cfg-if v1.0.0
[INFO] [stderr]    Compiling crc32fast v1.3.2
[INFO] [stderr]     Checking simd-adler32 v0.3.7
[INFO] [stderr]     Checking adler v1.0.2
[INFO] [stderr]    Compiling libc v0.2.150
[INFO] [stderr]     Checking zerocopy v0.7.28
[INFO] [stderr]     Checking once_cell v1.18.0
[INFO] [stderr]     Checking bitflags v1.3.2
[INFO] [stderr]    Compiling miniquad v0.4.0-alpha.10
[INFO] [stderr]     Checking byteorder v1.5.0
[INFO] [stderr]     Checking color_quant v1.1.0
[INFO] [stderr]     Checking ttf-parser v0.15.2
[INFO] [stderr]     Checking bytemuck v1.14.0
[INFO] [stderr]     Checking quad-rand v0.2.1
[INFO] [stderr]    Compiling macroquad_macro v0.1.7
[INFO] [stderr]     Checking bumpalo v3.14.0
[INFO] [stderr]     Checking glam v0.21.3
[INFO] [stderr]     Checking miniz_oxide v0.7.1
[INFO] [stderr]     Checking fdeflate v0.3.1
[INFO] [stderr]    Compiling num-traits v0.2.17
[INFO] [stderr]    Compiling num-integer v0.1.45
[INFO] [stderr]    Compiling num-rational v0.4.1
[INFO] [stderr]    Compiling ahash v0.8.6
[INFO] [stderr]    Compiling slotmap v1.0.7
[INFO] [stderr]     Checking flate2 v1.0.28
[INFO] [stderr]     Checking hashbrown v0.13.2
[INFO] [stderr]     Checking png v0.17.10
[INFO] [stderr]     Checking fontdue v0.7.3
[INFO] [stderr]     Checking image v0.24.7
[INFO] [stderr]     Checking macroquad v0.4.4
[INFO] [stderr]     Checking macroquad-particles v0.2.0
[INFO] [stdout] error[E0574]: expected struct, variant or union type, found enum `ShaderSource`
[INFO] [stdout]    --> /opt/rustwide/cargo-home/registry/src/index.crates.io-6f17d22bba15001f/macroquad-particles-0.2.0/src/lib.rs:568:17
[INFO] [stdout]     |
[INFO] [stdout] 568 |                 ShaderSource {
[INFO] [stdout]     |                 ^^^^^^^^^^^^ not a struct, variant or union type
[INFO] [stdout] 
[INFO] [stdout] 
[INFO] [stdout] error[E0574]: expected struct, variant or union type, found enum `ShaderSource`
[INFO] [stdout]    --> /opt/rustwide/cargo-home/registry/src/index.crates.io-6f17d22bba15001f/macroquad-particles-0.2.0/src/lib.rs:610:17
[INFO] [stdout]     |
[INFO] [stdout] 610 |                 ShaderSource {
[INFO] [stdout]     |                 ^^^^^^^^^^^^ not a struct, variant or union type
[INFO] [stdout] 
[INFO] [stdout] 
[INFO] [stdout] error[E0061]: this method takes 3 arguments but 2 arguments were supplied
[INFO] [stdout]     --> /opt/rustwide/cargo-home/registry/src/index.crates.io-6f17d22bba15001f/macroquad-particles-0.2.0/src/lib.rs:642:17
[INFO] [stdout]      |
[INFO] [stdout] 642  |             ctx.texture_set_filter(color_img, FilterMode::Nearest);
[INFO] [stdout]      |                 ^^^^^^^^^^^^^^^^^^-------------------------------- an argument of type `MipmapFilterMode` is missing
[INFO] [stdout]      |
[INFO] [stdout] note: method defined here
[INFO] [stdout]     --> /opt/rustwide/cargo-home/registry/src/index.crates.io-6f17d22bba15001f/miniquad-0.4.0-alpha.10/src/graphics.rs:1125:8
[INFO] [stdout]      |
[INFO] [stdout] 1125 |     fn texture_set_filter(
[INFO] [stdout]      |        ^^^^^^^^^^^^^^^^^^
[INFO] [stdout] help: provide the argument
[INFO] [stdout]      |
[INFO] [stdout] 642  |             ctx.texture_set_filter(color_img, FilterMode::Nearest, /* MipmapFilterMode */);
[INFO] [stdout]      |                                   ~~~~~~~~~~~~~~~~~~~~~~~~~~~~~~~~~~~~~~~~~~~~~~~~~~~~~~~~
[INFO] [stdout] 
[INFO] [stdout] 
[INFO] [stdout] error: aborting due to 3 previous errors
[INFO] [stdout] 
[INFO] [stdout] 
[INFO] [stdout] Some errors have detailed explanations: E0061, E0574.
[INFO] [stdout] 
[INFO] [stdout] For more information about an error, try `rustc --explain E0061`.
[INFO] [stdout] 
[INFO] [stderr] error: could not compile `macroquad-particles` (lib) due to 4 previous errors
[INFO] running `Command { std: "docker" "inspect" "b750d715153eff5d4a8f5703784222490f9a17c2615f03449f8b0ac0b05f366f", kill_on_drop: false }`
[INFO] running `Command { std: "docker" "rm" "-f" "b750d715153eff5d4a8f5703784222490f9a17c2615f03449f8b0ac0b05f366f", kill_on_drop: false }`
[INFO] [stdout] b750d715153eff5d4a8f5703784222490f9a17c2615f03449f8b0ac0b05f366f
[INFO] documenting Xoorgh/wrath against beta-2023-12-22 for beta-1.76-rustdoc-1
[INFO] running `Command { std: "git" "clone" "/workspace/cache/git-repos/https%3A%2F%2Fgithub.com%2FXoorgh%2Fwrath" "/workspace/builds/worker-5-tc2/source", kill_on_drop: false }`
[INFO] [stderr] Cloning into '/workspace/builds/worker-5-tc2/source'...
[INFO] [stderr] done.
[INFO] validating manifest of git repo https://github.com/Xoorgh/wrath on toolchain beta-2023-12-22
[INFO] running `Command { std: CARGO_HOME="/workspace/cargo-home" RUSTUP_HOME="/workspace/rustup-home" "/workspace/cargo-home/bin/cargo" "+beta-2023-12-22" "metadata" "--manifest-path" "Cargo.toml" "--no-deps", kill_on_drop: false }`
[INFO] started tweaking git repo https://github.com/Xoorgh/wrath
[INFO] finished tweaking git repo https://github.com/Xoorgh/wrath
[INFO] tweaked toml for git repo https://github.com/Xoorgh/wrath written to /workspace/builds/worker-5-tc2/source/Cargo.toml
[INFO] crate git repo https://github.com/Xoorgh/wrath already has a lockfile, it will not be regenerated
[INFO] running `Command { std: CARGO_HOME="/workspace/cargo-home" RUSTUP_HOME="/workspace/rustup-home" "/workspace/cargo-home/bin/cargo" "+beta-2023-12-22" "fetch" "--manifest-path" "Cargo.toml", kill_on_drop: false }`
[INFO] [stderr]     Blocking waiting for file lock on package cache
[INFO] running `Command { std: "docker" "create" "-v" "/var/lib/crater-agent-workspace/builds/worker-5-tc2/target:/opt/rustwide/target:rw,Z" "-v" "/var/lib/crater-agent-workspace/builds/worker-5-tc2/source:/opt/rustwide/workdir:ro,Z" "-v" "/var/lib/crater-agent-workspace/cargo-home:/opt/rustwide/cargo-home:ro,Z" "-v" "/var/lib/crater-agent-workspace/rustup-home:/opt/rustwide/rustup-home:ro,Z" "-e" "SOURCE_DIR=/opt/rustwide/workdir" "-e" "CARGO_TARGET_DIR=/opt/rustwide/target" "-e" "CARGO_HOME=/opt/rustwide/cargo-home" "-e" "RUSTUP_HOME=/opt/rustwide/rustup-home" "-w" "/opt/rustwide/workdir" "-m" "1610612736" "--user" "0:0" "--network" "none" "ghcr.io/rust-lang/crates-build-env/linux@sha256:2788e3201cd34a07e3172128adcd8b3090168a8e3bcc40d7c032b9dda1df7d1c" "/opt/rustwide/cargo-home/bin/cargo" "+beta-2023-12-22" "metadata" "--no-deps" "--format-version=1", kill_on_drop: false }`
[INFO] [stdout] b82beb70a0d832b95787c35fab9ce30a071ad2585c282e986fabbb22cb75d2d4
[INFO] running `Command { std: "docker" "start" "-a" "b82beb70a0d832b95787c35fab9ce30a071ad2585c282e986fabbb22cb75d2d4", kill_on_drop: false }`
[INFO] running `Command { std: "docker" "inspect" "b82beb70a0d832b95787c35fab9ce30a071ad2585c282e986fabbb22cb75d2d4", kill_on_drop: false }`
[INFO] running `Command { std: "docker" "rm" "-f" "b82beb70a0d832b95787c35fab9ce30a071ad2585c282e986fabbb22cb75d2d4", kill_on_drop: false }`
[INFO] [stdout] b82beb70a0d832b95787c35fab9ce30a071ad2585c282e986fabbb22cb75d2d4
[INFO] running `Command { std: "docker" "create" "-v" "/var/lib/crater-agent-workspace/builds/worker-5-tc2/target:/opt/rustwide/target:rw,Z" "-v" "/var/lib/crater-agent-workspace/builds/worker-5-tc2/source:/opt/rustwide/workdir:ro,Z" "-v" "/var/lib/crater-agent-workspace/cargo-home:/opt/rustwide/cargo-home:ro,Z" "-v" "/var/lib/crater-agent-workspace/rustup-home:/opt/rustwide/rustup-home:ro,Z" "-e" "SOURCE_DIR=/opt/rustwide/workdir" "-e" "CARGO_TARGET_DIR=/opt/rustwide/target" "-e" "CARGO_INCREMENTAL=0" "-e" "RUST_BACKTRACE=full" "-e" "RUSTFLAGS=--cap-lints=warn" "-e" "RUSTDOCFLAGS=--cap-lints=warn" "-e" "CARGO_HOME=/opt/rustwide/cargo-home" "-e" "RUSTUP_HOME=/opt/rustwide/rustup-home" "-w" "/opt/rustwide/workdir" "-m" "1610612736" "--user" "0:0" "--network" "none" "ghcr.io/rust-lang/crates-build-env/linux@sha256:2788e3201cd34a07e3172128adcd8b3090168a8e3bcc40d7c032b9dda1df7d1c" "/opt/rustwide/cargo-home/bin/cargo" "+beta-2023-12-22" "doc" "--frozen" "--no-deps" "--document-private-items" "--message-format=json", kill_on_drop: false }`
[INFO] [stdout] 604f998d13c9c079a04d6a56089c56fb7888e8fbdca81fdf8f6b2c5507d7eac3
[INFO] running `Command { std: "docker" "start" "-a" "604f998d13c9c079a04d6a56089c56fb7888e8fbdca81fdf8f6b2c5507d7eac3", kill_on_drop: false }`
[INFO] [stderr]    Compiling autocfg v1.1.0
[INFO] [stderr]    Compiling version_check v0.9.4
[INFO] [stderr]     Checking cfg-if v1.0.0
[INFO] [stderr]    Compiling crc32fast v1.3.2
[INFO] [stderr]     Checking simd-adler32 v0.3.7
[INFO] [stderr]     Checking adler v1.0.2
[INFO] [stderr]     Checking once_cell v1.18.0
[INFO] [stderr]     Checking zerocopy v0.7.28
[INFO] [stderr]    Compiling libc v0.2.150
[INFO] [stderr]    Compiling miniquad v0.4.0-alpha.10
[INFO] [stderr]     Checking bitflags v1.3.2
[INFO] [stderr]     Checking color_quant v1.1.0
[INFO] [stderr]     Checking ttf-parser v0.15.2
[INFO] [stderr]     Checking byteorder v1.5.0
[INFO] [stderr]     Checking bytemuck v1.14.0
[INFO] [stderr]     Checking glam v0.21.3
[INFO] [stderr]    Compiling macroquad_macro v0.1.7
[INFO] [stderr]     Checking quad-rand v0.2.1
[INFO] [stderr]     Checking miniz_oxide v0.7.1
[INFO] [stderr]     Checking fdeflate v0.3.1
[INFO] [stderr]     Checking bumpalo v3.14.0
[INFO] [stderr]    Compiling ahash v0.8.6
[INFO] [stderr]    Compiling slotmap v1.0.7
[INFO] [stderr]    Compiling num-traits v0.2.17
[INFO] [stderr]    Compiling num-integer v0.1.45
[INFO] [stderr]    Compiling num-rational v0.4.1
[INFO] [stderr]     Checking flate2 v1.0.28
[INFO] [stderr]     Checking hashbrown v0.13.2
[INFO] [stderr]     Checking png v0.17.10
[INFO] [stderr]     Checking fontdue v0.7.3
[INFO] [stderr]     Checking image v0.24.7
[INFO] [stderr]     Checking macroquad v0.4.4
[INFO] [stderr]     Checking macroquad-particles v0.2.0
[INFO] [stdout] error[E0574]: expected struct, variant or union type, found enum `ShaderSource`
[INFO] [stdout]    --> /opt/rustwide/cargo-home/registry/src/index.crates.io-6f17d22bba15001f/macroquad-particles-0.2.0/src/lib.rs:568:17
[INFO] [stdout]     |
[INFO] [stdout] 568 |                 ShaderSource {
[INFO] [stdout]     |                 ^^^^^^^^^^^^ not a struct, variant or union type
[INFO] [stdout] 
[INFO] [stdout] 
[INFO] [stdout] error[E0574]: expected struct, variant or union type, found enum `ShaderSource`
[INFO] [stdout]    --> /opt/rustwide/cargo-home/registry/src/index.crates.io-6f17d22bba15001f/macroquad-particles-0.2.0/src/lib.rs:610:17
[INFO] [stdout]     |
[INFO] [stdout] 610 |                 ShaderSource {
[INFO] [stdout]     |                 ^^^^^^^^^^^^ not a struct, variant or union type
[INFO] [stdout] 
[INFO] [stdout] 
[INFO] [stdout] error[E0061]: this method takes 3 arguments but 2 arguments were supplied
[INFO] [stdout]     --> /opt/rustwide/cargo-home/registry/src/index.crates.io-6f17d22bba15001f/macroquad-particles-0.2.0/src/lib.rs:642:17
[INFO] [stdout]      |
[INFO] [stdout] 642  |             ctx.texture_set_filter(color_img, FilterMode::Nearest);
[INFO] [stdout]      |                 ^^^^^^^^^^^^^^^^^^-------------------------------- an argument of type `MipmapFilterMode` is missing
[INFO] [stdout]      |
[INFO] [stdout] note: method defined here
[INFO] [stdout]     --> /opt/rustwide/cargo-home/registry/src/index.crates.io-6f17d22bba15001f/miniquad-0.4.0-alpha.10/src/graphics.rs:1125:8
[INFO] [stdout]      |
[INFO] [stdout] 1125 |     fn texture_set_filter(
[INFO] [stdout]      |        ^^^^^^^^^^^^^^^^^^
[INFO] [stdout] help: provide the argument
[INFO] [stdout]      |
[INFO] [stdout] 642  |             ctx.texture_set_filter(color_img, FilterMode::Nearest, /* MipmapFilterMode */);
[INFO] [stdout]      |                                   ~~~~~~~~~~~~~~~~~~~~~~~~~~~~~~~~~~~~~~~~~~~~~~~~~~~~~~~~
[INFO] [stdout] 
[INFO] [stdout] 
[INFO] [stdout] error: aborting due to 3 previous errors
[INFO] [stdout] 
[INFO] [stdout] 
[INFO] [stdout] Some errors have detailed explanations: E0061, E0574.
[INFO] [stdout] 
[INFO] [stdout] For more information about an error, try `rustc --explain E0061`.
[INFO] [stdout] 
[INFO] [stderr] error: could not compile `macroquad-particles` (lib) due to 4 previous errors
[INFO] running `Command { std: "docker" "inspect" "604f998d13c9c079a04d6a56089c56fb7888e8fbdca81fdf8f6b2c5507d7eac3", kill_on_drop: false }`
[INFO] running `Command { std: "docker" "rm" "-f" "604f998d13c9c079a04d6a56089c56fb7888e8fbdca81fdf8f6b2c5507d7eac3", kill_on_drop: false }`
[INFO] [stdout] 604f998d13c9c079a04d6a56089c56fb7888e8fbdca81fdf8f6b2c5507d7eac3
