[INFO] cloning repository https://github.com/Xion/rofld
[INFO] running `Command { std: "git" "-c" "credential.helper=" "-c" "credential.helper=/workspace/cargo-home/bin/git-credential-null" "clone" "--bare" "https://github.com/Xion/rofld" "/workspace/cache/git-repos/https%3A%2F%2Fgithub.com%2FXion%2Frofld", kill_on_drop: false }`
[INFO] [stderr] Cloning into bare repository '/workspace/cache/git-repos/https%3A%2F%2Fgithub.com%2FXion%2Frofld'...
[INFO] running `Command { std: "git" "rev-parse" "HEAD", kill_on_drop: false }`
[INFO] [stdout] 8a8b24822c43838920b6052c8099549e2d1f5e2c
[INFO] documenting Xion/rofld against 1.75.0 for beta-1.76-rustdoc-1
[INFO] running `Command { std: "git" "clone" "/workspace/cache/git-repos/https%3A%2F%2Fgithub.com%2FXion%2Frofld" "/workspace/builds/worker-3-tc1/source", kill_on_drop: false }`
[INFO] [stderr] Cloning into '/workspace/builds/worker-3-tc1/source'...
[INFO] [stderr] done.
[INFO] validating manifest of git repo https://github.com/Xion/rofld on toolchain 1.75.0
[INFO] running `Command { std: CARGO_HOME="/workspace/cargo-home" RUSTUP_HOME="/workspace/rustup-home" "/workspace/cargo-home/bin/cargo" "+1.75.0" "metadata" "--manifest-path" "Cargo.toml" "--no-deps", kill_on_drop: false }`
[INFO] started tweaking git repo https://github.com/Xion/rofld
[INFO] finished tweaking git repo https://github.com/Xion/rofld
[INFO] tweaked toml for git repo https://github.com/Xion/rofld written to /workspace/builds/worker-3-tc1/source/Cargo.toml
[INFO] crate git repo https://github.com/Xion/rofld already has a lockfile, it will not be regenerated
[INFO] running `Command { std: CARGO_HOME="/workspace/cargo-home" RUSTUP_HOME="/workspace/rustup-home" "/workspace/cargo-home/bin/cargo" "+1.75.0" "fetch" "--manifest-path" "Cargo.toml", kill_on_drop: false }`
[INFO] [stderr]     Updating crates.io index
[INFO] [stderr]  Downloading crates ...
[INFO] [stderr]   Downloaded lazycell v0.4.0
[INFO] [stderr]   Downloaded linked-hash-map v0.0.10
[INFO] [stderr]   Downloaded spectral v0.6.0
[INFO] [stderr]   Downloaded slog-stream v1.2.1
[INFO] [stderr]   Downloaded mio v0.6.9
[INFO] [stderr]   Downloaded thread-id v3.2.0
[INFO] [stderr]   Downloaded rustc_version v0.2.1
[INFO] [stderr]   Downloaded try_opt v0.1.1
[INFO] [stderr]   Downloaded futures-cpupool v0.1.5
[INFO] [stderr]   Downloaded css-color-parser v0.1.2
[INFO] [stderr]   Downloaded inflate v0.1.1
[INFO] [stderr]   Downloaded mime v0.3.2
[INFO] [stderr]   Downloaded num-bigint v0.1.40
[INFO] [stderr]   Downloaded png v0.6.2
[INFO] [stderr]   Downloaded hyper v0.11.1
[INFO] [stderr]   Downloaded deflate v0.7.14
[INFO] [stderr]   Downloaded image v0.12.4
[INFO] [stderr]   Downloaded libc v0.2.28
[INFO] [stderr]   Downloaded rusttype v0.2.1
[INFO] [stderr]   Downloaded nom v3.2.0
[INFO] [stderr]   Downloaded serde v1.0.11
[INFO] [stderr]   Downloaded stb_truetype v0.2.1
[INFO] [stderr]   Downloaded slog-envlogger v0.5.0
[INFO] [stderr]   Downloaded maplit v0.1.4
[INFO] [stderr]   Downloaded tokio-io v0.1.2
[INFO] [stderr]   Downloaded data-encoding v1.2.0
[INFO] [stderr]   Downloaded itertools v0.6.1
[INFO] [stderr]   Downloaded arrayvec v0.3.23
[INFO] [stderr]   Downloaded num-complex v0.1.40
[INFO] [stderr]   Downloaded enum-set v0.0.7
[INFO] [stderr]   Downloaded mio-uds v0.6.4
[INFO] [stderr]   Downloaded slog-term v1.5.0
[INFO] [stderr]   Downloaded tokio-signal v0.1.2
[INFO] [stderr]   Downloaded serde_derive v1.0.11
[INFO] [stderr]   Downloaded slog-extra v0.1.2
[INFO] [stderr]   Downloaded derive-error v0.0.3
[INFO] [stderr]   Downloaded derive_builder_core v0.1.7
[INFO] [stderr]   Downloaded adler32 v1.0.0
[INFO] [stderr]   Downloaded isatty v0.1.3
[INFO] [stderr]   Downloaded rgb v0.7.0
[INFO] [stderr]   Downloaded slog-stdlog v1.1.0
[INFO] [stderr]   Downloaded slog v1.5.2
[INFO] [stderr]   Downloaded atomic v0.3.4
[INFO] [stderr]   Downloaded gif-dispose v1.0.2
[INFO] [stderr]   Downloaded float-ord v0.1.2
[INFO] [stderr]   Downloaded serde_qs v0.3.0
[INFO] [stderr]   Downloaded derive_builder v0.4.7
[INFO] [stderr]   Downloaded serde_test v1.0.11
[INFO] running `Command { std: "docker" "create" "-v" "/var/lib/crater-agent-workspace/builds/worker-3-tc1/target:/opt/rustwide/target:rw,Z" "-v" "/var/lib/crater-agent-workspace/builds/worker-3-tc1/source:/opt/rustwide/workdir:ro,Z" "-v" "/var/lib/crater-agent-workspace/cargo-home:/opt/rustwide/cargo-home:ro,Z" "-v" "/var/lib/crater-agent-workspace/rustup-home:/opt/rustwide/rustup-home:ro,Z" "-e" "SOURCE_DIR=/opt/rustwide/workdir" "-e" "CARGO_TARGET_DIR=/opt/rustwide/target" "-e" "CARGO_HOME=/opt/rustwide/cargo-home" "-e" "RUSTUP_HOME=/opt/rustwide/rustup-home" "-w" "/opt/rustwide/workdir" "-m" "1610612736" "--user" "0:0" "--network" "none" "ghcr.io/rust-lang/crates-build-env/linux@sha256:2788e3201cd34a07e3172128adcd8b3090168a8e3bcc40d7c032b9dda1df7d1c" "/opt/rustwide/cargo-home/bin/cargo" "+1.75.0" "metadata" "--no-deps" "--format-version=1", kill_on_drop: false }`
[INFO] [stdout] 34e1d9847f966e33fc3777efd652b1fc838bc899a118234c8ac8cf81fa84a3a5
[INFO] running `Command { std: "docker" "start" "-a" "34e1d9847f966e33fc3777efd652b1fc838bc899a118234c8ac8cf81fa84a3a5", kill_on_drop: false }`
[INFO] running `Command { std: "docker" "inspect" "34e1d9847f966e33fc3777efd652b1fc838bc899a118234c8ac8cf81fa84a3a5", kill_on_drop: false }`
[INFO] running `Command { std: "docker" "rm" "-f" "34e1d9847f966e33fc3777efd652b1fc838bc899a118234c8ac8cf81fa84a3a5", kill_on_drop: false }`
[INFO] [stdout] 34e1d9847f966e33fc3777efd652b1fc838bc899a118234c8ac8cf81fa84a3a5
[INFO] running `Command { std: "docker" "create" "-v" "/var/lib/crater-agent-workspace/builds/worker-3-tc1/target:/opt/rustwide/target:rw,Z" "-v" "/var/lib/crater-agent-workspace/builds/worker-3-tc1/source:/opt/rustwide/workdir:ro,Z" "-v" "/var/lib/crater-agent-workspace/cargo-home:/opt/rustwide/cargo-home:ro,Z" "-v" "/var/lib/crater-agent-workspace/rustup-home:/opt/rustwide/rustup-home:ro,Z" "-e" "SOURCE_DIR=/opt/rustwide/workdir" "-e" "CARGO_TARGET_DIR=/opt/rustwide/target" "-e" "CARGO_INCREMENTAL=0" "-e" "RUST_BACKTRACE=full" "-e" "RUSTFLAGS=--cap-lints=warn" "-e" "RUSTDOCFLAGS=--cap-lints=warn" "-e" "CARGO_HOME=/opt/rustwide/cargo-home" "-e" "RUSTUP_HOME=/opt/rustwide/rustup-home" "-w" "/opt/rustwide/workdir" "-m" "1610612736" "--user" "0:0" "--network" "none" "ghcr.io/rust-lang/crates-build-env/linux@sha256:2788e3201cd34a07e3172128adcd8b3090168a8e3bcc40d7c032b9dda1df7d1c" "/opt/rustwide/cargo-home/bin/cargo" "+1.75.0" "doc" "--frozen" "--no-deps" "--document-private-items" "--message-format=json", kill_on_drop: false }`
[INFO] [stdout] 7b5c1007fe412041092b3f417a3a141b05f35ecaa41137a67d6b37b96ee4282b
[INFO] running `Command { std: "docker" "start" "-a" "7b5c1007fe412041092b3f417a3a141b05f35ecaa41137a67d6b37b96ee4282b", kill_on_drop: false }`
[INFO] [stderr]     Checking libc v0.2.28
[INFO] [stderr]     Checking num-traits v0.1.40
[INFO] [stderr]     Checking futures v0.1.14
[INFO] [stderr]     Checking lazy_static v0.2.8
[INFO] [stderr]     Checking byteorder v1.1.0
[INFO] [stderr]     Checking void v1.0.2
[INFO] [stderr]     Checking log v0.3.8
[INFO] [stderr]     Checking rustc-serialize v0.3.24
[INFO] [stderr]    Compiling semver v0.1.20
[INFO] [stderr]    Compiling unicode-xid v0.0.4
[INFO] [stderr]     Checking cfg-if v0.1.2
[INFO] [stderr]    Compiling synom v0.11.3
[INFO] [stderr]     Checking unreachable v1.0.0
[INFO] [stderr]    Compiling rustc_version v0.1.7
[INFO] [stderr]    Compiling quote v0.3.15
[INFO] [stderr]     Checking rand v0.3.15
[INFO] [stderr]     Checking num-integer v0.1.35
[INFO] [stderr]     Checking num_cpus v1.6.2
[INFO] [stderr]     Checking thread_local v0.3.4
[INFO] [stderr]     Checking either v1.1.0
[INFO] [stderr]     Checking iovec v0.1.0
[INFO] [stderr]     Checking time v0.1.38
[INFO] [stderr]    Compiling syn v0.11.11
[INFO] [stderr]    Compiling winapi-build v0.1.1
[INFO] [stderr]     Checking num-iter v0.1.34
[INFO] [stderr]     Checking scopeguard v0.3.2
[INFO] [stderr]    Compiling rayon-core v1.2.1
[INFO] [stderr]    Compiling unicase v2.0.0
[INFO] [stderr]    Compiling kernel32-sys v0.2.2
[INFO] [stderr]     Checking coco v0.1.1
[INFO] [stderr]     Checking slab v0.3.0
[INFO] [stderr]     Checking memchr v1.0.1
[INFO] [stderr]     Checking net2 v0.2.30
[INFO] [stderr]     Checking adler32 v1.0.0
[INFO] [stderr]     Checking color_quant v1.0.0
[INFO] [stderr]     Checking winapi v0.2.8
[INFO] [stderr]     Checking slog v1.5.2
[INFO] [stderr]     Checking bitflags v0.7.0
[INFO] [stderr]     Checking lazycell v0.4.0
[INFO] [stderr]     Checking lzw v0.10.0
[INFO] [stderr]     Checking unicode-normalization v0.1.5
[INFO] [stderr]     Checking odds v0.2.25
[INFO] [stdout] error[E0277]: `core::fmt::rt::Opaque` cannot be shared between threads safely
[INFO] [stdout]    --> /opt/rustwide/cargo-home/registry/src/index.crates.io-6f17d22bba15001f/slog-1.5.2/src/ser.rs:228:24
[INFO] [stdout]     |
[INFO] [stdout] 228 | impl SyncSerialize for fmt::Arguments<'static> {}
[INFO] [stdout]     |                        ^^^^^^^^^^^^^^^^^^^^^^^ `core::fmt::rt::Opaque` cannot be shared between threads safely
[INFO] [stdout]     |
[INFO] [stdout]     = help: within `Arguments<'static>`, the trait `Sync` is not implemented for `core::fmt::rt::Opaque`
[INFO] [stdout]     = note: required because it appears within the type `&core::fmt::rt::Opaque`
[INFO] [stdout] note: required because it appears within the type `Argument<'static>`
[INFO] [stdout]    --> /rustc/82e1608dfa6e0b5569232559e3d385fea5a93112/library/core/src/fmt/rt.rs:75:12
[INFO] [stdout]     = note: required because it appears within the type `[Argument<'static>]`
[INFO] [stdout]     = note: required because it appears within the type `&[Argument<'static>]`
[INFO] [stdout] note: required because it appears within the type `Arguments<'static>`
[INFO] [stdout]    --> /rustc/82e1608dfa6e0b5569232559e3d385fea5a93112/library/core/src/fmt/mod.rs:303:12
[INFO] [stdout] note: required by a bound in `SyncSerialize`
[INFO] [stdout]    --> /opt/rustwide/cargo-home/registry/src/index.crates.io-6f17d22bba15001f/slog-1.5.2/src/ser.rs:120:33
[INFO] [stdout]     |
[INFO] [stdout] 120 | pub trait SyncSerialize: Send + Sync + 'static + Serialize {}
[INFO] [stdout]     |                                 ^^^^ required by this bound in `SyncSerialize`
[INFO] [stdout] 
[INFO] [stdout] 
[INFO] [stderr]    Compiling gcc v0.3.51
[INFO] [stdout] error: aborting due to previous error
[INFO] [stdout] 
[INFO] [stdout] 
[INFO] [stdout] For more information about this error, try `rustc --explain E0277`.
[INFO] [stdout] 
[INFO] [stderr]     Checking gif v0.9.2
[INFO] [stderr] error: could not compile `slog` (lib) due to 2 previous errors
[INFO] [stderr] warning: build failed, waiting for other jobs to finish...
[INFO] running `Command { std: "docker" "inspect" "7b5c1007fe412041092b3f417a3a141b05f35ecaa41137a67d6b37b96ee4282b", kill_on_drop: false }`
[INFO] running `Command { std: "docker" "rm" "-f" "7b5c1007fe412041092b3f417a3a141b05f35ecaa41137a67d6b37b96ee4282b", kill_on_drop: false }`
[INFO] [stdout] 7b5c1007fe412041092b3f417a3a141b05f35ecaa41137a67d6b37b96ee4282b
[INFO] documenting Xion/rofld against beta-2023-12-22 for beta-1.76-rustdoc-1
[INFO] running `Command { std: "git" "clone" "/workspace/cache/git-repos/https%3A%2F%2Fgithub.com%2FXion%2Frofld" "/workspace/builds/worker-3-tc2/source", kill_on_drop: false }`
[INFO] [stderr] Cloning into '/workspace/builds/worker-3-tc2/source'...
[INFO] [stderr] done.
[INFO] validating manifest of git repo https://github.com/Xion/rofld on toolchain beta-2023-12-22
[INFO] running `Command { std: CARGO_HOME="/workspace/cargo-home" RUSTUP_HOME="/workspace/rustup-home" "/workspace/cargo-home/bin/cargo" "+beta-2023-12-22" "metadata" "--manifest-path" "Cargo.toml" "--no-deps", kill_on_drop: false }`
[INFO] started tweaking git repo https://github.com/Xion/rofld
[INFO] finished tweaking git repo https://github.com/Xion/rofld
[INFO] tweaked toml for git repo https://github.com/Xion/rofld written to /workspace/builds/worker-3-tc2/source/Cargo.toml
[INFO] crate git repo https://github.com/Xion/rofld already has a lockfile, it will not be regenerated
[INFO] running `Command { std: CARGO_HOME="/workspace/cargo-home" RUSTUP_HOME="/workspace/rustup-home" "/workspace/cargo-home/bin/cargo" "+beta-2023-12-22" "fetch" "--manifest-path" "Cargo.toml", kill_on_drop: false }`
[INFO] running `Command { std: "docker" "create" "-v" "/var/lib/crater-agent-workspace/builds/worker-3-tc2/target:/opt/rustwide/target:rw,Z" "-v" "/var/lib/crater-agent-workspace/builds/worker-3-tc2/source:/opt/rustwide/workdir:ro,Z" "-v" "/var/lib/crater-agent-workspace/cargo-home:/opt/rustwide/cargo-home:ro,Z" "-v" "/var/lib/crater-agent-workspace/rustup-home:/opt/rustwide/rustup-home:ro,Z" "-e" "SOURCE_DIR=/opt/rustwide/workdir" "-e" "CARGO_TARGET_DIR=/opt/rustwide/target" "-e" "CARGO_HOME=/opt/rustwide/cargo-home" "-e" "RUSTUP_HOME=/opt/rustwide/rustup-home" "-w" "/opt/rustwide/workdir" "-m" "1610612736" "--user" "0:0" "--network" "none" "ghcr.io/rust-lang/crates-build-env/linux@sha256:2788e3201cd34a07e3172128adcd8b3090168a8e3bcc40d7c032b9dda1df7d1c" "/opt/rustwide/cargo-home/bin/cargo" "+beta-2023-12-22" "metadata" "--no-deps" "--format-version=1", kill_on_drop: false }`
[INFO] [stdout] ee2c287436ef3f62b73965938f21e511b83337fb72dc5e7ca6b65746cc2140c4
[INFO] running `Command { std: "docker" "start" "-a" "ee2c287436ef3f62b73965938f21e511b83337fb72dc5e7ca6b65746cc2140c4", kill_on_drop: false }`
[INFO] running `Command { std: "docker" "inspect" "ee2c287436ef3f62b73965938f21e511b83337fb72dc5e7ca6b65746cc2140c4", kill_on_drop: false }`
[INFO] running `Command { std: "docker" "rm" "-f" "ee2c287436ef3f62b73965938f21e511b83337fb72dc5e7ca6b65746cc2140c4", kill_on_drop: false }`
[INFO] [stdout] ee2c287436ef3f62b73965938f21e511b83337fb72dc5e7ca6b65746cc2140c4
[INFO] running `Command { std: "docker" "create" "-v" "/var/lib/crater-agent-workspace/builds/worker-3-tc2/target:/opt/rustwide/target:rw,Z" "-v" "/var/lib/crater-agent-workspace/builds/worker-3-tc2/source:/opt/rustwide/workdir:ro,Z" "-v" "/var/lib/crater-agent-workspace/cargo-home:/opt/rustwide/cargo-home:ro,Z" "-v" "/var/lib/crater-agent-workspace/rustup-home:/opt/rustwide/rustup-home:ro,Z" "-e" "SOURCE_DIR=/opt/rustwide/workdir" "-e" "CARGO_TARGET_DIR=/opt/rustwide/target" "-e" "CARGO_INCREMENTAL=0" "-e" "RUST_BACKTRACE=full" "-e" "RUSTFLAGS=--cap-lints=warn" "-e" "RUSTDOCFLAGS=--cap-lints=warn" "-e" "CARGO_HOME=/opt/rustwide/cargo-home" "-e" "RUSTUP_HOME=/opt/rustwide/rustup-home" "-w" "/opt/rustwide/workdir" "-m" "1610612736" "--user" "0:0" "--network" "none" "ghcr.io/rust-lang/crates-build-env/linux@sha256:2788e3201cd34a07e3172128adcd8b3090168a8e3bcc40d7c032b9dda1df7d1c" "/opt/rustwide/cargo-home/bin/cargo" "+beta-2023-12-22" "doc" "--frozen" "--no-deps" "--document-private-items" "--message-format=json", kill_on_drop: false }`
[INFO] [stdout] fe7649e815b2bb5d2c5bbd7fd680041535e73725f68881e69153514f572dbbfb
[INFO] running `Command { std: "docker" "start" "-a" "fe7649e815b2bb5d2c5bbd7fd680041535e73725f68881e69153514f572dbbfb", kill_on_drop: false }`
[INFO] [stderr]     Checking libc v0.2.28
[INFO] [stderr]     Checking num-traits v0.1.40
[INFO] [stderr]     Checking futures v0.1.14
[INFO] [stderr]     Checking byteorder v1.1.0
[INFO] [stderr]     Checking lazy_static v0.2.8
[INFO] [stderr]     Checking void v1.0.2
[INFO] [stderr]    Compiling semver v0.1.20
[INFO] [stderr]     Checking log v0.3.8
[INFO] [stderr]     Checking rustc-serialize v0.3.24
[INFO] [stderr]    Compiling unicode-xid v0.0.4
[INFO] [stderr]     Checking cfg-if v0.1.2
[INFO] [stderr]    Compiling synom v0.11.3
[INFO] [stderr]     Checking unreachable v1.0.0
[INFO] [stderr]    Compiling quote v0.3.15
[INFO] [stderr]     Checking num-integer v0.1.35
[INFO] [stderr]     Checking thread_local v0.3.4
[INFO] [stderr]    Compiling rustc_version v0.1.7
[INFO] [stderr]    Compiling syn v0.11.11
[INFO] [stderr]     Checking num-iter v0.1.34
[INFO] [stderr]     Checking either v1.1.0
[INFO] [stderr]     Checking rand v0.3.15
[INFO] [stderr]     Checking num_cpus v1.6.2
[INFO] [stderr]     Checking iovec v0.1.0
[INFO] [stdout] error[E0310]: the parameter type `T` may not live long enough
[INFO] [stdout]     --> /opt/rustwide/cargo-home/registry/src/index.crates.io-6f17d22bba15001f/rustc-serialize-0.3.24/src/serialize.rs:1155:5
[INFO] [stdout]      |
[INFO] [stdout] 1155 |     fn decode<D: Decoder>(d: &mut D) -> Result<Cow<'static, T>, D::Error> {
[INFO] [stdout]      |     ^^^^^^^^^^^^^^^^^^^^^^^^^^^^^^^^^^^^^^^^^^^^^^^^^^^^^^^^^^^^^^^^^^^^^
[INFO] [stdout]      |     |
[INFO] [stdout]      |     the parameter type `T` must be valid for the static lifetime...
[INFO] [stdout]      |     ...so that the type `T` will meet its required lifetime bounds...
[INFO] [stdout]      |
[INFO] [stdout] note: ...that is required by this bound
[INFO] [stdout]     --> /rustc/0e09125c6c3c2fd70d7de961bcf0e51575235fad/library/alloc/src/borrow.rs:180:30
[INFO] [stdout] help: consider adding an explicit lifetime bound
[INFO] [stdout]      |
[INFO] [stdout] 1151 | impl<'a, T: ?Sized + 'static> Decodable for Cow<'a, T>
[INFO] [stdout]      |                    +++++++++
[INFO] [stdout] 
[INFO] [stdout] 
[INFO] [stderr]     Checking time v0.1.38
[INFO] [stderr]     Checking scopeguard v0.3.2
[INFO] [stderr]    Compiling rayon-core v1.2.1
[INFO] [stderr]    Compiling winapi-build v0.1.1
[INFO] [stderr]     Checking coco v0.1.1
[INFO] [stderr]    Compiling unicase v2.0.0
[INFO] [stderr]    Compiling kernel32-sys v0.2.2
[INFO] [stderr]     Checking slab v0.3.0
[INFO] [stderr]     Checking net2 v0.2.30
[INFO] [stderr]     Checking memchr v1.0.1
[INFO] [stderr]     Checking unicode-normalization v0.1.5
[INFO] [stderr]     Checking slog v1.5.2
[INFO] [stderr]     Checking adler32 v1.0.0
[INFO] [stdout] error[E0277]: `core::fmt::rt::Opaque` cannot be shared between threads safely
[INFO] [stdout]    --> /opt/rustwide/cargo-home/registry/src/index.crates.io-6f17d22bba15001f/slog-1.5.2/src/ser.rs:228:24
[INFO] [stdout]     |
[INFO] [stdout] 228 | impl SyncSerialize for fmt::Arguments<'static> {}
[INFO] [stdout]     |                        ^^^^^^^^^^^^^^^^^^^^^^^ `core::fmt::rt::Opaque` cannot be shared between threads safely
[INFO] [stdout]     |
[INFO] [stdout]     = help: within `Arguments<'static>`, the trait `Sync` is not implemented for `core::fmt::rt::Opaque`
[INFO] [stdout]     = note: required because it appears within the type `&'static core::fmt::rt::Opaque`
[INFO] [stdout] note: required because it appears within the type `core::fmt::rt::Argument<'static>`
[INFO] [stdout]    --> /rustc/0e09125c6c3c2fd70d7de961bcf0e51575235fad/library/core/src/fmt/rt.rs:75:12
[INFO] [stdout]     = note: required because it appears within the type `[core::fmt::rt::Argument<'static>]`
[INFO] [stdout]     = note: required because it appears within the type `&'static [core::fmt::rt::Argument<'static>]`
[INFO] [stdout] note: required because it appears within the type `Arguments<'static>`
[INFO] [stdout]    --> /rustc/0e09125c6c3c2fd70d7de961bcf0e51575235fad/library/core/src/fmt/mod.rs:303:12
[INFO] [stdout] note: required by a bound in `SyncSerialize`
[INFO] [stdout]    --> /opt/rustwide/cargo-home/registry/src/index.crates.io-6f17d22bba15001f/slog-1.5.2/src/ser.rs:120:33
[INFO] [stdout]     |
[INFO] [stdout] 120 | pub trait SyncSerialize: Send + Sync + 'static + Serialize {}
[INFO] [stdout]     |                                 ^^^^ required by this bound in `SyncSerialize`
[INFO] [stdout] 
[INFO] [stdout] 
[INFO] [stdout] error: aborting due to 1 previous error
[INFO] [stdout] 
[INFO] [stdout] 
[INFO] [stdout] For more information about this error, try `rustc --explain E0277`.
[INFO] [stdout] 
[INFO] [stderr] error: could not compile `slog` (lib) due to 2 previous errors
[INFO] [stderr] warning: build failed, waiting for other jobs to finish...
[INFO] [stdout] error: aborting due to 1 previous error
[INFO] [stdout] 
[INFO] [stdout] 
[INFO] [stdout] For more information about this error, try `rustc --explain E0310`.
[INFO] [stdout] 
[INFO] [stderr] error: could not compile `rustc-serialize` (lib) due to 2 previous errors
[INFO] running `Command { std: "docker" "inspect" "fe7649e815b2bb5d2c5bbd7fd680041535e73725f68881e69153514f572dbbfb", kill_on_drop: false }`
[INFO] running `Command { std: "docker" "rm" "-f" "fe7649e815b2bb5d2c5bbd7fd680041535e73725f68881e69153514f572dbbfb", kill_on_drop: false }`
[INFO] [stdout] fe7649e815b2bb5d2c5bbd7fd680041535e73725f68881e69153514f572dbbfb
