[INFO] cloning repository https://github.com/Xion/cargo-download
[INFO] running `Command { std: "git" "-c" "credential.helper=" "-c" "credential.helper=/workspace/cargo-home/bin/git-credential-null" "clone" "--bare" "https://github.com/Xion/cargo-download" "/workspace/cache/git-repos/https%3A%2F%2Fgithub.com%2FXion%2Fcargo-download", kill_on_drop: false }`
[INFO] [stderr] Cloning into bare repository '/workspace/cache/git-repos/https%3A%2F%2Fgithub.com%2FXion%2Fcargo-download'...
[INFO] running `Command { std: "git" "rev-parse" "HEAD", kill_on_drop: false }`
[INFO] [stdout] b73f6ced56799757945d5bdf2e03df32e9b9ed39
[INFO] documenting Xion/cargo-download against 1.75.0 for beta-1.76-rustdoc-1
[INFO] running `Command { std: "git" "clone" "/workspace/cache/git-repos/https%3A%2F%2Fgithub.com%2FXion%2Fcargo-download" "/workspace/builds/worker-0-tc1/source", kill_on_drop: false }`
[INFO] [stderr] Cloning into '/workspace/builds/worker-0-tc1/source'...
[INFO] [stderr] done.
[INFO] validating manifest of git repo https://github.com/Xion/cargo-download on toolchain 1.75.0
[INFO] running `Command { std: CARGO_HOME="/workspace/cargo-home" RUSTUP_HOME="/workspace/rustup-home" "/workspace/cargo-home/bin/cargo" "+1.75.0" "metadata" "--manifest-path" "Cargo.toml" "--no-deps", kill_on_drop: false }`
[INFO] started tweaking git repo https://github.com/Xion/cargo-download
[INFO] finished tweaking git repo https://github.com/Xion/cargo-download
[INFO] tweaked toml for git repo https://github.com/Xion/cargo-download written to /workspace/builds/worker-0-tc1/source/Cargo.toml
[INFO] crate git repo https://github.com/Xion/cargo-download already has a lockfile, it will not be regenerated
[INFO] running `Command { std: CARGO_HOME="/workspace/cargo-home" RUSTUP_HOME="/workspace/rustup-home" "/workspace/cargo-home/bin/cargo" "+1.75.0" "fetch" "--manifest-path" "Cargo.toml", kill_on_drop: false }`
[INFO] [stderr]     Updating crates.io index
[INFO] [stderr]  Downloading crates ...
[INFO] [stderr]   Downloaded tokio-tcp v0.1.2
[INFO] [stderr]   Downloaded lazy_static v0.2.10
[INFO] [stderr]   Downloaded libflate v0.1.19
[INFO] [stderr]   Downloaded tokio-udp v0.1.3
[INFO] [stderr]   Downloaded string v0.1.2
[INFO] [stderr]   Downloaded reqwest v0.9.5
[INFO] [stderr]   Downloaded isatty v0.1.5
[INFO] [stderr]   Downloaded derive-error v0.0.3
[INFO] [stderr]   Downloaded smallvec v0.6.7
[INFO] [stderr]   Downloaded cc v1.0.3
[INFO] [stderr]   Downloaded crossbeam-deque v0.6.2
[INFO] [stderr]   Downloaded serde v1.0.21
[INFO] [stderr]   Downloaded hyper v0.12.16
[INFO] [stderr]   Downloaded mio v0.6.16
[INFO] [stderr]   Downloaded h2 v0.1.13
[INFO] [stderr]   Downloaded futures v0.1.25
[INFO] [stderr]   Downloaded serde_json v1.0.6
[INFO] [stderr]   Downloaded slog-envlogger v0.5.0
[INFO] [stderr]   Downloaded tempfile v3.0.5
[INFO] [stderr]   Downloaded crossbeam-utils v0.6.1
[INFO] [stderr]   Downloaded tokio-reactor v0.1.7
[INFO] [stderr]   Downloaded filetime v0.1.14
[INFO] [stderr]   Downloaded tokio-executor v0.1.5
[INFO] [stderr]   Downloaded tokio-io v0.1.10
[INFO] [stderr]   Downloaded tokio-timer v0.2.5
[INFO] [stderr]   Downloaded mime v0.3.12
[INFO] [stderr]   Downloaded hyper-tls v0.3.1
[INFO] [stderr]   Downloaded xattr v0.1.11
[INFO] [stderr]   Downloaded lazycell v1.2.0
[INFO] [stderr]   Downloaded tokio-fs v0.1.4
[INFO] [stderr]   Downloaded tar v0.4.13
[INFO] [stderr]   Downloaded tokio-threadpool v0.1.9
[INFO] [stderr]   Downloaded crc32fast v1.1.1
[INFO] running `Command { std: "docker" "create" "-v" "/var/lib/crater-agent-workspace/builds/worker-0-tc1/target:/opt/rustwide/target:rw,Z" "-v" "/var/lib/crater-agent-workspace/builds/worker-0-tc1/source:/opt/rustwide/workdir:ro,Z" "-v" "/var/lib/crater-agent-workspace/cargo-home:/opt/rustwide/cargo-home:ro,Z" "-v" "/var/lib/crater-agent-workspace/rustup-home:/opt/rustwide/rustup-home:ro,Z" "-e" "SOURCE_DIR=/opt/rustwide/workdir" "-e" "CARGO_TARGET_DIR=/opt/rustwide/target" "-e" "CARGO_HOME=/opt/rustwide/cargo-home" "-e" "RUSTUP_HOME=/opt/rustwide/rustup-home" "-w" "/opt/rustwide/workdir" "-m" "1610612736" "--user" "0:0" "--network" "none" "ghcr.io/rust-lang/crates-build-env/linux@sha256:2788e3201cd34a07e3172128adcd8b3090168a8e3bcc40d7c032b9dda1df7d1c" "/opt/rustwide/cargo-home/bin/cargo" "+1.75.0" "metadata" "--no-deps" "--format-version=1", kill_on_drop: false }`
[INFO] [stdout] 9b9e66a3feaddf0e2595cc618db57a63e362e811132012c4beddb2729ccc1105
[INFO] running `Command { std: "docker" "start" "-a" "9b9e66a3feaddf0e2595cc618db57a63e362e811132012c4beddb2729ccc1105", kill_on_drop: false }`
[INFO] running `Command { std: "docker" "inspect" "9b9e66a3feaddf0e2595cc618db57a63e362e811132012c4beddb2729ccc1105", kill_on_drop: false }`
[INFO] running `Command { std: "docker" "rm" "-f" "9b9e66a3feaddf0e2595cc618db57a63e362e811132012c4beddb2729ccc1105", kill_on_drop: false }`
[INFO] [stdout] 9b9e66a3feaddf0e2595cc618db57a63e362e811132012c4beddb2729ccc1105
[INFO] running `Command { std: "docker" "create" "-v" "/var/lib/crater-agent-workspace/builds/worker-0-tc1/target:/opt/rustwide/target:rw,Z" "-v" "/var/lib/crater-agent-workspace/builds/worker-0-tc1/source:/opt/rustwide/workdir:ro,Z" "-v" "/var/lib/crater-agent-workspace/cargo-home:/opt/rustwide/cargo-home:ro,Z" "-v" "/var/lib/crater-agent-workspace/rustup-home:/opt/rustwide/rustup-home:ro,Z" "-e" "SOURCE_DIR=/opt/rustwide/workdir" "-e" "CARGO_TARGET_DIR=/opt/rustwide/target" "-e" "CARGO_INCREMENTAL=0" "-e" "RUST_BACKTRACE=full" "-e" "RUSTFLAGS=--cap-lints=warn" "-e" "RUSTDOCFLAGS=--cap-lints=warn" "-e" "CARGO_HOME=/opt/rustwide/cargo-home" "-e" "RUSTUP_HOME=/opt/rustwide/rustup-home" "-w" "/opt/rustwide/workdir" "-m" "1610612736" "--user" "0:0" "--network" "none" "ghcr.io/rust-lang/crates-build-env/linux@sha256:2788e3201cd34a07e3172128adcd8b3090168a8e3bcc40d7c032b9dda1df7d1c" "/opt/rustwide/cargo-home/bin/cargo" "+1.75.0" "doc" "--frozen" "--no-deps" "--document-private-items" "--message-format=json", kill_on_drop: false }`
[INFO] [stdout] e1313f1e1908634848e2295c70d583346642b7a9a5fe78a392d67397a466f4ec
[INFO] running `Command { std: "docker" "start" "-a" "e1313f1e1908634848e2295c70d583346642b7a9a5fe78a392d67397a466f4ec", kill_on_drop: false }`
[INFO] [stderr]    Compiling libc v0.2.44
[INFO] [stderr]    Compiling semver-parser v0.7.0
[INFO] [stderr]     Checking cfg-if v0.1.2
[INFO] [stderr]     Checking rand_core v0.3.0
[INFO] [stderr]    Compiling version_check v0.1.3
[INFO] [stderr]     Checking void v1.0.2
[INFO] [stderr]     Checking futures v0.1.25
[INFO] [stderr]     Checking byteorder v1.1.0
[INFO] [stderr]     Checking scopeguard v0.3.3
[INFO] [stderr]    Compiling cc v1.0.3
[INFO] [stderr]     Checking lazy_static v1.2.0
[INFO] [stderr]     Checking stable_deref_trait v1.1.1
[INFO] [stderr]    Compiling pkg-config v0.3.9
[INFO] [stderr]     Checking nodrop v0.1.13
[INFO] [stderr]     Checking num-traits v0.1.40
[INFO] [stderr]     Checking slab v0.4.0
[INFO] [stderr]     Checking log v0.4.6
[INFO] [stderr]     Checking crossbeam-utils v0.6.1
[INFO] [stderr]     Checking owning_ref v0.4.0
[INFO] [stderr]     Checking lazycell v1.2.0
[INFO] [stderr]     Checking unreachable v1.0.0
[INFO] [stderr]     Checking arrayvec v0.4.8
[INFO] [stderr]     Checking memoffset v0.2.1
[INFO] [stderr]     Checking smallvec v0.6.7
[INFO] [stderr]    Compiling siphasher v0.2.2
[INFO] [stderr]     Checking rand_core v0.2.2
[INFO] [stderr]     Checking rand_xorshift v0.1.0
[INFO] [stderr]    Compiling semver v0.9.0
[INFO] [stderr]     Checking lock_api v0.1.5
[INFO] [stderr]     Checking rand_hc v0.1.0
[INFO] [stderr]     Checking rand_isaac v0.1.1
[INFO] [stderr]    Compiling winapi-build v0.1.1
[INFO] [stderr]     Checking lazy_static v0.2.10
[INFO] [stderr]     Checking fnv v1.0.6
[INFO] [stderr]     Checking thread_local v0.3.4
[INFO] [stderr]    Compiling unicase v1.4.2
[INFO] [stderr]    Compiling kernel32-sys v0.2.2
[INFO] [stderr]    Compiling unicase v2.1.0
[INFO] [stderr]     Checking winapi v0.2.8
[INFO] [stderr]     Checking crossbeam-epoch v0.6.1
[INFO] [stderr]     Checking itoa v0.4.3
[INFO] [stderr]    Compiling openssl v0.10.15
[INFO] [stderr]    Compiling rustc_version v0.2.3
[INFO] [stderr]     Checking matches v0.1.6
[INFO] [stderr]     Checking slog v1.7.1
[INFO] [stderr]     Checking unicode-normalization v0.1.5
[INFO] [stderr]     Checking unicode-bidi v0.3.4
[INFO] [stderr]     Checking string v0.1.2
[INFO] [stderr]     Checking num-integer v0.1.35
[INFO] [stderr]    Compiling native-tls v0.2.2
[INFO] [stderr]     Checking slog-extra v0.1.2
[INFO] [stderr]     Checking num-iter v0.1.34
[INFO] [stderr]     Checking crossbeam-deque v0.6.2
[INFO] [stderr]     Checking indexmap v1.0.2
[INFO] [stderr]     Checking bitflags v1.0.4
[INFO] [stderr]     Checking try-lock v0.2.2
[INFO] [stderr]    Compiling parking_lot_core v0.3.1
[INFO] [stderr]    Compiling rand_chacha v0.1.0
[INFO] [stderr]    Compiling rand_pcg v0.1.1
[INFO] [stderr]    Compiling rand v0.6.1
[INFO] [stderr]    Compiling phf_shared v0.7.21
[INFO] [stderr]     Checking num v0.1.40
[INFO] [stderr]    Compiling crc32fast v1.1.1
[INFO] [stderr]     Checking slog-stream v1.2.1
[INFO] [stderr]     Checking httparse v1.2.3
[INFO] [stderr]     Checking percent-encoding v1.0.1
[INFO] [stderr]    Compiling encoding_rs v0.8.13
[INFO] [stderr]     Checking serde v1.0.21
[INFO] [stderr]     Checking iovec v0.1.1
[INFO] [stderr]     Checking rand v0.5.5
[INFO] [stderr]     Checking num_cpus v1.8.0
[INFO] [stderr]     Checking bytes v0.4.11
[INFO] [stderr]    Compiling openssl-sys v0.9.39
[INFO] [stderr]     Checking net2 v0.2.33
[INFO] [stderr]     Checking time v0.1.38
[INFO] [stderr]    Compiling rand v0.3.18
[INFO] [stderr]    Compiling miniz-sys v0.1.10
[INFO] [stderr]     Checking idna v0.1.4
[INFO] [stderr]     Checking isatty v0.1.5
[INFO] [stderr]     Checking thread-id v2.0.0
[INFO] [stderr]     Checking memchr v0.1.11
[INFO] [stderr]     Checking openssl-probe v0.1.2
[INFO] [stderr]     Checking itoa v0.3.4
[INFO] [stderr]     Checking dtoa v0.4.2
[INFO] [stderr]    Compiling unicode-xid v0.0.4
[INFO] [stderr]     Checking mio v0.6.16
[INFO] [stderr]     Checking aho-corasick v0.5.3
[INFO] [stderr]     Checking thread_local v0.2.7
[INFO] [stderr]    Compiling synom v0.11.3
[INFO] [stderr]     Checking chrono v0.2.25
[INFO] [stderr]     Checking tokio-executor v0.1.5
[INFO] [stderr]     Checking futures-cpupool v0.1.7
[INFO] [stderr]     Checking want v0.0.6
[INFO] [stderr]     Checking tokio-io v0.1.10
[INFO] [stderr]     Checking http v0.1.14
[INFO] [stderr]     Checking mime v0.3.12
[INFO] [stderr]     Checking phf v0.7.21
[INFO] [stderr]    Compiling quote v0.3.15
[INFO] [stderr]     Checking unicode-width v0.1.4
[INFO] [stderr]     Checking tokio-timer v0.2.5
[INFO] [stderr]     Checking regex-syntax v0.3.9
[INFO] [stderr]     Checking adler32 v1.0.2
[INFO] [stderr]     Checking utf8-ranges v0.1.3
[INFO] [stderr]     Checking log v0.3.8
[INFO] [stderr]     Checking tokio-codec v0.1.1
[INFO] [stderr]    Compiling phf_generator v0.7.21
[INFO] [stderr]     Checking crossbeam v0.2.10
[INFO] [stderr]     Checking safemem v0.3.0
[INFO] [stderr] The following warnings were emitted during compilation:
[INFO] [stderr] 
[INFO] [stderr] warning: openssl-sys@0.9.39: /opt/rustwide/target/debug/build/openssl-sys-39bf2dcb9a7b7e2d/out/expando.c:4:24: error: pasting "RUST_VERSION_OPENSSL_" and "(" does not give a valid preprocessing token
[INFO] [stderr] warning: openssl-sys@0.9.39:     4 | #define VERSION2(n, v) RUST_VERSION_ ## n ## _ ## v
[INFO] [stderr] warning: openssl-sys@0.9.39:       |                        ^~~~~~~~~~~~~
[INFO] [stderr] warning: openssl-sys@0.9.39: /opt/rustwide/target/debug/build/openssl-sys-39bf2dcb9a7b7e2d/out/expando.c:5:23: note: in expansion of macro 'VERSION2'
[INFO] [stderr] warning: openssl-sys@0.9.39:     5 | #define VERSION(n, v) VERSION2(n, v)
[INFO] [stderr] warning: openssl-sys@0.9.39:       |                       ^~~~~~~~
[INFO] [stderr] warning: openssl-sys@0.9.39: /opt/rustwide/target/debug/build/openssl-sys-39bf2dcb9a7b7e2d/out/expando.c:7:1: note: in expansion of macro 'VERSION'
[INFO] [stderr] warning: openssl-sys@0.9.39:     7 | VERSION(OPENSSL, OPENSSL_VERSION_NUMBER)
[INFO] [stderr] warning: openssl-sys@0.9.39:       | ^~~~~~~
[INFO] [stderr] 
[INFO] [stderr] error: failed to run custom build command for `openssl-sys v0.9.39`
[INFO] [stderr] note: To improve backtraces for build dependencies, set the CARGO_PROFILE_DEV_BUILD_OVERRIDE_DEBUG=true environment variable to enable debug information generation.
[INFO] [stderr] 
[INFO] [stderr] Caused by:
[INFO] [stderr]   process didn't exit successfully: `/opt/rustwide/target/debug/build/openssl-sys-3e4bf1e5f4dbdf30/build-script-main` (exit status: 101)
[INFO] [stderr]   --- stdout
[INFO] [stderr]   cargo:rerun-if-env-changed=X86_64_UNKNOWN_LINUX_GNU_OPENSSL_LIB_DIR
[INFO] [stderr]   cargo:rerun-if-env-changed=OPENSSL_LIB_DIR
[INFO] [stderr]   cargo:rerun-if-env-changed=X86_64_UNKNOWN_LINUX_GNU_OPENSSL_INCLUDE_DIR
[INFO] [stderr]   cargo:rerun-if-env-changed=OPENSSL_INCLUDE_DIR
[INFO] [stderr]   cargo:rerun-if-env-changed=X86_64_UNKNOWN_LINUX_GNU_OPENSSL_DIR
[INFO] [stderr]   cargo:rerun-if-env-changed=OPENSSL_DIR
[INFO] [stderr]   cargo:rustc-link-lib=ssl
[INFO] [stderr]   cargo:rustc-link-lib=crypto
[INFO] [stderr]   OPT_LEVEL = Some("0")
[INFO] [stderr]   TARGET = Some("x86_64-unknown-linux-gnu")
[INFO] [stderr]   HOST = Some("x86_64-unknown-linux-gnu")
[INFO] [stderr]   TARGET = Some("x86_64-unknown-linux-gnu")
[INFO] [stderr]   TARGET = Some("x86_64-unknown-linux-gnu")
[INFO] [stderr]   HOST = Some("x86_64-unknown-linux-gnu")
[INFO] [stderr]   CC_x86_64-unknown-linux-gnu = None
[INFO] [stderr]   CC_x86_64_unknown_linux_gnu = None
[INFO] [stderr]   HOST_CC = None
[INFO] [stderr]   CC = None
[INFO] [stderr]   HOST = Some("x86_64-unknown-linux-gnu")
[INFO] [stderr]   TARGET = Some("x86_64-unknown-linux-gnu")
[INFO] [stderr]   HOST = Some("x86_64-unknown-linux-gnu")
[INFO] [stderr]   CFLAGS_x86_64-unknown-linux-gnu = None
[INFO] [stderr]   CFLAGS_x86_64_unknown_linux_gnu = None
[INFO] [stderr]   HOST_CFLAGS = None
[INFO] [stderr]   CFLAGS = None
[INFO] [stderr]   DEBUG = Some("true")
[INFO] [stderr]   running: "cc" "-O0" "-ffunction-sections" "-fdata-sections" "-fPIC" "-g" "-m64" "-Wall" "-Wextra" "-E" "/opt/rustwide/target/debug/build/openssl-sys-39bf2dcb9a7b7e2d/out/expando.c"
[INFO] [stderr]   cargo:warning=/opt/rustwide/target/debug/build/openssl-sys-39bf2dcb9a7b7e2d/out/expando.c:4:24: error: pasting "RUST_VERSION_OPENSSL_" and "(" does not give a valid preprocessing token
[INFO] [stderr]   cargo:warning=    4 | #define VERSION2(n, v) RUST_VERSION_ ## n ## _ ## v
[INFO] [stderr]   cargo:warning=      |                        ^~~~~~~~~~~~~
[INFO] [stderr]   cargo:warning=/opt/rustwide/target/debug/build/openssl-sys-39bf2dcb9a7b7e2d/out/expando.c:5:23: note: in expansion of macro 'VERSION2'
[INFO] [stderr]   cargo:warning=    5 | #define VERSION(n, v) VERSION2(n, v)
[INFO] [stderr]   cargo:warning=      |                       ^~~~~~~~
[INFO] [stderr]   cargo:warning=/opt/rustwide/target/debug/build/openssl-sys-39bf2dcb9a7b7e2d/out/expando.c:7:1: note: in expansion of macro 'VERSION'
[INFO] [stderr]   cargo:warning=    7 | VERSION(OPENSSL, OPENSSL_VERSION_NUMBER)
[INFO] [stderr]   cargo:warning=      | ^~~~~~~
[INFO] [stderr]   exit status: 1
[INFO] [stderr] 
[INFO] [stderr]   --- stderr
[INFO] [stderr]   thread 'main' panicked at /opt/rustwide/cargo-home/registry/src/index.crates.io-6f17d22bba15001f/openssl-sys-0.9.39/build/main.rs:432:13:
[INFO] [stderr] 
[INFO] [stderr]   Header expansion error:
[INFO] [stderr]   Error { kind: ToolExecError, message: "Command \"cc\" \"-O0\" \"-ffunction-sections\" \"-fdata-sections\" \"-fPIC\" \"-g\" \"-m64\" \"-Wall\" \"-Wextra\" \"-E\" \"/opt/rustwide/target/debug/build/openssl-sys-39bf2dcb9a7b7e2d/out/expando.c\" with args \"cc\" did not execute successfully (status code exit status: 1)." }
[INFO] [stderr] 
[INFO] [stderr]   Failed to find OpenSSL development headers.
[INFO] [stderr] 
[INFO] [stderr]   You can try fixing this setting the `OPENSSL_DIR` environment variable
[INFO] [stderr]   pointing to your OpenSSL installation or installing OpenSSL headers package
[INFO] [stderr]   specific to your distribution:
[INFO] [stderr] 
[INFO] [stderr]       # On Ubuntu
[INFO] [stderr]       sudo apt-get install libssl-dev
[INFO] [stderr]       # On Arch Linux
[INFO] [stderr]       sudo pacman -S openssl
[INFO] [stderr]       # On Fedora
[INFO] [stderr]       sudo dnf install openssl-devel
[INFO] [stderr] 
[INFO] [stderr]   See rust-openssl README for more information:
[INFO] [stderr] 
[INFO] [stderr]       https://github.com/sfackler/rust-openssl#linux
[INFO] [stderr] 
[INFO] [stderr]   stack backtrace:
[INFO] [stderr]      0:     0x55e4c11080ac - std::backtrace_rs::backtrace::libunwind::trace::ha637c64ce894333a
[INFO] [stderr]                                  at /rustc/82e1608dfa6e0b5569232559e3d385fea5a93112/library/std/src/../../backtrace/src/backtrace/libunwind.rs:104:5
[INFO] [stderr]      1:     0x55e4c11080ac - std::backtrace_rs::backtrace::trace_unsynchronized::h47f62dea28e0c88d
[INFO] [stderr]                                  at /rustc/82e1608dfa6e0b5569232559e3d385fea5a93112/library/std/src/../../backtrace/src/backtrace/mod.rs:66:5
[INFO] [stderr]      2:     0x55e4c11080ac - std::sys_common::backtrace::_print_fmt::h9eef0abe20ede486
[INFO] [stderr]                                  at /rustc/82e1608dfa6e0b5569232559e3d385fea5a93112/library/std/src/sys_common/backtrace.rs:67:5
[INFO] [stderr]      3:     0x55e4c11080ac - <std::sys_common::backtrace::_print::DisplayBacktrace as core::fmt::Display>::fmt::hed7f999df88cc644
[INFO] [stderr]                                  at /rustc/82e1608dfa6e0b5569232559e3d385fea5a93112/library/std/src/sys_common/backtrace.rs:44:22
[INFO] [stderr]      4:     0x55e4c112e130 - core::fmt::rt::Argument::fmt::h1539a9308b8d058d
[INFO] [stderr]                                  at /rustc/82e1608dfa6e0b5569232559e3d385fea5a93112/library/core/src/fmt/rt.rs:142:9
[INFO] [stderr]      5:     0x55e4c112e130 - core::fmt::write::h3a39390d8560d9c9
[INFO] [stderr]                                  at /rustc/82e1608dfa6e0b5569232559e3d385fea5a93112/library/core/src/fmt/mod.rs:1120:17
[INFO] [stderr]      6:     0x55e4c11059ef - std::io::Write::write_fmt::h5fc9997dfe05f882
[INFO] [stderr]                                  at /rustc/82e1608dfa6e0b5569232559e3d385fea5a93112/library/std/src/io/mod.rs:1762:15
[INFO] [stderr]      7:     0x55e4c1107e94 - std::sys_common::backtrace::_print::h894006fb5c6f3d45
[INFO] [stderr]                                  at /rustc/82e1608dfa6e0b5569232559e3d385fea5a93112/library/std/src/sys_common/backtrace.rs:47:5
[INFO] [stderr]      8:     0x55e4c1107e94 - std::sys_common::backtrace::print::h23a2d212c6fff936
[INFO] [stderr]                                  at /rustc/82e1608dfa6e0b5569232559e3d385fea5a93112/library/std/src/sys_common/backtrace.rs:34:9
[INFO] [stderr]      9:     0x55e4c11096a7 - std::panicking::default_hook::{{closure}}::h8a1d2ee00185001a
[INFO] [stderr]     10:     0x55e4c110940f - std::panicking::default_hook::h6038f2eba384e475
[INFO] [stderr]                                  at /rustc/82e1608dfa6e0b5569232559e3d385fea5a93112/library/std/src/panicking.rs:292:9
[INFO] [stderr]     11:     0x55e4c1109b28 - std::panicking::rust_panic_with_hook::h2b5517d590cab22e
[INFO] [stderr]                                  at /rustc/82e1608dfa6e0b5569232559e3d385fea5a93112/library/std/src/panicking.rs:779:13
[INFO] [stderr]     12:     0x55e4c1109a0e - std::panicking::begin_panic_handler::{{closure}}::h233112c06e0ef43e
[INFO] [stderr]                                  at /rustc/82e1608dfa6e0b5569232559e3d385fea5a93112/library/std/src/panicking.rs:657:13
[INFO] [stderr]     13:     0x55e4c1108576 - std::sys_common::backtrace::__rust_end_short_backtrace::h6e893f24d7ebbff8
[INFO] [stderr]                                  at /rustc/82e1608dfa6e0b5569232559e3d385fea5a93112/library/std/src/sys_common/backtrace.rs:170:18
[INFO] [stderr]     14:     0x55e4c1109772 - rust_begin_unwind
[INFO] [stderr]                                  at /rustc/82e1608dfa6e0b5569232559e3d385fea5a93112/library/std/src/panicking.rs:645:5
[INFO] [stderr]     15:     0x55e4c109c665 - core::panicking::panic_fmt::hbf0e066aabfa482c
[INFO] [stderr]                                  at /rustc/82e1608dfa6e0b5569232559e3d385fea5a93112/library/core/src/panicking.rs:72:14
[INFO] [stderr]     16:     0x55e4c10ae7f5 - build_script_main::validate_headers::ha61eb0fb73dff922
[INFO] [stderr]     17:     0x55e4c10a9f9f - build_script_main::imp::try_pkg_config::h07cd36b9408c18b4
[INFO] [stderr]     18:     0x55e4c10a8e64 - build_script_main::imp::find_openssl_dir::h4f17b05cc0947ec4
[INFO] [stderr]     19:     0x55e4c10a8d02 - build_script_main::imp::get_openssl::{{closure}}::h34ff4bc8c93c1723
[INFO] [stderr]     20:     0x55e4c10a0559 - core::option::Option<T>::unwrap_or_else::h1ae6a9cf0d52f6dc
[INFO] [stderr]     21:     0x55e4c10a8b01 - build_script_main::imp::get_openssl::h92653d0313b03e9c
[INFO] [stderr]     22:     0x55e4c10ac2e0 - build_script_main::main::hf2f6366a6feb5f2b
[INFO] [stderr]     23:     0x55e4c10a69b3 - core::ops::function::FnOnce::call_once::h202406a56febe6b7
[INFO] [stderr]     24:     0x55e4c10a5f16 - std::sys_common::backtrace::__rust_begin_short_backtrace::h37e1b2388bec863d
[INFO] [stderr]     25:     0x55e4c10a3bd9 - std::rt::lang_start::{{closure}}::hd530bb125145b8d6
[INFO] [stderr]     26:     0x55e4c1101f37 - core::ops::function::impls::<impl core::ops::function::FnOnce<A> for &F>::call_once::hd95060ecd5e1ca24
[INFO] [stderr]                                  at /rustc/82e1608dfa6e0b5569232559e3d385fea5a93112/library/core/src/ops/function.rs:284:13
[INFO] [stderr]     27:     0x55e4c1101f37 - std::panicking::try::do_call::h6e8cf51db32a6e4b
[INFO] [stderr]                                  at /rustc/82e1608dfa6e0b5569232559e3d385fea5a93112/library/std/src/panicking.rs:552:40
[INFO] [stderr]     28:     0x55e4c1101f37 - std::panicking::try::h3a52eefe24fe3c29
[INFO] [stderr]                                  at /rustc/82e1608dfa6e0b5569232559e3d385fea5a93112/library/std/src/panicking.rs:516:19
[INFO] [stderr]     29:     0x55e4c1101f37 - std::panic::catch_unwind::h24c28c23c02c3841
[INFO] [stderr]                                  at /rustc/82e1608dfa6e0b5569232559e3d385fea5a93112/library/std/src/panic.rs:142:14
[INFO] [stderr]     30:     0x55e4c1101f37 - std::rt::lang_start_internal::{{closure}}::h705d3c9cbc06ef47
[INFO] [stderr]                                  at /rustc/82e1608dfa6e0b5569232559e3d385fea5a93112/library/std/src/rt.rs:148:48
[INFO] [stderr]     31:     0x55e4c1101f37 - std::panicking::try::do_call::ha21f52ba13158470
[INFO] [stderr]                                  at /rustc/82e1608dfa6e0b5569232559e3d385fea5a93112/library/std/src/panicking.rs:552:40
[INFO] [stderr]     32:     0x55e4c1101f37 - std::panicking::try::h5581346bf6aeb1f8
[INFO] [stderr]                                  at /rustc/82e1608dfa6e0b5569232559e3d385fea5a93112/library/std/src/panicking.rs:516:19
[INFO] [stderr]     33:     0x55e4c1101f37 - std::panic::catch_unwind::h7919645a6b72e25b
[INFO] [stderr]                                  at /rustc/82e1608dfa6e0b5569232559e3d385fea5a93112/library/std/src/panic.rs:142:14
[INFO] [stderr]     34:     0x55e4c1101f37 - std::rt::lang_start_internal::h12de51168669836e
[INFO] [stderr]                                  at /rustc/82e1608dfa6e0b5569232559e3d385fea5a93112/library/std/src/rt.rs:148:20
[INFO] [stderr]     35:     0x55e4c10a3bb7 - std::rt::lang_start::h75dac3c7801f7584
[INFO] [stderr]     36:     0x55e4c10af725 - main
[INFO] [stderr]     37:     0x7f66c1a4cd90 - <unknown>
[INFO] [stderr]     38:     0x7f66c1a4ce40 - __libc_start_main
[INFO] [stderr]     39:     0x55e4c109ce75 - _start
[INFO] [stderr]     40:                0x0 - <unknown>
[INFO] [stderr] warning: build failed, waiting for other jobs to finish...
[INFO] running `Command { std: "docker" "inspect" "e1313f1e1908634848e2295c70d583346642b7a9a5fe78a392d67397a466f4ec", kill_on_drop: false }`
[INFO] running `Command { std: "docker" "rm" "-f" "e1313f1e1908634848e2295c70d583346642b7a9a5fe78a392d67397a466f4ec", kill_on_drop: false }`
[INFO] [stdout] e1313f1e1908634848e2295c70d583346642b7a9a5fe78a392d67397a466f4ec
[INFO] documenting Xion/cargo-download against beta-2023-12-22 for beta-1.76-rustdoc-1
[INFO] running `Command { std: "git" "clone" "/workspace/cache/git-repos/https%3A%2F%2Fgithub.com%2FXion%2Fcargo-download" "/workspace/builds/worker-0-tc2/source", kill_on_drop: false }`
[INFO] [stderr] Cloning into '/workspace/builds/worker-0-tc2/source'...
[INFO] [stderr] done.
[INFO] validating manifest of git repo https://github.com/Xion/cargo-download on toolchain beta-2023-12-22
[INFO] running `Command { std: CARGO_HOME="/workspace/cargo-home" RUSTUP_HOME="/workspace/rustup-home" "/workspace/cargo-home/bin/cargo" "+beta-2023-12-22" "metadata" "--manifest-path" "Cargo.toml" "--no-deps", kill_on_drop: false }`
[INFO] started tweaking git repo https://github.com/Xion/cargo-download
[INFO] finished tweaking git repo https://github.com/Xion/cargo-download
[INFO] tweaked toml for git repo https://github.com/Xion/cargo-download written to /workspace/builds/worker-0-tc2/source/Cargo.toml
[INFO] crate git repo https://github.com/Xion/cargo-download already has a lockfile, it will not be regenerated
[INFO] running `Command { std: CARGO_HOME="/workspace/cargo-home" RUSTUP_HOME="/workspace/rustup-home" "/workspace/cargo-home/bin/cargo" "+beta-2023-12-22" "fetch" "--manifest-path" "Cargo.toml", kill_on_drop: false }`
[INFO] running `Command { std: "docker" "create" "-v" "/var/lib/crater-agent-workspace/builds/worker-0-tc2/target:/opt/rustwide/target:rw,Z" "-v" "/var/lib/crater-agent-workspace/builds/worker-0-tc2/source:/opt/rustwide/workdir:ro,Z" "-v" "/var/lib/crater-agent-workspace/cargo-home:/opt/rustwide/cargo-home:ro,Z" "-v" "/var/lib/crater-agent-workspace/rustup-home:/opt/rustwide/rustup-home:ro,Z" "-e" "SOURCE_DIR=/opt/rustwide/workdir" "-e" "CARGO_TARGET_DIR=/opt/rustwide/target" "-e" "CARGO_HOME=/opt/rustwide/cargo-home" "-e" "RUSTUP_HOME=/opt/rustwide/rustup-home" "-w" "/opt/rustwide/workdir" "-m" "1610612736" "--user" "0:0" "--network" "none" "ghcr.io/rust-lang/crates-build-env/linux@sha256:2788e3201cd34a07e3172128adcd8b3090168a8e3bcc40d7c032b9dda1df7d1c" "/opt/rustwide/cargo-home/bin/cargo" "+beta-2023-12-22" "metadata" "--no-deps" "--format-version=1", kill_on_drop: false }`
[INFO] [stdout] ec7eadec9bf688cfc17f5aa8b7c0f18ec62fbc9d6fdf52ace51d259cc47700c4
[INFO] running `Command { std: "docker" "start" "-a" "ec7eadec9bf688cfc17f5aa8b7c0f18ec62fbc9d6fdf52ace51d259cc47700c4", kill_on_drop: false }`
[INFO] running `Command { std: "docker" "inspect" "ec7eadec9bf688cfc17f5aa8b7c0f18ec62fbc9d6fdf52ace51d259cc47700c4", kill_on_drop: false }`
[INFO] running `Command { std: "docker" "rm" "-f" "ec7eadec9bf688cfc17f5aa8b7c0f18ec62fbc9d6fdf52ace51d259cc47700c4", kill_on_drop: false }`
[INFO] [stdout] ec7eadec9bf688cfc17f5aa8b7c0f18ec62fbc9d6fdf52ace51d259cc47700c4
[INFO] running `Command { std: "docker" "create" "-v" "/var/lib/crater-agent-workspace/builds/worker-0-tc2/target:/opt/rustwide/target:rw,Z" "-v" "/var/lib/crater-agent-workspace/builds/worker-0-tc2/source:/opt/rustwide/workdir:ro,Z" "-v" "/var/lib/crater-agent-workspace/cargo-home:/opt/rustwide/cargo-home:ro,Z" "-v" "/var/lib/crater-agent-workspace/rustup-home:/opt/rustwide/rustup-home:ro,Z" "-e" "SOURCE_DIR=/opt/rustwide/workdir" "-e" "CARGO_TARGET_DIR=/opt/rustwide/target" "-e" "CARGO_INCREMENTAL=0" "-e" "RUST_BACKTRACE=full" "-e" "RUSTFLAGS=--cap-lints=warn" "-e" "RUSTDOCFLAGS=--cap-lints=warn" "-e" "CARGO_HOME=/opt/rustwide/cargo-home" "-e" "RUSTUP_HOME=/opt/rustwide/rustup-home" "-w" "/opt/rustwide/workdir" "-m" "1610612736" "--user" "0:0" "--network" "none" "ghcr.io/rust-lang/crates-build-env/linux@sha256:2788e3201cd34a07e3172128adcd8b3090168a8e3bcc40d7c032b9dda1df7d1c" "/opt/rustwide/cargo-home/bin/cargo" "+beta-2023-12-22" "doc" "--frozen" "--no-deps" "--document-private-items" "--message-format=json", kill_on_drop: false }`
[INFO] [stdout] 0ad65164d03f0537d2d73221699a3d00ad7b81c15d190450c5e85e57e1f24c9c
[INFO] running `Command { std: "docker" "start" "-a" "0ad65164d03f0537d2d73221699a3d00ad7b81c15d190450c5e85e57e1f24c9c", kill_on_drop: false }`
[INFO] [stderr]    Compiling libc v0.2.44
[INFO] [stderr]    Compiling semver-parser v0.7.0
[INFO] [stderr]     Checking cfg-if v0.1.2
[INFO] [stderr]     Checking rand_core v0.3.0
[INFO] [stderr]    Compiling version_check v0.1.3
[INFO] [stderr]     Checking void v1.0.2
[INFO] [stderr]     Checking futures v0.1.25
[INFO] [stderr]     Checking byteorder v1.1.0
[INFO] [stderr]     Checking scopeguard v0.3.3
[INFO] [stderr]    Compiling cc v1.0.3
[INFO] [stderr]     Checking lazy_static v1.2.0
[INFO] [stderr]     Checking stable_deref_trait v1.1.1
[INFO] [stderr]    Compiling pkg-config v0.3.9
[INFO] [stderr]     Checking slab v0.4.0
[INFO] [stderr]     Checking nodrop v0.1.13
[INFO] [stderr]     Checking num-traits v0.1.40
[INFO] [stderr]     Checking log v0.4.6
[INFO] [stderr]     Checking unreachable v1.0.0
[INFO] [stderr]     Checking crossbeam-utils v0.6.1
[INFO] [stderr]     Checking lazycell v1.2.0
[INFO] [stderr]     Checking owning_ref v0.4.0
[INFO] [stderr]     Checking arrayvec v0.4.8
[INFO] [stderr]     Checking smallvec v0.6.7
[INFO] [stderr]     Checking memoffset v0.2.1
[INFO] [stderr]    Compiling winapi-build v0.1.1
[INFO] [stderr]     Checking rand_core v0.2.2
[INFO] [stderr]    Compiling semver v0.9.0
[INFO] [stderr]     Checking rand_isaac v0.1.1
[INFO] [stderr]     Checking lock_api v0.1.5
[INFO] [stderr]     Checking rand_hc v0.1.0
[INFO] [stderr]     Checking rand_xorshift v0.1.0
[INFO] [stderr]    Compiling siphasher v0.2.2
[INFO] [stderr]    Compiling kernel32-sys v0.2.2
[INFO] [stderr]    Compiling unicase v1.4.2
[INFO] [stderr]     Checking lazy_static v0.2.10
[INFO] [stderr]    Compiling unicase v2.1.0
[INFO] [stderr]     Checking matches v0.1.6
[INFO] [stderr]     Checking crossbeam-epoch v0.6.1
[INFO] [stderr]     Checking thread_local v0.3.4
[INFO] [stderr]    Compiling openssl v0.10.15
[INFO] [stderr]     Checking fnv v1.0.6
[INFO] [stderr]    Compiling rustc_version v0.2.3
[INFO] [stderr]     Checking winapi v0.2.8
[INFO] [stderr]     Checking itoa v0.4.3
[INFO] [stderr]     Checking slog v1.7.1
[INFO] [stderr]     Checking unicode-bidi v0.3.4
[INFO] [stderr]     Checking num-integer v0.1.35
[INFO] [stderr]    Compiling crc32fast v1.1.1
[INFO] [stderr]     Checking indexmap v1.0.2
[INFO] [stderr]     Checking crossbeam-deque v0.6.2
[INFO] [stderr]     Checking string v0.1.2
[INFO] [stderr]     Checking slog-extra v0.1.2
[INFO] [stderr]     Checking bitflags v1.0.4
[INFO] [stderr]     Checking num-iter v0.1.34
[INFO] [stderr]    Compiling parking_lot_core v0.3.1
[INFO] [stderr]    Compiling rand_pcg v0.1.1
[INFO] [stderr]    Compiling rand_chacha v0.1.0
[INFO] [stderr]    Compiling rand v0.6.1
[INFO] [stderr]    Compiling native-tls v0.2.2
[INFO] [stderr]     Checking try-lock v0.2.2
[INFO] [stderr]     Checking unicode-normalization v0.1.5
[INFO] [stderr]     Checking num v0.1.40
[INFO] [stderr]    Compiling phf_shared v0.7.21
[INFO] [stderr]     Checking slog-stream v1.2.1
[INFO] [stderr]    Compiling encoding_rs v0.8.13
[INFO] [stderr]     Checking itoa v0.3.4
[INFO] [stderr]     Checking iovec v0.1.1
[INFO] [stderr]     Checking rand v0.5.5
[INFO] [stderr]     Checking num_cpus v1.8.0
[INFO] [stderr]     Checking net2 v0.2.33
[INFO] [stderr]     Checking bytes v0.4.11
[INFO] [stderr]    Compiling openssl-sys v0.9.39
[INFO] [stderr]     Checking time v0.1.38
[INFO] [stderr]    Compiling rand v0.3.18
[INFO] [stderr]    Compiling miniz-sys v0.1.10
[INFO] [stderr]     Checking memchr v0.1.11
[INFO] [stderr]     Checking thread-id v2.0.0
[INFO] [stderr]     Checking isatty v0.1.5
[INFO] [stderr]    Compiling unicode-xid v0.0.4
[INFO] [stderr]     Checking percent-encoding v1.0.1
[INFO] [stderr]     Checking dtoa v0.4.2
[INFO] [stderr]     Checking httparse v1.2.3
[INFO] [stderr]     Checking serde v1.0.21
[INFO] [stderr]     Checking openssl-probe v0.1.2
[INFO] [stderr]     Checking idna v0.1.4
[INFO] [stderr]    Compiling synom v0.11.3
[INFO] [stderr]     Checking mio v0.6.16
[INFO] [stderr]     Checking aho-corasick v0.5.3
[INFO] [stderr]     Checking thread_local v0.2.7
[INFO] [stderr]     Checking mime v0.3.12
[INFO] [stderr]     Checking chrono v0.2.25
[INFO] [stderr]     Checking phf v0.7.21
[INFO] [stderr]     Checking http v0.1.14
[INFO] [stderr]     Checking tokio-executor v0.1.5
[INFO] [stderr]     Checking tokio-io v0.1.10
[INFO] [stderr]     Checking futures-cpupool v0.1.7
[INFO] [stderr]     Checking want v0.0.6
[INFO] [stderr]    Compiling quote v0.3.15
[INFO] [stderr]     Checking log v0.3.8
[INFO] [stderr]     Checking tokio-timer v0.2.5
[INFO] [stderr]     Checking utf8-ranges v0.1.3
[INFO] [stderr]     Checking crossbeam v0.2.10
[INFO] [stderr]     Checking safemem v0.3.0
[INFO] [stderr]    Compiling phf_generator v0.7.21
[INFO] [stderr]     Checking unicode-width v0.1.4
[INFO] [stderr]    Compiling phf_codegen v0.7.21
[INFO] [stderr]     Checking regex-syntax v0.3.9
[INFO] [stderr]     Checking adler32 v1.0.2
[INFO] [stderr]     Checking textwrap v0.9.0
[INFO] [stderr] The following warnings were emitted during compilation:
[INFO] [stderr] 
[INFO] [stderr] warning: openssl-sys@0.9.39: /opt/rustwide/target/debug/build/openssl-sys-482d47f21347959c/out/expando.c:4:24: error: pasting "RUST_VERSION_OPENSSL_" and "(" does not give a valid preprocessing token
[INFO] [stderr] warning: openssl-sys@0.9.39:     4 | #define VERSION2(n, v) RUST_VERSION_ ## n ## _ ## v
[INFO] [stderr] warning: openssl-sys@0.9.39:       |                        ^~~~~~~~~~~~~
[INFO] [stderr] warning: openssl-sys@0.9.39: /opt/rustwide/target/debug/build/openssl-sys-482d47f21347959c/out/expando.c:5:23: note: in expansion of macro 'VERSION2'
[INFO] [stderr] warning: openssl-sys@0.9.39:     5 | #define VERSION(n, v) VERSION2(n, v)
[INFO] [stderr] warning: openssl-sys@0.9.39:       |                       ^~~~~~~~
[INFO] [stderr] warning: openssl-sys@0.9.39: /opt/rustwide/target/debug/build/openssl-sys-482d47f21347959c/out/expando.c:7:1: note: in expansion of macro 'VERSION'
[INFO] [stderr] warning: openssl-sys@0.9.39:     7 | VERSION(OPENSSL, OPENSSL_VERSION_NUMBER)
[INFO] [stderr] warning: openssl-sys@0.9.39:       | ^~~~~~~
[INFO] [stderr] 
[INFO] [stderr] error: failed to run custom build command for `openssl-sys v0.9.39`
[INFO] [stderr] note: To improve backtraces for build dependencies, set the CARGO_PROFILE_DEV_BUILD_OVERRIDE_DEBUG=true environment variable to enable debug information generation.
[INFO] [stderr] 
[INFO] [stderr] Caused by:
[INFO] [stderr]   process didn't exit successfully: `/opt/rustwide/target/debug/build/openssl-sys-b54ee943f9224542/build-script-main` (exit status: 101)
[INFO] [stderr]   --- stdout
[INFO] [stderr]   cargo:rerun-if-env-changed=X86_64_UNKNOWN_LINUX_GNU_OPENSSL_LIB_DIR
[INFO] [stderr]   cargo:rerun-if-env-changed=OPENSSL_LIB_DIR
[INFO] [stderr]   cargo:rerun-if-env-changed=X86_64_UNKNOWN_LINUX_GNU_OPENSSL_INCLUDE_DIR
[INFO] [stderr]   cargo:rerun-if-env-changed=OPENSSL_INCLUDE_DIR
[INFO] [stderr]   cargo:rerun-if-env-changed=X86_64_UNKNOWN_LINUX_GNU_OPENSSL_DIR
[INFO] [stderr]   cargo:rerun-if-env-changed=OPENSSL_DIR
[INFO] [stderr]   cargo:rustc-link-lib=ssl
[INFO] [stderr]   cargo:rustc-link-lib=crypto
[INFO] [stderr]   OPT_LEVEL = Some("0")
[INFO] [stderr]   TARGET = Some("x86_64-unknown-linux-gnu")
[INFO] [stderr]   HOST = Some("x86_64-unknown-linux-gnu")
[INFO] [stderr]   TARGET = Some("x86_64-unknown-linux-gnu")
[INFO] [stderr]   TARGET = Some("x86_64-unknown-linux-gnu")
[INFO] [stderr]   HOST = Some("x86_64-unknown-linux-gnu")
[INFO] [stderr]   CC_x86_64-unknown-linux-gnu = None
[INFO] [stderr]   CC_x86_64_unknown_linux_gnu = None
[INFO] [stderr]   HOST_CC = None
[INFO] [stderr]   CC = None
[INFO] [stderr]   HOST = Some("x86_64-unknown-linux-gnu")
[INFO] [stderr]   TARGET = Some("x86_64-unknown-linux-gnu")
[INFO] [stderr]   HOST = Some("x86_64-unknown-linux-gnu")
[INFO] [stderr]   CFLAGS_x86_64-unknown-linux-gnu = None
[INFO] [stderr]   CFLAGS_x86_64_unknown_linux_gnu = None
[INFO] [stderr]   HOST_CFLAGS = None
[INFO] [stderr]   CFLAGS = None
[INFO] [stderr]   DEBUG = Some("true")
[INFO] [stderr]   running: "cc" "-O0" "-ffunction-sections" "-fdata-sections" "-fPIC" "-g" "-m64" "-Wall" "-Wextra" "-E" "/opt/rustwide/target/debug/build/openssl-sys-482d47f21347959c/out/expando.c"
[INFO] [stderr]   cargo:warning=/opt/rustwide/target/debug/build/openssl-sys-482d47f21347959c/out/expando.c:4:24: error: pasting "RUST_VERSION_OPENSSL_" and "(" does not give a valid preprocessing token
[INFO] [stderr]   cargo:warning=    4 | #define VERSION2(n, v) RUST_VERSION_ ## n ## _ ## v
[INFO] [stderr]   cargo:warning=      |                        ^~~~~~~~~~~~~
[INFO] [stderr]   cargo:warning=/opt/rustwide/target/debug/build/openssl-sys-482d47f21347959c/out/expando.c:5:23: note: in expansion of macro 'VERSION2'
[INFO] [stderr]   cargo:warning=    5 | #define VERSION(n, v) VERSION2(n, v)
[INFO] [stderr]   cargo:warning=      |                       ^~~~~~~~
[INFO] [stderr]   cargo:warning=/opt/rustwide/target/debug/build/openssl-sys-482d47f21347959c/out/expando.c:7:1: note: in expansion of macro 'VERSION'
[INFO] [stderr]   cargo:warning=    7 | VERSION(OPENSSL, OPENSSL_VERSION_NUMBER)
[INFO] [stderr]   cargo:warning=      | ^~~~~~~
[INFO] [stderr]   exit status: 1
[INFO] [stderr] 
[INFO] [stderr]   --- stderr
[INFO] [stderr]   thread 'main' panicked at /opt/rustwide/cargo-home/registry/src/index.crates.io-6f17d22bba15001f/openssl-sys-0.9.39/build/main.rs:432:13:
[INFO] [stderr] 
[INFO] [stderr]   Header expansion error:
[INFO] [stderr]   Error { kind: ToolExecError, message: "Command \"cc\" \"-O0\" \"-ffunction-sections\" \"-fdata-sections\" \"-fPIC\" \"-g\" \"-m64\" \"-Wall\" \"-Wextra\" \"-E\" \"/opt/rustwide/target/debug/build/openssl-sys-482d47f21347959c/out/expando.c\" with args \"cc\" did not execute successfully (status code exit status: 1)." }
[INFO] [stderr] 
[INFO] [stderr]   Failed to find OpenSSL development headers.
[INFO] [stderr] 
[INFO] [stderr]   You can try fixing this setting the `OPENSSL_DIR` environment variable
[INFO] [stderr]   pointing to your OpenSSL installation or installing OpenSSL headers package
[INFO] [stderr]   specific to your distribution:
[INFO] [stderr] 
[INFO] [stderr]       # On Ubuntu
[INFO] [stderr]       sudo apt-get install libssl-dev
[INFO] [stderr]       # On Arch Linux
[INFO] [stderr]       sudo pacman -S openssl
[INFO] [stderr]       # On Fedora
[INFO] [stderr]       sudo dnf install openssl-devel
[INFO] [stderr] 
[INFO] [stderr]   See rust-openssl README for more information:
[INFO] [stderr] 
[INFO] [stderr]       https://github.com/sfackler/rust-openssl#linux
[INFO] [stderr] 
[INFO] [stderr]   stack backtrace:
[INFO] [stderr]      0:     0x55b68ba04186 - std::backtrace_rs::backtrace::libunwind::trace::h261606ad26a499c1
[INFO] [stderr]                                  at /rustc/0e09125c6c3c2fd70d7de961bcf0e51575235fad/library/std/src/../../backtrace/src/backtrace/libunwind.rs:104:5
[INFO] [stderr]      1:     0x55b68ba04186 - std::backtrace_rs::backtrace::trace_unsynchronized::hd183f0625477fb28
[INFO] [stderr]                                  at /rustc/0e09125c6c3c2fd70d7de961bcf0e51575235fad/library/std/src/../../backtrace/src/backtrace/mod.rs:66:5
[INFO] [stderr]      2:     0x55b68ba04186 - std::sys_common::backtrace::_print_fmt::hd7f8fef21b4eda67
[INFO] [stderr]                                  at /rustc/0e09125c6c3c2fd70d7de961bcf0e51575235fad/library/std/src/sys_common/backtrace.rs:68:5
[INFO] [stderr]      3:     0x55b68ba04186 - <std::sys_common::backtrace::_print::DisplayBacktrace as core::fmt::Display>::fmt::h623d9b51f2f453f1
[INFO] [stderr]                                  at /rustc/0e09125c6c3c2fd70d7de961bcf0e51575235fad/library/std/src/sys_common/backtrace.rs:44:22
[INFO] [stderr]      4:     0x55b68ba295f0 - core::fmt::rt::Argument::fmt::h9f417ac76a86f368
[INFO] [stderr]                                  at /rustc/0e09125c6c3c2fd70d7de961bcf0e51575235fad/library/core/src/fmt/rt.rs:142:9
[INFO] [stderr]      5:     0x55b68ba295f0 - core::fmt::write::hc9b6faf4ac2aeff7
[INFO] [stderr]                                  at /rustc/0e09125c6c3c2fd70d7de961bcf0e51575235fad/library/core/src/fmt/mod.rs:1120:17
[INFO] [stderr]      6:     0x55b68ba01bef - std::io::Write::write_fmt::hfead1eee52c2e65e
[INFO] [stderr]                                  at /rustc/0e09125c6c3c2fd70d7de961bcf0e51575235fad/library/std/src/io/mod.rs:1810:15
[INFO] [stderr]      7:     0x55b68ba03f64 - std::sys_common::backtrace::_print::hd5d66399c7df88a2
[INFO] [stderr]                                  at /rustc/0e09125c6c3c2fd70d7de961bcf0e51575235fad/library/std/src/sys_common/backtrace.rs:47:5
[INFO] [stderr]      8:     0x55b68ba03f64 - std::sys_common::backtrace::print::he81ed2da642d37e5
[INFO] [stderr]                                  at /rustc/0e09125c6c3c2fd70d7de961bcf0e51575235fad/library/std/src/sys_common/backtrace.rs:34:9
[INFO] [stderr]      9:     0x55b68ba05847 - std::panicking::default_hook::{{closure}}::h85773f4fa117163d
[INFO] [stderr]     10:     0x55b68ba055a9 - std::panicking::default_hook::h6a1694a91d09b278
[INFO] [stderr]                                  at /rustc/0e09125c6c3c2fd70d7de961bcf0e51575235fad/library/std/src/panicking.rs:292:9
[INFO] [stderr]     11:     0x55b68ba05cd8 - std::panicking::rust_panic_with_hook::h0a7ad96e90f7145b
[INFO] [stderr]                                  at /rustc/0e09125c6c3c2fd70d7de961bcf0e51575235fad/library/std/src/panicking.rs:779:13
[INFO] [stderr]     12:     0x55b68ba05bb2 - std::panicking::begin_panic_handler::{{closure}}::h7919090525c6485e
[INFO] [stderr]                                  at /rustc/0e09125c6c3c2fd70d7de961bcf0e51575235fad/library/std/src/panicking.rs:657:13
[INFO] [stderr]     13:     0x55b68ba04686 - std::sys_common::backtrace::__rust_end_short_backtrace::hf3289479464f7dfe
[INFO] [stderr]                                  at /rustc/0e09125c6c3c2fd70d7de961bcf0e51575235fad/library/std/src/sys_common/backtrace.rs:171:18
[INFO] [stderr]     14:     0x55b68ba05910 - rust_begin_unwind
[INFO] [stderr]                                  at /rustc/0e09125c6c3c2fd70d7de961bcf0e51575235fad/library/std/src/panicking.rs:645:5
[INFO] [stderr]     15:     0x55b68b997665 - core::panicking::panic_fmt::hcc9f77c5c132af55
[INFO] [stderr]                                  at /rustc/0e09125c6c3c2fd70d7de961bcf0e51575235fad/library/core/src/panicking.rs:72:14
[INFO] [stderr]     16:     0x55b68b9a987d - build_script_main::validate_headers::h5380cb298c63691e
[INFO] [stderr]     17:     0x55b68b9a50b5 - build_script_main::imp::try_pkg_config::h936719d3e4ff02b0
[INFO] [stderr]     18:     0x55b68b9a3f64 - build_script_main::imp::find_openssl_dir::h61ded21188661770
[INFO] [stderr]     19:     0x55b68b9a3e02 - build_script_main::imp::get_openssl::{{closure}}::h542d281e968f8493
[INFO] [stderr]     20:     0x55b68b99faaf - core::option::Option<T>::unwrap_or_else::had0da1877e5d0d4a
[INFO] [stderr]     21:     0x55b68b9a3bff - build_script_main::imp::get_openssl::h416910b85f6e6539
[INFO] [stderr]     22:     0x55b68b9a7370 - build_script_main::main::h3c9e44be0da0c095
[INFO] [stderr]     23:     0x55b68b9a6073 - core::ops::function::FnOnce::call_once::habe5743f73acf382
[INFO] [stderr]     24:     0x55b68b9a57a6 - std::sys_common::backtrace::__rust_begin_short_backtrace::hea10fd9e6261ab37
[INFO] [stderr]     25:     0x55b68b99e829 - std::rt::lang_start::{{closure}}::h83cb4bf3b77d8166
[INFO] [stderr]     26:     0x55b68b9fdee1 - core::ops::function::impls::<impl core::ops::function::FnOnce<A> for &F>::call_once::h4eb4c5e1620f29b0
[INFO] [stderr]                                  at /rustc/0e09125c6c3c2fd70d7de961bcf0e51575235fad/library/core/src/ops/function.rs:284:13
[INFO] [stderr]     27:     0x55b68b9fdee1 - std::panicking::try::do_call::h73fd26535faffcdf
[INFO] [stderr]                                  at /rustc/0e09125c6c3c2fd70d7de961bcf0e51575235fad/library/std/src/panicking.rs:552:40
[INFO] [stderr]     28:     0x55b68b9fdee1 - std::panicking::try::h77ff1d98f0fb9f39
[INFO] [stderr]                                  at /rustc/0e09125c6c3c2fd70d7de961bcf0e51575235fad/library/std/src/panicking.rs:516:19
[INFO] [stderr]     29:     0x55b68b9fdee1 - std::panic::catch_unwind::hab3caf2448b95e37
[INFO] [stderr]                                  at /rustc/0e09125c6c3c2fd70d7de961bcf0e51575235fad/library/std/src/panic.rs:142:14
[INFO] [stderr]     30:     0x55b68b9fdee1 - std::rt::lang_start_internal::{{closure}}::h8086711f9c783f78
[INFO] [stderr]                                  at /rustc/0e09125c6c3c2fd70d7de961bcf0e51575235fad/library/std/src/rt.rs:148:48
[INFO] [stderr]     31:     0x55b68b9fdee1 - std::panicking::try::do_call::hf920d4dc291cd6ca
[INFO] [stderr]                                  at /rustc/0e09125c6c3c2fd70d7de961bcf0e51575235fad/library/std/src/panicking.rs:552:40
[INFO] [stderr]     32:     0x55b68b9fdee1 - std::panicking::try::h2b806ccc0a85db74
[INFO] [stderr]                                  at /rustc/0e09125c6c3c2fd70d7de961bcf0e51575235fad/library/std/src/panicking.rs:516:19
[INFO] [stderr]     33:     0x55b68b9fdee1 - std::panic::catch_unwind::h038489539c507df2
[INFO] [stderr]                                  at /rustc/0e09125c6c3c2fd70d7de961bcf0e51575235fad/library/std/src/panic.rs:142:14
[INFO] [stderr]     34:     0x55b68b9fdee1 - std::rt::lang_start_internal::h28503b88912e8a5c
[INFO] [stderr]                                  at /rustc/0e09125c6c3c2fd70d7de961bcf0e51575235fad/library/std/src/rt.rs:148:20
[INFO] [stderr]     35:     0x55b68b99e807 - std::rt::lang_start::h4f87403676ceecf6
[INFO] [stderr]     36:     0x55b68b9aa7a5 - main
[INFO] [stderr]     37:     0x7fa0ebd70d90 - <unknown>
[INFO] [stderr]     38:     0x7fa0ebd70e40 - __libc_start_main
[INFO] [stderr]     39:     0x55b68b997e85 - _start
[INFO] [stderr]     40:                0x0 - <unknown>
[INFO] [stderr] warning: build failed, waiting for other jobs to finish...
[INFO] running `Command { std: "docker" "inspect" "0ad65164d03f0537d2d73221699a3d00ad7b81c15d190450c5e85e57e1f24c9c", kill_on_drop: false }`
[INFO] running `Command { std: "docker" "rm" "-f" "0ad65164d03f0537d2d73221699a3d00ad7b81c15d190450c5e85e57e1f24c9c", kill_on_drop: false }`
[INFO] [stdout] 0ad65164d03f0537d2d73221699a3d00ad7b81c15d190450c5e85e57e1f24c9c
