[INFO] cloning repository https://github.com/Xephobia/doinghisjob
[INFO] running `Command { std: "git" "-c" "credential.helper=" "-c" "credential.helper=/workspace/cargo-home/bin/git-credential-null" "clone" "--bare" "https://github.com/Xephobia/doinghisjob" "/workspace/cache/git-repos/https%3A%2F%2Fgithub.com%2FXephobia%2Fdoinghisjob", kill_on_drop: false }`
[INFO] [stderr] Cloning into bare repository '/workspace/cache/git-repos/https%3A%2F%2Fgithub.com%2FXephobia%2Fdoinghisjob'...
[INFO] running `Command { std: "git" "rev-parse" "HEAD", kill_on_drop: false }`
[INFO] [stdout] 63a7ed4ae5abfb296f01c9912e76d7a01a1551ba
[INFO] documenting Xephobia/doinghisjob against 1.75.0 for beta-1.76-rustdoc-1
[INFO] running `Command { std: "git" "clone" "/workspace/cache/git-repos/https%3A%2F%2Fgithub.com%2FXephobia%2Fdoinghisjob" "/workspace/builds/worker-1-tc1/source", kill_on_drop: false }`
[INFO] [stderr] Cloning into '/workspace/builds/worker-1-tc1/source'...
[INFO] [stderr] done.
[INFO] validating manifest of git repo https://github.com/Xephobia/doinghisjob on toolchain 1.75.0
[INFO] running `Command { std: CARGO_HOME="/workspace/cargo-home" RUSTUP_HOME="/workspace/rustup-home" "/workspace/cargo-home/bin/cargo" "+1.75.0" "metadata" "--manifest-path" "Cargo.toml" "--no-deps", kill_on_drop: false }`
[INFO] started tweaking git repo https://github.com/Xephobia/doinghisjob
[INFO] finished tweaking git repo https://github.com/Xephobia/doinghisjob
[INFO] tweaked toml for git repo https://github.com/Xephobia/doinghisjob written to /workspace/builds/worker-1-tc1/source/Cargo.toml
[INFO] crate git repo https://github.com/Xephobia/doinghisjob already has a lockfile, it will not be regenerated
[INFO] running `Command { std: CARGO_HOME="/workspace/cargo-home" RUSTUP_HOME="/workspace/rustup-home" "/workspace/cargo-home/bin/cargo" "+1.75.0" "fetch" "--manifest-path" "Cargo.toml", kill_on_drop: false }`
[INFO] [stderr]     Updating crates.io index
[INFO] [stderr]  Downloading crates ...
[INFO] [stderr]   Downloaded sha2 v0.9.6
[INFO] [stderr]   Downloaded tracing v0.1.24
[INFO] [stderr]   Downloaded include_dir_impl v0.6.0
[INFO] [stderr]   Downloaded include_dir v0.6.0
[INFO] [stderr]   Downloaded mio v0.7.8
[INFO] [stderr]   Downloaded fraction v0.8.0
[INFO] [stderr]   Downloaded lingua-sotho-language-model v1.0.0
[INFO] [stderr]   Downloaded lingua-swahili-language-model v1.0.0
[INFO] [stderr]   Downloaded lingua-tsonga-language-model v1.0.0
[INFO] [stderr]   Downloaded lingua-marathi-language-model v1.0.0
[INFO] [stderr]   Downloaded lingua-tamil-language-model v1.0.0
[INFO] [stderr]   Downloaded lingua-somali-language-model v1.0.0
[INFO] [stderr]   Downloaded bzip2-sys v0.1.10+1.0.8
[INFO] [stderr]   Downloaded lingua-bosnian-language-model v1.0.0
[INFO] [stderr]   Downloaded lingua-catalan-language-model v1.0.0
[INFO] [stderr]   Downloaded lingua-english-language-model v1.0.0
[INFO] [stderr]   Downloaded lingua-kazakh-language-model v1.0.0
[INFO] [stderr]   Downloaded lingua-belarusian-language-model v1.0.0
[INFO] [stderr]   Downloaded lingua-japanese-language-model v1.0.0
[INFO] [stderr]   Downloaded lingua-croatian-language-model v1.0.0
[INFO] [stderr]   Downloaded lingua-slovak-language-model v1.0.0
[INFO] [stderr]   Downloaded lingua-polish-language-model v1.0.0
[INFO] [stderr]   Downloaded lingua-lithuanian-language-model v1.0.0
[INFO] [stderr]   Downloaded lingua-latvian-language-model v1.0.1
[INFO] [stderr]   Downloaded lingua-indonesian-language-model v1.0.0
[INFO] [stderr]   Downloaded lingua-spanish-language-model v1.0.0
[INFO] [stderr]   Downloaded lingua-chinese-language-model v1.0.0
[INFO] [stderr]   Downloaded lingua-azerbaijani-language-model v1.0.0
[INFO] [stderr]   Downloaded lingua-korean-language-model v1.0.0
[INFO] [stderr]   Downloaded lingua-greek-language-model v1.0.0
[INFO] [stderr]   Downloaded lingua-telugu-language-model v1.0.0
[INFO] [stderr]   Downloaded lingua-bulgarian-language-model v1.0.0
[INFO] [stderr]   Downloaded lingua-bengali-language-model v1.0.0
[INFO] [stderr]   Downloaded lingua-gujarati-language-model v1.0.0
[INFO] [stderr]   Downloaded lingua-xhosa-language-model v1.0.0
[INFO] [stderr]   Downloaded lingua-tswana-language-model v1.0.0
[INFO] [stderr]   Downloaded lingua-welsh-language-model v1.0.0
[INFO] [stderr]   Downloaded lingua-zulu-language-model v1.0.0
[INFO] [stderr]   Downloaded lingua-basque-language-model v1.0.0
[INFO] [stderr]   Downloaded lingua-shona-language-model v1.0.0
[INFO] [stderr]   Downloaded lingua-maori-language-model v1.0.0
[INFO] [stderr]   Downloaded lingua-afrikaans-language-model v1.0.0
[INFO] [stderr]   Downloaded lingua-estonian-language-model v1.0.0
[INFO] [stderr]   Downloaded lingua-swedish-language-model v1.0.0
[INFO] [stderr]   Downloaded lingua-ganda-language-model v1.0.0
[INFO] [stderr]   Downloaded lingua-persian-language-model v1.0.0
[INFO] [stderr]   Downloaded lingua-arabic-language-model v1.0.0
[INFO] [stderr]   Downloaded lingua-dutch-language-model v1.0.0
[INFO] [stderr]   Downloaded lingua-mongolian-language-model v1.0.0
[INFO] [stderr]   Downloaded lingua-vietnamese-language-model v1.0.0
[INFO] [stderr]   Downloaded lingua-tagalog-language-model v1.0.0
[INFO] [stderr]   Downloaded lingua-armenian-language-model v1.0.0
[INFO] [stderr]   Downloaded lingua-thai-language-model v1.0.0
[INFO] [stderr]   Downloaded lingua-malay-language-model v1.0.0
[INFO] [stderr]   Downloaded lingua-yoruba-language-model v1.0.0
[INFO] [stderr]   Downloaded lingua v1.2.2
[INFO] [stderr]   Downloaded lingua-macedonian-language-model v1.0.0
[INFO] [stderr]   Downloaded lingua-czech-language-model v1.0.0
[INFO] [stderr]   Downloaded lingua-irish-language-model v1.0.0
[INFO] [stderr]   Downloaded lingua-latin-language-model v1.0.0
[INFO] [stderr]   Downloaded lingua-hindi-language-model v1.0.0
[INFO] [stderr]   Downloaded lingua-esperanto-language-model v1.0.0
[INFO] [stderr]   Downloaded lingua-bokmal-language-model v1.0.0
[INFO] [stderr]   Downloaded lingua-turkish-language-model v1.0.0
[INFO] [stderr]   Downloaded lingua-punjabi-language-model v1.0.0
[INFO] [stderr]   Downloaded lingua-german-language-model v1.0.0
[INFO] [stderr]   Downloaded lingua-hungarian-language-model v1.0.0
[INFO] [stderr]   Downloaded lingua-georgian-language-model v1.0.0
[INFO] [stderr]   Downloaded lingua-hebrew-language-model v1.0.0
[INFO] [stderr]   Downloaded lingua-nynorsk-language-model v1.0.0
[INFO] [stderr]   Downloaded lingua-russian-language-model v1.0.0
[INFO] [stderr]   Downloaded lingua-danish-language-model v1.0.0
[INFO] [stderr]   Downloaded lingua-ukrainian-language-model v1.0.0
[INFO] [stderr]   Downloaded lingua-finnish-language-model v1.0.0
[INFO] [stderr]   Downloaded lingua-icelandic-language-model v1.0.0
[INFO] [stderr]   Downloaded lingua-slovene-language-model v1.0.0
[INFO] [stderr]   Downloaded lingua-romanian-language-model v1.0.0
[INFO] [stderr]   Downloaded lingua-serbian-language-model v1.0.0
[INFO] [stderr]   Downloaded seamcarving v0.2.3
[INFO] [stderr]   Downloaded lingua-urdu-language-model v1.0.0
[INFO] [stderr]   Downloaded lingua-french-language-model v1.0.0
[INFO] [stderr]   Downloaded lingua-portuguese-language-model v1.0.0
[INFO] [stderr]   Downloaded lingua-italian-language-model v1.0.0
[INFO] [stderr]   Downloaded lingua-albanian-language-model v1.0.0
[INFO] running `Command { std: "docker" "create" "-v" "/var/lib/crater-agent-workspace/builds/worker-1-tc1/target:/opt/rustwide/target:rw,Z" "-v" "/var/lib/crater-agent-workspace/builds/worker-1-tc1/source:/opt/rustwide/workdir:ro,Z" "-v" "/var/lib/crater-agent-workspace/cargo-home:/opt/rustwide/cargo-home:ro,Z" "-v" "/var/lib/crater-agent-workspace/rustup-home:/opt/rustwide/rustup-home:ro,Z" "-e" "SOURCE_DIR=/opt/rustwide/workdir" "-e" "CARGO_TARGET_DIR=/opt/rustwide/target" "-e" "CARGO_HOME=/opt/rustwide/cargo-home" "-e" "RUSTUP_HOME=/opt/rustwide/rustup-home" "-w" "/opt/rustwide/workdir" "-m" "1610612736" "--user" "0:0" "--network" "none" "ghcr.io/rust-lang/crates-build-env/linux@sha256:2788e3201cd34a07e3172128adcd8b3090168a8e3bcc40d7c032b9dda1df7d1c" "/opt/rustwide/cargo-home/bin/cargo" "+1.75.0" "metadata" "--no-deps" "--format-version=1", kill_on_drop: false }`
[INFO] [stdout] 99febc0c95f68e47dd68a8cc1b9ad85ce08239f1aff9e5bfd32b61f9de5e84c6
[INFO] running `Command { std: "docker" "start" "-a" "99febc0c95f68e47dd68a8cc1b9ad85ce08239f1aff9e5bfd32b61f9de5e84c6", kill_on_drop: false }`
[INFO] running `Command { std: "docker" "inspect" "99febc0c95f68e47dd68a8cc1b9ad85ce08239f1aff9e5bfd32b61f9de5e84c6", kill_on_drop: false }`
[INFO] running `Command { std: "docker" "rm" "-f" "99febc0c95f68e47dd68a8cc1b9ad85ce08239f1aff9e5bfd32b61f9de5e84c6", kill_on_drop: false }`
[INFO] [stdout] 99febc0c95f68e47dd68a8cc1b9ad85ce08239f1aff9e5bfd32b61f9de5e84c6
[INFO] running `Command { std: "docker" "create" "-v" "/var/lib/crater-agent-workspace/builds/worker-1-tc1/target:/opt/rustwide/target:rw,Z" "-v" "/var/lib/crater-agent-workspace/builds/worker-1-tc1/source:/opt/rustwide/workdir:ro,Z" "-v" "/var/lib/crater-agent-workspace/cargo-home:/opt/rustwide/cargo-home:ro,Z" "-v" "/var/lib/crater-agent-workspace/rustup-home:/opt/rustwide/rustup-home:ro,Z" "-e" "SOURCE_DIR=/opt/rustwide/workdir" "-e" "CARGO_TARGET_DIR=/opt/rustwide/target" "-e" "CARGO_INCREMENTAL=0" "-e" "RUST_BACKTRACE=full" "-e" "RUSTFLAGS=--cap-lints=warn" "-e" "RUSTDOCFLAGS=--cap-lints=warn" "-e" "CARGO_HOME=/opt/rustwide/cargo-home" "-e" "RUSTUP_HOME=/opt/rustwide/rustup-home" "-w" "/opt/rustwide/workdir" "-m" "1610612736" "--user" "0:0" "--network" "none" "ghcr.io/rust-lang/crates-build-env/linux@sha256:2788e3201cd34a07e3172128adcd8b3090168a8e3bcc40d7c032b9dda1df7d1c" "/opt/rustwide/cargo-home/bin/cargo" "+1.75.0" "doc" "--frozen" "--no-deps" "--document-private-items" "--message-format=json", kill_on_drop: false }`
[INFO] [stdout] 4d366be66d01c617a241f6efbff9a2614fe83b3714e979616dd908436b9b3e49
[INFO] running `Command { std: "docker" "start" "-a" "4d366be66d01c617a241f6efbff9a2614fe83b3714e979616dd908436b9b3e49", kill_on_drop: false }`
[INFO] [stderr]    Compiling proc-macro2 v1.0.24
[INFO] [stderr]    Compiling unicode-xid v0.2.1
[INFO] [stderr]    Compiling syn v1.0.60
[INFO] [stderr]    Compiling anyhow v1.0.43
[INFO] [stderr]     Checking glob v0.3.0
[INFO] [stderr]    Compiling libc v0.2.101
[INFO] [stderr]    Compiling num-traits v0.2.14
[INFO] [stderr]    Compiling cc v1.0.67
[INFO] [stderr]     Checking once_cell v1.7.2
[INFO] [stderr]    Compiling num-integer v0.1.44
[INFO] [stderr]    Compiling typenum v1.12.0
[INFO] [stderr]     Checking pin-project-lite v0.2.4
[INFO] [stderr]    Compiling generic-array v0.14.4
[INFO] [stderr]    Compiling crossbeam-utils v0.8.3
[INFO] [stderr]     Checking bytes v1.0.1
[INFO] [stderr]     Checking itoa v0.4.7
[INFO] [stderr]     Checking num_cpus v1.13.0
[INFO] [stderr]    Compiling memoffset v0.6.1
[INFO] [stderr]    Compiling quote v1.0.9
[INFO] [stderr]     Checking spin v0.5.2
[INFO] [stderr]     Checking untrusted v0.7.1
[INFO] [stderr]    Compiling ring v0.16.20
[INFO] [stderr]    Compiling tokio v1.11.0
[INFO] [stderr]     Checking futures-sink v0.3.12
[INFO] [stderr]     Checking futures-core v0.3.12
[INFO] [stderr]     Checking mio v0.7.8
[INFO] [stderr]    Compiling miniz_oxide v0.4.3
[INFO] [stderr]    Compiling rayon-core v1.9.1
[INFO] [stderr]    Compiling crc32fast v1.2.1
[INFO] [stderr]     Checking byteorder v1.4.2
[INFO] [stderr]     Checking crossbeam-epoch v0.9.3
[INFO] [stderr]     Checking http v0.2.3
[INFO] [stderr]     Checking futures-channel v0.3.12
[INFO] [stderr]     Checking futures-task v0.3.12
[INFO] [stderr]    Compiling num-iter v0.1.42
[INFO] [stderr]     Checking adler v0.2.3
[INFO] [stderr]    Compiling getrandom v0.1.16
[INFO] [stderr]    Compiling httparse v1.3.5
[INFO] [stderr]     Checking futures-io v0.3.12
[INFO] [stderr]     Checking crossbeam-deque v0.8.0
[INFO] [stderr]     Checking tinyvec v1.1.1
[INFO] [stderr]     Checking crossbeam-channel v0.5.0
[INFO] [stderr]     Checking tracing-core v0.1.17
[INFO] [stderr]    Compiling indexmap v1.6.1
[INFO] [stderr]    Compiling rayon v1.5.1
[INFO] [stderr]     Checking either v1.6.1
[INFO] [stderr]     Checking ppv-lite86 v0.2.10
[INFO] [stderr]     Checking form_urlencoded v1.0.1
[INFO] [stderr]     Checking unicode-normalization v0.1.17
[INFO] [stderr]     Checking digest v0.9.0
[INFO] [stderr]     Checking block-buffer v0.9.0
[INFO] [stderr]    Compiling num-bigint v0.2.6
[INFO] [stderr]    Compiling pkg-config v0.3.19
[INFO] [stderr]     Checking hashbrown v0.9.1
[INFO] [stderr]     Checking opaque-debug v0.3.0
[INFO] [stderr]     Checking cpufeatures v0.2.1
[INFO] [stderr]     Checking rand_core v0.5.1
[INFO] [stderr]    Compiling unicase v2.6.0
[INFO] [stderr]     Checking idna v0.2.2
[INFO] [stderr]    Compiling num-complex v0.2.4
[INFO] [stderr]    Compiling bzip2-sys v0.1.10+1.0.8
[INFO] [stderr]    Compiling num-rational v0.2.4
[INFO] [stderr]     Checking adler32 v1.2.0
[INFO] [stderr]    Compiling getrandom v0.2.2
[INFO] [stderr]    Compiling serde_json v1.0.67
[INFO] [stderr]     Checking url v2.2.1
[INFO] [stderr]    Compiling mime_guess v2.0.3
[INFO] [stderr]     Checking rand_chacha v0.2.2
[INFO] [stderr]     Checking http-body v0.4.0
[INFO] [stderr]     Checking socket2 v0.3.19
[INFO] [stderr]     Checking time v0.1.44
[INFO] [stderr]    Compiling num-bigint v0.4.0
[INFO] [stderr]    Compiling num-rational v0.3.2
[INFO] [stderr]     Checking bytes v0.5.6
[INFO] [stderr]    Compiling encoding_rs v0.8.28
[INFO] [stderr]     Checking httpdate v0.3.2
[INFO] [stderr]     Checking weezl v0.1.4
[INFO] [stderr]     Checking input_buffer v0.3.1
[INFO] [stderr]     Checking rand v0.7.3
[INFO] [stderr]     Checking webpki v0.21.4
[INFO] [stderr]     Checking sct v0.6.0
[INFO] [stderr]     Checking jpeg-decoder v0.1.22
[INFO] [stderr]     Checking miniz_oxide v0.3.7
[INFO] [stderr]     Checking deflate v0.8.6
[INFO] [stderr]     Checking rustls v0.19.0
[INFO] [stderr]     Checking sha-1 v0.9.8
[INFO] [stderr]     Checking flate2 v1.0.20
[INFO] [stderr]    Compiling num-rational v0.4.0
[INFO] [stderr]     Checking utf-8 v0.7.5
[INFO] [stderr]     Checking base64 v0.12.3
[INFO] [stderr]    Compiling unicode-segmentation v1.7.1
[INFO] [stderr]     Checking png v0.16.8
[INFO] [stderr]     Checking gif v0.11.2
[INFO] [stderr]     Checking tungstenite v0.11.1
[INFO] [stderr]     Checking tiff v0.6.1
[INFO] [stderr]     Checking num v0.2.1
[INFO] [stderr]     Checking webpki-roots v0.21.0
[INFO] [stderr]     Checking webpki-roots v0.20.0
[INFO] [stderr]     Checking rand_core v0.6.2
[INFO] [stderr]    Compiling heck v0.3.2
[INFO] [stderr]     Checking bzip2 v0.3.3
[INFO] [stderr]     Checking scoped_threadpool v0.1.9
[INFO] [stderr]     Checking unicode-width v0.1.8
[INFO] [stderr]     Checking bytemuck v1.5.1
[INFO] [stderr]    Compiling serenity v0.10.9
[INFO] [stderr]     Checking ipnet v2.3.0
[INFO] [stderr]     Checking textwrap v0.11.0
[INFO] [stderr]     Checking image v0.23.14
[INFO] [stderr]     Checking rand_chacha v0.3.0
[INFO] [stderr]     Checking fraction v0.8.0
[INFO] [stderr]     Checking itertools v0.10.0
[INFO] [stderr]     Checking cipher v0.3.0
[INFO] [stdout] error[E0308]: mismatched types
[INFO] [stdout]   --> /opt/rustwide/cargo-home/registry/src/index.crates.io-6f17d22bba15001f/num-bigint-0.4.0/src/biguint/convert.rs:70:19
[INFO] [stdout]    |
[INFO] [stdout] 70 |         .div_ceil(&big_digit::BITS.into())
[INFO] [stdout]    |          -------- ^^^^^^^^^^^^^^^^^^^^^^^ expected `u64`, found `&_`
[INFO] [stdout]    |          |
[INFO] [stdout]    |          arguments to this method are incorrect
[INFO] [stdout]    |
[INFO] [stdout]    = note:   expected type `u64`
[INFO] [stdout]            found reference `&_`
[INFO] [stdout] note: method defined here
[INFO] [stdout]   --> /rustc/82e1608dfa6e0b5569232559e3d385fea5a93112/library/core/src/num/mod.rs:1169:5
[INFO] [stdout]    = note: this error originates in the macro `uint_impl` (in Nightly builds, run with -Z macro-backtrace for more info)
[INFO] [stdout] help: consider removing the borrow
[INFO] [stdout]    |
[INFO] [stdout] 70 -         .div_ceil(&big_digit::BITS.into())
[INFO] [stdout] 70 +         .div_ceil(big_digit::BITS.into())
[INFO] [stdout]    |
[INFO] [stdout] 
[INFO] [stdout] 
[INFO] [stdout] error[E0308]: mismatched types
[INFO] [stdout]    --> /opt/rustwide/cargo-home/registry/src/index.crates.io-6f17d22bba15001f/num-bigint-0.4.0/src/biguint/convert.rs:585:19
[INFO] [stdout]     |
[INFO] [stdout] 585 |         .div_ceil(&u64::from(bits))
[INFO] [stdout]     |          -------- ^^^^^^^^^^^^^^^^ expected `u64`, found `&u64`
[INFO] [stdout]     |          |
[INFO] [stdout]     |          arguments to this method are incorrect
[INFO] [stdout]     |
[INFO] [stdout] note: method defined here
[INFO] [stdout]    --> /rustc/82e1608dfa6e0b5569232559e3d385fea5a93112/library/core/src/num/mod.rs:1169:5
[INFO] [stdout]     = note: this error originates in the macro `uint_impl` (in Nightly builds, run with -Z macro-backtrace for more info)
[INFO] [stdout] help: consider removing the borrow
[INFO] [stdout]     |
[INFO] [stdout] 585 -         .div_ceil(&u64::from(bits))
[INFO] [stdout] 585 +         .div_ceil(u64::from(bits))
[INFO] [stdout]     |
[INFO] [stdout] 
[INFO] [stdout] 
[INFO] [stderr]     Checking num-complex v0.4.0
[INFO] [stdout] error[E0308]: mismatched types
[INFO] [stdout]    --> /opt/rustwide/cargo-home/registry/src/index.crates.io-6f17d22bba15001f/num-bigint-0.4.0/src/biguint/convert.rs:613:19
[INFO] [stdout]     |
[INFO] [stdout] 613 |         .div_ceil(&u64::from(bits))
[INFO] [stdout]     |          -------- ^^^^^^^^^^^^^^^^ expected `u64`, found `&u64`
[INFO] [stdout]     |          |
[INFO] [stdout]     |          arguments to this method are incorrect
[INFO] [stdout]     |
[INFO] [stdout] note: method defined here
[INFO] [stdout]    --> /rustc/82e1608dfa6e0b5569232559e3d385fea5a93112/library/core/src/num/mod.rs:1169:5
[INFO] [stdout]     = note: this error originates in the macro `uint_impl` (in Nightly builds, run with -Z macro-backtrace for more info)
[INFO] [stdout] help: consider removing the borrow
[INFO] [stdout]     |
[INFO] [stdout] 613 -         .div_ceil(&u64::from(bits))
[INFO] [stdout] 613 +         .div_ceil(u64::from(bits))
[INFO] [stdout]     |
[INFO] [stdout] 
[INFO] [stdout] 
[INFO] [stdout] error[E0308]: mismatched types
[INFO] [stdout]    --> /opt/rustwide/cargo-home/registry/src/index.crates.io-6f17d22bba15001f/num-bigint-0.4.0/src/biguint.rs:398:54
[INFO] [stdout]     |
[INFO] [stdout] 398 |                 let root_scale = extra_bits.div_ceil(&n64);
[INFO] [stdout]     |                                             -------- ^^^^ expected `u64`, found `&u64`
[INFO] [stdout]     |                                             |
[INFO] [stdout]     |                                             arguments to this method are incorrect
[INFO] [stdout]     |
[INFO] [stdout] note: method defined here
[INFO] [stdout]    --> /rustc/82e1608dfa6e0b5569232559e3d385fea5a93112/library/core/src/num/mod.rs:1169:5
[INFO] [stdout]     = note: this error originates in the macro `uint_impl` (in Nightly builds, run with -Z macro-backtrace for more info)
[INFO] [stdout] help: consider removing the borrow
[INFO] [stdout]     |
[INFO] [stdout] 398 -                 let root_scale = extra_bits.div_ceil(&n64);
[INFO] [stdout] 398 +                 let root_scale = extra_bits.div_ceil(n64);
[INFO] [stdout]     |
[INFO] [stdout] 
[INFO] [stdout] 
[INFO] [stdout] error: aborting due to 4 previous errors
[INFO] [stdout] 
[INFO] [stdout] 
[INFO] [stdout] For more information about this error, try `rustc --explain E0308`.
[INFO] [stdout] 
[INFO] [stderr] error: could not compile `num-bigint` (lib) due to 5 previous errors
[INFO] [stderr] warning: build failed, waiting for other jobs to finish...
[INFO] running `Command { std: "docker" "inspect" "4d366be66d01c617a241f6efbff9a2614fe83b3714e979616dd908436b9b3e49", kill_on_drop: false }`
[INFO] running `Command { std: "docker" "rm" "-f" "4d366be66d01c617a241f6efbff9a2614fe83b3714e979616dd908436b9b3e49", kill_on_drop: false }`
[INFO] [stdout] 4d366be66d01c617a241f6efbff9a2614fe83b3714e979616dd908436b9b3e49
[INFO] documenting Xephobia/doinghisjob against beta-2023-12-22 for beta-1.76-rustdoc-1
[INFO] running `Command { std: "git" "clone" "/workspace/cache/git-repos/https%3A%2F%2Fgithub.com%2FXephobia%2Fdoinghisjob" "/workspace/builds/worker-1-tc2/source", kill_on_drop: false }`
[INFO] [stderr] Cloning into '/workspace/builds/worker-1-tc2/source'...
[INFO] [stderr] done.
[INFO] validating manifest of git repo https://github.com/Xephobia/doinghisjob on toolchain beta-2023-12-22
[INFO] running `Command { std: CARGO_HOME="/workspace/cargo-home" RUSTUP_HOME="/workspace/rustup-home" "/workspace/cargo-home/bin/cargo" "+beta-2023-12-22" "metadata" "--manifest-path" "Cargo.toml" "--no-deps", kill_on_drop: false }`
[INFO] started tweaking git repo https://github.com/Xephobia/doinghisjob
[INFO] finished tweaking git repo https://github.com/Xephobia/doinghisjob
[INFO] tweaked toml for git repo https://github.com/Xephobia/doinghisjob written to /workspace/builds/worker-1-tc2/source/Cargo.toml
[INFO] crate git repo https://github.com/Xephobia/doinghisjob already has a lockfile, it will not be regenerated
[INFO] running `Command { std: CARGO_HOME="/workspace/cargo-home" RUSTUP_HOME="/workspace/rustup-home" "/workspace/cargo-home/bin/cargo" "+beta-2023-12-22" "fetch" "--manifest-path" "Cargo.toml", kill_on_drop: false }`
[INFO] running `Command { std: "docker" "create" "-v" "/var/lib/crater-agent-workspace/builds/worker-1-tc2/target:/opt/rustwide/target:rw,Z" "-v" "/var/lib/crater-agent-workspace/builds/worker-1-tc2/source:/opt/rustwide/workdir:ro,Z" "-v" "/var/lib/crater-agent-workspace/cargo-home:/opt/rustwide/cargo-home:ro,Z" "-v" "/var/lib/crater-agent-workspace/rustup-home:/opt/rustwide/rustup-home:ro,Z" "-e" "SOURCE_DIR=/opt/rustwide/workdir" "-e" "CARGO_TARGET_DIR=/opt/rustwide/target" "-e" "CARGO_HOME=/opt/rustwide/cargo-home" "-e" "RUSTUP_HOME=/opt/rustwide/rustup-home" "-w" "/opt/rustwide/workdir" "-m" "1610612736" "--user" "0:0" "--network" "none" "ghcr.io/rust-lang/crates-build-env/linux@sha256:2788e3201cd34a07e3172128adcd8b3090168a8e3bcc40d7c032b9dda1df7d1c" "/opt/rustwide/cargo-home/bin/cargo" "+beta-2023-12-22" "metadata" "--no-deps" "--format-version=1", kill_on_drop: false }`
[INFO] [stdout] 6d3b0ca8c7b8fc120c8ba400d2c573f9490793ff3a09529af9de49818320272e
[INFO] running `Command { std: "docker" "start" "-a" "6d3b0ca8c7b8fc120c8ba400d2c573f9490793ff3a09529af9de49818320272e", kill_on_drop: false }`
[INFO] running `Command { std: "docker" "inspect" "6d3b0ca8c7b8fc120c8ba400d2c573f9490793ff3a09529af9de49818320272e", kill_on_drop: false }`
[INFO] running `Command { std: "docker" "rm" "-f" "6d3b0ca8c7b8fc120c8ba400d2c573f9490793ff3a09529af9de49818320272e", kill_on_drop: false }`
[INFO] [stdout] 6d3b0ca8c7b8fc120c8ba400d2c573f9490793ff3a09529af9de49818320272e
[INFO] running `Command { std: "docker" "create" "-v" "/var/lib/crater-agent-workspace/builds/worker-1-tc2/target:/opt/rustwide/target:rw,Z" "-v" "/var/lib/crater-agent-workspace/builds/worker-1-tc2/source:/opt/rustwide/workdir:ro,Z" "-v" "/var/lib/crater-agent-workspace/cargo-home:/opt/rustwide/cargo-home:ro,Z" "-v" "/var/lib/crater-agent-workspace/rustup-home:/opt/rustwide/rustup-home:ro,Z" "-e" "SOURCE_DIR=/opt/rustwide/workdir" "-e" "CARGO_TARGET_DIR=/opt/rustwide/target" "-e" "CARGO_INCREMENTAL=0" "-e" "RUST_BACKTRACE=full" "-e" "RUSTFLAGS=--cap-lints=warn" "-e" "RUSTDOCFLAGS=--cap-lints=warn" "-e" "CARGO_HOME=/opt/rustwide/cargo-home" "-e" "RUSTUP_HOME=/opt/rustwide/rustup-home" "-w" "/opt/rustwide/workdir" "-m" "1610612736" "--user" "0:0" "--network" "none" "ghcr.io/rust-lang/crates-build-env/linux@sha256:2788e3201cd34a07e3172128adcd8b3090168a8e3bcc40d7c032b9dda1df7d1c" "/opt/rustwide/cargo-home/bin/cargo" "+beta-2023-12-22" "doc" "--frozen" "--no-deps" "--document-private-items" "--message-format=json", kill_on_drop: false }`
[INFO] [stdout] 858010ab47b558d4121b6a39c980e1e1ee87a381d7183d2170f54716fb361550
[INFO] running `Command { std: "docker" "start" "-a" "858010ab47b558d4121b6a39c980e1e1ee87a381d7183d2170f54716fb361550", kill_on_drop: false }`
[INFO] [stderr]    Compiling proc-macro2 v1.0.24
[INFO] [stderr]    Compiling unicode-xid v0.2.1
[INFO] [stderr]    Compiling syn v1.0.60
[INFO] [stderr]    Compiling anyhow v1.0.43
[INFO] [stderr]     Checking glob v0.3.0
[INFO] [stderr]    Compiling libc v0.2.101
[INFO] [stderr]    Compiling num-traits v0.2.14
[INFO] [stderr]    Compiling cc v1.0.67
[INFO] [stderr]     Checking once_cell v1.7.2
[INFO] [stderr]    Compiling num-integer v0.1.44
[INFO] [stderr]     Checking pin-project-lite v0.2.4
[INFO] [stderr]    Compiling typenum v1.12.0
[INFO] [stderr]    Compiling generic-array v0.14.4
[INFO] [stderr]    Compiling crossbeam-utils v0.8.3
[INFO] [stderr]     Checking itoa v0.4.7
[INFO] [stderr]     Checking bytes v1.0.1
[INFO] [stderr]    Compiling memoffset v0.6.1
[INFO] [stderr]    Compiling quote v1.0.9
[INFO] [stderr]     Checking spin v0.5.2
[INFO] [stderr]     Checking num_cpus v1.13.0
[INFO] [stderr]     Checking untrusted v0.7.1
[INFO] [stderr]    Compiling ring v0.16.20
[INFO] [stderr]    Compiling tokio v1.11.0
[INFO] [stderr]     Checking futures-sink v0.3.12
[INFO] [stderr]     Checking futures-core v0.3.12
[INFO] [stderr]     Checking mio v0.7.8
[INFO] [stderr]    Compiling miniz_oxide v0.4.3
[INFO] [stderr]    Compiling rayon-core v1.9.1
[INFO] [stderr]     Checking byteorder v1.4.2
[INFO] [stderr]    Compiling crc32fast v1.2.1
[INFO] [stderr]     Checking http v0.2.3
[INFO] [stderr]     Checking crossbeam-epoch v0.9.3
[INFO] [stderr]     Checking futures-channel v0.3.12
[INFO] [stderr]     Checking futures-task v0.3.12
[INFO] [stderr]    Compiling num-iter v0.1.42
[INFO] [stderr]     Checking futures-io v0.3.12
[INFO] [stderr]    Compiling getrandom v0.1.16
[INFO] [stderr]     Checking adler v0.2.3
[INFO] [stderr]    Compiling httparse v1.3.5
[INFO] [stderr]     Checking tinyvec v1.1.1
[INFO] [stderr]     Checking crossbeam-deque v0.8.0
[INFO] [stderr]     Checking crossbeam-channel v0.5.0
[INFO] [stderr]     Checking tracing-core v0.1.17
[INFO] [stderr]    Compiling rayon v1.5.1
[INFO] [stderr]    Compiling indexmap v1.6.1
[INFO] [stderr]     Checking either v1.6.1
[INFO] [stderr]     Checking ppv-lite86 v0.2.10
[INFO] [stderr]     Checking form_urlencoded v1.0.1
[INFO] [stderr]     Checking block-buffer v0.9.0
[INFO] [stderr]     Checking unicode-normalization v0.1.17
[INFO] [stderr]     Checking digest v0.9.0
[INFO] [stderr]    Compiling num-bigint v0.2.6
[INFO] [stderr]    Compiling pkg-config v0.3.19
[INFO] [stderr]     Checking cpufeatures v0.2.1
[INFO] [stderr]     Checking opaque-debug v0.3.0
[INFO] [stderr]     Checking hashbrown v0.9.1
[INFO] [stderr]     Checking rand_core v0.5.1
[INFO] [stderr]    Compiling unicase v2.6.0
[INFO] [stderr]    Compiling num-complex v0.2.4
[INFO] [stderr]    Compiling bzip2-sys v0.1.10+1.0.8
[INFO] [stderr]    Compiling num-rational v0.2.4
[INFO] [stderr]     Checking idna v0.2.2
[INFO] [stderr]    Compiling getrandom v0.2.2
[INFO] [stderr]     Checking adler32 v1.2.0
[INFO] [stderr]    Compiling serde_json v1.0.67
[INFO] [stderr]     Checking url v2.2.1
[INFO] [stderr]    Compiling mime_guess v2.0.3
[INFO] [stderr]     Checking rand_chacha v0.2.2
[INFO] [stderr]     Checking http-body v0.4.0
[INFO] [stderr]     Checking socket2 v0.3.19
[INFO] [stderr]     Checking time v0.1.44
[INFO] [stderr]    Compiling num-rational v0.3.2
[INFO] [stderr]    Compiling num-bigint v0.4.0
[INFO] [stderr]     Checking weezl v0.1.4
[INFO] [stderr]    Compiling encoding_rs v0.8.28
[INFO] [stderr]     Checking bytes v0.5.6
[INFO] [stderr]     Checking httpdate v0.3.2
[INFO] [stderr]     Checking jpeg-decoder v0.1.22
[INFO] [stderr]     Checking rand v0.7.3
[INFO] [stderr]     Checking input_buffer v0.3.1
[INFO] [stderr]     Checking webpki v0.21.4
[INFO] [stderr]     Checking sct v0.6.0
[INFO] [stderr]     Checking deflate v0.8.6
[INFO] [stderr]     Checking miniz_oxide v0.3.7
[INFO] [stderr]     Checking sha-1 v0.9.8
[INFO] [stderr]     Checking flate2 v1.0.20
[INFO] [stderr]     Checking rustls v0.19.0
[INFO] [stderr]    Compiling num-rational v0.4.0
[INFO] [stderr]     Checking base64 v0.12.3
[INFO] [stderr]     Checking utf-8 v0.7.5
[INFO] [stderr]    Compiling unicode-segmentation v1.7.1
[INFO] [stderr]     Checking gif v0.11.2
[INFO] [stderr]     Checking png v0.16.8
[INFO] [stderr]     Checking tungstenite v0.11.1
[INFO] [stderr]     Checking num v0.2.1
[INFO] [stderr]     Checking webpki-roots v0.21.0
[INFO] [stderr]     Checking webpki-roots v0.20.0
[INFO] [stderr]    Compiling heck v0.3.2
[INFO] [stderr]     Checking rand_core v0.6.2
[INFO] [stderr]     Checking tiff v0.6.1
[INFO] [stderr]     Checking bzip2 v0.3.3
[INFO] [stderr]     Checking bytemuck v1.5.1
[INFO] [stderr]     Checking scoped_threadpool v0.1.9
[INFO] [stderr]     Checking unicode-width v0.1.8
[INFO] [stderr]     Checking ipnet v2.3.0
[INFO] [stderr]    Compiling serenity v0.10.9
[INFO] [stderr]     Checking textwrap v0.11.0
[INFO] [stderr]     Checking rand_chacha v0.3.0
[INFO] [stderr]     Checking fraction v0.8.0
[INFO] [stderr]     Checking itertools v0.10.0
[INFO] [stderr]     Checking image v0.23.14
[INFO] [stdout] error[E0308]: mismatched types
[INFO] [stdout]   --> /opt/rustwide/cargo-home/registry/src/index.crates.io-6f17d22bba15001f/num-bigint-0.4.0/src/biguint/convert.rs:70:19
[INFO] [stdout]    |
[INFO] [stdout] 70 |         .div_ceil(&big_digit::BITS.into())
[INFO] [stdout]    |          -------- ^^^^^^^^^^^^^^^^^^^^^^^ expected `u64`, found `&_`
[INFO] [stdout]    |          |
[INFO] [stdout]    |          arguments to this method are incorrect
[INFO] [stdout]    |
[INFO] [stdout]    = note:   expected type `u64`
[INFO] [stdout]            found reference `&_`
[INFO] [stdout] note: method defined here
[INFO] [stdout]   --> /rustc/0e09125c6c3c2fd70d7de961bcf0e51575235fad/library/core/src/num/mod.rs:1169:5
[INFO] [stdout]    = note: this error originates in the macro `uint_impl` (in Nightly builds, run with -Z macro-backtrace for more info)
[INFO] [stdout] help: consider removing the borrow
[INFO] [stdout]    |
[INFO] [stdout] 70 -         .div_ceil(&big_digit::BITS.into())
[INFO] [stdout] 70 +         .div_ceil(big_digit::BITS.into())
[INFO] [stdout]    |
[INFO] [stdout] 
[INFO] [stdout] 
[INFO] [stdout] error[E0308]: mismatched types
[INFO] [stdout]    --> /opt/rustwide/cargo-home/registry/src/index.crates.io-6f17d22bba15001f/num-bigint-0.4.0/src/biguint/convert.rs:585:19
[INFO] [stdout]     |
[INFO] [stdout] 585 |         .div_ceil(&u64::from(bits))
[INFO] [stdout]     |          -------- ^^^^^^^^^^^^^^^^ expected `u64`, found `&u64`
[INFO] [stdout]     |          |
[INFO] [stdout]     |          arguments to this method are incorrect
[INFO] [stdout]     |
[INFO] [stdout] note: method defined here
[INFO] [stdout]    --> /rustc/0e09125c6c3c2fd70d7de961bcf0e51575235fad/library/core/src/num/mod.rs:1169:5
[INFO] [stdout]     = note: this error originates in the macro `uint_impl` (in Nightly builds, run with -Z macro-backtrace for more info)
[INFO] [stdout] help: consider removing the borrow
[INFO] [stdout]     |
[INFO] [stdout] 585 -         .div_ceil(&u64::from(bits))
[INFO] [stdout] 585 +         .div_ceil(u64::from(bits))
[INFO] [stdout]     |
[INFO] [stdout] 
[INFO] [stdout] 
[INFO] [stdout] error[E0308]: mismatched types
[INFO] [stdout]    --> /opt/rustwide/cargo-home/registry/src/index.crates.io-6f17d22bba15001f/num-bigint-0.4.0/src/biguint/convert.rs:613:19
[INFO] [stdout]     |
[INFO] [stdout] 613 |         .div_ceil(&u64::from(bits))
[INFO] [stdout]     |          -------- ^^^^^^^^^^^^^^^^ expected `u64`, found `&u64`
[INFO] [stdout]     |          |
[INFO] [stdout]     |          arguments to this method are incorrect
[INFO] [stdout]     |
[INFO] [stdout] note: method defined here
[INFO] [stdout]    --> /rustc/0e09125c6c3c2fd70d7de961bcf0e51575235fad/library/core/src/num/mod.rs:1169:5
[INFO] [stdout]     = note: this error originates in the macro `uint_impl` (in Nightly builds, run with -Z macro-backtrace for more info)
[INFO] [stdout] help: consider removing the borrow
[INFO] [stdout]     |
[INFO] [stdout] 613 -         .div_ceil(&u64::from(bits))
[INFO] [stdout] 613 +         .div_ceil(u64::from(bits))
[INFO] [stdout]     |
[INFO] [stdout] 
[INFO] [stdout] 
[INFO] [stderr]     Checking cipher v0.3.0
[INFO] [stdout] error[E0308]: mismatched types
[INFO] [stdout]    --> /opt/rustwide/cargo-home/registry/src/index.crates.io-6f17d22bba15001f/num-bigint-0.4.0/src/biguint.rs:398:54
[INFO] [stdout]     |
[INFO] [stdout] 398 |                 let root_scale = extra_bits.div_ceil(&n64);
[INFO] [stdout]     |                                             -------- ^^^^ expected `u64`, found `&u64`
[INFO] [stdout]     |                                             |
[INFO] [stdout]     |                                             arguments to this method are incorrect
[INFO] [stdout]     |
[INFO] [stdout] note: method defined here
[INFO] [stdout]    --> /rustc/0e09125c6c3c2fd70d7de961bcf0e51575235fad/library/core/src/num/mod.rs:1169:5
[INFO] [stdout]     = note: this error originates in the macro `uint_impl` (in Nightly builds, run with -Z macro-backtrace for more info)
[INFO] [stdout] help: consider removing the borrow
[INFO] [stdout]     |
[INFO] [stdout] 398 -                 let root_scale = extra_bits.div_ceil(&n64);
[INFO] [stdout] 398 +                 let root_scale = extra_bits.div_ceil(n64);
[INFO] [stdout]     |
[INFO] [stdout] 
[INFO] [stdout] 
[INFO] [stdout] error: aborting due to 4 previous errors
[INFO] [stdout] 
[INFO] [stdout] 
[INFO] [stdout] For more information about this error, try `rustc --explain E0308`.
[INFO] [stdout] 
[INFO] [stderr] error: could not compile `num-bigint` (lib) due to 5 previous errors
[INFO] [stderr] warning: build failed, waiting for other jobs to finish...
[INFO] running `Command { std: "docker" "inspect" "858010ab47b558d4121b6a39c980e1e1ee87a381d7183d2170f54716fb361550", kill_on_drop: false }`
[INFO] running `Command { std: "docker" "rm" "-f" "858010ab47b558d4121b6a39c980e1e1ee87a381d7183d2170f54716fb361550", kill_on_drop: false }`
[INFO] [stdout] 858010ab47b558d4121b6a39c980e1e1ee87a381d7183d2170f54716fb361550
