[INFO] cloning repository https://github.com/XGY4n/XG_OS
[INFO] running `Command { std: "git" "-c" "credential.helper=" "-c" "credential.helper=/workspace/cargo-home/bin/git-credential-null" "clone" "--bare" "https://github.com/XGY4n/XG_OS" "/workspace/cache/git-repos/https%3A%2F%2Fgithub.com%2FXGY4n%2FXG_OS", kill_on_drop: false }`
[INFO] [stderr] Cloning into bare repository '/workspace/cache/git-repos/https%3A%2F%2Fgithub.com%2FXGY4n%2FXG_OS'...
[INFO] running `Command { std: "git" "rev-parse" "HEAD", kill_on_drop: false }`
[INFO] [stdout] 03778875238c537eb75cf36cb27e3aa3be6c6de9
[INFO] documenting XGY4n/XG_OS against 1.75.0 for beta-1.76-rustdoc-1
[INFO] running `Command { std: "git" "clone" "/workspace/cache/git-repos/https%3A%2F%2Fgithub.com%2FXGY4n%2FXG_OS" "/workspace/builds/worker-2-tc1/source", kill_on_drop: false }`
[INFO] [stderr] Cloning into '/workspace/builds/worker-2-tc1/source'...
[INFO] [stderr] done.
[INFO] validating manifest of git repo https://github.com/XGY4n/XG_OS on toolchain 1.75.0
[INFO] running `Command { std: CARGO_HOME="/workspace/cargo-home" RUSTUP_HOME="/workspace/rustup-home" "/workspace/cargo-home/bin/cargo" "+1.75.0" "metadata" "--manifest-path" "Cargo.toml" "--no-deps", kill_on_drop: false }`
[INFO] removed /workspace/builds/worker-2-tc1/source/.cargo/config.toml
[INFO] started tweaking git repo https://github.com/XGY4n/XG_OS
[INFO] removed 0 missing tests
[INFO] finished tweaking git repo https://github.com/XGY4n/XG_OS
[INFO] tweaked toml for git repo https://github.com/XGY4n/XG_OS written to /workspace/builds/worker-2-tc1/source/Cargo.toml
[INFO] crate git repo https://github.com/XGY4n/XG_OS already has a lockfile, it will not be regenerated
[INFO] running `Command { std: CARGO_HOME="/workspace/cargo-home" RUSTUP_HOME="/workspace/rustup-home" "/workspace/cargo-home/bin/cargo" "+1.75.0" "fetch" "--manifest-path" "Cargo.toml", kill_on_drop: false }`
[INFO] [stderr] warning: unused manifest key: target.cfg(target_os = "none").runner
[INFO] [stderr]  Downloading crates ...
[INFO] [stderr]   Downloaded uart_16550 v0.2.18
[INFO] [stderr]   Downloaded x86_64 v0.14.10
[INFO] running `Command { std: "docker" "create" "-v" "/var/lib/crater-agent-workspace/builds/worker-2-tc1/target:/opt/rustwide/target:rw,Z" "-v" "/var/lib/crater-agent-workspace/builds/worker-2-tc1/source:/opt/rustwide/workdir:ro,Z" "-v" "/var/lib/crater-agent-workspace/cargo-home:/opt/rustwide/cargo-home:ro,Z" "-v" "/var/lib/crater-agent-workspace/rustup-home:/opt/rustwide/rustup-home:ro,Z" "-e" "SOURCE_DIR=/opt/rustwide/workdir" "-e" "CARGO_TARGET_DIR=/opt/rustwide/target" "-e" "CARGO_HOME=/opt/rustwide/cargo-home" "-e" "RUSTUP_HOME=/opt/rustwide/rustup-home" "-w" "/opt/rustwide/workdir" "-m" "1610612736" "--user" "0:0" "--network" "none" "ghcr.io/rust-lang/crates-build-env/linux@sha256:2788e3201cd34a07e3172128adcd8b3090168a8e3bcc40d7c032b9dda1df7d1c" "/opt/rustwide/cargo-home/bin/cargo" "+1.75.0" "metadata" "--no-deps" "--format-version=1", kill_on_drop: false }`
[INFO] [stdout] dbbc29d3c5f551d6d635d82220907eaeb7898e91ad4d552f0fecc7409fd68610
[INFO] running `Command { std: "docker" "start" "-a" "dbbc29d3c5f551d6d635d82220907eaeb7898e91ad4d552f0fecc7409fd68610", kill_on_drop: false }`
[INFO] running `Command { std: "docker" "inspect" "dbbc29d3c5f551d6d635d82220907eaeb7898e91ad4d552f0fecc7409fd68610", kill_on_drop: false }`
[INFO] running `Command { std: "docker" "rm" "-f" "dbbc29d3c5f551d6d635d82220907eaeb7898e91ad4d552f0fecc7409fd68610", kill_on_drop: false }`
[INFO] [stdout] dbbc29d3c5f551d6d635d82220907eaeb7898e91ad4d552f0fecc7409fd68610
[INFO] running `Command { std: "docker" "create" "-v" "/var/lib/crater-agent-workspace/builds/worker-2-tc1/target:/opt/rustwide/target:rw,Z" "-v" "/var/lib/crater-agent-workspace/builds/worker-2-tc1/source:/opt/rustwide/workdir:ro,Z" "-v" "/var/lib/crater-agent-workspace/cargo-home:/opt/rustwide/cargo-home:ro,Z" "-v" "/var/lib/crater-agent-workspace/rustup-home:/opt/rustwide/rustup-home:ro,Z" "-e" "SOURCE_DIR=/opt/rustwide/workdir" "-e" "CARGO_TARGET_DIR=/opt/rustwide/target" "-e" "CARGO_INCREMENTAL=0" "-e" "RUST_BACKTRACE=full" "-e" "RUSTFLAGS=--cap-lints=warn" "-e" "RUSTDOCFLAGS=--cap-lints=warn" "-e" "CARGO_HOME=/opt/rustwide/cargo-home" "-e" "RUSTUP_HOME=/opt/rustwide/rustup-home" "-w" "/opt/rustwide/workdir" "-m" "1610612736" "--user" "0:0" "--network" "none" "ghcr.io/rust-lang/crates-build-env/linux@sha256:2788e3201cd34a07e3172128adcd8b3090168a8e3bcc40d7c032b9dda1df7d1c" "/opt/rustwide/cargo-home/bin/cargo" "+1.75.0" "doc" "--frozen" "--no-deps" "--document-private-items" "--message-format=json", kill_on_drop: false }`
[INFO] [stdout] 92fd0582f6f0067734afe0addef5aad6895680f6d55230a7a92bb0347904ea3a
[INFO] running `Command { std: "docker" "start" "-a" "92fd0582f6f0067734afe0addef5aad6895680f6d55230a7a92bb0347904ea3a", kill_on_drop: false }`
[INFO] [stderr] warning: unused manifest key: target.cfg(target_os = "none").runner
[INFO] [stderr]     Checking volatile v0.4.6
[INFO] [stderr]    Compiling bootloader v0.9.23
[INFO] [stderr]     Checking spin v0.5.2
[INFO] [stderr]     Checking volatile v0.2.7
[INFO] [stderr]     Checking x86_64 v0.14.10
[INFO] [stderr]     Checking lazy_static v1.4.0
[INFO] [stdout] error[E0554]: `#![feature]` may not be used on the stable release channel
[INFO] [stdout]  --> /opt/rustwide/cargo-home/registry/src/index.crates.io-6f17d22bba15001f/x86_64-0.14.10/src/lib.rs:5:35
[INFO] [stdout]   |
[INFO] [stdout] 5 | #![cfg_attr(feature = "const_fn", feature(const_mut_refs))] // GDT add_entry()
[INFO] [stdout]   |                                   ^^^^^^^^^^^^^^^^^^^^^^^
[INFO] [stdout] 
[INFO] [stdout] 
[INFO] [stdout] error[E0554]: `#![feature]` may not be used on the stable release channel
[INFO] [stdout]  --> /opt/rustwide/cargo-home/registry/src/index.crates.io-6f17d22bba15001f/x86_64-0.14.10/src/lib.rs:6:44
[INFO] [stdout]   |
[INFO] [stdout] 6 | #![cfg_attr(feature = "abi_x86_interrupt", feature(abi_x86_interrupt))]
[INFO] [stdout]   |                                            ^^^^^^^^^^^^^^^^^^^^^^^^^^
[INFO] [stdout] 
[INFO] [stdout] 
[INFO] [stdout] error[E0554]: `#![feature]` may not be used on the stable release channel
[INFO] [stdout]  --> /opt/rustwide/cargo-home/registry/src/index.crates.io-6f17d22bba15001f/x86_64-0.14.10/src/lib.rs:7:37
[INFO] [stdout]   |
[INFO] [stdout] 7 | #![cfg_attr(feature = "step_trait", feature(step_trait))]
[INFO] [stdout]   |                                     ^^^^^^^^^^^^^^^^^^^
[INFO] [stdout] 
[INFO] [stdout] 
[INFO] [stdout] error[E0554]: `#![feature]` may not be used on the stable release channel
[INFO] [stdout]  --> /opt/rustwide/cargo-home/registry/src/index.crates.io-6f17d22bba15001f/x86_64-0.14.10/src/lib.rs:8:34
[INFO] [stdout]   |
[INFO] [stdout] 8 | #![cfg_attr(feature = "doc_cfg", feature(doc_cfg))]
[INFO] [stdout]   |                                  ^^^^^^^^^^^^^^^^
[INFO] [stdout] 
[INFO] [stdout] 
[INFO] [stdout] error[E0554]: `#![feature]` may not be used on the stable release channel
[INFO] [stdout]  --> /opt/rustwide/cargo-home/registry/src/index.crates.io-6f17d22bba15001f/x86_64-0.14.10/src/lib.rs:7:45
[INFO] [stdout]   |
[INFO] [stdout] 7 | #![cfg_attr(feature = "step_trait", feature(step_trait))]
[INFO] [stdout]   |                                             ^^^^^^^^^^
[INFO] [stdout] 
[INFO] [stdout] 
[INFO] [stdout] error: aborting due to 5 previous errors
[INFO] [stdout] 
[INFO] [stdout] 
[INFO] [stdout] For more information about this error, try `rustc --explain E0554`.
[INFO] [stdout] 
[INFO] [stderr] error: could not compile `x86_64` (lib) due to 6 previous errors
[INFO] running `Command { std: "docker" "inspect" "92fd0582f6f0067734afe0addef5aad6895680f6d55230a7a92bb0347904ea3a", kill_on_drop: false }`
[INFO] running `Command { std: "docker" "rm" "-f" "92fd0582f6f0067734afe0addef5aad6895680f6d55230a7a92bb0347904ea3a", kill_on_drop: false }`
[INFO] [stdout] 92fd0582f6f0067734afe0addef5aad6895680f6d55230a7a92bb0347904ea3a
[INFO] documenting XGY4n/XG_OS against beta-2023-12-22 for beta-1.76-rustdoc-1
[INFO] running `Command { std: "git" "clone" "/workspace/cache/git-repos/https%3A%2F%2Fgithub.com%2FXGY4n%2FXG_OS" "/workspace/builds/worker-2-tc2/source", kill_on_drop: false }`
[INFO] [stderr] Cloning into '/workspace/builds/worker-2-tc2/source'...
[INFO] [stderr] done.
[INFO] validating manifest of git repo https://github.com/XGY4n/XG_OS on toolchain beta-2023-12-22
[INFO] running `Command { std: CARGO_HOME="/workspace/cargo-home" RUSTUP_HOME="/workspace/rustup-home" "/workspace/cargo-home/bin/cargo" "+beta-2023-12-22" "metadata" "--manifest-path" "Cargo.toml" "--no-deps", kill_on_drop: false }`
[INFO] removed /workspace/builds/worker-2-tc2/source/.cargo/config.toml
[INFO] started tweaking git repo https://github.com/XGY4n/XG_OS
[INFO] removed 0 missing tests
[INFO] finished tweaking git repo https://github.com/XGY4n/XG_OS
[INFO] tweaked toml for git repo https://github.com/XGY4n/XG_OS written to /workspace/builds/worker-2-tc2/source/Cargo.toml
[INFO] crate git repo https://github.com/XGY4n/XG_OS already has a lockfile, it will not be regenerated
[INFO] running `Command { std: CARGO_HOME="/workspace/cargo-home" RUSTUP_HOME="/workspace/rustup-home" "/workspace/cargo-home/bin/cargo" "+beta-2023-12-22" "fetch" "--manifest-path" "Cargo.toml", kill_on_drop: false }`
[INFO] [stderr] warning: unused manifest key: target.cfg(target_os = "none").runner
[INFO] running `Command { std: "docker" "create" "-v" "/var/lib/crater-agent-workspace/builds/worker-2-tc2/target:/opt/rustwide/target:rw,Z" "-v" "/var/lib/crater-agent-workspace/builds/worker-2-tc2/source:/opt/rustwide/workdir:ro,Z" "-v" "/var/lib/crater-agent-workspace/cargo-home:/opt/rustwide/cargo-home:ro,Z" "-v" "/var/lib/crater-agent-workspace/rustup-home:/opt/rustwide/rustup-home:ro,Z" "-e" "SOURCE_DIR=/opt/rustwide/workdir" "-e" "CARGO_TARGET_DIR=/opt/rustwide/target" "-e" "CARGO_HOME=/opt/rustwide/cargo-home" "-e" "RUSTUP_HOME=/opt/rustwide/rustup-home" "-w" "/opt/rustwide/workdir" "-m" "1610612736" "--user" "0:0" "--network" "none" "ghcr.io/rust-lang/crates-build-env/linux@sha256:2788e3201cd34a07e3172128adcd8b3090168a8e3bcc40d7c032b9dda1df7d1c" "/opt/rustwide/cargo-home/bin/cargo" "+beta-2023-12-22" "metadata" "--no-deps" "--format-version=1", kill_on_drop: false }`
[INFO] [stdout] 908bbafef18490b51109a13d27104f80ecc63ca90d1a89cd75d221376993309f
[INFO] running `Command { std: "docker" "start" "-a" "908bbafef18490b51109a13d27104f80ecc63ca90d1a89cd75d221376993309f", kill_on_drop: false }`
[INFO] running `Command { std: "docker" "inspect" "908bbafef18490b51109a13d27104f80ecc63ca90d1a89cd75d221376993309f", kill_on_drop: false }`
[INFO] running `Command { std: "docker" "rm" "-f" "908bbafef18490b51109a13d27104f80ecc63ca90d1a89cd75d221376993309f", kill_on_drop: false }`
[INFO] [stdout] 908bbafef18490b51109a13d27104f80ecc63ca90d1a89cd75d221376993309f
[INFO] running `Command { std: "docker" "create" "-v" "/var/lib/crater-agent-workspace/builds/worker-2-tc2/target:/opt/rustwide/target:rw,Z" "-v" "/var/lib/crater-agent-workspace/builds/worker-2-tc2/source:/opt/rustwide/workdir:ro,Z" "-v" "/var/lib/crater-agent-workspace/cargo-home:/opt/rustwide/cargo-home:ro,Z" "-v" "/var/lib/crater-agent-workspace/rustup-home:/opt/rustwide/rustup-home:ro,Z" "-e" "SOURCE_DIR=/opt/rustwide/workdir" "-e" "CARGO_TARGET_DIR=/opt/rustwide/target" "-e" "CARGO_INCREMENTAL=0" "-e" "RUST_BACKTRACE=full" "-e" "RUSTFLAGS=--cap-lints=warn" "-e" "RUSTDOCFLAGS=--cap-lints=warn" "-e" "CARGO_HOME=/opt/rustwide/cargo-home" "-e" "RUSTUP_HOME=/opt/rustwide/rustup-home" "-w" "/opt/rustwide/workdir" "-m" "1610612736" "--user" "0:0" "--network" "none" "ghcr.io/rust-lang/crates-build-env/linux@sha256:2788e3201cd34a07e3172128adcd8b3090168a8e3bcc40d7c032b9dda1df7d1c" "/opt/rustwide/cargo-home/bin/cargo" "+beta-2023-12-22" "doc" "--frozen" "--no-deps" "--document-private-items" "--message-format=json", kill_on_drop: false }`
[INFO] [stdout] 3bb7fc13e8cc134e8094d9ab8c77c275a0ee260e5b2133bdbc5bd6154680ce9d
[INFO] running `Command { std: "docker" "start" "-a" "3bb7fc13e8cc134e8094d9ab8c77c275a0ee260e5b2133bdbc5bd6154680ce9d", kill_on_drop: false }`
[INFO] [stderr] warning: unused manifest key: target.cfg(target_os = "none").runner
[INFO] [stderr]    Compiling bootloader v0.9.23
[INFO] [stderr]     Checking volatile v0.4.6
[INFO] [stderr]     Checking spin v0.5.2
[INFO] [stderr]     Checking volatile v0.2.7
[INFO] [stderr]     Checking x86_64 v0.14.10
[INFO] [stderr]     Checking lazy_static v1.4.0
[INFO] [stdout] error[E0554]: `#![feature]` may not be used on the beta release channel
[INFO] [stdout]  --> /opt/rustwide/cargo-home/registry/src/index.crates.io-6f17d22bba15001f/x86_64-0.14.10/src/lib.rs:5:35
[INFO] [stdout]   |
[INFO] [stdout] 5 | #![cfg_attr(feature = "const_fn", feature(const_mut_refs))] // GDT add_entry()
[INFO] [stdout]   |                                   ^^^^^^^^^^^^^^^^^^^^^^^
[INFO] [stdout] 
[INFO] [stdout] 
[INFO] [stdout] error[E0554]: `#![feature]` may not be used on the beta release channel
[INFO] [stdout]  --> /opt/rustwide/cargo-home/registry/src/index.crates.io-6f17d22bba15001f/x86_64-0.14.10/src/lib.rs:6:44
[INFO] [stdout]   |
[INFO] [stdout] 6 | #![cfg_attr(feature = "abi_x86_interrupt", feature(abi_x86_interrupt))]
[INFO] [stdout]   |                                            ^^^^^^^^^^^^^^^^^^^^^^^^^^
[INFO] [stdout] 
[INFO] [stdout] 
[INFO] [stdout] error[E0554]: `#![feature]` may not be used on the beta release channel
[INFO] [stdout]  --> /opt/rustwide/cargo-home/registry/src/index.crates.io-6f17d22bba15001f/x86_64-0.14.10/src/lib.rs:7:37
[INFO] [stdout]   |
[INFO] [stdout] 7 | #![cfg_attr(feature = "step_trait", feature(step_trait))]
[INFO] [stdout]   |                                     ^^^^^^^^^^^^^^^^^^^
[INFO] [stdout] 
[INFO] [stdout] 
[INFO] [stdout] error[E0554]: `#![feature]` may not be used on the beta release channel
[INFO] [stdout]  --> /opt/rustwide/cargo-home/registry/src/index.crates.io-6f17d22bba15001f/x86_64-0.14.10/src/lib.rs:8:34
[INFO] [stdout]   |
[INFO] [stdout] 8 | #![cfg_attr(feature = "doc_cfg", feature(doc_cfg))]
[INFO] [stdout]   |                                  ^^^^^^^^^^^^^^^^
[INFO] [stdout] 
[INFO] [stdout] 
[INFO] [stdout] error[E0554]: `#![feature]` may not be used on the beta release channel
[INFO] [stdout]  --> /opt/rustwide/cargo-home/registry/src/index.crates.io-6f17d22bba15001f/x86_64-0.14.10/src/lib.rs:7:45
[INFO] [stdout]   |
[INFO] [stdout] 7 | #![cfg_attr(feature = "step_trait", feature(step_trait))]
[INFO] [stdout]   |                                             ^^^^^^^^^^
[INFO] [stdout] 
[INFO] [stdout] 
[INFO] [stdout] error: aborting due to 5 previous errors
[INFO] [stdout] 
[INFO] [stdout] 
[INFO] [stdout] For more information about this error, try `rustc --explain E0554`.
[INFO] [stdout] 
[INFO] [stderr] error: could not compile `x86_64` (lib) due to 6 previous errors
[INFO] running `Command { std: "docker" "inspect" "3bb7fc13e8cc134e8094d9ab8c77c275a0ee260e5b2133bdbc5bd6154680ce9d", kill_on_drop: false }`
[INFO] running `Command { std: "docker" "rm" "-f" "3bb7fc13e8cc134e8094d9ab8c77c275a0ee260e5b2133bdbc5bd6154680ce9d", kill_on_drop: false }`
[INFO] [stdout] 3bb7fc13e8cc134e8094d9ab8c77c275a0ee260e5b2133bdbc5bd6154680ce9d
