[INFO] cloning repository https://github.com/X-oss-byte/Nextjs-template
[INFO] running `Command { std: "git" "-c" "credential.helper=" "-c" "credential.helper=/workspace/cargo-home/bin/git-credential-null" "clone" "--bare" "https://github.com/X-oss-byte/Nextjs-template" "/workspace/cache/git-repos/https%3A%2F%2Fgithub.com%2FX-oss-byte%2FNextjs-template", kill_on_drop: false }`
[INFO] [stderr] Cloning into bare repository '/workspace/cache/git-repos/https%3A%2F%2Fgithub.com%2FX-oss-byte%2FNextjs-template'...
[INFO] running `Command { std: "git" "rev-parse" "HEAD", kill_on_drop: false }`
[INFO] [stdout] 51d123875ca8f123e4962624149db28e1e25272a
[INFO] documenting X-oss-byte/Nextjs-template against 1.75.0 for beta-1.76-rustdoc-1
[INFO] running `Command { std: "git" "clone" "/workspace/cache/git-repos/https%3A%2F%2Fgithub.com%2FX-oss-byte%2FNextjs-template" "/workspace/builds/worker-6-tc1/source", kill_on_drop: false }`
[INFO] [stderr] Cloning into '/workspace/builds/worker-6-tc1/source'...
[INFO] [stderr] done.
[INFO] [stderr] Updating files:  56% (8718/15341)
Updating files:  57% (8745/15341)
Updating files:  58% (8898/15341)
Updating files:  59% (9052/15341)
Updating files:  60% (9205/15341)
Updating files:  61% (9359/15341)
Updating files:  62% (9512/15341)
Updating files:  63% (9665/15341)
Updating files:  64% (9819/15341)
Updating files:  65% (9972/15341)
Updating files:  66% (10126/15341)
Updating files:  67% (10279/15341)
Updating files:  68% (10432/15341)
Updating files:  69% (10586/15341)
Updating files:  70% (10739/15341)
Updating files:  71% (10893/15341)
Updating files:  72% (11046/15341)
Updating files:  73% (11199/15341)
Updating files:  74% (11353/15341)
Updating files:  75% (11506/15341)
Updating files:  76% (11660/15341)
Updating files:  77% (11813/15341)
Updating files:  78% (11966/15341)
Updating files:  79% (12120/15341)
Updating files:  80% (12273/15341)
Updating files:  81% (12427/15341)
Updating files:  82% (12580/15341)
Updating files:  83% (12734/15341)
Updating files:  84% (12887/15341)
Updating files:  85% (13040/15341)
Updating files:  86% (13194/15341)
Updating files:  87% (13347/15341)
Updating files:  88% (13501/15341)
Updating files:  89% (13654/15341)
Updating files:  90% (13807/15341)
Updating files:  91% (13961/15341)
Updating files:  92% (14114/15341)
Updating files:  93% (14268/15341)
Updating files:  94% (14421/15341)
Updating files:  95% (14574/15341)
Updating files:  96% (14728/15341)
Updating files:  97% (14881/15341)
Updating files:  98% (15035/15341)
Updating files:  99% (15188/15341)
Updating files: 100% (15341/15341)
Updating files: 100% (15341/15341), done.
[INFO] validating manifest of git repo https://github.com/X-oss-byte/Nextjs-template on toolchain 1.75.0
[INFO] running `Command { std: CARGO_HOME="/workspace/cargo-home" RUSTUP_HOME="/workspace/rustup-home" "/workspace/cargo-home/bin/cargo" "+1.75.0" "metadata" "--manifest-path" "Cargo.toml" "--no-deps", kill_on_drop: false }`
[INFO] removed /workspace/builds/worker-6-tc1/source/.cargo/config.toml
[INFO] removed /workspace/builds/worker-6-tc1/source/rust-toolchain
[INFO] started tweaking git repo https://github.com/X-oss-byte/Nextjs-template
[INFO] finished tweaking git repo https://github.com/X-oss-byte/Nextjs-template
[INFO] tweaked toml for git repo https://github.com/X-oss-byte/Nextjs-template written to /workspace/builds/worker-6-tc1/source/Cargo.toml
[INFO] crate git repo https://github.com/X-oss-byte/Nextjs-template already has a lockfile, it will not be regenerated
[INFO] running `Command { std: CARGO_HOME="/workspace/cargo-home" RUSTUP_HOME="/workspace/rustup-home" "/workspace/cargo-home/bin/cargo" "+1.75.0" "fetch" "--manifest-path" "Cargo.toml", kill_on_drop: false }`
[INFO] [stderr]     Updating crates.io index
[INFO] [stderr]     Updating git repository `https://github.com/vercel/turbo.git`
[INFO] [stderr]  Downloading crates ...
[INFO] [stderr]   Downloaded wast v62.0.1
[INFO] [stderr]   Downloaded wai-bindgen-gen-wasmer v0.2.3
[INFO] [stderr]   Downloaded patricia_tree v0.5.5
[INFO] [stderr]   Downloaded wai-bindgen-gen-rust-wasm v0.2.3
[INFO] [stderr]   Downloaded wai-bindgen-wasmer v0.9.0
[INFO] [stderr]   Downloaded vergen v7.5.1
[INFO] [stderr]   Downloaded swc_ecma_visit v0.93.4
[INFO] [stderr]   Downloaded swc_ecma_transforms_macros v0.5.2
[INFO] [stderr]   Downloaded dotenvs v0.1.0
[INFO] [stderr]   Downloaded wat v1.0.69
[INFO] [stderr]   Downloaded chromiumoxide_types v0.5.0
[INFO] [stderr]   Downloaded styled_components v0.60.0
[INFO] [stderr]   Downloaded wai-bindgen-wasmer-impl v0.2.3
[INFO] [stderr]   Downloaded wasmer-cache v4.0.0
[INFO] [stderr]   Downloaded mimalloc v0.1.34
[INFO] [stderr]   Downloaded serde_yaml v0.9.19
[INFO] [stderr]   Downloaded enum-iterator v1.4.0
[INFO] [stderr]   Downloaded sentry-types v0.27.0
[INFO] [stderr]   Downloaded openssl v0.10.47
[INFO] [stderr]   Downloaded napi v2.12.5
[INFO] [stderr]   Downloaded libmimalloc-sys v0.1.30
[INFO] [stderr]   Downloaded webp v0.2.4
[INFO] [stderr]   Downloaded wasmer-wasix v0.9.0
[INFO] [stderr]   Downloaded swc_error_reporters v0.15.18
[INFO] [stderr]   Downloaded libwebp-sys v0.9.2
[INFO] [stderr]   Downloaded swc_ecma_loader v0.43.20
[INFO] [stderr]   Downloaded swc_ecma_ast v0.107.4
[INFO] [stderr]   Downloaded swc_ecma_transforms_classes v0.119.19
[INFO] [stderr]   Downloaded modularize_imports v0.33.0
[INFO] [stderr]   Downloaded swc_css_prefixer v0.149.23
[INFO] [stderr]   Downloaded swc_ecma_ext_transforms v0.106.15
[INFO] [stderr]   Downloaded swc_css_modules v0.25.24
[INFO] [stderr]   Downloaded swc_css_visit v0.136.18
[INFO] [stderr]   Downloaded swc_css_utils v0.134.18
[INFO] [stderr]   Downloaded swc_timer v0.19.21
[INFO] [stderr]   Downloaded swc_nodejs_common v0.0.8
[INFO] [stderr]   Downloaded binding_macros v0.53.56
[INFO] [stderr]   Downloaded swc_core v0.79.59
[INFO] [stderr]   Downloaded swc_node_comments v0.18.18
[INFO] [stderr]   Downloaded swc_ecma_quote_macros v0.48.11
[INFO] [stderr]   Downloaded swc_ecma_testing v0.20.15
[INFO] [stderr]   Downloaded swc_ecma_transforms_react v0.176.31
[INFO] [stderr]   Downloaded swc_emotion v0.36.0
[INFO] [stderr]   Downloaded swc_ecma_codegen v0.142.12
[INFO] [stderr]   Downloaded wasmer-wasix-types v0.9.0
[INFO] [stderr]   Downloaded swc_graph_analyzer v0.20.21
[INFO] [stderr]   Downloaded swc_css_compat v0.23.21
[INFO] [stderr]   Downloaded swc_ecma_transforms_module v0.173.31
[INFO] [stderr]   Downloaded sentry-contexts v0.27.0
[INFO] [stderr]   Downloaded swc_css_ast v0.137.18
[INFO] [stderr]   Downloaded swc_ecma_transforms_proposal v0.164.27
[INFO] [stderr]   Downloaded swc_css_parser v0.146.21
[INFO] [stderr]   Downloaded swc_ecma_transforms_typescript v0.180.32
[INFO] [stderr]   Downloaded wai-bindgen-gen-core v0.2.3
[INFO] [stderr]   Downloaded wai-bindgen-gen-rust v0.2.3
[INFO] [stderr]   Downloaded swc_ecma_transforms_optimization v0.190.33
[INFO] [stderr]   Downloaded swc_ecma_transforms_compat v0.156.27
[INFO] [stderr]   Downloaded swc_ecma_parser v0.137.11
[INFO] [stderr]   Downloaded swc_plugin_runner v0.98.13
[INFO] [stderr]   Downloaded styled_jsx v0.37.0
[INFO] [stderr]   Downloaded swc_ecma_transforms_base v0.130.19
[INFO] [stderr]   Downloaded swc v0.264.56
[INFO] [stderr]   Downloaded mdxjs v0.1.14
[INFO] [stderr]   Downloaded curl-sys v0.4.60+curl-7.88.1
[INFO] [stderr]   Downloaded swc_ecma_lints v0.85.19
[INFO] [stderr]   Downloaded swc_ecma_minifier v0.184.47
[INFO] [stderr]   Downloaded chromiumoxide_cdp v0.5.0
[INFO] [stderr]   Downloaded swc_bundler v0.217.47
[INFO] [stderr]   Downloaded swc_ecma_preset_env v0.198.35
[INFO] [stderr]   Downloaded webc v5.0.4
[INFO] [stderr]   Downloaded wasmer-compiler v4.0.0
[INFO] [stderr]   Downloaded virtual-fs v0.6.0
[INFO] [stderr]   Downloaded openssl-sys v0.9.82
[INFO] [stderr]   Downloaded wasmer-vm v4.0.0
[INFO] [stderr]   Downloaded jsonc-parser v0.21.0
[INFO] [stderr]   Downloaded wasmer-types v4.0.0
[INFO] [stderr]   Downloaded browserslist-rs v0.12.3
[INFO] [stderr]   Downloaded tzdb v0.5.7
[INFO] [stderr]   Downloaded allsorts v0.14.0
[INFO] [stderr]   Downloaded wasmer v4.0.0
[INFO] [stderr]   Downloaded markdown v1.0.0-alpha.10
[INFO] [stderr]   Downloaded wasm-encoder v0.31.1
[INFO] [stderr]   Downloaded napi-derive v2.12.3
[INFO] [stderr]   Downloaded cooked-waker v5.0.0
[INFO] [stderr]   Downloaded wai-bindgen-rust v0.2.3
[INFO] [stderr]   Downloaded unicode-joining-type v0.7.0
[INFO] [stderr]   Downloaded napi-derive-backend v1.0.49
[INFO] [stderr]   Downloaded serde_with v2.3.2
[INFO] [stderr]   Downloaded swc_css_codegen_macros v0.2.2
[INFO] [stderr]   Downloaded unicode-canonical-combining-class v0.5.0
[INFO] [stderr]   Downloaded static-map-macro v0.3.0
[INFO] [stderr]   Downloaded chromiumoxide_pdl v0.5.0
[INFO] [stderr]   Downloaded preset_env_base v0.4.5
[INFO] [stderr]   Downloaded sentry-backtrace v0.27.0
[INFO] [stderr]   Downloaded hyper-tungstenite v0.9.0
[INFO] [stderr]   Downloaded priority-queue v1.3.1
[INFO] [stderr]   Downloaded serde_qs v0.11.0
[INFO] [stderr]   Downloaded lru v0.10.0
[INFO] [stderr]   Downloaded st-map v0.2.0
[INFO] [stderr]   Downloaded swc_ecma_transforms v0.221.33
[INFO] [stderr]   Downloaded swc_cached v0.3.17
[INFO] [stderr]   Downloaded httpmock v0.6.7
[INFO] [stderr]   Downloaded swc_ecma_transforms_testing v0.133.19
[INFO] [stderr]   Downloaded swc_ecma_utils v0.120.15
[INFO] [stderr]   Downloaded wai-bindgen-rust-impl v0.2.3
[INFO] [stderr]   Downloaded sentry-core v0.27.0
[INFO] [stderr]   Downloaded swc_fast_graph v0.19.18
[INFO] [stderr]   Downloaded swc_common v0.31.18
[INFO] [stderr]   Downloaded swc_relay v0.8.0
[INFO] [stderr]   Downloaded wai-parser v0.2.3
[INFO] [stderr]   Downloaded tracing-chrome v0.5.0
[INFO] [stderr]   Downloaded is_debug v1.0.1
[INFO] [stderr]   Downloaded chromiumoxide v0.5.0
[INFO] [stderr]   Downloaded glyph-names v0.2.0
[INFO] [stderr]   Downloaded async-tungstenite v0.19.0
[INFO] [stderr]   Downloaded shadow-rs v0.23.0
[INFO] [stderr]   Downloaded serde_with_macros v2.3.2
[INFO] [stderr]   Downloaded sourcemap v6.2.3
[INFO] [stderr]   Downloaded wasmer-derive v4.0.0
[INFO] [stderr]   Downloaded enum-iterator-derive v1.2.0
[INFO] [stderr]   Downloaded unsafe-libyaml v0.2.7
[INFO] [stderr]   Downloaded swc_ecma_usage_analyzer v0.16.19
[INFO] [stderr]   Downloaded easy-error v1.0.0
[INFO] [stderr]   Downloaded swc_css_codegen v0.147.21
[INFO] [stderr]   Downloaded tz-rs v0.6.14
[INFO] [stderr]   Downloaded swc_atoms v0.5.8
[INFO] [stderr]   Downloaded virtual-net v0.3.0
[INFO] [stderr]   Downloaded sentry-panic v0.27.0
[INFO] [stderr]   Downloaded normpath v0.2.0
[INFO] [stderr]   Downloaded wasmparser v0.110.0
[INFO] [stderr]   Downloaded sentry v0.27.0
[INFO] [stderr]   Downloaded postcard v1.0.4
[INFO] [stderr]   Downloaded swc_plugin_proxy v0.36.4
[INFO] [stderr]   Downloaded shared-buffer v0.1.3
[INFO] [stderr]   Downloaded wasmer-compiler-cranelift v4.0.0
[INFO] [stderr]   Downloaded futures-retry v0.6.0
[INFO] [stderr]   Downloaded testing v0.33.21
[INFO] running `Command { std: "docker" "create" "-v" "/var/lib/crater-agent-workspace/builds/worker-6-tc1/target:/opt/rustwide/target:rw,Z" "-v" "/var/lib/crater-agent-workspace/builds/worker-6-tc1/source:/opt/rustwide/workdir:ro,Z" "-v" "/var/lib/crater-agent-workspace/cargo-home:/opt/rustwide/cargo-home:ro,Z" "-v" "/var/lib/crater-agent-workspace/rustup-home:/opt/rustwide/rustup-home:ro,Z" "-e" "SOURCE_DIR=/opt/rustwide/workdir" "-e" "CARGO_TARGET_DIR=/opt/rustwide/target" "-e" "CARGO_HOME=/opt/rustwide/cargo-home" "-e" "RUSTUP_HOME=/opt/rustwide/rustup-home" "-w" "/opt/rustwide/workdir" "-m" "1610612736" "--user" "0:0" "--network" "none" "ghcr.io/rust-lang/crates-build-env/linux@sha256:2788e3201cd34a07e3172128adcd8b3090168a8e3bcc40d7c032b9dda1df7d1c" "/opt/rustwide/cargo-home/bin/cargo" "+1.75.0" "metadata" "--no-deps" "--format-version=1", kill_on_drop: false }`
[INFO] [stdout] ffdcf8e72714c80a0a943d061b616c66516843923fe93bb7a5a3e221834727f6
[INFO] running `Command { std: "docker" "start" "-a" "ffdcf8e72714c80a0a943d061b616c66516843923fe93bb7a5a3e221834727f6", kill_on_drop: false }`
[INFO] running `Command { std: "docker" "inspect" "ffdcf8e72714c80a0a943d061b616c66516843923fe93bb7a5a3e221834727f6", kill_on_drop: false }`
[INFO] running `Command { std: "docker" "rm" "-f" "ffdcf8e72714c80a0a943d061b616c66516843923fe93bb7a5a3e221834727f6", kill_on_drop: false }`
[INFO] [stdout] ffdcf8e72714c80a0a943d061b616c66516843923fe93bb7a5a3e221834727f6
[INFO] running `Command { std: "docker" "create" "-v" "/var/lib/crater-agent-workspace/builds/worker-6-tc1/target:/opt/rustwide/target:rw,Z" "-v" "/var/lib/crater-agent-workspace/builds/worker-6-tc1/source:/opt/rustwide/workdir:ro,Z" "-v" "/var/lib/crater-agent-workspace/cargo-home:/opt/rustwide/cargo-home:ro,Z" "-v" "/var/lib/crater-agent-workspace/rustup-home:/opt/rustwide/rustup-home:ro,Z" "-e" "SOURCE_DIR=/opt/rustwide/workdir" "-e" "CARGO_TARGET_DIR=/opt/rustwide/target" "-e" "CARGO_INCREMENTAL=0" "-e" "RUST_BACKTRACE=full" "-e" "RUSTFLAGS=--cap-lints=warn" "-e" "RUSTDOCFLAGS=--cap-lints=warn" "-e" "CARGO_HOME=/opt/rustwide/cargo-home" "-e" "RUSTUP_HOME=/opt/rustwide/rustup-home" "-w" "/opt/rustwide/workdir" "-m" "1610612736" "--user" "0:0" "--network" "none" "ghcr.io/rust-lang/crates-build-env/linux@sha256:2788e3201cd34a07e3172128adcd8b3090168a8e3bcc40d7c032b9dda1df7d1c" "/opt/rustwide/cargo-home/bin/cargo" "+1.75.0" "doc" "--frozen" "--no-deps" "--document-private-items" "--message-format=json", kill_on_drop: false }`
[INFO] [stdout] 92045b0a336dccd7af2a6632ec4db4d70a24248055904f397d166bb75ee08673
[INFO] running `Command { std: "docker" "start" "-a" "92045b0a336dccd7af2a6632ec4db4d70a24248055904f397d166bb75ee08673", kill_on_drop: false }`
[INFO] [stderr]    Compiling proc-macro2 v1.0.64
[INFO] [stderr]    Compiling quote v1.0.28
[INFO] [stderr]    Compiling unicode-ident v1.0.9
[INFO] [stderr]    Compiling autocfg v1.1.0
[INFO] [stderr]    Compiling syn v1.0.109
[INFO] [stderr]    Compiling version_check v0.9.4
[INFO] [stderr]    Compiling libc v0.2.146
[INFO] [stderr]    Compiling serde v1.0.171
[INFO] [stderr]    Compiling memchr v2.5.0
[INFO] [stderr]    Compiling cfg-if v1.0.0
[INFO] [stderr]    Compiling parking_lot_core v0.9.7
[INFO] [stderr]    Compiling cc v1.0.79
[INFO] [stderr]    Compiling anyhow v1.0.71
[INFO] [stderr]    Compiling semver v1.0.17
[INFO] [stderr]    Compiling percent-encoding v2.3.0
[INFO] [stderr]    Compiling tinyvec_macros v0.1.1
[INFO] [stderr]    Compiling unicode-bidi v0.3.13
[INFO] [stderr]    Compiling tinyvec v1.6.0
[INFO] [stderr]    Compiling form_urlencoded v1.2.0
[INFO] [stderr]    Compiling once_cell v1.18.0
[INFO] [stderr]    Compiling ppv-lite86 v0.2.17
[INFO] [stderr]     Checking scopeguard v1.1.0
[INFO] [stderr]    Compiling regex-syntax v0.7.2
[INFO] [stderr]    Compiling siphasher v0.3.10
[INFO] [stderr]    Compiling glob v0.3.1
[INFO] [stderr]    Compiling phf_shared v0.10.0
[INFO] [stderr]    Compiling crossbeam-utils v0.8.15
[INFO] [stderr]     Checking smallvec v1.10.0
[INFO] [stderr]    Compiling unicode-normalization v0.1.22
[INFO] [stderr]    Compiling lazy_static v1.4.0
[INFO] [stderr]     Checking pin-project-lite v0.2.9
[INFO] [stderr]     Checking itoa v1.0.6
[INFO] [stderr]     Checking either v1.8.1
[INFO] [stderr]    Compiling rayon-core v1.11.0
[INFO] [stderr]    Compiling syn v2.0.25
[INFO] [stderr]    Compiling lock_api v0.4.9
[INFO] [stderr]    Compiling aho-corasick v1.0.1
[INFO] [stderr]    Compiling num-traits v0.2.15
[INFO] [stderr]    Compiling num-integer v0.1.45
[INFO] [stderr]    Compiling ahash v0.8.3
[INFO] [stderr]    Compiling getrandom v0.2.9
[INFO] [stderr]    Compiling idna v0.4.0
[INFO] [stderr]    Compiling rand_core v0.6.4
[INFO] [stderr]    Compiling memoffset v0.8.0
[INFO] [stderr]    Compiling crossbeam-epoch v0.9.14
[INFO] [stderr]    Compiling rand_chacha v0.3.1
[INFO] [stderr]    Compiling num-bigint v0.4.3
[INFO] [stderr]     Checking crossbeam-channel v0.5.8
[INFO] [stderr]     Checking hashbrown v0.12.3
[INFO] [stderr]    Compiling url v2.4.0
[INFO] [stderr]    Compiling rand v0.8.5
[INFO] [stderr]     Checking num_cpus v1.15.0
[INFO] [stderr]    Compiling indexmap v1.9.3
[INFO] [stderr]     Checking parking_lot v0.12.1
[INFO] [stderr]    Compiling thiserror v1.0.40
[INFO] [stderr]     Checking tracing-core v0.1.31
[INFO] [stderr]    Compiling ahash v0.7.6
[INFO] [stderr]    Compiling regex v1.8.3
[INFO] [stderr]     Checking crossbeam-deque v0.8.3
[INFO] [stderr]     Checking ryu v1.0.13
[INFO] [stderr]    Compiling serde_json v1.0.96
[INFO] [stderr]    Compiling tokio v1.28.2
[INFO] [stderr]    Compiling phf_generator v0.10.0
[INFO] [stderr]    Compiling string_cache_codegen v0.5.2
[INFO] [stderr]    Compiling typenum v1.16.0
[INFO] [stderr]    Compiling proc-macro-error-attr v1.0.4
[INFO] [stderr]     Checking rayon v1.7.0
[INFO] [stderr]    Compiling generic-array v0.14.7
[INFO] [stderr]    Compiling proc-macro-error v1.0.4
[INFO] [stderr]     Checking stable_deref_trait v1.2.0
[INFO] [stderr]    Compiling Inflector v0.11.4
[INFO] [stderr]    Compiling log v0.4.18
[INFO] [stderr]    Compiling psm v0.1.21
[INFO] [stderr]    Compiling stacker v0.1.15
[INFO] [stderr]     Checking atty v0.2.14
[INFO] [stderr]    Compiling smartstring v1.0.1
[INFO] [stderr]    Compiling swc_atoms v0.5.8
[INFO] [stderr]     Checking new_debug_unreachable v1.0.4
[INFO] [stderr]     Checking precomputed-hash v0.1.1
[INFO] [stderr]     Checking unicode-width v0.1.10
[INFO] [stderr]     Checking rustc-hash v1.1.0
[INFO] [stderr]    Compiling futures-core v0.3.28
[INFO] [stderr]    Compiling proc-macro-hack v0.5.20+deprecated
[INFO] [stderr]    Compiling slab v0.4.8
[INFO] [stderr]     Checking unicode-id v0.3.3
[INFO] [stderr]     Checking scoped-tls v1.0.1
[INFO] [stderr]     Checking if_chain v1.0.2
[INFO] [stderr]     Checking termcolor v1.2.0
[INFO] [stderr]     Checking data-encoding v2.4.0
[INFO] [stderr]     Checking better_scoped_tls v0.1.1
[INFO] [stderr]    Compiling pmutil v0.6.1
[INFO] [stderr]    Compiling futures-task v0.3.28
[INFO] [stderr]    Compiling futures-channel v0.3.28
[INFO] [stderr]     Checking static_assertions v1.1.0
[INFO] [stderr]    Compiling swc_macros_common v0.3.8
[INFO] [stderr]    Compiling futures-util v0.3.28
[INFO] [stderr]    Compiling turbo-tasks-macros-shared v0.1.0 (https://github.com/vercel/turbo.git?tag=turbopack-230814.2#1295dbce)
[INFO] [stdout] error[E0554]: `#![feature]` may not be used on the stable release channel
[INFO] [stdout]  --> /opt/rustwide/cargo-home/git/checkouts/turbo-df7a549334890fa5/1295dbc/crates/turbo-tasks-macros-shared/src/lib.rs:1:1
[INFO] [stdout]   |
[INFO] [stdout] 1 | #![feature(proc_macro_diagnostic)]
[INFO] [stdout]   | ^^^^^^^^^^^^^^^^^^^^^^^^^^^^^^^^^^
[INFO] [stdout] 
[INFO] [stdout] 
[INFO] [stdout] error[E0554]: `#![feature]` may not be used on the stable release channel
[INFO] [stdout]  --> /opt/rustwide/cargo-home/git/checkouts/turbo-df7a549334890fa5/1295dbc/crates/turbo-tasks-macros-shared/src/lib.rs:2:1
[INFO] [stdout]   |
[INFO] [stdout] 2 | #![feature(box_patterns)]
[INFO] [stdout]   | ^^^^^^^^^^^^^^^^^^^^^^^^^
[INFO] [stdout] 
[INFO] [stdout] 
[INFO] [stdout] error[E0554]: `#![feature]` may not be used on the stable release channel
[INFO] [stdout]  --> /opt/rustwide/cargo-home/git/checkouts/turbo-df7a549334890fa5/1295dbc/crates/turbo-tasks-macros-shared/src/lib.rs:1:12
[INFO] [stdout]   |
[INFO] [stdout] 1 | #![feature(proc_macro_diagnostic)]
[INFO] [stdout]   |            ^^^^^^^^^^^^^^^^^^^^^
[INFO] [stdout] 
[INFO] [stdout] 
[INFO] [stderr]     Checking adler v1.0.2
[INFO] [stdout] error: aborting due to 3 previous errors
[INFO] [stdout] 
[INFO] [stdout] 
[INFO] [stdout] For more information about this error, try `rustc --explain E0554`.
[INFO] [stdout] 
[INFO] [stderr] error: could not compile `turbo-tasks-macros-shared` (lib) due to 4 previous errors
[INFO] [stderr] warning: build failed, waiting for other jobs to finish...
[INFO] running `Command { std: "docker" "inspect" "92045b0a336dccd7af2a6632ec4db4d70a24248055904f397d166bb75ee08673", kill_on_drop: false }`
[INFO] running `Command { std: "docker" "rm" "-f" "92045b0a336dccd7af2a6632ec4db4d70a24248055904f397d166bb75ee08673", kill_on_drop: false }`
[INFO] [stdout] 92045b0a336dccd7af2a6632ec4db4d70a24248055904f397d166bb75ee08673
