[INFO] cloning repository https://github.com/X-MENG/h264_lib
[INFO] running `Command { std: "git" "-c" "credential.helper=" "-c" "credential.helper=/workspace/cargo-home/bin/git-credential-null" "clone" "--bare" "https://github.com/X-MENG/h264_lib" "/workspace/cache/git-repos/https%3A%2F%2Fgithub.com%2FX-MENG%2Fh264_lib", kill_on_drop: false }`
[INFO] [stderr] Cloning into bare repository '/workspace/cache/git-repos/https%3A%2F%2Fgithub.com%2FX-MENG%2Fh264_lib'...
[INFO] running `Command { std: "git" "rev-parse" "HEAD", kill_on_drop: false }`
[INFO] [stdout] a9ffa86169f03b495e2bd4a085ff73b56233c552
[INFO] documenting X-MENG/h264_lib against 1.75.0 for beta-1.76-rustdoc-1
[INFO] running `Command { std: "git" "clone" "/workspace/cache/git-repos/https%3A%2F%2Fgithub.com%2FX-MENG%2Fh264_lib" "/workspace/builds/worker-5-tc1/source", kill_on_drop: false }`
[INFO] [stderr] Cloning into '/workspace/builds/worker-5-tc1/source'...
[INFO] [stderr] done.
[INFO] validating manifest of git repo https://github.com/X-MENG/h264_lib on toolchain 1.75.0
[INFO] running `Command { std: CARGO_HOME="/workspace/cargo-home" RUSTUP_HOME="/workspace/rustup-home" "/workspace/cargo-home/bin/cargo" "+1.75.0" "metadata" "--manifest-path" "Cargo.toml" "--no-deps", kill_on_drop: false }`
[INFO] started tweaking git repo https://github.com/X-MENG/h264_lib
[INFO] finished tweaking git repo https://github.com/X-MENG/h264_lib
[INFO] tweaked toml for git repo https://github.com/X-MENG/h264_lib written to /workspace/builds/worker-5-tc1/source/Cargo.toml
[INFO] crate git repo https://github.com/X-MENG/h264_lib already has a lockfile, it will not be regenerated
[INFO] running `Command { std: CARGO_HOME="/workspace/cargo-home" RUSTUP_HOME="/workspace/rustup-home" "/workspace/cargo-home/bin/cargo" "+1.75.0" "fetch" "--manifest-path" "Cargo.toml", kill_on_drop: false }`
[INFO] [stderr]     Updating crates.io index
[INFO] [stderr]  Downloading crates ...
[INFO] [stderr]   Downloaded bytesio v0.1.27
[INFO] [stderr]   Downloaded xflv v0.0.3
[INFO] [stderr]   Downloaded rtmp v0.0.14
[INFO] [stderr]   Downloaded openh264 v0.2.15
[INFO] [stderr]   Downloaded openh264-sys2 v0.2.14
[INFO] running `Command { std: "docker" "create" "-v" "/var/lib/crater-agent-workspace/builds/worker-5-tc1/target:/opt/rustwide/target:rw,Z" "-v" "/var/lib/crater-agent-workspace/builds/worker-5-tc1/source:/opt/rustwide/workdir:ro,Z" "-v" "/var/lib/crater-agent-workspace/cargo-home:/opt/rustwide/cargo-home:ro,Z" "-v" "/var/lib/crater-agent-workspace/rustup-home:/opt/rustwide/rustup-home:ro,Z" "-e" "SOURCE_DIR=/opt/rustwide/workdir" "-e" "CARGO_TARGET_DIR=/opt/rustwide/target" "-e" "CARGO_HOME=/opt/rustwide/cargo-home" "-e" "RUSTUP_HOME=/opt/rustwide/rustup-home" "-w" "/opt/rustwide/workdir" "-m" "1610612736" "--user" "0:0" "--network" "none" "ghcr.io/rust-lang/crates-build-env/linux@sha256:2788e3201cd34a07e3172128adcd8b3090168a8e3bcc40d7c032b9dda1df7d1c" "/opt/rustwide/cargo-home/bin/cargo" "+1.75.0" "metadata" "--no-deps" "--format-version=1", kill_on_drop: false }`
[INFO] [stdout] 4c10b65574be4f6f1c6e85ae8932c7c8bb32e58fbfd1c87f3d91fb2e8e8b0e03
[INFO] running `Command { std: "docker" "start" "-a" "4c10b65574be4f6f1c6e85ae8932c7c8bb32e58fbfd1c87f3d91fb2e8e8b0e03", kill_on_drop: false }`
[INFO] running `Command { std: "docker" "inspect" "4c10b65574be4f6f1c6e85ae8932c7c8bb32e58fbfd1c87f3d91fb2e8e8b0e03", kill_on_drop: false }`
[INFO] running `Command { std: "docker" "rm" "-f" "4c10b65574be4f6f1c6e85ae8932c7c8bb32e58fbfd1c87f3d91fb2e8e8b0e03", kill_on_drop: false }`
[INFO] [stdout] 4c10b65574be4f6f1c6e85ae8932c7c8bb32e58fbfd1c87f3d91fb2e8e8b0e03
[INFO] running `Command { std: "docker" "create" "-v" "/var/lib/crater-agent-workspace/builds/worker-5-tc1/target:/opt/rustwide/target:rw,Z" "-v" "/var/lib/crater-agent-workspace/builds/worker-5-tc1/source:/opt/rustwide/workdir:ro,Z" "-v" "/var/lib/crater-agent-workspace/cargo-home:/opt/rustwide/cargo-home:ro,Z" "-v" "/var/lib/crater-agent-workspace/rustup-home:/opt/rustwide/rustup-home:ro,Z" "-e" "SOURCE_DIR=/opt/rustwide/workdir" "-e" "CARGO_TARGET_DIR=/opt/rustwide/target" "-e" "CARGO_INCREMENTAL=0" "-e" "RUST_BACKTRACE=full" "-e" "RUSTFLAGS=--cap-lints=warn" "-e" "RUSTDOCFLAGS=--cap-lints=warn" "-e" "CARGO_HOME=/opt/rustwide/cargo-home" "-e" "RUSTUP_HOME=/opt/rustwide/rustup-home" "-w" "/opt/rustwide/workdir" "-m" "1610612736" "--user" "0:0" "--network" "none" "ghcr.io/rust-lang/crates-build-env/linux@sha256:2788e3201cd34a07e3172128adcd8b3090168a8e3bcc40d7c032b9dda1df7d1c" "/opt/rustwide/cargo-home/bin/cargo" "+1.75.0" "doc" "--frozen" "--no-deps" "--document-private-items" "--message-format=json", kill_on_drop: false }`
[INFO] [stdout] e1aafa80c1bbed1bf8415a6924d9f8ff8a0d940b0b05ddad4d4fae46fa7abf7b
[INFO] running `Command { std: "docker" "start" "-a" "e1aafa80c1bbed1bf8415a6924d9f8ff8a0d940b0b05ddad4d4fae46fa7abf7b", kill_on_drop: false }`
[INFO] [stderr]    Compiling syn v1.0.99
[INFO] [stderr]     Checking cfg-if v1.0.0
[INFO] [stderr]     Checking libc v0.2.131
[INFO] [stderr]    Compiling futures-core v0.3.23
[INFO] [stderr]     Checking memchr v2.5.0
[INFO] [stderr]     Checking pin-project-lite v0.2.9
[INFO] [stderr]    Compiling log v0.4.17
[INFO] [stderr]    Compiling generic-array v0.14.6
[INFO] [stderr]    Compiling slab v0.4.7
[INFO] [stderr]     Checking smallvec v1.9.0
[INFO] [stderr]     Checking futures-sink v0.3.23
[INFO] [stderr]     Checking scopeguard v1.1.0
[INFO] [stderr]    Compiling futures-task v0.3.23
[INFO] [stderr]    Compiling futures-channel v0.3.23
[INFO] [stderr]     Checking lock_api v0.4.7
[INFO] [stderr]     Checking typenum v1.15.0
[INFO] [stderr]    Compiling futures-util v0.3.23
[INFO] [stderr]     Checking parking_lot_core v0.9.3
[INFO] [stderr]     Checking mio v0.8.4
[INFO] [stderr]    Compiling jobserver v0.1.24
[INFO] [stderr]     Checking num_cpus v1.13.1
[INFO] [stderr]     Checking parking_lot v0.12.1
[INFO] [stderr]     Checking signal-hook-registry v1.4.0
[INFO] [stderr]     Checking socket2 v0.4.4
[INFO] [stderr]    Compiling cc v1.0.73
[INFO] [stderr]     Checking once_cell v1.13.0
[INFO] [stderr]    Compiling unicode-xid v0.2.3
[INFO] [stderr]     Checking futures-io v0.3.23
[INFO] [stderr]    Compiling failure_derive v0.1.8
[INFO] [stderr]     Checking bytes v1.2.1
[INFO] [stderr]     Checking adler v1.0.2
[INFO] [stderr]     Checking pin-utils v0.1.0
[INFO] [stderr]     Checking gimli v0.26.2
[INFO] [stderr]     Checking miniz_oxide v0.5.3
[INFO] [stderr]     Checking rand v0.4.6
[INFO] [stderr]     Checking object v0.29.0
[INFO] [stderr]    Compiling num-traits v0.2.15
[INFO] [stderr]     Checking rustc-demangle v0.1.21
[INFO] [stderr]    Compiling same-file v1.0.6
[INFO] [stderr]    Compiling radium v0.6.2
[INFO] [stderr]    Compiling walkdir v2.3.2
[INFO] [stderr]    Compiling num-integer v0.1.45
[INFO] [stderr]     Checking rand v0.3.23
[INFO] [stderr]     Checking digest v0.9.0
[INFO] [stderr]     Checking tap v1.0.1
[INFO] [stderr]     Checking byteorder v1.4.3
[INFO] [stderr]    Compiling backtrace v0.3.66
[INFO] [stderr]    Compiling openh264-sys2 v0.2.14
[INFO] [stderr]     Checking wyz v0.2.0
[INFO] [stderr]     Checking funty v1.1.0
[INFO] [stderr]     Checking subtle v2.4.1
[INFO] [stderr]     Checking crypto-mac v0.11.1
[INFO] [stderr]     Checking block-buffer v0.9.0
[INFO] [stderr]     Checking time v0.1.44
[INFO] [stderr]     Checking cfg-if v0.1.10
[INFO] [stderr]     Checking cpufeatures v0.2.2
[INFO] [stderr]     Checking opaque-debug v0.3.0
[INFO] [stderr]     Checking iana-time-zone v0.1.44
[INFO] [stderr]     Checking sha2 v0.9.9
[INFO] [stderr]     Checking uuid v0.6.5
[INFO] [stderr]     Checking hmac v0.11.0
[INFO] [stderr]     Checking bitvec v0.20.4
[INFO] [stderr]    Compiling h264_lib v0.1.0 (/opt/rustwide/workdir)
[INFO] [stderr]     Checking chrono v0.4.22
[INFO] [stderr] The following warnings were emitted during compilation:
[INFO] [stderr] 
[INFO] [stderr] warning: h264_lib@0.1.0: depends/simplest_librtmp_send264/librtmp_send264.cpp:4:10: fatal error: librtmp\rtmp.h: No such file or directory
[INFO] [stderr] warning: h264_lib@0.1.0:     4 | #include "librtmp\rtmp.h"
[INFO] [stderr] warning: h264_lib@0.1.0:       |          ^~~~~~~~~~~~~~~~
[INFO] [stderr] warning: h264_lib@0.1.0: compilation terminated.
[INFO] [stderr] 
[INFO] [stderr] error: failed to run custom build command for `h264_lib v0.1.0 (/opt/rustwide/workdir)`
[INFO] [stderr] note: To improve backtraces for build dependencies, set the CARGO_PROFILE_DEV_BUILD_OVERRIDE_DEBUG=true environment variable to enable debug information generation.
[INFO] [stderr] 
[INFO] [stderr] Caused by:
[INFO] [stderr]   process didn't exit successfully: `/opt/rustwide/target/debug/build/h264_lib-519db9bcac39fe5a/build-script-build` (exit status: 1)
[INFO] [stderr]   --- stdout
[INFO] [stderr]   cargo:rustc-link-search=native=./depends/librtmp/lib
[INFO] [stderr]   cargo:rustc-link-lib=static=librtmp
[INFO] [stderr]   TARGET = Some("x86_64-unknown-linux-gnu")
[INFO] [stderr]   OPT_LEVEL = Some("0")
[INFO] [stderr]   HOST = Some("x86_64-unknown-linux-gnu")
[INFO] [stderr]   CC_x86_64-unknown-linux-gnu = None
[INFO] [stderr]   CC_x86_64_unknown_linux_gnu = None
[INFO] [stderr]   HOST_CC = None
[INFO] [stderr]   CC = None
[INFO] [stderr]   CFLAGS_x86_64-unknown-linux-gnu = None
[INFO] [stderr]   CFLAGS_x86_64_unknown_linux_gnu = None
[INFO] [stderr]   HOST_CFLAGS = None
[INFO] [stderr]   CFLAGS = None
[INFO] [stderr]   CRATE_CC_NO_DEFAULTS = None
[INFO] [stderr]   DEBUG = Some("true")
[INFO] [stderr]   CARGO_CFG_TARGET_FEATURE = Some("fxsr,sse,sse2")
[INFO] [stderr]   running: "cc" "-O0" "-ffunction-sections" "-fdata-sections" "-fPIC" "-g" "-fno-omit-frame-pointer" "-m64" "-I" "depends/librtmp/include" "-o" "/opt/rustwide/target/debug/build/h264_lib-d53b8d4538d2485a/out/depends/simplest_librtmp_send264/librtmp_send264.o" "-c" "depends/simplest_librtmp_send264/librtmp_send264.cpp"
[INFO] [stderr]   cargo:warning=depends/simplest_librtmp_send264/librtmp_send264.cpp:4:10: fatal error: librtmp\rtmp.h: No such file or directory
[INFO] [stderr]   cargo:warning=    4 | #include "librtmp\rtmp.h"
[INFO] [stderr]   cargo:warning=      |          ^~~~~~~~~~~~~~~~
[INFO] [stderr]   cargo:warning=compilation terminated.
[INFO] [stderr]   exit status: 1
[INFO] [stderr] 
[INFO] [stderr]   --- stderr
[INFO] [stderr] 
[INFO] [stderr] 
[INFO] [stderr]   error occurred: Command "cc" "-O0" "-ffunction-sections" "-fdata-sections" "-fPIC" "-g" "-fno-omit-frame-pointer" "-m64" "-I" "depends/librtmp/include" "-o" "/opt/rustwide/target/debug/build/h264_lib-d53b8d4538d2485a/out/depends/simplest_librtmp_send264/librtmp_send264.o" "-c" "depends/simplest_librtmp_send264/librtmp_send264.cpp" with args "cc" did not execute successfully (status code exit status: 1).
[INFO] [stderr] 
[INFO] [stderr] 
[INFO] [stderr] warning: build failed, waiting for other jobs to finish...
[INFO] running `Command { std: "docker" "inspect" "e1aafa80c1bbed1bf8415a6924d9f8ff8a0d940b0b05ddad4d4fae46fa7abf7b", kill_on_drop: false }`
[INFO] running `Command { std: "docker" "rm" "-f" "e1aafa80c1bbed1bf8415a6924d9f8ff8a0d940b0b05ddad4d4fae46fa7abf7b", kill_on_drop: false }`
[INFO] [stdout] e1aafa80c1bbed1bf8415a6924d9f8ff8a0d940b0b05ddad4d4fae46fa7abf7b
[INFO] documenting X-MENG/h264_lib against beta-2023-12-22 for beta-1.76-rustdoc-1
[INFO] running `Command { std: "git" "clone" "/workspace/cache/git-repos/https%3A%2F%2Fgithub.com%2FX-MENG%2Fh264_lib" "/workspace/builds/worker-5-tc2/source", kill_on_drop: false }`
[INFO] [stderr] Cloning into '/workspace/builds/worker-5-tc2/source'...
[INFO] [stderr] done.
[INFO] validating manifest of git repo https://github.com/X-MENG/h264_lib on toolchain beta-2023-12-22
[INFO] running `Command { std: CARGO_HOME="/workspace/cargo-home" RUSTUP_HOME="/workspace/rustup-home" "/workspace/cargo-home/bin/cargo" "+beta-2023-12-22" "metadata" "--manifest-path" "Cargo.toml" "--no-deps", kill_on_drop: false }`
[INFO] started tweaking git repo https://github.com/X-MENG/h264_lib
[INFO] finished tweaking git repo https://github.com/X-MENG/h264_lib
[INFO] tweaked toml for git repo https://github.com/X-MENG/h264_lib written to /workspace/builds/worker-5-tc2/source/Cargo.toml
[INFO] crate git repo https://github.com/X-MENG/h264_lib already has a lockfile, it will not be regenerated
[INFO] running `Command { std: CARGO_HOME="/workspace/cargo-home" RUSTUP_HOME="/workspace/rustup-home" "/workspace/cargo-home/bin/cargo" "+beta-2023-12-22" "fetch" "--manifest-path" "Cargo.toml", kill_on_drop: false }`
[INFO] running `Command { std: "docker" "create" "-v" "/var/lib/crater-agent-workspace/builds/worker-5-tc2/target:/opt/rustwide/target:rw,Z" "-v" "/var/lib/crater-agent-workspace/builds/worker-5-tc2/source:/opt/rustwide/workdir:ro,Z" "-v" "/var/lib/crater-agent-workspace/cargo-home:/opt/rustwide/cargo-home:ro,Z" "-v" "/var/lib/crater-agent-workspace/rustup-home:/opt/rustwide/rustup-home:ro,Z" "-e" "SOURCE_DIR=/opt/rustwide/workdir" "-e" "CARGO_TARGET_DIR=/opt/rustwide/target" "-e" "CARGO_HOME=/opt/rustwide/cargo-home" "-e" "RUSTUP_HOME=/opt/rustwide/rustup-home" "-w" "/opt/rustwide/workdir" "-m" "1610612736" "--user" "0:0" "--network" "none" "ghcr.io/rust-lang/crates-build-env/linux@sha256:2788e3201cd34a07e3172128adcd8b3090168a8e3bcc40d7c032b9dda1df7d1c" "/opt/rustwide/cargo-home/bin/cargo" "+beta-2023-12-22" "metadata" "--no-deps" "--format-version=1", kill_on_drop: false }`
[INFO] [stdout] 309c07571b39043053cb7468869724f75d018513f974209c5070aa15048752c9
[INFO] running `Command { std: "docker" "start" "-a" "309c07571b39043053cb7468869724f75d018513f974209c5070aa15048752c9", kill_on_drop: false }`
[INFO] running `Command { std: "docker" "inspect" "309c07571b39043053cb7468869724f75d018513f974209c5070aa15048752c9", kill_on_drop: false }`
[INFO] running `Command { std: "docker" "rm" "-f" "309c07571b39043053cb7468869724f75d018513f974209c5070aa15048752c9", kill_on_drop: false }`
[INFO] [stdout] 309c07571b39043053cb7468869724f75d018513f974209c5070aa15048752c9
[INFO] running `Command { std: "docker" "create" "-v" "/var/lib/crater-agent-workspace/builds/worker-5-tc2/target:/opt/rustwide/target:rw,Z" "-v" "/var/lib/crater-agent-workspace/builds/worker-5-tc2/source:/opt/rustwide/workdir:ro,Z" "-v" "/var/lib/crater-agent-workspace/cargo-home:/opt/rustwide/cargo-home:ro,Z" "-v" "/var/lib/crater-agent-workspace/rustup-home:/opt/rustwide/rustup-home:ro,Z" "-e" "SOURCE_DIR=/opt/rustwide/workdir" "-e" "CARGO_TARGET_DIR=/opt/rustwide/target" "-e" "CARGO_INCREMENTAL=0" "-e" "RUST_BACKTRACE=full" "-e" "RUSTFLAGS=--cap-lints=warn" "-e" "RUSTDOCFLAGS=--cap-lints=warn" "-e" "CARGO_HOME=/opt/rustwide/cargo-home" "-e" "RUSTUP_HOME=/opt/rustwide/rustup-home" "-w" "/opt/rustwide/workdir" "-m" "1610612736" "--user" "0:0" "--network" "none" "ghcr.io/rust-lang/crates-build-env/linux@sha256:2788e3201cd34a07e3172128adcd8b3090168a8e3bcc40d7c032b9dda1df7d1c" "/opt/rustwide/cargo-home/bin/cargo" "+beta-2023-12-22" "doc" "--frozen" "--no-deps" "--document-private-items" "--message-format=json", kill_on_drop: false }`
[INFO] [stdout] 9072d900e40948b4dc77366e07dc015953dc18e116104ee1881d356cfee2aa37
[INFO] running `Command { std: "docker" "start" "-a" "9072d900e40948b4dc77366e07dc015953dc18e116104ee1881d356cfee2aa37", kill_on_drop: false }`
[INFO] [stderr]     Checking libc v0.2.131
[INFO] [stderr]    Compiling syn v1.0.99
[INFO] [stderr]     Checking cfg-if v1.0.0
[INFO] [stderr]    Compiling futures-core v0.3.23
[INFO] [stderr]     Checking memchr v2.5.0
[INFO] [stderr]     Checking pin-project-lite v0.2.9
[INFO] [stderr]    Compiling log v0.4.17
[INFO] [stderr]    Compiling generic-array v0.14.6
[INFO] [stderr]    Compiling slab v0.4.7
[INFO] [stderr]    Compiling futures-task v0.3.23
[INFO] [stderr]     Checking smallvec v1.9.0
[INFO] [stderr]     Checking futures-sink v0.3.23
[INFO] [stderr]     Checking scopeguard v1.1.0
[INFO] [stderr]    Compiling jobserver v0.1.24
[INFO] [stderr]    Compiling futures-channel v0.3.23
[INFO] [stderr]     Checking lock_api v0.4.7
[INFO] [stderr]     Checking typenum v1.15.0
[INFO] [stderr]     Checking parking_lot_core v0.9.3
[INFO] [stderr]    Compiling cc v1.0.73
[INFO] [stderr]    Compiling futures-util v0.3.23
[INFO] [stderr]     Checking mio v0.8.4
[INFO] [stderr]     Checking parking_lot v0.12.1
[INFO] [stderr]     Checking signal-hook-registry v1.4.0
[INFO] [stderr]     Checking socket2 v0.4.4
[INFO] [stderr]     Checking num_cpus v1.13.1
[INFO] [stderr]    Compiling failure_derive v0.1.8
[INFO] [stderr]     Checking adler v1.0.2
[INFO] [stderr]     Checking once_cell v1.13.0
[INFO] [stderr]     Checking pin-utils v0.1.0
[INFO] [stderr]     Checking bytes v1.2.1
[INFO] [stderr]     Checking gimli v0.26.2
[INFO] [stderr]    Compiling unicode-xid v0.2.3
[INFO] [stderr]     Checking futures-io v0.3.23
[INFO] [stderr]     Checking miniz_oxide v0.5.3
[INFO] [stderr]     Checking rand v0.4.6
[INFO] [stderr]     Checking object v0.29.0
[INFO] [stderr]    Compiling num-traits v0.2.15
[INFO] [stderr]    Compiling same-file v1.0.6
[INFO] [stderr]    Compiling radium v0.6.2
[INFO] [stderr]     Checking rustc-demangle v0.1.21
[INFO] [stderr]    Compiling walkdir v2.3.2
[INFO] [stderr]    Compiling backtrace v0.3.66
[INFO] [stderr]    Compiling num-integer v0.1.45
[INFO] [stderr]    Compiling openh264-sys2 v0.2.14
[INFO] [stderr]     Checking rand v0.3.23
[INFO] [stderr]     Checking digest v0.9.0
[INFO] [stderr]     Checking wyz v0.2.0
[INFO] [stderr]     Checking funty v1.1.0
[INFO] [stderr]     Checking subtle v2.4.1
[INFO] [stderr]     Checking tap v1.0.1
[INFO] [stderr]     Checking byteorder v1.4.3
[INFO] [stderr]     Checking crypto-mac v0.11.1
[INFO] [stderr]     Checking block-buffer v0.9.0
[INFO] [stderr]     Checking time v0.1.44
[INFO] [stderr]     Checking cpufeatures v0.2.2
[INFO] [stderr]     Checking opaque-debug v0.3.0
[INFO] [stderr]     Checking iana-time-zone v0.1.44
[INFO] [stderr]     Checking cfg-if v0.1.10
[INFO] [stderr]     Checking sha2 v0.9.9
[INFO] [stderr]     Checking uuid v0.6.5
[INFO] [stderr]     Checking bitvec v0.20.4
[INFO] [stderr]     Checking hmac v0.11.0
[INFO] [stderr]    Compiling h264_lib v0.1.0 (/opt/rustwide/workdir)
[INFO] [stderr]     Checking addr2line v0.17.0
[INFO] [stderr]     Checking chrono v0.4.22
[INFO] [stderr] The following warnings were emitted during compilation:
[INFO] [stderr] 
[INFO] [stderr] warning: h264_lib@0.1.0: depends/simplest_librtmp_send264/librtmp_send264.cpp:4:10: fatal error: librtmp\rtmp.h: No such file or directory
[INFO] [stderr] warning: h264_lib@0.1.0:     4 | #include "librtmp\rtmp.h"
[INFO] [stderr] warning: h264_lib@0.1.0:       |          ^~~~~~~~~~~~~~~~
[INFO] [stderr] warning: h264_lib@0.1.0: compilation terminated.
[INFO] [stderr] 
[INFO] [stderr] error: failed to run custom build command for `h264_lib v0.1.0 (/opt/rustwide/workdir)`
[INFO] [stderr] note: To improve backtraces for build dependencies, set the CARGO_PROFILE_DEV_BUILD_OVERRIDE_DEBUG=true environment variable to enable debug information generation.
[INFO] [stderr] 
[INFO] [stderr] Caused by:
[INFO] [stderr]   process didn't exit successfully: `/opt/rustwide/target/debug/build/h264_lib-1261985983f8dad5/build-script-build` (exit status: 1)
[INFO] [stderr]   --- stdout
[INFO] [stderr]   cargo:rustc-link-search=native=./depends/librtmp/lib
[INFO] [stderr]   cargo:rustc-link-lib=static=librtmp
[INFO] [stderr]   TARGET = Some("x86_64-unknown-linux-gnu")
[INFO] [stderr]   OPT_LEVEL = Some("0")
[INFO] [stderr]   HOST = Some("x86_64-unknown-linux-gnu")
[INFO] [stderr]   CC_x86_64-unknown-linux-gnu = None
[INFO] [stderr]   CC_x86_64_unknown_linux_gnu = None
[INFO] [stderr]   HOST_CC = None
[INFO] [stderr]   CC = None
[INFO] [stderr]   CFLAGS_x86_64-unknown-linux-gnu = None
[INFO] [stderr]   CFLAGS_x86_64_unknown_linux_gnu = None
[INFO] [stderr]   HOST_CFLAGS = None
[INFO] [stderr]   CFLAGS = None
[INFO] [stderr]   CRATE_CC_NO_DEFAULTS = None
[INFO] [stderr]   DEBUG = Some("true")
[INFO] [stderr]   CARGO_CFG_TARGET_FEATURE = Some("fxsr,sse,sse2")
[INFO] [stderr]   running: "cc" "-O0" "-ffunction-sections" "-fdata-sections" "-fPIC" "-g" "-fno-omit-frame-pointer" "-m64" "-I" "depends/librtmp/include" "-o" "/opt/rustwide/target/debug/build/h264_lib-447439e9f997412a/out/depends/simplest_librtmp_send264/librtmp_send264.o" "-c" "depends/simplest_librtmp_send264/librtmp_send264.cpp"
[INFO] [stderr]   cargo:warning=depends/simplest_librtmp_send264/librtmp_send264.cpp:4:10: fatal error: librtmp\rtmp.h: No such file or directory
[INFO] [stderr]   cargo:warning=    4 | #include "librtmp\rtmp.h"
[INFO] [stderr]   cargo:warning=      |          ^~~~~~~~~~~~~~~~
[INFO] [stderr]   cargo:warning=compilation terminated.
[INFO] [stderr]   exit status: 1
[INFO] [stderr] 
[INFO] [stderr]   --- stderr
[INFO] [stderr] 
[INFO] [stderr] 
[INFO] [stderr]   error occurred: Command "cc" "-O0" "-ffunction-sections" "-fdata-sections" "-fPIC" "-g" "-fno-omit-frame-pointer" "-m64" "-I" "depends/librtmp/include" "-o" "/opt/rustwide/target/debug/build/h264_lib-447439e9f997412a/out/depends/simplest_librtmp_send264/librtmp_send264.o" "-c" "depends/simplest_librtmp_send264/librtmp_send264.cpp" with args "cc" did not execute successfully (status code exit status: 1).
[INFO] [stderr] 
[INFO] [stderr] 
[INFO] [stderr] warning: build failed, waiting for other jobs to finish...
[INFO] running `Command { std: "docker" "inspect" "9072d900e40948b4dc77366e07dc015953dc18e116104ee1881d356cfee2aa37", kill_on_drop: false }`
[INFO] running `Command { std: "docker" "rm" "-f" "9072d900e40948b4dc77366e07dc015953dc18e116104ee1881d356cfee2aa37", kill_on_drop: false }`
[INFO] [stdout] 9072d900e40948b4dc77366e07dc015953dc18e116104ee1881d356cfee2aa37
