[INFO] cloning repository https://github.com/WynnBuilderTools/WynnBuilderTools
[INFO] running `Command { std: "git" "-c" "credential.helper=" "-c" "credential.helper=/workspace/cargo-home/bin/git-credential-null" "clone" "--bare" "https://github.com/WynnBuilderTools/WynnBuilderTools" "/workspace/cache/git-repos/https%3A%2F%2Fgithub.com%2FWynnBuilderTools%2FWynnBuilderTools", kill_on_drop: false }`
[INFO] [stderr] Cloning into bare repository '/workspace/cache/git-repos/https%3A%2F%2Fgithub.com%2FWynnBuilderTools%2FWynnBuilderTools'...
[INFO] running `Command { std: "git" "rev-parse" "HEAD", kill_on_drop: false }`
[INFO] [stdout] 1912a1ba06b719315bab64d4f36703d2183267e2
[INFO] documenting WynnBuilderTools/WynnBuilderTools against 1.75.0 for beta-1.76-rustdoc-1
[INFO] running `Command { std: "git" "clone" "/workspace/cache/git-repos/https%3A%2F%2Fgithub.com%2FWynnBuilderTools%2FWynnBuilderTools" "/workspace/builds/worker-3-tc1/source", kill_on_drop: false }`
[INFO] [stderr] Cloning into '/workspace/builds/worker-3-tc1/source'...
[INFO] [stderr] done.
[INFO] validating manifest of git repo https://github.com/WynnBuilderTools/WynnBuilderTools on toolchain 1.75.0
[INFO] running `Command { std: CARGO_HOME="/workspace/cargo-home" RUSTUP_HOME="/workspace/rustup-home" "/workspace/cargo-home/bin/cargo" "+1.75.0" "metadata" "--manifest-path" "Cargo.toml" "--no-deps", kill_on_drop: false }`
[INFO] started tweaking git repo https://github.com/WynnBuilderTools/WynnBuilderTools
[INFO] finished tweaking git repo https://github.com/WynnBuilderTools/WynnBuilderTools
[INFO] tweaked toml for git repo https://github.com/WynnBuilderTools/WynnBuilderTools written to /workspace/builds/worker-3-tc1/source/Cargo.toml
[INFO] crate git repo https://github.com/WynnBuilderTools/WynnBuilderTools already has a lockfile, it will not be regenerated
[INFO] running `Command { std: CARGO_HOME="/workspace/cargo-home" RUSTUP_HOME="/workspace/rustup-home" "/workspace/cargo-home/bin/cargo" "+1.75.0" "fetch" "--manifest-path" "Cargo.toml", kill_on_drop: false }`
[INFO] running `Command { std: "docker" "create" "-v" "/var/lib/crater-agent-workspace/builds/worker-3-tc1/target:/opt/rustwide/target:rw,Z" "-v" "/var/lib/crater-agent-workspace/builds/worker-3-tc1/source:/opt/rustwide/workdir:ro,Z" "-v" "/var/lib/crater-agent-workspace/cargo-home:/opt/rustwide/cargo-home:ro,Z" "-v" "/var/lib/crater-agent-workspace/rustup-home:/opt/rustwide/rustup-home:ro,Z" "-e" "SOURCE_DIR=/opt/rustwide/workdir" "-e" "CARGO_TARGET_DIR=/opt/rustwide/target" "-e" "CARGO_HOME=/opt/rustwide/cargo-home" "-e" "RUSTUP_HOME=/opt/rustwide/rustup-home" "-w" "/opt/rustwide/workdir" "-m" "1610612736" "--user" "0:0" "--network" "none" "ghcr.io/rust-lang/crates-build-env/linux@sha256:2788e3201cd34a07e3172128adcd8b3090168a8e3bcc40d7c032b9dda1df7d1c" "/opt/rustwide/cargo-home/bin/cargo" "+1.75.0" "metadata" "--no-deps" "--format-version=1", kill_on_drop: false }`
[INFO] [stdout] af2cf153c43f9ff90b71a5088151d1a29aa2e2abd11e1de636d89a37526e1a6c
[INFO] running `Command { std: "docker" "start" "-a" "af2cf153c43f9ff90b71a5088151d1a29aa2e2abd11e1de636d89a37526e1a6c", kill_on_drop: false }`
[INFO] running `Command { std: "docker" "inspect" "af2cf153c43f9ff90b71a5088151d1a29aa2e2abd11e1de636d89a37526e1a6c", kill_on_drop: false }`
[INFO] running `Command { std: "docker" "rm" "-f" "af2cf153c43f9ff90b71a5088151d1a29aa2e2abd11e1de636d89a37526e1a6c", kill_on_drop: false }`
[INFO] [stdout] af2cf153c43f9ff90b71a5088151d1a29aa2e2abd11e1de636d89a37526e1a6c
[INFO] running `Command { std: "docker" "create" "-v" "/var/lib/crater-agent-workspace/builds/worker-3-tc1/target:/opt/rustwide/target:rw,Z" "-v" "/var/lib/crater-agent-workspace/builds/worker-3-tc1/source:/opt/rustwide/workdir:ro,Z" "-v" "/var/lib/crater-agent-workspace/cargo-home:/opt/rustwide/cargo-home:ro,Z" "-v" "/var/lib/crater-agent-workspace/rustup-home:/opt/rustwide/rustup-home:ro,Z" "-e" "SOURCE_DIR=/opt/rustwide/workdir" "-e" "CARGO_TARGET_DIR=/opt/rustwide/target" "-e" "CARGO_INCREMENTAL=0" "-e" "RUST_BACKTRACE=full" "-e" "RUSTFLAGS=--cap-lints=warn" "-e" "RUSTDOCFLAGS=--cap-lints=warn" "-e" "CARGO_HOME=/opt/rustwide/cargo-home" "-e" "RUSTUP_HOME=/opt/rustwide/rustup-home" "-w" "/opt/rustwide/workdir" "-m" "1610612736" "--user" "0:0" "--network" "none" "ghcr.io/rust-lang/crates-build-env/linux@sha256:2788e3201cd34a07e3172128adcd8b3090168a8e3bcc40d7c032b9dda1df7d1c" "/opt/rustwide/cargo-home/bin/cargo" "+1.75.0" "doc" "--frozen" "--no-deps" "--document-private-items" "--message-format=json", kill_on_drop: false }`
[INFO] [stdout] 4e2573a027e93bc3d4054e5a6659418c6d9fa363830688162527299dd9210e47
[INFO] running `Command { std: "docker" "start" "-a" "4e2573a027e93bc3d4054e5a6659418c6d9fa363830688162527299dd9210e47", kill_on_drop: false }`
[INFO] [stderr]    Compiling num-traits v0.2.16
[INFO] [stderr]    Compiling cfg-if v1.0.0
[INFO] [stderr]    Compiling serde v1.0.188
[INFO] [stderr]     Checking once_cell v1.18.0
[INFO] [stderr]    Compiling ahash v0.8.3
[INFO] [stderr]    Compiling futures-util v0.3.28
[INFO] [stderr]    Compiling libc v0.2.147
[INFO] [stderr]    Compiling crossbeam-utils v0.8.16
[INFO] [stderr]    Compiling serde_json v1.0.105
[INFO] [stderr]    Compiling futures-core v0.3.28
[INFO] [stderr]    Compiling typenum v1.16.0
[INFO] [stderr]    Compiling num-integer v0.1.45
[INFO] [stderr]    Compiling scopeguard v1.2.0
[INFO] [stderr]    Compiling spin v0.5.2
[INFO] [stderr]    Compiling futures-channel v0.3.28
[INFO] [stderr]    Compiling rustls v0.21.7
[INFO] [stderr]    Compiling untrusted v0.7.1
[INFO] [stderr]    Compiling pin-project-lite v0.2.13
[INFO] [stderr]    Compiling crossbeam-queue v0.3.8
[INFO] [stderr]    Compiling lock_api v0.4.10
[INFO] [stderr]    Compiling pin-project-internal v1.1.3
[INFO] [stderr]    Compiling futures-sink v0.3.28
[INFO] [stderr]    Compiling tinyvec_macros v0.1.1
[INFO] [stderr]    Compiling paste v1.0.14
[INFO] [stderr]    Compiling memchr v2.6.2
[INFO] [stderr]    Compiling tinyvec v1.6.0
[INFO] [stderr]    Compiling allocator-api2 v0.2.16
[INFO] [stderr]    Compiling smallvec v1.11.0
[INFO] [stderr]    Compiling futures-task v0.3.28
[INFO] [stderr]    Compiling slab v0.4.9
[INFO] [stderr]    Compiling cc v1.0.83
[INFO] [stderr]    Compiling getrandom v0.2.10
[INFO] [stderr]    Compiling mio v0.8.8
[INFO] [stderr]    Compiling parking_lot_core v0.9.8
[INFO] [stderr]    Compiling socket2 v0.5.3
[INFO] [stderr]    Compiling memoffset v0.9.0
[INFO] [stderr]    Compiling generic-array v0.14.7
[INFO] [stderr]     Checking hashbrown v0.14.0
[INFO] [stderr]    Compiling pin-utils v0.1.0
[INFO] [stderr]    Compiling bytes v1.4.0
[INFO] [stderr]    Compiling percent-encoding v2.3.0
[INFO] [stderr]    Compiling unicode-normalization v0.1.22
[INFO] [stderr]    Compiling futures-io v0.3.28
[INFO] [stderr]    Compiling unicode-bidi v0.3.13
[INFO] [stderr]    Compiling minimal-lexical v0.2.1
[INFO] [stderr]    Compiling form_urlencoded v1.2.0
[INFO] [stderr]    Compiling crypto-common v0.1.6
[INFO] [stderr]    Compiling block-buffer v0.10.4
[INFO] [stderr]    Compiling parking_lot v0.12.1
[INFO] [stderr]    Compiling nom v7.1.3
[INFO] [stderr]    Compiling digest v0.10.7
[INFO] [stderr]    Compiling tokio v1.32.0
[INFO] [stderr]    Compiling tracing-core v0.1.31
[INFO] [stderr]    Compiling crossbeam-epoch v0.9.15
[INFO] [stderr]    Compiling base64 v0.21.3
[INFO] [stderr]    Compiling idna v0.4.0
[INFO] [stderr]    Compiling ryu v1.0.15
[INFO] [stderr]    Compiling crc-catalog v2.2.0
[INFO] [stderr]    Compiling iana-time-zone v0.1.57
[INFO] [stderr]    Compiling equivalent v1.0.1
[INFO] [stderr]    Compiling rustix v0.38.11
[INFO] [stderr]    Compiling log v0.4.20
[INFO] [stderr]    Compiling unicode_categories v0.1.1
[INFO] [stderr]    Compiling cpufeatures v0.2.9
[INFO] [stderr]    Compiling itoa v1.0.9
[INFO] [stderr]    Compiling ring v0.16.20
[INFO] [stderr]    Compiling libsqlite3-sys v0.26.0
[INFO] [stderr]    Compiling pin-project v1.1.3
[INFO] [stderr]    Compiling tracing v0.1.37
[INFO] [stderr]    Compiling sha2 v0.10.7
[INFO] [stderr]    Compiling chrono v0.4.28
[INFO] [stderr]    Compiling rustls-pemfile v1.0.3
[INFO] [stderr]    Compiling heck v0.4.1
[INFO] [stderr]    Compiling indexmap v2.0.0
[INFO] [stderr]    Compiling url v2.4.1
[INFO] [stderr]    Compiling crc v3.0.1
[INFO] [stderr]    Compiling futures-intrusive v0.5.0
[INFO] [stderr]    Compiling hashlink v0.8.4
[INFO] [stderr]    Compiling atoi v2.0.0
[INFO] [stderr]    Compiling spin v0.9.8
[INFO] [stderr]    Compiling thiserror v1.0.47
[INFO] [stderr]    Compiling num-iter v0.1.43
[INFO] [stderr]    Compiling num-bigint v0.2.6
[INFO] [stderr]    Compiling syn v1.0.109
[INFO] [stderr]    Compiling event-listener v2.5.3
[INFO] [stderr]    Compiling bitflags v2.4.0
[INFO] [stderr]    Compiling hex v0.4.3
[INFO] [stderr]    Compiling byteorder v1.4.3
[INFO] [stderr]    Compiling dotenvy v0.15.7
[INFO] [stderr]    Compiling linux-raw-sys v0.4.5
[INFO] [stderr]     Checking either v1.9.0
[INFO] [stderr]    Compiling flume v0.10.14
[INFO] [stderr]     Checking itertools v0.10.5
[INFO] [stderr]    Compiling num-bigint v0.4.4
[INFO] [stderr]    Compiling num-rational v0.2.4
[INFO] [stderr]    Compiling num-complex v0.2.4
[INFO] [stderr]    Compiling rayon-core v1.11.0
[INFO] [stderr]    Compiling fastrand v2.0.0
[INFO] [stderr]     Checking crossbeam-deque v0.8.3
[INFO] [stderr]    Compiling futures-executor v0.3.28
[INFO] [stderr]     Checking tokio-stream v0.1.14
[INFO] [stderr]     Checking sqlformat v0.2.1
[INFO] [stderr]     Checking crossbeam-channel v0.5.8
[INFO] [stderr]    Compiling num-rational v0.4.1
[INFO] [stderr]     Checking half v1.8.2
[INFO] [stderr]    Compiling anyhow v1.0.75
[INFO] [stderr]     Checking plotters-backend v0.3.5
[INFO] [stderr]     Checking anstyle v1.0.2
[INFO] [stderr]     Checking os_str_bytes v6.5.1
[INFO] [stderr]     Checking ciborium-io v0.2.1
[INFO] [stderr]     Checking ciborium-ll v0.2.1
[INFO] [stderr]     Checking anstream v0.5.0
[INFO] [stderr]     Checking clap_lex v0.2.4
[INFO] [stderr]     Checking plotters-svg v0.3.5
[INFO] [stderr]    Compiling tempfile v3.8.0
[INFO] [stderr]     Checking serde_spanned v0.6.3
[INFO] [stderr]     Checking toml_datetime v0.6.3
[INFO] [stderr]     Checking winnow v0.5.15
[INFO] [stderr]     Checking clap_lex v0.5.1
[INFO] [stderr]     Checking cast v0.3.0
[INFO] [stderr]     Checking same-file v1.0.6
[INFO] [stderr]     Checking textwrap v0.16.0
[INFO] [stderr]     Checking num v0.2.1
[INFO] [stderr]     Checking clap_builder v4.4.2
[INFO] [stderr]     Checking criterion-plot v0.5.0
[INFO] [stderr]     Checking rayon v1.7.0
[INFO] [stderr]     Checking walkdir v2.3.3
[INFO] [stderr]     Checking plotters v0.3.5
[INFO] [stderr]     Checking ciborium v0.2.1
[INFO] [stderr]     Checking clap v3.2.25
[INFO] [stderr]     Checking rustls-webpki v0.101.4
[INFO] [stderr]     Checking sct v0.7.0
[INFO] [stderr]     Checking tinytemplate v1.2.1
[INFO] [stderr]    Compiling clap_derive v4.4.2
[INFO] [stderr]     Checking num-complex v0.4.4
[INFO] [stderr]     Checking webpki-roots v0.24.0
[INFO] [stderr]     Checking atty v0.2.14
[INFO] [stderr]     Checking anes v0.1.6
[INFO] [stderr]     Checking oorandom v11.1.3
[INFO] [stderr]     Checking num v0.4.1
[INFO] [stderr]     Checking sql-builder v3.1.1
[INFO] [stderr]     Checking rand v0.8.5
[INFO] [stderr]     Checking percentage v0.1.0
[INFO] [stderr]     Checking fastrand v1.9.0
[INFO] [stderr]     Checking toml_edit v0.19.14
[INFO] [stderr]     Checking criterion v0.4.0
[INFO] [stderr]     Checking sqlx-core v0.7.1
[INFO] [stderr]     Checking clap v4.4.2
[INFO] [stderr]     Checking toml v0.7.6
[INFO] [stderr]     Checking sqlx-sqlite v0.7.1
[INFO] [stderr]    Compiling sqlx-macros-core v0.7.1
[INFO] [stderr]    Compiling sqlx-macros v0.7.1
[INFO] [stderr]     Checking sqlx v0.7.1
[INFO] [stderr]     Checking wynn_build_tools v0.3.1 (/opt/rustwide/workdir)
[INFO] [stderr]  Documenting wynn_build_tools v0.3.1 (/opt/rustwide/workdir)
[INFO] [stdout] warning: unused import: `damage_calculate::*`
[INFO] [stdout]   --> src/stat/mod.rs:15:9
[INFO] [stdout]    |
[INFO] [stdout] 15 | pub use damage_calculate::*;
[INFO] [stdout]    |         ^^^^^^^^^^^^^^^^^^^
[INFO] [stdout]    |
[INFO] [stdout]    = note: `#[warn(unused_imports)]` on by default
[INFO] [stdout] 
[INFO] [stdout] 
[INFO] [stdout] error[E0554]: `#![feature]` may not be used on the stable release channel
[INFO] [stdout]  --> src/lib.rs:1:12
[INFO] [stdout]   |
[INFO] [stdout] 1 | #![feature(portable_simd)]
[INFO] [stdout]   |            ^^^^^^^^^^^^^
[INFO] [stdout] 
[INFO] [stdout] 
[INFO] [stdout] error[E0554]: `#![feature]` may not be used on the stable release channel
[INFO] [stdout]  --> src/lib.rs:2:12
[INFO] [stdout]   |
[INFO] [stdout] 2 | #![feature(maybe_uninit_uninit_array)]
[INFO] [stdout]   |            ^^^^^^^^^^^^^^^^^^^^^^^^^
[INFO] [stdout] 
[INFO] [stdout] 
[INFO] [stdout] error[E0554]: `#![feature]` may not be used on the stable release channel
[INFO] [stdout]  --> src/lib.rs:3:12
[INFO] [stdout]   |
[INFO] [stdout] 3 | #![feature(maybe_uninit_array_assume_init)]
[INFO] [stdout]   |            ^^^^^^^^^^^^^^^^^^^^^^^^^^^^^^
[INFO] [stdout] 
[INFO] [stdout] 
[INFO] [stdout] error[E0554]: `#![feature]` may not be used on the stable release channel
[INFO] [stdout]  --> src/lib.rs:1:12
[INFO] [stdout]   |
[INFO] [stdout] 1 | #![feature(portable_simd)]
[INFO] [stdout]   |            ^^^^^^^^^^^^^
[INFO] [stdout] 
[INFO] [stdout] 
[INFO] [stdout] error[E0554]: `#![feature]` may not be used on the stable release channel
[INFO] [stdout]  --> src/lib.rs:2:12
[INFO] [stdout]   |
[INFO] [stdout] 2 | #![feature(maybe_uninit_uninit_array)]
[INFO] [stdout]   |            ^^^^^^^^^^^^^^^^^^^^^^^^^
[INFO] [stdout] 
[INFO] [stdout] 
[INFO] [stdout] error[E0554]: `#![feature]` may not be used on the stable release channel
[INFO] [stdout]  --> src/lib.rs:3:12
[INFO] [stdout]   |
[INFO] [stdout] 3 | #![feature(maybe_uninit_array_assume_init)]
[INFO] [stdout]   |            ^^^^^^^^^^^^^^^^^^^^^^^^^^^^^^
[INFO] [stdout] 
[INFO] [stdout] 
[INFO] [stdout] warning: this URL is not a hyperlink
[INFO] [stdout]   --> src/stat/hp.rs:11:5
[INFO] [stdout]    |
[INFO] [stdout] 11 | /// https://github.com/hppeng-wynn/hppeng-wynn.github.io/blob/HEAD/js/builder/builder_graph.js#L528
[INFO] [stdout]    |     ^^^^^^^^^^^^^^^^^^^^^^^^^^^^^^^^^^^^^^^^^^^^^^^^^^^^^^^^^^^^^^^^^^^^^^^^^^^^^^^^^^^^^^^^^^^^^^^ help: use an automatic link instead: `<https://github.com/hppeng-wynn/hppeng-wynn.github.io/blob/HEAD/js/builder/builder_graph.js#L528>`
[INFO] [stdout]    |
[INFO] [stdout]    = note: bare URLs are not automatically turned into clickable links
[INFO] [stdout]    = note: `#[warn(rustdoc::bare_urls)]` on by default
[INFO] [stdout] 
[INFO] [stdout] 
[INFO] [stdout] warning: this URL is not a hyperlink
[INFO] [stdout]  --> src/stat/rolls.rs:3:5
[INFO] [stdout]   |
[INFO] [stdout] 3 | /// https://github.com/hppeng-wynn/hppeng-wynn.github.io/blob/HEAD/js/build_utils.js#L187
[INFO] [stdout]   |     ^^^^^^^^^^^^^^^^^^^^^^^^^^^^^^^^^^^^^^^^^^^^^^^^^^^^^^^^^^^^^^^^^^^^^^^^^^^^^^^^^^^^^ help: use an automatic link instead: `<https://github.com/hppeng-wynn/hppeng-wynn.github.io/blob/HEAD/js/build_utils.js#L187>`
[INFO] [stdout]   |
[INFO] [stdout]   = note: bare URLs are not automatically turned into clickable links
[INFO] [stdout] 
[INFO] [stdout] 
[INFO] [stdout] warning: this URL is not a hyperlink
[INFO] [stdout]   --> src/stat/damage_calculate.rs:49:5
[INFO] [stdout]    |
[INFO] [stdout] 49 | /// https://github.com/hppeng-wynn/hppeng-wynn.github.io/blob/HEAD/js/damage_calc.js#L31
[INFO] [stdout]    |     ^^^^^^^^^^^^^^^^^^^^^^^^^^^^^^^^^^^^^^^^^^^^^^^^^^^^^^^^^^^^^^^^^^^^^^^^^^^^^^^^^^^^ help: use an automatic link instead: `<https://github.com/hppeng-wynn/hppeng-wynn.github.io/blob/HEAD/js/damage_calc.js#L31>`
[INFO] [stdout]    |
[INFO] [stdout]    = note: bare URLs are not automatically turned into clickable links
[INFO] [stdout] 
[INFO] [stdout] 
[INFO] [stdout] warning: this URL is not a hyperlink
[INFO] [stdout]   --> src/stat/mod.rs:26:5
[INFO] [stdout]    |
[INFO] [stdout] 26 | /// https://github.com/hppeng-wynn/hppeng-wynn.github.io/blob/HEAD/js/build_utils.js#L8
[INFO] [stdout]    |     ^^^^^^^^^^^^^^^^^^^^^^^^^^^^^^^^^^^^^^^^^^^^^^^^^^^^^^^^^^^^^^^^^^^^^^^^^^^^^^^^^^^ help: use an automatic link instead: `<https://github.com/hppeng-wynn/hppeng-wynn.github.io/blob/HEAD/js/build_utils.js#L8>`
[INFO] [stdout]    |
[INFO] [stdout]    = note: bare URLs are not automatically turned into clickable links
[INFO] [stdout] 
[INFO] [stdout] 
[INFO] [stdout] error: aborting due to 3 previous errors; 4 warnings emitted
[INFO] [stdout] 
[INFO] [stdout] 
[INFO] [stdout] For more information about this error, try `rustc --explain E0554`.
[INFO] [stdout] 
[INFO] [stderr] error: could not document `wynn_build_tools`
[INFO] [stderr] 
[INFO] [stderr] Caused by:
[INFO] [stderr]   process didn't exit successfully: `/opt/rustwide/rustup-home/toolchains/1.75.0-x86_64-unknown-linux-gnu/bin/rustdoc --edition=2021 --crate-type lib --crate-name wynn_build_tools src/lib.rs -o /opt/rustwide/target/doc --error-format=json --json=diagnostic-rendered-ansi,artifacts,future-incompat --document-private-items -C metadata=c25da50b7bf98c64 -L dependency=/opt/rustwide/target/debug/deps --extern clap=/opt/rustwide/target/debug/deps/libclap-1b8148d9773b9bf6.rmeta --extern criterion=/opt/rustwide/target/debug/deps/libcriterion-b7312c82a3225442.rmeta --extern fastrand=/opt/rustwide/target/debug/deps/libfastrand-5876ab4b602f815c.rmeta --extern itertools=/opt/rustwide/target/debug/deps/libitertools-53ff7aa1d75568b2.rmeta --extern num=/opt/rustwide/target/debug/deps/libnum-181ec2d7fcc450c7.rmeta --extern percentage=/opt/rustwide/target/debug/deps/libpercentage-f1d3d292e9a98739.rmeta --extern rand=/opt/rustwide/target/debug/deps/librand-d2ddb8b9c8285dd1.rmeta --extern rayon=/opt/rustwide/target/debug/deps/librayon-8f496a82f9bfe6ba.rmeta --extern serde=/opt/rustwide/target/debug/deps/libserde-29eaa8c2b2514c6b.rmeta --extern serde_json=/opt/rustwide/target/debug/deps/libserde_json-bb4df02618537a32.rmeta --extern sql_builder=/opt/rustwide/target/debug/deps/libsql_builder-e764e428d17b6781.rmeta --extern sqlx=/opt/rustwide/target/debug/deps/libsqlx-9752dd0918745fe0.rmeta --extern tokio=/opt/rustwide/target/debug/deps/libtokio-7f0220d0c54b3a4a.rmeta --extern toml=/opt/rustwide/target/debug/deps/libtoml-5e1a27e29e178328.rmeta --cap-lints=warn --crate-version 0.3.1` (exit status: 1)
[INFO] [stderr] warning: build failed, waiting for other jobs to finish...
[INFO] [stdout] error: aborting due to 3 previous errors; 1 warning emitted
[INFO] [stdout] 
[INFO] [stdout] 
[INFO] [stdout] For more information about this error, try `rustc --explain E0554`.
[INFO] [stdout] 
[INFO] [stderr] error: could not compile `wynn_build_tools` (lib) due to 4 previous errors; 1 warning emitted
[INFO] running `Command { std: "docker" "inspect" "4e2573a027e93bc3d4054e5a6659418c6d9fa363830688162527299dd9210e47", kill_on_drop: false }`
[INFO] running `Command { std: "docker" "rm" "-f" "4e2573a027e93bc3d4054e5a6659418c6d9fa363830688162527299dd9210e47", kill_on_drop: false }`
[INFO] [stdout] 4e2573a027e93bc3d4054e5a6659418c6d9fa363830688162527299dd9210e47
[INFO] documenting WynnBuilderTools/WynnBuilderTools against beta-2023-12-22 for beta-1.76-rustdoc-1
[INFO] running `Command { std: "git" "clone" "/workspace/cache/git-repos/https%3A%2F%2Fgithub.com%2FWynnBuilderTools%2FWynnBuilderTools" "/workspace/builds/worker-3-tc2/source", kill_on_drop: false }`
[INFO] [stderr] Cloning into '/workspace/builds/worker-3-tc2/source'...
[INFO] [stderr] done.
[INFO] validating manifest of git repo https://github.com/WynnBuilderTools/WynnBuilderTools on toolchain beta-2023-12-22
[INFO] running `Command { std: CARGO_HOME="/workspace/cargo-home" RUSTUP_HOME="/workspace/rustup-home" "/workspace/cargo-home/bin/cargo" "+beta-2023-12-22" "metadata" "--manifest-path" "Cargo.toml" "--no-deps", kill_on_drop: false }`
[INFO] started tweaking git repo https://github.com/WynnBuilderTools/WynnBuilderTools
[INFO] finished tweaking git repo https://github.com/WynnBuilderTools/WynnBuilderTools
[INFO] tweaked toml for git repo https://github.com/WynnBuilderTools/WynnBuilderTools written to /workspace/builds/worker-3-tc2/source/Cargo.toml
[INFO] crate git repo https://github.com/WynnBuilderTools/WynnBuilderTools already has a lockfile, it will not be regenerated
[INFO] running `Command { std: CARGO_HOME="/workspace/cargo-home" RUSTUP_HOME="/workspace/rustup-home" "/workspace/cargo-home/bin/cargo" "+beta-2023-12-22" "fetch" "--manifest-path" "Cargo.toml", kill_on_drop: false }`
[INFO] running `Command { std: "docker" "create" "-v" "/var/lib/crater-agent-workspace/builds/worker-3-tc2/target:/opt/rustwide/target:rw,Z" "-v" "/var/lib/crater-agent-workspace/builds/worker-3-tc2/source:/opt/rustwide/workdir:ro,Z" "-v" "/var/lib/crater-agent-workspace/cargo-home:/opt/rustwide/cargo-home:ro,Z" "-v" "/var/lib/crater-agent-workspace/rustup-home:/opt/rustwide/rustup-home:ro,Z" "-e" "SOURCE_DIR=/opt/rustwide/workdir" "-e" "CARGO_TARGET_DIR=/opt/rustwide/target" "-e" "CARGO_HOME=/opt/rustwide/cargo-home" "-e" "RUSTUP_HOME=/opt/rustwide/rustup-home" "-w" "/opt/rustwide/workdir" "-m" "1610612736" "--user" "0:0" "--network" "none" "ghcr.io/rust-lang/crates-build-env/linux@sha256:2788e3201cd34a07e3172128adcd8b3090168a8e3bcc40d7c032b9dda1df7d1c" "/opt/rustwide/cargo-home/bin/cargo" "+beta-2023-12-22" "metadata" "--no-deps" "--format-version=1", kill_on_drop: false }`
[INFO] [stdout] cfc5b7dd51c9d6f40d3d04740a2b166c1022d1ac6b690177cc2e6d0eab95b147
[INFO] running `Command { std: "docker" "start" "-a" "cfc5b7dd51c9d6f40d3d04740a2b166c1022d1ac6b690177cc2e6d0eab95b147", kill_on_drop: false }`
[INFO] running `Command { std: "docker" "inspect" "cfc5b7dd51c9d6f40d3d04740a2b166c1022d1ac6b690177cc2e6d0eab95b147", kill_on_drop: false }`
[INFO] running `Command { std: "docker" "rm" "-f" "cfc5b7dd51c9d6f40d3d04740a2b166c1022d1ac6b690177cc2e6d0eab95b147", kill_on_drop: false }`
[INFO] [stdout] cfc5b7dd51c9d6f40d3d04740a2b166c1022d1ac6b690177cc2e6d0eab95b147
[INFO] running `Command { std: "docker" "create" "-v" "/var/lib/crater-agent-workspace/builds/worker-3-tc2/target:/opt/rustwide/target:rw,Z" "-v" "/var/lib/crater-agent-workspace/builds/worker-3-tc2/source:/opt/rustwide/workdir:ro,Z" "-v" "/var/lib/crater-agent-workspace/cargo-home:/opt/rustwide/cargo-home:ro,Z" "-v" "/var/lib/crater-agent-workspace/rustup-home:/opt/rustwide/rustup-home:ro,Z" "-e" "SOURCE_DIR=/opt/rustwide/workdir" "-e" "CARGO_TARGET_DIR=/opt/rustwide/target" "-e" "CARGO_INCREMENTAL=0" "-e" "RUST_BACKTRACE=full" "-e" "RUSTFLAGS=--cap-lints=warn" "-e" "RUSTDOCFLAGS=--cap-lints=warn" "-e" "CARGO_HOME=/opt/rustwide/cargo-home" "-e" "RUSTUP_HOME=/opt/rustwide/rustup-home" "-w" "/opt/rustwide/workdir" "-m" "1610612736" "--user" "0:0" "--network" "none" "ghcr.io/rust-lang/crates-build-env/linux@sha256:2788e3201cd34a07e3172128adcd8b3090168a8e3bcc40d7c032b9dda1df7d1c" "/opt/rustwide/cargo-home/bin/cargo" "+beta-2023-12-22" "doc" "--frozen" "--no-deps" "--document-private-items" "--message-format=json", kill_on_drop: false }`
[INFO] [stdout] 83090b7099ede476aec6f7b950fe00e88538e18a21985510820d8c9d56390504
[INFO] running `Command { std: "docker" "start" "-a" "83090b7099ede476aec6f7b950fe00e88538e18a21985510820d8c9d56390504", kill_on_drop: false }`
[INFO] [stderr]    Compiling num-traits v0.2.16
[INFO] [stderr]    Compiling cfg-if v1.0.0
[INFO] [stderr]    Compiling serde v1.0.188
[INFO] [stderr]    Compiling once_cell v1.18.0
[INFO] [stderr]    Compiling libc v0.2.147
[INFO] [stderr]    Compiling ahash v0.8.3
[INFO] [stderr]    Compiling futures-util v0.3.28
[INFO] [stderr]    Compiling serde_json v1.0.105
[INFO] [stderr]    Compiling crossbeam-utils v0.8.16
[INFO] [stderr]    Compiling futures-core v0.3.28
[INFO] [stderr]    Compiling typenum v1.16.0
[INFO] [stderr]    Compiling num-integer v0.1.45
[INFO] [stderr]    Compiling rustls v0.21.7
[INFO] [stderr]    Compiling crossbeam-queue v0.3.8
[INFO] [stderr]    Compiling futures-channel v0.3.28
[INFO] [stderr]    Compiling untrusted v0.7.1
[INFO] [stderr]    Compiling pin-project-lite v0.2.13
[INFO] [stderr]    Compiling scopeguard v1.2.0
[INFO] [stderr]    Compiling spin v0.5.2
[INFO] [stderr]    Compiling pin-project-internal v1.1.3
[INFO] [stderr]    Compiling lock_api v0.4.10
[INFO] [stderr]    Compiling tinyvec_macros v0.1.1
[INFO] [stderr]    Compiling futures-sink v0.3.28
[INFO] [stderr]    Compiling paste v1.0.14
[INFO] [stderr]    Compiling memchr v2.6.2
[INFO] [stderr]    Compiling tinyvec v1.6.0
[INFO] [stderr]    Compiling allocator-api2 v0.2.16
[INFO] [stderr]    Compiling smallvec v1.11.0
[INFO] [stderr]    Compiling cc v1.0.83
[INFO] [stderr]    Compiling getrandom v0.2.10
[INFO] [stderr]    Compiling socket2 v0.5.3
[INFO] [stderr]    Compiling generic-array v0.14.7
[INFO] [stderr]    Compiling parking_lot_core v0.9.8
[INFO] [stderr]     Checking hashbrown v0.14.0
[INFO] [stderr]    Compiling mio v0.8.8
[INFO] [stderr]    Compiling futures-task v0.3.28
[INFO] [stderr]    Compiling slab v0.4.9
[INFO] [stderr]    Compiling memoffset v0.9.0
[INFO] [stderr]    Compiling bytes v1.4.0
[INFO] [stderr]    Compiling unicode-normalization v0.1.22
[INFO] [stderr]    Compiling percent-encoding v2.3.0
[INFO] [stderr]    Compiling unicode-bidi v0.3.13
[INFO] [stderr]    Compiling futures-io v0.3.28
[INFO] [stderr]    Compiling pin-utils v0.1.0
[INFO] [stderr]    Compiling minimal-lexical v0.2.1
[INFO] [stderr]    Compiling form_urlencoded v1.2.0
[INFO] [stderr]    Compiling crypto-common v0.1.6
[INFO] [stderr]    Compiling block-buffer v0.10.4
[INFO] [stderr]    Compiling parking_lot v0.12.1
[INFO] [stderr]    Compiling tokio v1.32.0
[INFO] [stderr]    Compiling nom v7.1.3
[INFO] [stderr]    Compiling digest v0.10.7
[INFO] [stderr]    Compiling tracing-core v0.1.31
[INFO] [stderr]    Compiling crossbeam-epoch v0.9.15
[INFO] [stderr]    Compiling equivalent v1.0.1
[INFO] [stderr]    Compiling idna v0.4.0
[INFO] [stderr]    Compiling iana-time-zone v0.1.57
[INFO] [stderr]    Compiling log v0.4.20
[INFO] [stderr]    Compiling crc-catalog v2.2.0
[INFO] [stderr]    Compiling cpufeatures v0.2.9
[INFO] [stderr]    Compiling ring v0.16.20
[INFO] [stderr]    Compiling libsqlite3-sys v0.26.0
[INFO] [stderr]    Compiling unicode_categories v0.1.1
[INFO] [stderr]    Compiling base64 v0.21.3
[INFO] [stderr]    Compiling itoa v1.0.9
[INFO] [stderr]    Compiling ryu v1.0.15
[INFO] [stderr]    Compiling rustix v0.38.11
[INFO] [stderr]    Compiling url v2.4.1
[INFO] [stderr]    Compiling tracing v0.1.37
[INFO] [stderr]    Compiling heck v0.4.1
[INFO] [stderr]     Checking indexmap v2.0.0
[INFO] [stderr]    Compiling sha2 v0.10.7
[INFO] [stderr]    Compiling rustls-pemfile v1.0.3
[INFO] [stderr]    Compiling chrono v0.4.28
[INFO] [stderr]    Compiling crc v3.0.1
[INFO] [stderr]    Compiling pin-project v1.1.3
[INFO] [stderr]    Compiling futures-intrusive v0.5.0
[INFO] [stderr]    Compiling atoi v2.0.0
[INFO] [stderr]    Compiling hashlink v0.8.4
[INFO] [stderr]    Compiling spin v0.9.8
[INFO] [stderr]    Compiling thiserror v1.0.47
[INFO] [stderr]    Compiling num-bigint v0.2.6
[INFO] [stderr]    Compiling num-iter v0.1.43
[INFO] [stderr]    Compiling hex v0.4.3
[INFO] [stderr]    Compiling dotenvy v0.15.7
[INFO] [stderr]    Compiling linux-raw-sys v0.4.5
[INFO] [stderr]    Compiling syn v1.0.109
[INFO] [stderr]    Compiling byteorder v1.4.3
[INFO] [stderr]    Compiling event-listener v2.5.3
[INFO] [stderr]    Compiling bitflags v2.4.0
[INFO] [stderr]     Checking either v1.9.0
[INFO] [stderr]    Compiling flume v0.10.14
[INFO] [stderr]     Checking itertools v0.10.5
[INFO] [stderr]    Compiling num-rational v0.2.4
[INFO] [stderr]    Compiling num-complex v0.2.4
[INFO] [stderr]    Compiling num-bigint v0.4.4
[INFO] [stderr]    Compiling fastrand v2.0.0
[INFO] [stderr]    Compiling rayon-core v1.11.0
[INFO] [stderr]     Checking crossbeam-deque v0.8.3
[INFO] [stderr]    Compiling futures-executor v0.3.28
[INFO] [stderr]     Checking tokio-stream v0.1.14
[INFO] [stderr]     Checking sqlformat v0.2.1
[INFO] [stderr]     Checking crossbeam-channel v0.5.8
[INFO] [stderr]    Compiling tempfile v3.8.0
[INFO] [stderr]    Compiling num-rational v0.4.1
[INFO] [stderr]     Checking plotters-backend v0.3.5
[INFO] [stderr]     Checking anstyle v1.0.2
[INFO] [stderr]     Checking ciborium-io v0.2.1
[INFO] [stderr]    Compiling anyhow v1.0.75
[INFO] [stderr]     Checking half v1.8.2
[INFO] [stderr]     Checking os_str_bytes v6.5.1
[INFO] [stderr]     Checking plotters-svg v0.3.5
[INFO] [stderr]     Checking rustls-webpki v0.101.4
[INFO] [stderr]     Checking sct v0.7.0
[INFO] [stderr]     Checking clap_lex v0.2.4
[INFO] [stderr]     Checking anstream v0.5.0
[INFO] [stderr]     Checking ciborium-ll v0.2.1
[INFO] [stderr]     Checking toml_datetime v0.6.3
[INFO] [stderr]     Checking webpki-roots v0.24.0
[INFO] [stderr]     Checking serde_spanned v0.6.3
[INFO] [stderr]     Checking cast v0.3.0
[INFO] [stderr]     Checking same-file v1.0.6
[INFO] [stderr]     Checking textwrap v0.16.0
[INFO] [stderr]     Checking clap_lex v0.5.1
[INFO] [stderr]     Checking winnow v0.5.15
[INFO] [stderr]     Checking rayon v1.7.0
[INFO] [stderr]     Checking clap_builder v4.4.2
[INFO] [stderr]     Checking clap v3.2.25
[INFO] [stderr]     Checking criterion-plot v0.5.0
[INFO] [stderr]     Checking walkdir v2.3.3
[INFO] [stderr]     Checking ciborium v0.2.1
[INFO] [stderr]     Checking num v0.2.1
[INFO] [stderr]     Checking plotters v0.3.5
[INFO] [stderr]     Checking tinytemplate v1.2.1
[INFO] [stderr]    Compiling clap_derive v4.4.2
[INFO] [stderr]     Checking num-complex v0.4.4
[INFO] [stderr]     Checking atty v0.2.14
[INFO] [stderr]     Checking oorandom v11.1.3
[INFO] [stderr]     Checking anes v0.1.6
[INFO] [stderr]     Checking sql-builder v3.1.1
[INFO] [stderr]     Checking percentage v0.1.0
[INFO] [stderr]     Checking rand v0.8.5
[INFO] [stderr]     Checking fastrand v1.9.0
[INFO] [stderr]     Checking sqlx-core v0.7.1
[INFO] [stderr]     Checking num v0.4.1
[INFO] [stderr]     Checking toml_edit v0.19.14
[INFO] [stderr]     Checking criterion v0.4.0
[INFO] [stderr]     Checking clap v4.4.2
[INFO] [stderr]     Checking toml v0.7.6
[INFO] [stderr]    Compiling sqlx-sqlite v0.7.1
[INFO] [stderr]    Compiling sqlx-macros-core v0.7.1
[INFO] [stderr]    Compiling sqlx-macros v0.7.1
[INFO] [stderr]     Checking sqlx v0.7.1
[INFO] [stderr]     Checking wynn_build_tools v0.3.1 (/opt/rustwide/workdir)
[INFO] [stderr]  Documenting wynn_build_tools v0.3.1 (/opt/rustwide/workdir)
[INFO] [stdout] error[E0432]: unresolved imports `std::simd::SimdPartialEq`, `std::simd::SimdPartialOrd`
[INFO] [stdout]  --> src/items/comm_stat.rs:3:19
[INFO] [stdout]   |
[INFO] [stdout] 3 |     simd::{i16x8, SimdPartialEq, SimdPartialOrd},
[INFO] [stdout]   |                   ^^^^^^^^^^^^^  ^^^^^^^^^^^^^^ no `SimdPartialOrd` in `simd`
[INFO] [stdout]   |                   |
[INFO] [stdout]   |                   no `SimdPartialEq` in `simd`
[INFO] [stdout]   |
[INFO] [stdout]   = help: consider importing one of these items instead:
[INFO] [stdout]           core::simd::prelude::SimdPartialEq
[INFO] [stdout]           std::simd::prelude::SimdPartialEq
[INFO] [stdout]   = help: consider importing one of these items instead:
[INFO] [stdout]           core::simd::prelude::SimdPartialOrd
[INFO] [stdout]           std::simd::prelude::SimdPartialOrd
[INFO] [stdout] 
[INFO] [stdout] 
[INFO] [stdout] error[E0432]: unresolved imports `std::simd::SimdPartialEq`, `std::simd::SimdPartialOrd`
[INFO] [stdout]  --> src/items/comm_stat.rs:3:19
[INFO] [stdout]   |
[INFO] [stdout] 3 |     simd::{i16x8, SimdPartialEq, SimdPartialOrd},
[INFO] [stdout]   |                   ^^^^^^^^^^^^^  ^^^^^^^^^^^^^^ no `SimdPartialOrd` in `simd`
[INFO] [stdout]   |                   |
[INFO] [stdout]   |                   no `SimdPartialEq` in `simd`
[INFO] [stdout]   |
[INFO] [stdout]   = help: consider importing one of these items instead:
[INFO] [stdout]           core::simd::prelude::SimdPartialEq
[INFO] [stdout]           std::simd::prelude::SimdPartialEq
[INFO] [stdout]   = help: consider importing one of these items instead:
[INFO] [stdout]           core::simd::prelude::SimdPartialOrd
[INFO] [stdout]           std::simd::prelude::SimdPartialOrd
[INFO] [stdout] 
[INFO] [stdout] 
[INFO] [stdout] error[E0432]: unresolved import `std::simd::SimdPartialOrd`
[INFO] [stdout]  --> src/items/dam.rs:3:19
[INFO] [stdout]   |
[INFO] [stdout] 3 |     simd::{i16x8, SimdPartialOrd},
[INFO] [stdout]   |                   ^^^^^^^^^^^^^^ no `SimdPartialOrd` in `simd`
[INFO] [stdout]   |
[INFO] [stdout]   = help: consider importing one of these items instead:
[INFO] [stdout]           core::simd::prelude::SimdPartialOrd
[INFO] [stdout]           std::simd::prelude::SimdPartialOrd
[INFO] [stdout] 
[INFO] [stdout] 
[INFO] [stdout] error[E0432]: unresolved imports `std::simd::SimdInt`, `std::simd::SimdPartialOrd`
[INFO] [stdout]  --> src/items/point.rs:4:19
[INFO] [stdout]   |
[INFO] [stdout] 4 |     simd::{i16x8, SimdInt, SimdPartialOrd},
[INFO] [stdout]   |                   ^^^^^^^  ^^^^^^^^^^^^^^ no `SimdPartialOrd` in `simd`
[INFO] [stdout]   |                   |
[INFO] [stdout]   |                   no `SimdInt` in `simd`
[INFO] [stdout]   |
[INFO] [stdout]   = help: consider importing one of these items instead:
[INFO] [stdout]           core::simd::prelude::SimdInt
[INFO] [stdout]           std::simd::prelude::SimdInt
[INFO] [stdout]   = help: consider importing one of these items instead:
[INFO] [stdout]           core::simd::prelude::SimdPartialOrd
[INFO] [stdout]           std::simd::prelude::SimdPartialOrd
[INFO] [stdout] 
[INFO] [stdout] 
[INFO] [stdout] error[E0432]: unresolved import `std::simd::SimdPartialOrd`
[INFO] [stdout]  --> src/items/dam.rs:3:19
[INFO] [stdout]   |
[INFO] [stdout] 3 |     simd::{i16x8, SimdPartialOrd},
[INFO] [stdout]   |                   ^^^^^^^^^^^^^^ no `SimdPartialOrd` in `simd`
[INFO] [stdout]   |
[INFO] [stdout]   = help: consider importing one of these items instead:
[INFO] [stdout]           core::simd::prelude::SimdPartialOrd
[INFO] [stdout]           std::simd::prelude::SimdPartialOrd
[INFO] [stdout] 
[INFO] [stdout] 
[INFO] [stdout] error[E0432]: unresolved imports `std::simd::SimdFloat`, `std::simd::SimdInt`, `std::simd::SimdPartialOrd`
[INFO] [stdout]  --> src/stat/rolls.rs:1:31
[INFO] [stdout]   |
[INFO] [stdout] 1 | use std::simd::{f32x8, i16x8, SimdFloat, SimdInt, SimdPartialOrd};
[INFO] [stdout]   |                               ^^^^^^^^^  ^^^^^^^  ^^^^^^^^^^^^^^ no `SimdPartialOrd` in `simd`
[INFO] [stdout]   |                               |          |
[INFO] [stdout]   |                               |          no `SimdInt` in `simd`
[INFO] [stdout]   |                               no `SimdFloat` in `simd`
[INFO] [stdout]   |                               help: a similar name exists in the module: `StdFloat`
[INFO] [stdout]   |
[INFO] [stdout]   = help: consider importing one of these items instead:
[INFO] [stdout]           core::simd::prelude::SimdFloat
[INFO] [stdout]           std::simd::prelude::SimdFloat
[INFO] [stdout]   = help: consider importing one of these items instead:
[INFO] [stdout]           core::simd::prelude::SimdInt
[INFO] [stdout]           std::simd::prelude::SimdInt
[INFO] [stdout]   = help: consider importing one of these items instead:
[INFO] [stdout]           core::simd::prelude::SimdPartialOrd
[INFO] [stdout]           std::simd::prelude::SimdPartialOrd
[INFO] [stdout] 
[INFO] [stdout] 
[INFO] [stdout] error[E0432]: unresolved imports `std::simd::SimdInt`, `std::simd::SimdPartialOrd`
[INFO] [stdout]  --> src/stat/skill_point.rs:3:19
[INFO] [stdout]   |
[INFO] [stdout] 3 |     simd::{i16x8, SimdInt, SimdPartialOrd},
[INFO] [stdout]   |                   ^^^^^^^  ^^^^^^^^^^^^^^ no `SimdPartialOrd` in `simd`
[INFO] [stdout]   |                   |
[INFO] [stdout]   |                   no `SimdInt` in `simd`
[INFO] [stdout]   |
[INFO] [stdout]   = help: consider importing one of these items instead:
[INFO] [stdout]           core::simd::prelude::SimdInt
[INFO] [stdout]           std::simd::prelude::SimdInt
[INFO] [stdout]   = help: consider importing one of these items instead:
[INFO] [stdout]           core::simd::prelude::SimdPartialOrd
[INFO] [stdout]           std::simd::prelude::SimdPartialOrd
[INFO] [stdout] 
[INFO] [stdout] 
[INFO] [stdout] error[E0432]: unresolved imports `std::simd::SimdInt`, `std::simd::SimdPartialOrd`
[INFO] [stdout]  --> src/items/point.rs:4:19
[INFO] [stdout]   |
[INFO] [stdout] 4 |     simd::{i16x8, SimdInt, SimdPartialOrd},
[INFO] [stdout]   |                   ^^^^^^^  ^^^^^^^^^^^^^^ no `SimdPartialOrd` in `simd`
[INFO] [stdout]   |                   |
[INFO] [stdout]   |                   no `SimdInt` in `simd`
[INFO] [stdout]   |
[INFO] [stdout]   = help: consider importing one of these items instead:
[INFO] [stdout]           core::simd::prelude::SimdInt
[INFO] [stdout]           std::simd::prelude::SimdInt
[INFO] [stdout]   = help: consider importing one of these items instead:
[INFO] [stdout]           core::simd::prelude::SimdPartialOrd
[INFO] [stdout]           std::simd::prelude::SimdPartialOrd
[INFO] [stdout] 
[INFO] [stdout] 
[INFO] [stdout] error[E0432]: unresolved imports `std::simd::SimdFloat`, `std::simd::SimdInt`, `std::simd::SimdPartialOrd`
[INFO] [stdout]  --> src/stat/rolls.rs:1:31
[INFO] [stdout]   |
[INFO] [stdout] 1 | use std::simd::{f32x8, i16x8, SimdFloat, SimdInt, SimdPartialOrd};
[INFO] [stdout]   |                               ^^^^^^^^^  ^^^^^^^  ^^^^^^^^^^^^^^ no `SimdPartialOrd` in `simd`
[INFO] [stdout]   |                               |          |
[INFO] [stdout]   |                               |          no `SimdInt` in `simd`
[INFO] [stdout]   |                               no `SimdFloat` in `simd`
[INFO] [stdout]   |                               help: a similar name exists in the module: `StdFloat`
[INFO] [stdout]   |
[INFO] [stdout]   = help: consider importing one of these items instead:
[INFO] [stdout]           core::simd::prelude::SimdFloat
[INFO] [stdout]           std::simd::prelude::SimdFloat
[INFO] [stdout]   = help: consider importing one of these items instead:
[INFO] [stdout]           core::simd::prelude::SimdInt
[INFO] [stdout]           std::simd::prelude::SimdInt
[INFO] [stdout]   = help: consider importing one of these items instead:
[INFO] [stdout]           core::simd::prelude::SimdPartialOrd
[INFO] [stdout]           std::simd::prelude::SimdPartialOrd
[INFO] [stdout] 
[INFO] [stdout] 
[INFO] [stdout] error[E0432]: unresolved imports `std::simd::SimdInt`, `std::simd::SimdPartialOrd`
[INFO] [stdout]  --> src/stat/skill_point.rs:3:19
[INFO] [stdout]   |
[INFO] [stdout] 3 |     simd::{i16x8, SimdInt, SimdPartialOrd},
[INFO] [stdout]   |                   ^^^^^^^  ^^^^^^^^^^^^^^ no `SimdPartialOrd` in `simd`
[INFO] [stdout]   |                   |
[INFO] [stdout]   |                   no `SimdInt` in `simd`
[INFO] [stdout]   |
[INFO] [stdout]   = help: consider importing one of these items instead:
[INFO] [stdout]           core::simd::prelude::SimdInt
[INFO] [stdout]           std::simd::prelude::SimdInt
[INFO] [stdout]   = help: consider importing one of these items instead:
[INFO] [stdout]           core::simd::prelude::SimdPartialOrd
[INFO] [stdout]           std::simd::prelude::SimdPartialOrd
[INFO] [stdout] 
[INFO] [stdout] 
[INFO] [stdout] warning: unused import: `damage_calculate::*`
[INFO] [stdout]   --> src/stat/mod.rs:15:9
[INFO] [stdout]    |
[INFO] [stdout] 15 | pub use damage_calculate::*;
[INFO] [stdout]    |         ^^^^^^^^^^^^^^^^^^^
[INFO] [stdout]    |
[INFO] [stdout]    = note: `#[warn(unused_imports)]` on by default
[INFO] [stdout] 
[INFO] [stdout] 
[INFO] [stdout] error[E0554]: `#![feature]` may not be used on the beta release channel
[INFO] [stdout]  --> src/lib.rs:1:12
[INFO] [stdout]   |
[INFO] [stdout] 1 | #![feature(portable_simd)]
[INFO] [stdout]   |            ^^^^^^^^^^^^^
[INFO] [stdout] 
[INFO] [stdout] 
[INFO] [stdout] error[E0554]: `#![feature]` may not be used on the beta release channel
[INFO] [stdout]  --> src/lib.rs:2:12
[INFO] [stdout]   |
[INFO] [stdout] 2 | #![feature(maybe_uninit_uninit_array)]
[INFO] [stdout]   |            ^^^^^^^^^^^^^^^^^^^^^^^^^
[INFO] [stdout] 
[INFO] [stdout] 
[INFO] [stdout] error[E0554]: `#![feature]` may not be used on the beta release channel
[INFO] [stdout]  --> src/lib.rs:3:12
[INFO] [stdout]   |
[INFO] [stdout] 3 | #![feature(maybe_uninit_array_assume_init)]
[INFO] [stdout]   |            ^^^^^^^^^^^^^^^^^^^^^^^^^^^^^^
[INFO] [stdout] 
[INFO] [stdout] 
[INFO] [stdout] error: aborting due to 5 previous errors
[INFO] [stdout] 
[INFO] [stdout] 
[INFO] [stdout] For more information about this error, try `rustc --explain E0432`.
[INFO] [stdout] 
[INFO] [stderr] error: could not document `wynn_build_tools`
[INFO] [stderr] 
[INFO] [stderr] Caused by:
[INFO] [stderr]   process didn't exit successfully: `/opt/rustwide/rustup-home/toolchains/beta-2023-12-22-x86_64-unknown-linux-gnu/bin/rustdoc --edition=2021 --crate-type lib --crate-name wynn_build_tools src/lib.rs -o /opt/rustwide/target/doc --error-format=json --json=diagnostic-rendered-ansi,artifacts,future-incompat --document-private-items -C metadata=33d5469b81d9c300 -L dependency=/opt/rustwide/target/debug/deps --extern clap=/opt/rustwide/target/debug/deps/libclap-c3b2bcb2f2920044.rmeta --extern criterion=/opt/rustwide/target/debug/deps/libcriterion-d873407ca58ec0a4.rmeta --extern fastrand=/opt/rustwide/target/debug/deps/libfastrand-85eae8ee2a8ab815.rmeta --extern itertools=/opt/rustwide/target/debug/deps/libitertools-b872de837fb5456c.rmeta --extern num=/opt/rustwide/target/debug/deps/libnum-c3f11d7aed131e17.rmeta --extern percentage=/opt/rustwide/target/debug/deps/libpercentage-1bae9cf36ab9c1a1.rmeta --extern rand=/opt/rustwide/target/debug/deps/librand-a6058cc182cf5feb.rmeta --extern rayon=/opt/rustwide/target/debug/deps/librayon-ace6d852c60bf7ee.rmeta --extern serde=/opt/rustwide/target/debug/deps/libserde-a699efabeb9264e7.rmeta --extern serde_json=/opt/rustwide/target/debug/deps/libserde_json-b74dce4cba173fbd.rmeta --extern sql_builder=/opt/rustwide/target/debug/deps/libsql_builder-2c86973843f5f917.rmeta --extern sqlx=/opt/rustwide/target/debug/deps/libsqlx-7bdcf2a2addba703.rmeta --extern tokio=/opt/rustwide/target/debug/deps/libtokio-1ae0e7045c417867.rmeta --extern toml=/opt/rustwide/target/debug/deps/libtoml-a185035b1df9cbfe.rmeta --cap-lints=warn --crate-version 0.3.1` (exit status: 1)
[INFO] [stderr] warning: build failed, waiting for other jobs to finish...
[INFO] [stdout] error[E0599]: no method named `simd_lt` found for struct `Simd` in the current scope
[INFO] [stdout]   --> src/items/comm_stat.rs:29:20
[INFO] [stdout]    |
[INFO] [stdout] 29 |         self.inner.simd_lt(other.inner).any()
[INFO] [stdout]    |                    ^^^^^^^ method not found in `Simd<i16, 8>`
[INFO] [stdout]   --> /rustc/0e09125c6c3c2fd70d7de961bcf0e51575235fad/library/core/src/../../portable-simd/crates/core_simd/src/simd/cmp/ord.rs:12:8
[INFO] [stdout]    |
[INFO] [stdout]    = note: the method is available for `Simd<i16, 8>` here
[INFO] [stdout]    |
[INFO] [stdout]    = help: items from traits can only be used if the trait is in scope
[INFO] [stdout] help: the following trait is implemented but not in scope; perhaps add a `use` for it:
[INFO] [stdout]    |
[INFO] [stdout] 1  + use std::simd::cmp::SimdPartialOrd;
[INFO] [stdout]    |
[INFO] [stdout] 
[INFO] [stdout] 
[INFO] [stdout] error[E0599]: no method named `simd_eq` found for struct `Simd` in the current scope
[INFO] [stdout]   --> src/items/comm_stat.rs:70:20
[INFO] [stdout]    |
[INFO] [stdout] 70 |         self.inner.simd_eq(other.inner).all()
[INFO] [stdout]    |                    ^^^^^^^ method not found in `Simd<i16, 8>`
[INFO] [stdout]   --> /rustc/0e09125c6c3c2fd70d7de961bcf0e51575235fad/library/core/src/../../portable-simd/crates/core_simd/src/simd/cmp/eq.rs:14:8
[INFO] [stdout]    |
[INFO] [stdout]    = note: the method is available for `Simd<i16, 8>` here
[INFO] [stdout]    |
[INFO] [stdout]    = help: items from traits can only be used if the trait is in scope
[INFO] [stdout] help: the following trait is implemented but not in scope; perhaps add a `use` for it:
[INFO] [stdout]    |
[INFO] [stdout] 1  + use std::simd::cmp::SimdPartialEq;
[INFO] [stdout]    |
[INFO] [stdout] 
[INFO] [stdout] 
[INFO] [stdout] error[E0599]: no method named `simd_lt` found for struct `Simd` in the current scope
[INFO] [stdout]   --> src/items/dam.rs:17:20
[INFO] [stdout]    |
[INFO] [stdout] 17 |         self.inner.simd_lt(other.inner).any()
[INFO] [stdout]    |                    ^^^^^^^ method not found in `Simd<i16, 8>`
[INFO] [stdout]   --> /rustc/0e09125c6c3c2fd70d7de961bcf0e51575235fad/library/core/src/../../portable-simd/crates/core_simd/src/simd/cmp/ord.rs:12:8
[INFO] [stdout]    |
[INFO] [stdout]    = note: the method is available for `Simd<i16, 8>` here
[INFO] [stdout]    |
[INFO] [stdout]    = help: items from traits can only be used if the trait is in scope
[INFO] [stdout] help: the following trait is implemented but not in scope; perhaps add a `use` for it:
[INFO] [stdout]    |
[INFO] [stdout] 1  + use std::simd::cmp::SimdPartialOrd;
[INFO] [stdout]    |
[INFO] [stdout] 
[INFO] [stdout] 
[INFO] [stdout] error[E0599]: no method named `simd_lt` found for struct `Simd` in the current scope
[INFO] [stdout]   --> src/items/point.rs:19:20
[INFO] [stdout]    |
[INFO] [stdout] 19 |         self.inner.simd_lt(other.inner).any()
[INFO] [stdout]    |                    ^^^^^^^ method not found in `Simd<i16, 8>`
[INFO] [stdout]   --> /rustc/0e09125c6c3c2fd70d7de961bcf0e51575235fad/library/core/src/../../portable-simd/crates/core_simd/src/simd/cmp/ord.rs:12:8
[INFO] [stdout]    |
[INFO] [stdout]    = note: the method is available for `Simd<i16, 8>` here
[INFO] [stdout]    |
[INFO] [stdout]    = help: items from traits can only be used if the trait is in scope
[INFO] [stdout] help: the following trait is implemented but not in scope; perhaps add a `use` for it:
[INFO] [stdout]    |
[INFO] [stdout] 1  + use std::simd::cmp::SimdPartialOrd;
[INFO] [stdout]    |
[INFO] [stdout] 
[INFO] [stdout] 
[INFO] [stdout] error[E0599]: no method named `simd_lt` found for struct `Simd` in the current scope
[INFO] [stdout]   --> src/items/point.rs:22:31
[INFO] [stdout]    |
[INFO] [stdout] 22 |         let mask = self.inner.simd_lt(other.inner);
[INFO] [stdout]    |                               ^^^^^^^ method not found in `Simd<i16, 8>`
[INFO] [stdout]   --> /rustc/0e09125c6c3c2fd70d7de961bcf0e51575235fad/library/core/src/../../portable-simd/crates/core_simd/src/simd/cmp/ord.rs:12:8
[INFO] [stdout]    |
[INFO] [stdout]    = note: the method is available for `Simd<i16, 8>` here
[INFO] [stdout]    |
[INFO] [stdout]    = help: items from traits can only be used if the trait is in scope
[INFO] [stdout] help: the following trait is implemented but not in scope; perhaps add a `use` for it:
[INFO] [stdout]    |
[INFO] [stdout] 1  + use std::simd::cmp::SimdPartialOrd;
[INFO] [stdout]    |
[INFO] [stdout] 
[INFO] [stdout] 
[INFO] [stdout] error[E0599]: no method named `reduce_sum` found for struct `Simd` in the current scope
[INFO] [stdout]   --> src/items/point.rs:43:20
[INFO] [stdout]    |
[INFO] [stdout] 43 |         self.inner.reduce_sum()
[INFO] [stdout]    |                    ^^^^^^^^^^ method not found in `Simd<i16, 8>`
[INFO] [stdout]   --> /rustc/0e09125c6c3c2fd70d7de961bcf0e51575235fad/library/core/src/../../portable-simd/crates/core_simd/src/simd/num/int.rs:142:8
[INFO] [stdout]    |
[INFO] [stdout]    = note: the method is available for `Simd<i16, 8>` here
[INFO] [stdout]    |
[INFO] [stdout]    = help: items from traits can only be used if the trait is in scope
[INFO] [stdout] help: the following trait is implemented but not in scope; perhaps add a `use` for it:
[INFO] [stdout]    |
[INFO] [stdout] 1  + use std::simd::num::SimdInt;
[INFO] [stdout]    |
[INFO] [stdout] 
[INFO] [stdout] 
[INFO] [stdout] error[E0599]: no method named `simd_gt` found for reference `&Simd<i16, 8>` in the current scope
[INFO] [stdout]   --> src/stat/rolls.rs:33:21
[INFO] [stdout]    |
[INFO] [stdout] 33 |     let mask = stat.simd_gt(zero);
[INFO] [stdout]    |                     ^^^^^^^ method not found in `&Simd<i16, 8>`
[INFO] [stdout]    |
[INFO] [stdout]    = help: items from traits can only be used if the trait is in scope
[INFO] [stdout] help: the following trait is implemented but not in scope; perhaps add a `use` for it:
[INFO] [stdout]    |
[INFO] [stdout] 1  + use std::simd::cmp::SimdPartialOrd;
[INFO] [stdout]    |
[INFO] [stdout] 
[INFO] [stdout] 
[INFO] [stdout] error[E0599]: no method named `simd_lt` found for struct `Simd` in the current scope
[INFO] [stdout]   --> src/stat/skill_point.rs:29:43
[INFO] [stdout]    |
[INFO] [stdout] 29 |                 let mask = original.inner.simd_lt(v.req.inner);
[INFO] [stdout]    |                                           ^^^^^^^ method not found in `Simd<i16, 8>`
[INFO] [stdout]   --> /rustc/0e09125c6c3c2fd70d7de961bcf0e51575235fad/library/core/src/../../portable-simd/crates/core_simd/src/simd/cmp/ord.rs:12:8
[INFO] [stdout]    |
[INFO] [stdout]    = note: the method is available for `Simd<i16, 8>` here
[INFO] [stdout]    |
[INFO] [stdout]    = help: items from traits can only be used if the trait is in scope
[INFO] [stdout] help: the following trait is implemented but not in scope; perhaps add a `use` for it:
[INFO] [stdout]    |
[INFO] [stdout] 1  + use std::simd::cmp::SimdPartialOrd;
[INFO] [stdout]    |
[INFO] [stdout] 
[INFO] [stdout] 
[INFO] [stdout] error[E0599]: no method named `simd_lt` found for struct `Simd` in the current scope
[INFO] [stdout]   --> src/stat/skill_point.rs:81:43
[INFO] [stdout]    |
[INFO] [stdout] 81 |                 let mask = original.inner.simd_lt(v.req.inner);
[INFO] [stdout]    |                                           ^^^^^^^ method not found in `Simd<i16, 8>`
[INFO] [stdout]   --> /rustc/0e09125c6c3c2fd70d7de961bcf0e51575235fad/library/core/src/../../portable-simd/crates/core_simd/src/simd/cmp/ord.rs:12:8
[INFO] [stdout]    |
[INFO] [stdout]    = note: the method is available for `Simd<i16, 8>` here
[INFO] [stdout]    |
[INFO] [stdout]    = help: items from traits can only be used if the trait is in scope
[INFO] [stdout] help: the following trait is implemented but not in scope; perhaps add a `use` for it:
[INFO] [stdout]    |
[INFO] [stdout] 1  + use std::simd::cmp::SimdPartialOrd;
[INFO] [stdout]    |
[INFO] [stdout] 
[INFO] [stdout] 
[INFO] [stdout] error[E0599]: no method named `simd_lt` found for struct `Simd` in the current scope
[INFO] [stdout]    --> src/stat/skill_point.rs:111:34
[INFO] [stdout]     |
[INFO] [stdout] 111 |             let mask = req.inner.simd_lt(item.req.inner);
[INFO] [stdout]     |                                  ^^^^^^^ method not found in `Simd<i16, 8>`
[INFO] [stdout]    --> /rustc/0e09125c6c3c2fd70d7de961bcf0e51575235fad/library/core/src/../../portable-simd/crates/core_simd/src/simd/cmp/ord.rs:12:8
[INFO] [stdout]     |
[INFO] [stdout]     = note: the method is available for `Simd<i16, 8>` here
[INFO] [stdout]     |
[INFO] [stdout]     = help: items from traits can only be used if the trait is in scope
[INFO] [stdout] help: the following trait is implemented but not in scope; perhaps add a `use` for it:
[INFO] [stdout]     |
[INFO] [stdout] 1   + use std::simd::cmp::SimdPartialOrd;
[INFO] [stdout]     |
[INFO] [stdout] 
[INFO] [stdout] 
[INFO] [stdout] error[E0599]: no method named `simd_lt` found for struct `Simd` in the current scope
[INFO] [stdout]    --> src/stat/skill_point.rs:120:40
[INFO] [stdout]     |
[INFO] [stdout] 120 |         let mask = self.original.inner.simd_lt(weapon.req.inner);
[INFO] [stdout]     |                                        ^^^^^^^ method not found in `Simd<i16, 8>`
[INFO] [stdout]    --> /rustc/0e09125c6c3c2fd70d7de961bcf0e51575235fad/library/core/src/../../portable-simd/crates/core_simd/src/simd/cmp/ord.rs:12:8
[INFO] [stdout]     |
[INFO] [stdout]     = note: the method is available for `Simd<i16, 8>` here
[INFO] [stdout]     |
[INFO] [stdout]     = help: items from traits can only be used if the trait is in scope
[INFO] [stdout] help: the following trait is implemented but not in scope; perhaps add a `use` for it:
[INFO] [stdout]     |
[INFO] [stdout] 1   + use std::simd::cmp::SimdPartialOrd;
[INFO] [stdout]     |
[INFO] [stdout] 
[INFO] [stdout] 
[INFO] [stdout] error[E0599]: no method named `simd_gt` found for struct `Simd` in the current scope
[INFO] [stdout]    --> src/stat/skill_point.rs:132:30
[INFO] [stdout]     |
[INFO] [stdout] 132 |         if self.assign.inner.simd_gt(hundred).any() {
[INFO] [stdout]     |                              ^^^^^^^ method not found in `Simd<i16, 8>`
[INFO] [stdout]    --> /rustc/0e09125c6c3c2fd70d7de961bcf0e51575235fad/library/core/src/../../portable-simd/crates/core_simd/src/simd/cmp/ord.rs:20:8
[INFO] [stdout]     |
[INFO] [stdout]     = note: the method is available for `Simd<i16, 8>` here
[INFO] [stdout]     |
[INFO] [stdout]     = help: items from traits can only be used if the trait is in scope
[INFO] [stdout] help: the following trait is implemented but not in scope; perhaps add a `use` for it:
[INFO] [stdout]     |
[INFO] [stdout] 1   + use std::simd::cmp::SimdPartialOrd;
[INFO] [stdout]     |
[INFO] [stdout] 
[INFO] [stdout] 
[INFO] [stdout] error[E0599]: no method named `reduce_sum` found for struct `Simd` in the current scope
[INFO] [stdout]    --> src/stat/skill_point.rs:137:45
[INFO] [stdout]     |
[INFO] [stdout] 137 |         available_point - self.assign.inner.reduce_sum() >= 0
[INFO] [stdout]     |                                             ^^^^^^^^^^ method not found in `Simd<i16, 8>`
[INFO] [stdout]    --> /rustc/0e09125c6c3c2fd70d7de961bcf0e51575235fad/library/core/src/../../portable-simd/crates/core_simd/src/simd/num/int.rs:142:8
[INFO] [stdout]     |
[INFO] [stdout]     = note: the method is available for `Simd<i16, 8>` here
[INFO] [stdout]     |
[INFO] [stdout]     = help: items from traits can only be used if the trait is in scope
[INFO] [stdout] help: the following trait is implemented but not in scope; perhaps add a `use` for it:
[INFO] [stdout]     |
[INFO] [stdout] 1   + use std::simd::num::SimdInt;
[INFO] [stdout]     |
[INFO] [stdout] 
[INFO] [stdout] 
[INFO] [stdout] error[E0599]: no method named `simd_lt` found for struct `Simd` in the current scope
[INFO] [stdout]    --> src/stat/skill_point.rs:142:40
[INFO] [stdout]     |
[INFO] [stdout] 142 |         let mask = self.original.inner.simd_lt(req.inner);
[INFO] [stdout]     |                                        ^^^^^^^ method not found in `Simd<i16, 8>`
[INFO] [stdout]    --> /rustc/0e09125c6c3c2fd70d7de961bcf0e51575235fad/library/core/src/../../portable-simd/crates/core_simd/src/simd/cmp/ord.rs:12:8
[INFO] [stdout]     |
[INFO] [stdout]     = note: the method is available for `Simd<i16, 8>` here
[INFO] [stdout]     |
[INFO] [stdout]     = help: items from traits can only be used if the trait is in scope
[INFO] [stdout] help: the following trait is implemented but not in scope; perhaps add a `use` for it:
[INFO] [stdout]     |
[INFO] [stdout] 1   + use std::simd::cmp::SimdPartialOrd;
[INFO] [stdout]     |
[INFO] [stdout] 
[INFO] [stdout] 
[INFO] [stdout] error: aborting due to 22 previous errors; 1 warning emitted
[INFO] [stdout] 
[INFO] [stdout] 
[INFO] [stdout] Some errors have detailed explanations: E0432, E0554, E0599.
[INFO] [stdout] 
[INFO] [stdout] For more information about an error, try `rustc --explain E0432`.
[INFO] [stdout] 
[INFO] [stderr] error: could not compile `wynn_build_tools` (lib) due to 23 previous errors; 1 warning emitted
[INFO] running `Command { std: "docker" "inspect" "83090b7099ede476aec6f7b950fe00e88538e18a21985510820d8c9d56390504", kill_on_drop: false }`
[INFO] running `Command { std: "docker" "rm" "-f" "83090b7099ede476aec6f7b950fe00e88538e18a21985510820d8c9d56390504", kill_on_drop: false }`
[INFO] [stdout] 83090b7099ede476aec6f7b950fe00e88538e18a21985510820d8c9d56390504
