[INFO] cloning repository https://github.com/Wodann/alloc-wg-benchmark
[INFO] running `Command { std: "git" "-c" "credential.helper=" "-c" "credential.helper=/workspace/cargo-home/bin/git-credential-null" "clone" "--bare" "https://github.com/Wodann/alloc-wg-benchmark" "/workspace/cache/git-repos/https%3A%2F%2Fgithub.com%2FWodann%2Falloc-wg-benchmark", kill_on_drop: false }`
[INFO] [stderr] Cloning into bare repository '/workspace/cache/git-repos/https%3A%2F%2Fgithub.com%2FWodann%2Falloc-wg-benchmark'...
[INFO] running `Command { std: "git" "rev-parse" "HEAD", kill_on_drop: false }`
[INFO] [stdout] 28a25ec433bca76a681633adfd827249999fdfd9
[INFO] documenting Wodann/alloc-wg-benchmark against 1.75.0 for beta-1.76-rustdoc-1
[INFO] running `Command { std: "git" "clone" "/workspace/cache/git-repos/https%3A%2F%2Fgithub.com%2FWodann%2Falloc-wg-benchmark" "/workspace/builds/worker-4-tc1/source", kill_on_drop: false }`
[INFO] [stderr] Cloning into '/workspace/builds/worker-4-tc1/source'...
[INFO] [stderr] done.
[INFO] validating manifest of git repo https://github.com/Wodann/alloc-wg-benchmark on toolchain 1.75.0
[INFO] running `Command { std: CARGO_HOME="/workspace/cargo-home" RUSTUP_HOME="/workspace/rustup-home" "/workspace/cargo-home/bin/cargo" "+1.75.0" "metadata" "--manifest-path" "Cargo.toml" "--no-deps", kill_on_drop: false }`
[INFO] started tweaking git repo https://github.com/Wodann/alloc-wg-benchmark
[INFO] finished tweaking git repo https://github.com/Wodann/alloc-wg-benchmark
[INFO] tweaked toml for git repo https://github.com/Wodann/alloc-wg-benchmark written to /workspace/builds/worker-4-tc1/source/Cargo.toml
[INFO] crate git repo https://github.com/Wodann/alloc-wg-benchmark already has a lockfile, it will not be regenerated
[INFO] running `Command { std: CARGO_HOME="/workspace/cargo-home" RUSTUP_HOME="/workspace/rustup-home" "/workspace/cargo-home/bin/cargo" "+1.75.0" "fetch" "--manifest-path" "Cargo.toml", kill_on_drop: false }`
[INFO] [stderr]     Blocking waiting for file lock on package cache
[INFO] [stderr]     Updating git repository `https://github.com/TimDiekmann/alloc-wg`
[INFO] [stderr]     Updating git repository `https://github.com/Wodann/bumpalo`
[INFO] [stderr]     Blocking waiting for file lock on package cache
[INFO] running `Command { std: "docker" "create" "-v" "/var/lib/crater-agent-workspace/builds/worker-4-tc1/target:/opt/rustwide/target:rw,Z" "-v" "/var/lib/crater-agent-workspace/builds/worker-4-tc1/source:/opt/rustwide/workdir:ro,Z" "-v" "/var/lib/crater-agent-workspace/cargo-home:/opt/rustwide/cargo-home:ro,Z" "-v" "/var/lib/crater-agent-workspace/rustup-home:/opt/rustwide/rustup-home:ro,Z" "-e" "SOURCE_DIR=/opt/rustwide/workdir" "-e" "CARGO_TARGET_DIR=/opt/rustwide/target" "-e" "CARGO_HOME=/opt/rustwide/cargo-home" "-e" "RUSTUP_HOME=/opt/rustwide/rustup-home" "-w" "/opt/rustwide/workdir" "-m" "1610612736" "--user" "0:0" "--network" "none" "ghcr.io/rust-lang/crates-build-env/linux@sha256:2788e3201cd34a07e3172128adcd8b3090168a8e3bcc40d7c032b9dda1df7d1c" "/opt/rustwide/cargo-home/bin/cargo" "+1.75.0" "metadata" "--no-deps" "--format-version=1", kill_on_drop: false }`
[INFO] [stdout] f51956a78f7feb6d23bf1074cb5cccd5e9cdd8820c6fa6636eb6afed8b48381c
[INFO] running `Command { std: "docker" "start" "-a" "f51956a78f7feb6d23bf1074cb5cccd5e9cdd8820c6fa6636eb6afed8b48381c", kill_on_drop: false }`
[INFO] running `Command { std: "docker" "inspect" "f51956a78f7feb6d23bf1074cb5cccd5e9cdd8820c6fa6636eb6afed8b48381c", kill_on_drop: false }`
[INFO] running `Command { std: "docker" "rm" "-f" "f51956a78f7feb6d23bf1074cb5cccd5e9cdd8820c6fa6636eb6afed8b48381c", kill_on_drop: false }`
[INFO] [stdout] f51956a78f7feb6d23bf1074cb5cccd5e9cdd8820c6fa6636eb6afed8b48381c
[INFO] running `Command { std: "docker" "create" "-v" "/var/lib/crater-agent-workspace/builds/worker-4-tc1/target:/opt/rustwide/target:rw,Z" "-v" "/var/lib/crater-agent-workspace/builds/worker-4-tc1/source:/opt/rustwide/workdir:ro,Z" "-v" "/var/lib/crater-agent-workspace/cargo-home:/opt/rustwide/cargo-home:ro,Z" "-v" "/var/lib/crater-agent-workspace/rustup-home:/opt/rustwide/rustup-home:ro,Z" "-e" "SOURCE_DIR=/opt/rustwide/workdir" "-e" "CARGO_TARGET_DIR=/opt/rustwide/target" "-e" "CARGO_INCREMENTAL=0" "-e" "RUST_BACKTRACE=full" "-e" "RUSTFLAGS=--cap-lints=warn" "-e" "RUSTDOCFLAGS=--cap-lints=warn" "-e" "CARGO_HOME=/opt/rustwide/cargo-home" "-e" "RUSTUP_HOME=/opt/rustwide/rustup-home" "-w" "/opt/rustwide/workdir" "-m" "1610612736" "--user" "0:0" "--network" "none" "ghcr.io/rust-lang/crates-build-env/linux@sha256:2788e3201cd34a07e3172128adcd8b3090168a8e3bcc40d7c032b9dda1df7d1c" "/opt/rustwide/cargo-home/bin/cargo" "+1.75.0" "doc" "--frozen" "--no-deps" "--document-private-items" "--message-format=json", kill_on_drop: false }`
[INFO] [stdout] fa03eff8cbc346cac0797815d190668eb6d258f2653f6a8f98c48110a18cf391
[INFO] running `Command { std: "docker" "start" "-a" "fa03eff8cbc346cac0797815d190668eb6d258f2653f6a8f98c48110a18cf391", kill_on_drop: false }`
[INFO] [stderr]    Compiling libc v0.2.67
[INFO] [stderr]    Compiling getrandom v0.1.14
[INFO] [stderr]     Checking ppv-lite86 v0.2.6
[INFO] [stderr]     Checking alloc-wg v0.7.0 (https://github.com/TimDiekmann/alloc-wg?branch=call-by-value#b003665a)
[INFO] [stdout] error[E0557]: feature has been removed
[INFO] [stdout]   --> /opt/rustwide/cargo-home/git/checkouts/alloc-wg-928e1b8580ca835d/b003665/src/lib.rs:64:5
[INFO] [stdout]    |
[INFO] [stdout] 64 |     const_generics,
[INFO] [stdout]    |     ^^^^^^^^^^^^^^ feature has been removed
[INFO] [stdout]    |
[INFO] [stdout]    = note: removed in favor of `#![feature(adt_const_params)]` and `#![feature(generic_const_exprs)]`
[INFO] [stdout] 
[INFO] [stdout] 
[INFO] [stdout] error[E0405]: cannot find trait `LengthAtMost32` in module `core::array`
[INFO] [stdout]     --> /opt/rustwide/cargo-home/git/checkouts/alloc-wg-928e1b8580ca835d/b003665/src/boxed.rs:1095:26
[INFO] [stdout]      |
[INFO] [stdout] 1095 |     [T; N]: core::array::LengthAtMost32,
[INFO] [stdout]      |                          ^^^^^^^^^^^^^^ not found in `core::array`
[INFO] [stdout] 
[INFO] [stdout] 
[INFO] [stdout] error[E0405]: cannot find trait `LengthAtMost32` in module `core::array`
[INFO] [stdout]     --> /opt/rustwide/cargo-home/git/checkouts/alloc-wg-928e1b8580ca835d/b003665/src/vec.rs:2705:81
[INFO] [stdout]      |
[INFO] [stdout] 2705 | __impl_slice_eq1! { [A, const N: usize] Vec<T, A>, [U; N], [U; N]: core::array::LengthAtMost32, A: DeallocRef }
[INFO] [stdout]      |                                                                                 ^^^^^^^^^^^^^^ not found in `core::array`
[INFO] [stdout] 
[INFO] [stdout] 
[INFO] [stdout] error[E0405]: cannot find trait `LengthAtMost32` in module `core::array`
[INFO] [stdout]     --> /opt/rustwide/cargo-home/git/checkouts/alloc-wg-928e1b8580ca835d/b003665/src/vec.rs:2706:82
[INFO] [stdout]      |
[INFO] [stdout] 2706 | __impl_slice_eq1! { [A, const N: usize] Vec<T, A>, &[U; N], [U; N]: core::array::LengthAtMost32, A: DeallocRef }
[INFO] [stdout]      |                                                                                  ^^^^^^^^^^^^^^ not found in `core::array`
[INFO] [stdout] 
[INFO] [stdout] 
[INFO] [stdout] error[E0603]: module `lossy` is private
[INFO] [stdout]   --> /opt/rustwide/cargo-home/git/checkouts/alloc-wg-928e1b8580ca835d/b003665/src/string.rs:77:17
[INFO] [stdout]    |
[INFO] [stdout] 77 |     str::{self, lossy, Chars, FromStr, Utf8Error},
[INFO] [stdout]    |                 ^^^^^ private module
[INFO] [stdout]    |
[INFO] [stdout] note: the module `lossy` is defined here
[INFO] [stdout]   --> /rustc/82e1608dfa6e0b5569232559e3d385fea5a93112/library/core/src/str/mod.rs:26:1
[INFO] [stdout] 
[INFO] [stdout] 
[INFO] [stdout] error[E0554]: `#![feature]` may not be used on the stable release channel
[INFO] [stdout]   --> /opt/rustwide/cargo-home/git/checkouts/alloc-wg-928e1b8580ca835d/b003665/src/lib.rs:54:1
[INFO] [stdout]    |
[INFO] [stdout] 54 | / #![feature(
[INFO] [stdout] 55 | |     dropck_eyepatch,
[INFO] [stdout] 56 | |     coerce_unsized,
[INFO] [stdout] 57 | |     const_if_match,
[INFO] [stdout] ...  |
[INFO] [stdout] 72 | |     never_type
[INFO] [stdout] 73 | | )]
[INFO] [stdout]    | |__^
[INFO] [stdout]    |
[INFO] [stdout]    = help: the feature `const_if_match` has been stable since `1.46.0` and no longer requires an attribute to enable
[INFO] [stdout] 
[INFO] [stdout] 
[INFO] [stdout] error[E0554]: `#![feature]` may not be used on the stable release channel
[INFO] [stdout]   --> /opt/rustwide/cargo-home/git/checkouts/alloc-wg-928e1b8580ca835d/b003665/src/lib.rs:56:5
[INFO] [stdout]    |
[INFO] [stdout] 56 |     coerce_unsized,
[INFO] [stdout]    |     ^^^^^^^^^^^^^^
[INFO] [stdout] 
[INFO] [stdout] 
[INFO] [stdout] error[E0554]: `#![feature]` may not be used on the stable release channel
[INFO] [stdout]   --> /opt/rustwide/cargo-home/git/checkouts/alloc-wg-928e1b8580ca835d/b003665/src/lib.rs:58:5
[INFO] [stdout]    |
[INFO] [stdout] 58 |     core_intrinsics,
[INFO] [stdout]    |     ^^^^^^^^^^^^^^^
[INFO] [stdout] 
[INFO] [stdout] 
[INFO] [stdout] error[E0554]: `#![feature]` may not be used on the stable release channel
[INFO] [stdout]   --> /opt/rustwide/cargo-home/git/checkouts/alloc-wg-928e1b8580ca835d/b003665/src/lib.rs:59:5
[INFO] [stdout]    |
[INFO] [stdout] 59 |     str_internals,
[INFO] [stdout]    |     ^^^^^^^^^^^^^
[INFO] [stdout] 
[INFO] [stdout] 
[INFO] [stdout] error[E0554]: `#![feature]` may not be used on the stable release channel
[INFO] [stdout]   --> /opt/rustwide/cargo-home/git/checkouts/alloc-wg-928e1b8580ca835d/b003665/src/lib.rs:60:5
[INFO] [stdout]    |
[INFO] [stdout] 60 |     dispatch_from_dyn,
[INFO] [stdout]    |     ^^^^^^^^^^^^^^^^^
[INFO] [stdout] 
[INFO] [stdout] 
[INFO] [stdout] error[E0554]: `#![feature]` may not be used on the stable release channel
[INFO] [stdout]   --> /opt/rustwide/cargo-home/git/checkouts/alloc-wg-928e1b8580ca835d/b003665/src/lib.rs:61:5
[INFO] [stdout]    |
[INFO] [stdout] 61 |     unsize,
[INFO] [stdout]    |     ^^^^^^
[INFO] [stdout] 
[INFO] [stdout] 
[INFO] [stdout] error[E0554]: `#![feature]` may not be used on the stable release channel
[INFO] [stdout]   --> /opt/rustwide/cargo-home/git/checkouts/alloc-wg-928e1b8580ca835d/b003665/src/lib.rs:62:5
[INFO] [stdout]    |
[INFO] [stdout] 62 |     exact_size_is_empty,
[INFO] [stdout]    |     ^^^^^^^^^^^^^^^^^^^
[INFO] [stdout] 
[INFO] [stdout] 
[INFO] [stdout] error[E0554]: `#![feature]` may not be used on the stable release channel
[INFO] [stdout]   --> /opt/rustwide/cargo-home/git/checkouts/alloc-wg-928e1b8580ca835d/b003665/src/lib.rs:63:5
[INFO] [stdout]    |
[INFO] [stdout] 63 |     receiver_trait,
[INFO] [stdout]    |     ^^^^^^^^^^^^^^
[INFO] [stdout] 
[INFO] [stdout] 
[INFO] [stdout] error[E0554]: `#![feature]` may not be used on the stable release channel
[INFO] [stdout]   --> /opt/rustwide/cargo-home/git/checkouts/alloc-wg-928e1b8580ca835d/b003665/src/lib.rs:65:5
[INFO] [stdout]    |
[INFO] [stdout] 65 |     const_generic_impls_guard,
[INFO] [stdout]    |     ^^^^^^^^^^^^^^^^^^^^^^^^^
[INFO] [stdout] 
[INFO] [stdout] 
[INFO] [stdout] error[E0554]: `#![feature]` may not be used on the stable release channel
[INFO] [stdout]   --> /opt/rustwide/cargo-home/git/checkouts/alloc-wg-928e1b8580ca835d/b003665/src/lib.rs:68:5
[INFO] [stdout]    |
[INFO] [stdout] 68 |     trusted_len,
[INFO] [stdout]    |     ^^^^^^^^^^^
[INFO] [stdout] 
[INFO] [stdout] 
[INFO] [stdout] error[E0554]: `#![feature]` may not be used on the stable release channel
[INFO] [stdout]   --> /opt/rustwide/cargo-home/git/checkouts/alloc-wg-928e1b8580ca835d/b003665/src/lib.rs:70:5
[INFO] [stdout]    |
[INFO] [stdout] 70 |     fn_traits,
[INFO] [stdout]    |     ^^^^^^^^^
[INFO] [stdout] 
[INFO] [stdout] 
[INFO] [stdout] error[E0635]: unknown feature `const_generic_impls_guard`
[INFO] [stdout]   --> /opt/rustwide/cargo-home/git/checkouts/alloc-wg-928e1b8580ca835d/b003665/src/lib.rs:65:5
[INFO] [stdout]    |
[INFO] [stdout] 65 |     const_generic_impls_guard,
[INFO] [stdout]    |     ^^^^^^^^^^^^^^^^^^^^^^^^^
[INFO] [stdout] 
[INFO] [stdout] 
[INFO] [stdout] error: aborting due to 17 previous errors
[INFO] [stdout] 
[INFO] [stdout] 
[INFO] [stdout] Some errors have detailed explanations: E0405, E0554, E0557, E0603, E0635.
[INFO] [stdout] 
[INFO] [stdout] For more information about an error, try `rustc --explain E0405`.
[INFO] [stdout] 
[INFO] [stderr] error: could not compile `alloc-wg` (lib) due to 18 previous errors
[INFO] [stderr] warning: build failed, waiting for other jobs to finish...
[INFO] running `Command { std: "docker" "inspect" "fa03eff8cbc346cac0797815d190668eb6d258f2653f6a8f98c48110a18cf391", kill_on_drop: false }`
[INFO] running `Command { std: "docker" "rm" "-f" "fa03eff8cbc346cac0797815d190668eb6d258f2653f6a8f98c48110a18cf391", kill_on_drop: false }`
[INFO] [stdout] fa03eff8cbc346cac0797815d190668eb6d258f2653f6a8f98c48110a18cf391
[INFO] documenting Wodann/alloc-wg-benchmark against beta-2023-12-22 for beta-1.76-rustdoc-1
[INFO] running `Command { std: "git" "clone" "/workspace/cache/git-repos/https%3A%2F%2Fgithub.com%2FWodann%2Falloc-wg-benchmark" "/workspace/builds/worker-4-tc2/source", kill_on_drop: false }`
[INFO] [stderr] Cloning into '/workspace/builds/worker-4-tc2/source'...
[INFO] [stderr] done.
[INFO] validating manifest of git repo https://github.com/Wodann/alloc-wg-benchmark on toolchain beta-2023-12-22
[INFO] running `Command { std: CARGO_HOME="/workspace/cargo-home" RUSTUP_HOME="/workspace/rustup-home" "/workspace/cargo-home/bin/cargo" "+beta-2023-12-22" "metadata" "--manifest-path" "Cargo.toml" "--no-deps", kill_on_drop: false }`
[INFO] started tweaking git repo https://github.com/Wodann/alloc-wg-benchmark
[INFO] finished tweaking git repo https://github.com/Wodann/alloc-wg-benchmark
[INFO] tweaked toml for git repo https://github.com/Wodann/alloc-wg-benchmark written to /workspace/builds/worker-4-tc2/source/Cargo.toml
[INFO] crate git repo https://github.com/Wodann/alloc-wg-benchmark already has a lockfile, it will not be regenerated
[INFO] running `Command { std: CARGO_HOME="/workspace/cargo-home" RUSTUP_HOME="/workspace/rustup-home" "/workspace/cargo-home/bin/cargo" "+beta-2023-12-22" "fetch" "--manifest-path" "Cargo.toml", kill_on_drop: false }`
[INFO] running `Command { std: "docker" "create" "-v" "/var/lib/crater-agent-workspace/builds/worker-4-tc2/target:/opt/rustwide/target:rw,Z" "-v" "/var/lib/crater-agent-workspace/builds/worker-4-tc2/source:/opt/rustwide/workdir:ro,Z" "-v" "/var/lib/crater-agent-workspace/cargo-home:/opt/rustwide/cargo-home:ro,Z" "-v" "/var/lib/crater-agent-workspace/rustup-home:/opt/rustwide/rustup-home:ro,Z" "-e" "SOURCE_DIR=/opt/rustwide/workdir" "-e" "CARGO_TARGET_DIR=/opt/rustwide/target" "-e" "CARGO_HOME=/opt/rustwide/cargo-home" "-e" "RUSTUP_HOME=/opt/rustwide/rustup-home" "-w" "/opt/rustwide/workdir" "-m" "1610612736" "--user" "0:0" "--network" "none" "ghcr.io/rust-lang/crates-build-env/linux@sha256:2788e3201cd34a07e3172128adcd8b3090168a8e3bcc40d7c032b9dda1df7d1c" "/opt/rustwide/cargo-home/bin/cargo" "+beta-2023-12-22" "metadata" "--no-deps" "--format-version=1", kill_on_drop: false }`
[INFO] [stdout] e1dc0a612960de6c776e16c92c9045b099d7af109904c65f3e91e6358aef223a
[INFO] running `Command { std: "docker" "start" "-a" "e1dc0a612960de6c776e16c92c9045b099d7af109904c65f3e91e6358aef223a", kill_on_drop: false }`
[INFO] running `Command { std: "docker" "inspect" "e1dc0a612960de6c776e16c92c9045b099d7af109904c65f3e91e6358aef223a", kill_on_drop: false }`
[INFO] running `Command { std: "docker" "rm" "-f" "e1dc0a612960de6c776e16c92c9045b099d7af109904c65f3e91e6358aef223a", kill_on_drop: false }`
[INFO] [stdout] e1dc0a612960de6c776e16c92c9045b099d7af109904c65f3e91e6358aef223a
[INFO] running `Command { std: "docker" "create" "-v" "/var/lib/crater-agent-workspace/builds/worker-4-tc2/target:/opt/rustwide/target:rw,Z" "-v" "/var/lib/crater-agent-workspace/builds/worker-4-tc2/source:/opt/rustwide/workdir:ro,Z" "-v" "/var/lib/crater-agent-workspace/cargo-home:/opt/rustwide/cargo-home:ro,Z" "-v" "/var/lib/crater-agent-workspace/rustup-home:/opt/rustwide/rustup-home:ro,Z" "-e" "SOURCE_DIR=/opt/rustwide/workdir" "-e" "CARGO_TARGET_DIR=/opt/rustwide/target" "-e" "CARGO_INCREMENTAL=0" "-e" "RUST_BACKTRACE=full" "-e" "RUSTFLAGS=--cap-lints=warn" "-e" "RUSTDOCFLAGS=--cap-lints=warn" "-e" "CARGO_HOME=/opt/rustwide/cargo-home" "-e" "RUSTUP_HOME=/opt/rustwide/rustup-home" "-w" "/opt/rustwide/workdir" "-m" "1610612736" "--user" "0:0" "--network" "none" "ghcr.io/rust-lang/crates-build-env/linux@sha256:2788e3201cd34a07e3172128adcd8b3090168a8e3bcc40d7c032b9dda1df7d1c" "/opt/rustwide/cargo-home/bin/cargo" "+beta-2023-12-22" "doc" "--frozen" "--no-deps" "--document-private-items" "--message-format=json", kill_on_drop: false }`
[INFO] [stdout] 9dfeb0f3136f5f39fcb47d23205223d79d83c789c4d2a7a14428b830dbb201f8
[INFO] running `Command { std: "docker" "start" "-a" "9dfeb0f3136f5f39fcb47d23205223d79d83c789c4d2a7a14428b830dbb201f8", kill_on_drop: false }`
[INFO] [stderr]    Compiling libc v0.2.67
[INFO] [stderr]    Compiling getrandom v0.1.14
[INFO] [stderr]     Checking ppv-lite86 v0.2.6
[INFO] [stderr]     Checking alloc-wg v0.7.0 (https://github.com/TimDiekmann/alloc-wg?branch=call-by-value#b003665a)
[INFO] [stdout] error[E0557]: feature has been removed
[INFO] [stdout]   --> /opt/rustwide/cargo-home/git/checkouts/alloc-wg-928e1b8580ca835d/b003665/src/lib.rs:64:5
[INFO] [stdout]    |
[INFO] [stdout] 64 |     const_generics,
[INFO] [stdout]    |     ^^^^^^^^^^^^^^ feature has been removed
[INFO] [stdout]    |
[INFO] [stdout]    = note: removed in favor of `#![feature(adt_const_params)]` and `#![feature(generic_const_exprs)]`
[INFO] [stdout] 
[INFO] [stdout] 
[INFO] [stdout] error[E0405]: cannot find trait `LengthAtMost32` in module `core::array`
[INFO] [stdout]     --> /opt/rustwide/cargo-home/git/checkouts/alloc-wg-928e1b8580ca835d/b003665/src/boxed.rs:1095:26
[INFO] [stdout]      |
[INFO] [stdout] 1095 |     [T; N]: core::array::LengthAtMost32,
[INFO] [stdout]      |                          ^^^^^^^^^^^^^^ not found in `core::array`
[INFO] [stdout] 
[INFO] [stdout] 
[INFO] [stdout] error[E0405]: cannot find trait `LengthAtMost32` in module `core::array`
[INFO] [stdout]     --> /opt/rustwide/cargo-home/git/checkouts/alloc-wg-928e1b8580ca835d/b003665/src/vec.rs:2705:81
[INFO] [stdout]      |
[INFO] [stdout] 2705 | __impl_slice_eq1! { [A, const N: usize] Vec<T, A>, [U; N], [U; N]: core::array::LengthAtMost32, A: DeallocRef }
[INFO] [stdout]      |                                                                                 ^^^^^^^^^^^^^^ not found in `core::array`
[INFO] [stdout] 
[INFO] [stdout] 
[INFO] [stdout] error[E0405]: cannot find trait `LengthAtMost32` in module `core::array`
[INFO] [stdout]     --> /opt/rustwide/cargo-home/git/checkouts/alloc-wg-928e1b8580ca835d/b003665/src/vec.rs:2706:82
[INFO] [stdout]      |
[INFO] [stdout] 2706 | __impl_slice_eq1! { [A, const N: usize] Vec<T, A>, &[U; N], [U; N]: core::array::LengthAtMost32, A: DeallocRef }
[INFO] [stdout]      |                                                                                  ^^^^^^^^^^^^^^ not found in `core::array`
[INFO] [stdout] 
[INFO] [stdout] 
[INFO] [stdout] error[E0603]: module `lossy` is private
[INFO] [stdout]   --> /opt/rustwide/cargo-home/git/checkouts/alloc-wg-928e1b8580ca835d/b003665/src/string.rs:77:17
[INFO] [stdout]    |
[INFO] [stdout] 77 |     str::{self, lossy, Chars, FromStr, Utf8Error},
[INFO] [stdout]    |                 ^^^^^ private module
[INFO] [stdout]    |
[INFO] [stdout] note: the module `lossy` is defined here
[INFO] [stdout]   --> /rustc/0e09125c6c3c2fd70d7de961bcf0e51575235fad/library/core/src/str/mod.rs:26:1
[INFO] [stdout] 
[INFO] [stdout] 
[INFO] [stdout] error[E0554]: `#![feature]` may not be used on the beta release channel
[INFO] [stdout]   --> /opt/rustwide/cargo-home/git/checkouts/alloc-wg-928e1b8580ca835d/b003665/src/lib.rs:54:1
[INFO] [stdout]    |
[INFO] [stdout] 54 | / #![feature(
[INFO] [stdout] 55 | |     dropck_eyepatch,
[INFO] [stdout] 56 | |     coerce_unsized,
[INFO] [stdout] 57 | |     const_if_match,
[INFO] [stdout] ...  |
[INFO] [stdout] 72 | |     never_type
[INFO] [stdout] 73 | | )]
[INFO] [stdout]    | |__^
[INFO] [stdout]    |
[INFO] [stdout]    = help: the feature `const_if_match` has been stable since `1.46.0` and no longer requires an attribute to enable
[INFO] [stdout] 
[INFO] [stdout] 
[INFO] [stdout] error[E0554]: `#![feature]` may not be used on the beta release channel
[INFO] [stdout]   --> /opt/rustwide/cargo-home/git/checkouts/alloc-wg-928e1b8580ca835d/b003665/src/lib.rs:56:5
[INFO] [stdout]    |
[INFO] [stdout] 56 |     coerce_unsized,
[INFO] [stdout]    |     ^^^^^^^^^^^^^^
[INFO] [stdout] 
[INFO] [stdout] 
[INFO] [stdout] error[E0554]: `#![feature]` may not be used on the beta release channel
[INFO] [stdout]   --> /opt/rustwide/cargo-home/git/checkouts/alloc-wg-928e1b8580ca835d/b003665/src/lib.rs:58:5
[INFO] [stdout]    |
[INFO] [stdout] 58 |     core_intrinsics,
[INFO] [stdout]    |     ^^^^^^^^^^^^^^^
[INFO] [stdout] 
[INFO] [stdout] 
[INFO] [stdout] error[E0554]: `#![feature]` may not be used on the beta release channel
[INFO] [stdout]   --> /opt/rustwide/cargo-home/git/checkouts/alloc-wg-928e1b8580ca835d/b003665/src/lib.rs:59:5
[INFO] [stdout]    |
[INFO] [stdout] 59 |     str_internals,
[INFO] [stdout]    |     ^^^^^^^^^^^^^
[INFO] [stdout] 
[INFO] [stdout] 
[INFO] [stdout] error[E0554]: `#![feature]` may not be used on the beta release channel
[INFO] [stdout]   --> /opt/rustwide/cargo-home/git/checkouts/alloc-wg-928e1b8580ca835d/b003665/src/lib.rs:60:5
[INFO] [stdout]    |
[INFO] [stdout] 60 |     dispatch_from_dyn,
[INFO] [stdout]    |     ^^^^^^^^^^^^^^^^^
[INFO] [stdout] 
[INFO] [stdout] 
[INFO] [stdout] error[E0554]: `#![feature]` may not be used on the beta release channel
[INFO] [stdout]   --> /opt/rustwide/cargo-home/git/checkouts/alloc-wg-928e1b8580ca835d/b003665/src/lib.rs:61:5
[INFO] [stdout]    |
[INFO] [stdout] 61 |     unsize,
[INFO] [stdout]    |     ^^^^^^
[INFO] [stdout] 
[INFO] [stdout] 
[INFO] [stdout] error[E0554]: `#![feature]` may not be used on the beta release channel
[INFO] [stdout]   --> /opt/rustwide/cargo-home/git/checkouts/alloc-wg-928e1b8580ca835d/b003665/src/lib.rs:62:5
[INFO] [stdout]    |
[INFO] [stdout] 62 |     exact_size_is_empty,
[INFO] [stdout]    |     ^^^^^^^^^^^^^^^^^^^
[INFO] [stdout] 
[INFO] [stdout] 
[INFO] [stdout] error[E0554]: `#![feature]` may not be used on the beta release channel
[INFO] [stdout]   --> /opt/rustwide/cargo-home/git/checkouts/alloc-wg-928e1b8580ca835d/b003665/src/lib.rs:63:5
[INFO] [stdout]    |
[INFO] [stdout] 63 |     receiver_trait,
[INFO] [stdout]    |     ^^^^^^^^^^^^^^
[INFO] [stdout] 
[INFO] [stdout] 
[INFO] [stdout] error[E0554]: `#![feature]` may not be used on the beta release channel
[INFO] [stdout]   --> /opt/rustwide/cargo-home/git/checkouts/alloc-wg-928e1b8580ca835d/b003665/src/lib.rs:65:5
[INFO] [stdout]    |
[INFO] [stdout] 65 |     const_generic_impls_guard,
[INFO] [stdout]    |     ^^^^^^^^^^^^^^^^^^^^^^^^^
[INFO] [stdout] 
[INFO] [stdout] 
[INFO] [stdout] error[E0554]: `#![feature]` may not be used on the beta release channel
[INFO] [stdout]   --> /opt/rustwide/cargo-home/git/checkouts/alloc-wg-928e1b8580ca835d/b003665/src/lib.rs:68:5
[INFO] [stdout]    |
[INFO] [stdout] 68 |     trusted_len,
[INFO] [stdout]    |     ^^^^^^^^^^^
[INFO] [stdout] 
[INFO] [stdout] 
[INFO] [stdout] error[E0554]: `#![feature]` may not be used on the beta release channel
[INFO] [stdout]   --> /opt/rustwide/cargo-home/git/checkouts/alloc-wg-928e1b8580ca835d/b003665/src/lib.rs:70:5
[INFO] [stdout]    |
[INFO] [stdout] 70 |     fn_traits,
[INFO] [stdout]    |     ^^^^^^^^^
[INFO] [stdout] 
[INFO] [stdout] 
[INFO] [stdout] error[E0635]: unknown feature `const_generic_impls_guard`
[INFO] [stdout]   --> /opt/rustwide/cargo-home/git/checkouts/alloc-wg-928e1b8580ca835d/b003665/src/lib.rs:65:5
[INFO] [stdout]    |
[INFO] [stdout] 65 |     const_generic_impls_guard,
[INFO] [stdout]    |     ^^^^^^^^^^^^^^^^^^^^^^^^^
[INFO] [stdout] 
[INFO] [stdout] 
[INFO] [stdout] error: aborting due to 17 previous errors
[INFO] [stdout] 
[INFO] [stdout] 
[INFO] [stdout] Some errors have detailed explanations: E0405, E0554, E0557, E0603, E0635.
[INFO] [stdout] 
[INFO] [stdout] For more information about an error, try `rustc --explain E0405`.
[INFO] [stdout] 
[INFO] [stderr] error: could not compile `alloc-wg` (lib) due to 18 previous errors
[INFO] [stderr] warning: build failed, waiting for other jobs to finish...
[INFO] running `Command { std: "docker" "inspect" "9dfeb0f3136f5f39fcb47d23205223d79d83c789c4d2a7a14428b830dbb201f8", kill_on_drop: false }`
[INFO] running `Command { std: "docker" "rm" "-f" "9dfeb0f3136f5f39fcb47d23205223d79d83c789c4d2a7a14428b830dbb201f8", kill_on_drop: false }`
[INFO] [stdout] 9dfeb0f3136f5f39fcb47d23205223d79d83c789c4d2a7a14428b830dbb201f8
