[INFO] cloning repository https://github.com/WilliamVenner/squad-mortar-helper
[INFO] running `Command { std: "git" "-c" "credential.helper=" "-c" "credential.helper=/workspace/cargo-home/bin/git-credential-null" "clone" "--bare" "https://github.com/WilliamVenner/squad-mortar-helper" "/workspace/cache/git-repos/https%3A%2F%2Fgithub.com%2FWilliamVenner%2Fsquad-mortar-helper", kill_on_drop: false }`
[INFO] [stderr] Cloning into bare repository '/workspace/cache/git-repos/https%3A%2F%2Fgithub.com%2FWilliamVenner%2Fsquad-mortar-helper'...
[INFO] running `Command { std: "git" "rev-parse" "HEAD", kill_on_drop: false }`
[INFO] [stdout] 00289873857b7893e2b9dc5e503d77d8fd62fdde
[INFO] documenting WilliamVenner/squad-mortar-helper against 1.75.0 for beta-1.76-rustdoc-1
[INFO] running `Command { std: "git" "clone" "/workspace/cache/git-repos/https%3A%2F%2Fgithub.com%2FWilliamVenner%2Fsquad-mortar-helper" "/workspace/builds/worker-1-tc1/source", kill_on_drop: false }`
[INFO] [stderr] Cloning into '/workspace/builds/worker-1-tc1/source'...
[INFO] [stderr] done.
[INFO] validating manifest of git repo https://github.com/WilliamVenner/squad-mortar-helper on toolchain 1.75.0
[INFO] running `Command { std: CARGO_HOME="/workspace/cargo-home" RUSTUP_HOME="/workspace/rustup-home" "/workspace/cargo-home/bin/cargo" "+1.75.0" "metadata" "--manifest-path" "Cargo.toml" "--no-deps", kill_on_drop: false }`
[INFO] started tweaking git repo https://github.com/WilliamVenner/squad-mortar-helper
[INFO] finished tweaking git repo https://github.com/WilliamVenner/squad-mortar-helper
[INFO] tweaked toml for git repo https://github.com/WilliamVenner/squad-mortar-helper written to /workspace/builds/worker-1-tc1/source/Cargo.toml
[INFO] crate git repo https://github.com/WilliamVenner/squad-mortar-helper already has a lockfile, it will not be regenerated
[INFO] running `Command { std: CARGO_HOME="/workspace/cargo-home" RUSTUP_HOME="/workspace/rustup-home" "/workspace/cargo-home/bin/cargo" "+1.75.0" "fetch" "--manifest-path" "Cargo.toml", kill_on_drop: false }`
[INFO] [stderr]     Updating crates.io index
[INFO] [stderr]     Updating git repository `https://github.com/WilliamVenner/Rust-CUDA`
[INFO] [stderr]     Updating git repository `https://github.com/alexcrichton/xz2-rs.git`
[INFO] [stderr]     Updating git submodule `https://github.com/xz-mirror/xz`
[INFO] [stderr]  Downloading crates ...
[INFO] [stderr]   Downloaded build_cfg v1.1.0
[INFO] [stderr]   Downloaded build_cfg_macros v1.1.0
[INFO] [stderr]   Downloaded scrap v0.5.0
[INFO] [stderr]   Downloaded windows_macros v0.18.0
[INFO] [stderr]   Downloaded build_cfg_shared v1.1.0
[INFO] [stderr]   Downloaded build-time v0.1.1
[INFO] [stderr]   Downloaded magic_static_macro v3.0.0
[INFO] [stderr]   Downloaded msgbox v0.7.0
[INFO] [stderr]   Downloaded leptonica-sys v0.4.1
[INFO] [stderr]   Downloaded imgui-winit-support v0.8.2
[INFO] [stderr]   Downloaded imgui-glium-renderer v0.8.2
[INFO] [stderr]   Downloaded windows v0.18.0
[INFO] [stderr]   Downloaded imgui v0.8.2
[INFO] [stderr]   Downloaded magic_static v3.0.1
[INFO] [stderr]   Downloaded imgui-sys v0.8.2
[INFO] [stderr]   Downloaded ctrlc v3.2.1
[INFO] [stderr]   Downloaded local-ip-address v0.4.4
[INFO] [stderr]   Downloaded open v2.1.1
[INFO] [stderr]   Downloaded windows_gen v0.18.0
[INFO] [stderr]   Downloaded steamy-vdf v0.2.0
[INFO] [stderr]   Downloaded steamlocate v1.0.1
[INFO] [stderr]   Downloaded sysreq v0.1.3
[INFO] running `Command { std: "docker" "create" "-v" "/var/lib/crater-agent-workspace/builds/worker-1-tc1/target:/opt/rustwide/target:rw,Z" "-v" "/var/lib/crater-agent-workspace/builds/worker-1-tc1/source:/opt/rustwide/workdir:ro,Z" "-v" "/var/lib/crater-agent-workspace/cargo-home:/opt/rustwide/cargo-home:ro,Z" "-v" "/var/lib/crater-agent-workspace/rustup-home:/opt/rustwide/rustup-home:ro,Z" "-e" "SOURCE_DIR=/opt/rustwide/workdir" "-e" "CARGO_TARGET_DIR=/opt/rustwide/target" "-e" "CARGO_HOME=/opt/rustwide/cargo-home" "-e" "RUSTUP_HOME=/opt/rustwide/rustup-home" "-w" "/opt/rustwide/workdir" "-m" "1610612736" "--user" "0:0" "--network" "none" "ghcr.io/rust-lang/crates-build-env/linux@sha256:2788e3201cd34a07e3172128adcd8b3090168a8e3bcc40d7c032b9dda1df7d1c" "/opt/rustwide/cargo-home/bin/cargo" "+1.75.0" "metadata" "--no-deps" "--format-version=1", kill_on_drop: false }`
[INFO] [stdout] 0c39be301abe3b7c87eeae6d6ca40aef36dcc9180dd1f117db37eb38df9f08e0
[INFO] running `Command { std: "docker" "start" "-a" "0c39be301abe3b7c87eeae6d6ca40aef36dcc9180dd1f117db37eb38df9f08e0", kill_on_drop: false }`
[INFO] running `Command { std: "docker" "inspect" "0c39be301abe3b7c87eeae6d6ca40aef36dcc9180dd1f117db37eb38df9f08e0", kill_on_drop: false }`
[INFO] running `Command { std: "docker" "rm" "-f" "0c39be301abe3b7c87eeae6d6ca40aef36dcc9180dd1f117db37eb38df9f08e0", kill_on_drop: false }`
[INFO] [stdout] 0c39be301abe3b7c87eeae6d6ca40aef36dcc9180dd1f117db37eb38df9f08e0
[INFO] running `Command { std: "docker" "create" "-v" "/var/lib/crater-agent-workspace/builds/worker-1-tc1/target:/opt/rustwide/target:rw,Z" "-v" "/var/lib/crater-agent-workspace/builds/worker-1-tc1/source:/opt/rustwide/workdir:ro,Z" "-v" "/var/lib/crater-agent-workspace/cargo-home:/opt/rustwide/cargo-home:ro,Z" "-v" "/var/lib/crater-agent-workspace/rustup-home:/opt/rustwide/rustup-home:ro,Z" "-e" "SOURCE_DIR=/opt/rustwide/workdir" "-e" "CARGO_TARGET_DIR=/opt/rustwide/target" "-e" "CARGO_INCREMENTAL=0" "-e" "RUST_BACKTRACE=full" "-e" "RUSTFLAGS=--cap-lints=warn" "-e" "RUSTDOCFLAGS=--cap-lints=warn" "-e" "CARGO_HOME=/opt/rustwide/cargo-home" "-e" "RUSTUP_HOME=/opt/rustwide/rustup-home" "-w" "/opt/rustwide/workdir" "-m" "1610612736" "--user" "0:0" "--network" "none" "ghcr.io/rust-lang/crates-build-env/linux@sha256:2788e3201cd34a07e3172128adcd8b3090168a8e3bcc40d7c032b9dda1df7d1c" "/opt/rustwide/cargo-home/bin/cargo" "+1.75.0" "doc" "--frozen" "--no-deps" "--document-private-items" "--message-format=json", kill_on_drop: false }`
[INFO] [stdout] a125c5f5b1284ee29896275e1c16caaa117e71e07c2f84058b01615f80128f2c
[INFO] running `Command { std: "docker" "start" "-a" "a125c5f5b1284ee29896275e1c16caaa117e71e07c2f84058b01615f80128f2c", kill_on_drop: false }`
[INFO] [stderr]    Compiling libc v0.2.121
[INFO] [stderr]    Compiling syn v1.0.90
[INFO] [stderr]    Compiling pkg-config v0.3.25
[INFO] [stderr]    Compiling log v0.4.16
[INFO] [stderr]    Compiling xml-rs v0.8.4
[INFO] [stderr]    Compiling memoffset v0.6.5
[INFO] [stderr]    Compiling crossbeam-utils v0.8.8
[INFO] [stderr]    Compiling num-traits v0.2.14
[INFO] [stderr]    Compiling crossbeam-epoch v0.9.8
[INFO] [stderr]    Compiling num-integer v0.1.44
[INFO] [stderr]    Compiling lock_api v0.4.7
[INFO] [stderr]    Compiling memchr v2.4.1
[INFO] [stderr]     Checking crossbeam-channel v0.5.4
[INFO] [stderr]     Checking libloading v0.7.3
[INFO] [stderr]     Checking ttf-parser v0.6.2
[INFO] [stderr]     Checking ab_glyph_rasterizer v0.1.5
[INFO] [stderr]     Checking crossbeam-deque v0.8.1
[INFO] [stderr]    Compiling wayland-scanner v0.28.6
[INFO] [stderr]    Compiling clang-sys v1.3.1
[INFO] [stderr]    Compiling nom v5.1.2
[INFO] [stderr]    Compiling num-iter v0.1.42
[INFO] [stderr]    Compiling khronos_api v3.1.0
[INFO] [stderr]     Checking dirs-sys v0.3.7
[INFO] [stderr]    Compiling aho-corasick v0.7.18
[INFO] [stderr]    Compiling atty v0.2.14
[INFO] [stderr]    Compiling wayland-sys v0.28.6
[INFO] [stderr]    Compiling num-bigint v0.3.3
[INFO] [stderr]    Compiling regex-syntax v0.6.25
[INFO] [stderr]    Compiling crc32fast v1.3.2
[INFO] [stderr]     Checking owned_ttf_parser v0.6.0
[INFO] [stderr]     Checking rusttype v0.9.2
[INFO] [stderr]     Checking dlib v0.5.0
[INFO] [stderr]    Compiling num-rational v0.3.2
[INFO] [stderr]    Compiling miniz_oxide v0.4.4
[INFO] [stderr]     Checking adler32 v1.2.0
[INFO] [stderr]    Compiling bindgen v0.56.0
[INFO] [stderr]    Compiling humantime v2.1.0
[INFO] [stderr]    Compiling strsim v0.8.0
[INFO] [stderr]    Compiling vec_map v0.8.2
[INFO] [stderr]    Compiling clap v2.34.0
[INFO] [stderr]    Compiling wayland-client v0.28.6
[INFO] [stderr]    Compiling gl_generator v0.14.0
[INFO] [stderr]    Compiling regex v1.5.5
[INFO] [stderr]    Compiling cexpr v0.4.0
[INFO] [stderr]     Checking getrandom v0.1.16
[INFO] [stderr]     Checking nix v0.20.0
[INFO] [stderr]    Compiling which v3.1.1
[INFO] [stderr]    Compiling env_logger v0.8.4
[INFO] [stderr]    Compiling backtrace v0.3.64
[INFO] [stderr]    Compiling shlex v0.1.1
[INFO] [stderr]    Compiling parking_lot_core v0.9.3
[INFO] [stderr]    Compiling rayon-core v1.9.3
[INFO] [stderr]     Checking gimli v0.26.1
[INFO] [stderr]     Checking rand_core v0.5.1
[INFO] [stderr]    Compiling derive_more v0.99.17
[INFO] [stderr]    Compiling serde_derive v1.0.136
[INFO] [stderr]    Compiling bytemuck_derive v1.1.0
[INFO] [stderr]     Checking addr2line v0.17.0
[INFO] [stderr]     Checking wayland-commons v0.28.6
[INFO] [stderr]     Checking miniz_oxide v0.3.7
[INFO] [stderr]     Checking deflate v0.8.6
[INFO] [stderr]     Checking object v0.27.1
[INFO] [stderr]    Compiling matrixmultiply v0.1.15
[INFO] [stderr]     Checking downcast-rs v1.2.0
[INFO] [stderr]     Checking png v0.16.8
[INFO] [stderr]    Compiling thiserror-impl v1.0.30
[INFO] [stderr]     Checking bytemuck v1.9.1
[INFO] [stderr]     Checking rand_chacha v0.2.2
[INFO] [stderr]     Checking num_cpus v1.13.1
[INFO] [stderr]    Compiling rayon v1.5.3
[INFO] [stderr]    Compiling nix v0.18.0
[INFO] [stderr]     Checking minimal-lexical v0.2.1
[INFO] [stderr]    Compiling crossbeam-queue v0.3.5
[INFO] [stderr]     Checking either v1.6.1
[INFO] [stderr]     Checking color_quant v1.1.0
[INFO] [stderr]     Checking jpeg-decoder v0.1.22
[INFO] [stderr]     Checking rawpointer v0.1.0
[INFO] [stderr]     Checking nom v7.1.1
[INFO] [stderr]     Checking image v0.23.14
[INFO] [stderr]     Checking parking_lot v0.12.0
[INFO] [stderr]     Checking thiserror v1.0.30
[INFO] [stderr]     Checking rand v0.7.3
[INFO] [stderr]    Compiling wayland-protocols v0.28.6
[INFO] [stderr]     Checking num v0.1.42
[INFO] [stderr]     Checking dirs v4.0.0
[INFO] [stderr]     Checking num-complex v0.3.1
[INFO] [stderr]    Compiling x11-dl v2.19.1
[INFO] [stderr]    Compiling anyhow v1.0.57
[INFO] [stderr]     Checking cache-padded v1.2.0
[INFO] [stderr]     Checking custom_derive v0.1.7
[INFO] [stderr]    Compiling build_cfg_shared v1.1.0
[INFO] [stderr]     Checking conv v0.3.3
[INFO] [stderr]     Checking num v0.3.1
[INFO] [stderr]     Checking concurrent-queue v1.2.2
[INFO] [stderr]     Checking tinyvec v1.6.0
[INFO] [stderr]     Checking parking_lot_core v0.8.5
[INFO] [stderr]     Checking xcursor v0.3.4
[INFO] [stderr]    Compiling build_cfg_macros v1.1.0
[INFO] [stderr]     Checking xdg v2.4.1
[INFO] [stderr]     Checking rand_distr v0.2.2
[INFO] [stderr]     Checking rulinalg v0.4.2
[INFO] [stderr]     Checking serde v1.0.136
[INFO] [stderr]    Compiling leptonica-sys v0.4.1
[INFO] [stderr]    Compiling build_cfg v1.1.0
[INFO] [stderr]    Compiling smh-vision-ocr v0.1.0 (/opt/rustwide/workdir/vision-ocr)
[INFO] [stderr]     Checking itertools v0.9.0
[INFO] [stderr]     Checking time v0.1.43
[INFO] [stderr]    Compiling find_cuda_helper v0.2.0 (https://github.com/WilliamVenner/Rust-CUDA?branch=squad-mortar-helper#85611a1b)
[INFO] [stderr]     Checking libloading v0.6.7
[INFO] [stderr]     Checking pathdiff v0.2.1
[INFO] [stderr]     Checking event-listener v2.5.2
[INFO] [stderr]     Checking cty v0.2.2
[INFO] [stderr]     Checking raw-window-handle v0.4.3
[INFO] [stderr]     Checking async-channel v1.6.1
[INFO] [stderr]     Checking open v2.1.1
[INFO] [stderr]     Checking andrew v0.3.1
[INFO] [stderr]     Checking dlib v0.4.2
[INFO] [stderr]     Checking imageproc v0.22.0
[INFO] [stderr]     Checking chrono v0.4.19
[INFO] [stderr]     Checking crossbeam v0.8.1
[INFO] [stderr]     Checking unicode-normalization v0.1.19
[INFO] [stderr]     Checking calloop v0.6.5
[INFO] [stderr]     Checking parking_lot v0.11.2
[INFO] [stderr]     Checking wayland-cursor v0.28.6
[INFO] [stderr]     Checking memmap2 v0.1.0
[INFO] [stderr]     Checking getrandom v0.2.6
[INFO] [stderr]     Checking mio v0.7.14
[INFO] [stderr]    Compiling winit v0.25.0
[INFO] [stderr]     Checking atomic_refcell v0.1.8
[INFO] [stderr]     Checking unicode-bidi v0.3.8
[INFO] [stderr]    Compiling paste v1.0.7
[INFO] [stderr]     Checking rand_core v0.6.3
[INFO] [stderr]     Checking mio-misc v1.2.2
[INFO] [stderr]     Checking idna v0.2.3
[INFO] [stderr]    Compiling pest_generator v2.1.3
[INFO] [stderr]     Checking raw-window-handle v0.3.4
[INFO] [stderr]     Checking crypto-common v0.1.3
[INFO] [stderr]     Checking block-buffer v0.10.2
[INFO] [stderr]    Compiling toml v0.5.8
[INFO] [stderr]    Compiling glutin_egl_sys v0.1.5
[INFO] [stderr]    Compiling glutin_glx_sys v0.1.7
[INFO] [stderr]     Checking smh-util v0.1.0 (/opt/rustwide/workdir/util)
[INFO] [stderr]     Checking miniz_oxide v0.5.1
[INFO] [stderr]     Checking filetime v0.2.16
[INFO] [stderr]     Checking xattr v0.2.3
[INFO] [stderr]    Compiling imgui-sys v0.8.2
[INFO] [stderr]    Compiling httparse v1.7.1
[INFO] [stderr]    Compiling toml-consts v0.1.0 (/opt/rustwide/workdir/toml-consts)
[INFO] [stderr]     Checking flate2 v1.0.23
[INFO] [stderr]     Checking tar v0.4.38
[INFO] [stderr]    Compiling pest_derive v2.1.0
[INFO] [stderr]     Checking digest v0.10.3
[INFO] [stderr]     Checking url v2.2.2
[INFO] [stderr]     Checking rand_chacha v0.3.1
[INFO] [stderr]    Compiling cust_raw v0.11.3 (https://github.com/WilliamVenner/Rust-CUDA?branch=squad-mortar-helper#85611a1b)
[INFO] [stderr]     Checking shared_library v0.1.9
[INFO] [stderr]    Compiling smh-vision-common v0.1.0 (/opt/rustwide/workdir/vision-common)
[INFO] [stderr]    Compiling xcb v0.8.2
[INFO] [stderr]     Checking nom v1.2.4
[INFO] [stderr]    Compiling futures-util v0.3.21
[INFO] [stderr]     Checking pin-project-lite v0.2.9
[INFO] [stderr]     Checking chlorine v1.0.10
[INFO] [stderr]     Checking sha-1 v0.10.0
[INFO] [stderr]     Checking steamy-vdf v0.2.0
[INFO] [stderr]    Compiling which v4.2.5
[INFO] [stderr]     Checking keyvalues-parser v0.1.0
[INFO] [stderr]     Checking osmesa-sys v0.1.2
[INFO] [stderr] error: failed to run custom build command for `cust_raw v0.11.3 (https://github.com/WilliamVenner/Rust-CUDA?branch=squad-mortar-helper#85611a1b)`
[INFO] [stderr] note: To improve backtraces for build dependencies, set the CARGO_PROFILE_DEV_BUILD_OVERRIDE_DEBUG=true environment variable to enable debug information generation.
[INFO] [stderr] 
[INFO] [stderr] Caused by:
[INFO] [stderr]   process didn't exit successfully: `/opt/rustwide/target/debug/build/cust_raw-c2d309919a96573a/build-script-build` (exit status: 101)
[INFO] [stderr]   --- stderr
[INFO] [stderr]   thread 'main' panicked at /opt/rustwide/cargo-home/git/checkouts/rust-cuda-f6c8df233ddf8fb8/85611a1/crates/find_cuda_helper/src/lib.rs:12:13:
[INFO] [stderr]   Could not find a cuda installation
[INFO] [stderr]   stack backtrace:
[INFO] [stderr]      0:     0x560aa6d6d71c - std::backtrace_rs::backtrace::libunwind::trace::ha637c64ce894333a
[INFO] [stderr]                                  at /rustc/82e1608dfa6e0b5569232559e3d385fea5a93112/library/std/src/../../backtrace/src/backtrace/libunwind.rs:104:5
[INFO] [stderr]      1:     0x560aa6d6d71c - std::backtrace_rs::backtrace::trace_unsynchronized::h47f62dea28e0c88d
[INFO] [stderr]                                  at /rustc/82e1608dfa6e0b5569232559e3d385fea5a93112/library/std/src/../../backtrace/src/backtrace/mod.rs:66:5
[INFO] [stderr]      2:     0x560aa6d6d71c - std::sys_common::backtrace::_print_fmt::h9eef0abe20ede486
[INFO] [stderr]                                  at /rustc/82e1608dfa6e0b5569232559e3d385fea5a93112/library/std/src/sys_common/backtrace.rs:67:5
[INFO] [stderr]      3:     0x560aa6d6d71c - <std::sys_common::backtrace::_print::DisplayBacktrace as core::fmt::Display>::fmt::hed7f999df88cc644
[INFO] [stderr]                                  at /rustc/82e1608dfa6e0b5569232559e3d385fea5a93112/library/std/src/sys_common/backtrace.rs:44:22
[INFO] [stderr]      4:     0x560aa6d8d710 - core::fmt::rt::Argument::fmt::h1539a9308b8d058d
[INFO] [stderr]                                  at /rustc/82e1608dfa6e0b5569232559e3d385fea5a93112/library/core/src/fmt/rt.rs:142:9
[INFO] [stderr]      5:     0x560aa6d8d710 - core::fmt::write::h3a39390d8560d9c9
[INFO] [stderr]                                  at /rustc/82e1608dfa6e0b5569232559e3d385fea5a93112/library/core/src/fmt/mod.rs:1120:17
[INFO] [stderr]      6:     0x560aa6d6b7cf - std::io::Write::write_fmt::h5fc9997dfe05f882
[INFO] [stderr]                                  at /rustc/82e1608dfa6e0b5569232559e3d385fea5a93112/library/std/src/io/mod.rs:1762:15
[INFO] [stderr]      7:     0x560aa6d6d504 - std::sys_common::backtrace::_print::h894006fb5c6f3d45
[INFO] [stderr]                                  at /rustc/82e1608dfa6e0b5569232559e3d385fea5a93112/library/std/src/sys_common/backtrace.rs:47:5
[INFO] [stderr]      8:     0x560aa6d6d504 - std::sys_common::backtrace::print::h23a2d212c6fff936
[INFO] [stderr]                                  at /rustc/82e1608dfa6e0b5569232559e3d385fea5a93112/library/std/src/sys_common/backtrace.rs:34:9
[INFO] [stderr]      9:     0x560aa6d6ea17 - std::panicking::default_hook::{{closure}}::h8a1d2ee00185001a
[INFO] [stderr]     10:     0x560aa6d6e77f - std::panicking::default_hook::h6038f2eba384e475
[INFO] [stderr]                                  at /rustc/82e1608dfa6e0b5569232559e3d385fea5a93112/library/std/src/panicking.rs:292:9
[INFO] [stderr]     11:     0x560aa6d6ee98 - std::panicking::rust_panic_with_hook::h2b5517d590cab22e
[INFO] [stderr]                                  at /rustc/82e1608dfa6e0b5569232559e3d385fea5a93112/library/std/src/panicking.rs:779:13
[INFO] [stderr]     12:     0x560aa6d6ed49 - std::panicking::begin_panic_handler::{{closure}}::h233112c06e0ef43e
[INFO] [stderr]                                  at /rustc/82e1608dfa6e0b5569232559e3d385fea5a93112/library/std/src/panicking.rs:649:13
[INFO] [stderr]     13:     0x560aa6d6dbe6 - std::sys_common::backtrace::__rust_end_short_backtrace::h6e893f24d7ebbff8
[INFO] [stderr]                                  at /rustc/82e1608dfa6e0b5569232559e3d385fea5a93112/library/std/src/sys_common/backtrace.rs:170:18
[INFO] [stderr]     14:     0x560aa6d6eae2 - rust_begin_unwind
[INFO] [stderr]                                  at /rustc/82e1608dfa6e0b5569232559e3d385fea5a93112/library/std/src/panicking.rs:645:5
[INFO] [stderr]     15:     0x560aa6d38245 - core::panicking::panic_fmt::hbf0e066aabfa482c
[INFO] [stderr]                                  at /rustc/82e1608dfa6e0b5569232559e3d385fea5a93112/library/core/src/panicking.rs:72:14
[INFO] [stderr]     16:     0x560aa6d3c13a - find_cuda_helper::include_cuda::hc8a7457b878896c3
[INFO] [stderr]     17:     0x560aa6d38b27 - build_script_build::main::hde475ca974189154
[INFO] [stderr]     18:     0x560aa6d38ab3 - core::ops::function::FnOnce::call_once::h01c8aab00e329f48
[INFO] [stderr]     19:     0x560aa6d38a36 - std::sys_common::backtrace::__rust_begin_short_backtrace::h7c1254a995de85f3
[INFO] [stderr]     20:     0x560aa6d38a89 - std::rt::lang_start::{{closure}}::h70eb179da5a9741e
[INFO] [stderr]     21:     0x560aa6d68ac7 - core::ops::function::impls::<impl core::ops::function::FnOnce<A> for &F>::call_once::hd95060ecd5e1ca24
[INFO] [stderr]                                  at /rustc/82e1608dfa6e0b5569232559e3d385fea5a93112/library/core/src/ops/function.rs:284:13
[INFO] [stderr]     22:     0x560aa6d68ac7 - std::panicking::try::do_call::h6e8cf51db32a6e4b
[INFO] [stderr]                                  at /rustc/82e1608dfa6e0b5569232559e3d385fea5a93112/library/std/src/panicking.rs:552:40
[INFO] [stderr]     23:     0x560aa6d68ac7 - std::panicking::try::h3a52eefe24fe3c29
[INFO] [stderr]                                  at /rustc/82e1608dfa6e0b5569232559e3d385fea5a93112/library/std/src/panicking.rs:516:19
[INFO] [stderr]     24:     0x560aa6d68ac7 - std::panic::catch_unwind::h24c28c23c02c3841
[INFO] [stderr]                                  at /rustc/82e1608dfa6e0b5569232559e3d385fea5a93112/library/std/src/panic.rs:142:14
[INFO] [stderr]     25:     0x560aa6d68ac7 - std::rt::lang_start_internal::{{closure}}::h705d3c9cbc06ef47
[INFO] [stderr]                                  at /rustc/82e1608dfa6e0b5569232559e3d385fea5a93112/library/std/src/rt.rs:148:48
[INFO] [stderr]     26:     0x560aa6d68ac7 - std::panicking::try::do_call::ha21f52ba13158470
[INFO] [stderr]                                  at /rustc/82e1608dfa6e0b5569232559e3d385fea5a93112/library/std/src/panicking.rs:552:40
[INFO] [stderr]     27:     0x560aa6d68ac7 - std::panicking::try::h5581346bf6aeb1f8
[INFO] [stderr]                                  at /rustc/82e1608dfa6e0b5569232559e3d385fea5a93112/library/std/src/panicking.rs:516:19
[INFO] [stderr]     28:     0x560aa6d68ac7 - std::panic::catch_unwind::h7919645a6b72e25b
[INFO] [stderr]                                  at /rustc/82e1608dfa6e0b5569232559e3d385fea5a93112/library/std/src/panic.rs:142:14
[INFO] [stderr]     29:     0x560aa6d68ac7 - std::rt::lang_start_internal::h12de51168669836e
[INFO] [stderr]                                  at /rustc/82e1608dfa6e0b5569232559e3d385fea5a93112/library/std/src/rt.rs:148:20
[INFO] [stderr]     30:     0x560aa6d38a67 - std::rt::lang_start::h36f626e02cef5e54
[INFO] [stderr]     31:     0x560aa6d38b45 - main
[INFO] [stderr]     32:     0x7f2a875f0d90 - <unknown>
[INFO] [stderr]     33:     0x7f2a875f0e40 - __libc_start_main
[INFO] [stderr]     34:     0x560aa6d38965 - _start
[INFO] [stderr]     35:                0x0 - <unknown>
[INFO] [stderr] warning: build failed, waiting for other jobs to finish...
[INFO] [stderr] error: failed to run custom build command for `xcb v0.8.2`
[INFO] [stderr] note: To improve backtraces for build dependencies, set the CARGO_PROFILE_DEV_BUILD_OVERRIDE_DEBUG=true environment variable to enable debug information generation.
[INFO] [stderr] 
[INFO] [stderr] Caused by:
[INFO] [stderr]   process didn't exit successfully: `/opt/rustwide/target/debug/build/xcb-2588aeba622a54fe/build-script-build` (exit status: 101)
[INFO] [stderr]   --- stderr
[INFO] [stderr]   error occured in handler:  ('request: ', ('xcb', 'SELinux', 'GetClientContext'))
[INFO] [stderr]   Traceback (most recent call last):
[INFO] [stderr]     File "/opt/rustwide/cargo-home/registry/src/index.crates.io-6f17d22bba15001f/xcb-0.8.2/rs_client.py", line 2448, in <module>
[INFO] [stderr]       module.generate()
[INFO] [stderr]     File "/opt/rustwide/cargo-home/registry/src/index.crates.io-6f17d22bba15001f/xcb-0.8.2/xcbgen/state.py", line 108, in generate
[INFO] [stderr]       self.close()
[INFO] [stderr]     File "/opt/rustwide/cargo-home/registry/src/index.crates.io-6f17d22bba15001f/xcb-0.8.2/rs_client.py", line 296, in rs_close
[INFO] [stderr]       _f.writeout(os.path.join(module.rs_srcdir, "ffi", "%s.rs" % _module_name(_ns.ext_name)))
[INFO] [stderr]     File "/opt/rustwide/cargo-home/registry/src/index.crates.io-6f17d22bba15001f/xcb-0.8.2/rs_client.py", line 114, in writeout
[INFO] [stderr]       with open(path, 'w') as f:
[INFO] [stderr]   OSError: [Errno 30] Read-only file system: '/opt/rustwide/cargo-home/registry/src/index.crates.io-6f17d22bba15001f/xcb-0.8.2/src/ffi/selinux.rs'
[INFO] [stderr]   thread 'main' panicked at /opt/rustwide/cargo-home/registry/src/index.crates.io-6f17d22bba15001f/xcb-0.8.2/build.rs:75:17:
[INFO] [stderr]   processing of /opt/rustwide/cargo-home/registry/src/index.crates.io-6f17d22bba15001f/xcb-0.8.2/xml/xselinux.xml returned non-zero (1)
[INFO] [stderr]   stack backtrace:
[INFO] [stderr]      0:     0x557627a8b2cc - std::backtrace_rs::backtrace::libunwind::trace::ha637c64ce894333a
[INFO] [stderr]                                  at /rustc/82e1608dfa6e0b5569232559e3d385fea5a93112/library/std/src/../../backtrace/src/backtrace/libunwind.rs:104:5
[INFO] [stderr]      1:     0x557627a8b2cc - std::backtrace_rs::backtrace::trace_unsynchronized::h47f62dea28e0c88d
[INFO] [stderr]                                  at /rustc/82e1608dfa6e0b5569232559e3d385fea5a93112/library/std/src/../../backtrace/src/backtrace/mod.rs:66:5
[INFO] [stderr]      2:     0x557627a8b2cc - std::sys_common::backtrace::_print_fmt::h9eef0abe20ede486
[INFO] [stderr]                                  at /rustc/82e1608dfa6e0b5569232559e3d385fea5a93112/library/std/src/sys_common/backtrace.rs:67:5
[INFO] [stderr]      3:     0x557627a8b2cc - <std::sys_common::backtrace::_print::DisplayBacktrace as core::fmt::Display>::fmt::hed7f999df88cc644
[INFO] [stderr]                                  at /rustc/82e1608dfa6e0b5569232559e3d385fea5a93112/library/std/src/sys_common/backtrace.rs:44:22
[INFO] [stderr]      4:     0x557627aae6c0 - core::fmt::rt::Argument::fmt::h1539a9308b8d058d
[INFO] [stderr]                                  at /rustc/82e1608dfa6e0b5569232559e3d385fea5a93112/library/core/src/fmt/rt.rs:142:9
[INFO] [stderr]      5:     0x557627aae6c0 - core::fmt::write::h3a39390d8560d9c9
[INFO] [stderr]                                  at /rustc/82e1608dfa6e0b5569232559e3d385fea5a93112/library/core/src/fmt/mod.rs:1120:17
[INFO] [stderr]      6:     0x557627a8929f - std::io::Write::write_fmt::h5fc9997dfe05f882
[INFO] [stderr]                                  at /rustc/82e1608dfa6e0b5569232559e3d385fea5a93112/library/std/src/io/mod.rs:1762:15
[INFO] [stderr]      7:     0x557627a8b0b4 - std::sys_common::backtrace::_print::h894006fb5c6f3d45
[INFO] [stderr]                                  at /rustc/82e1608dfa6e0b5569232559e3d385fea5a93112/library/std/src/sys_common/backtrace.rs:47:5
[INFO] [stderr]      8:     0x557627a8b0b4 - std::sys_common::backtrace::print::h23a2d212c6fff936
[INFO] [stderr]                                  at /rustc/82e1608dfa6e0b5569232559e3d385fea5a93112/library/std/src/sys_common/backtrace.rs:34:9
[INFO] [stderr]      9:     0x557627a8c757 - std::panicking::default_hook::{{closure}}::h8a1d2ee00185001a
[INFO] [stderr]     10:     0x557627a8c4bf - std::panicking::default_hook::h6038f2eba384e475
[INFO] [stderr]                                  at /rustc/82e1608dfa6e0b5569232559e3d385fea5a93112/library/std/src/panicking.rs:292:9
[INFO] [stderr]     11:     0x557627a8cbd8 - std::panicking::rust_panic_with_hook::h2b5517d590cab22e
[INFO] [stderr]                                  at /rustc/82e1608dfa6e0b5569232559e3d385fea5a93112/library/std/src/panicking.rs:779:13
[INFO] [stderr]     12:     0x557627a8cabe - std::panicking::begin_panic_handler::{{closure}}::h233112c06e0ef43e
[INFO] [stderr]                                  at /rustc/82e1608dfa6e0b5569232559e3d385fea5a93112/library/std/src/panicking.rs:657:13
[INFO] [stderr]     13:     0x557627a8b796 - std::sys_common::backtrace::__rust_end_short_backtrace::h6e893f24d7ebbff8
[INFO] [stderr]                                  at /rustc/82e1608dfa6e0b5569232559e3d385fea5a93112/library/std/src/sys_common/backtrace.rs:170:18
[INFO] [stderr]     14:     0x557627a8c822 - rust_begin_unwind
[INFO] [stderr]                                  at /rustc/82e1608dfa6e0b5569232559e3d385fea5a93112/library/std/src/panicking.rs:645:5
[INFO] [stderr]     15:     0x557627a65285 - core::panicking::panic_fmt::hbf0e066aabfa482c
[INFO] [stderr]                                  at /rustc/82e1608dfa6e0b5569232559e3d385fea5a93112/library/core/src/panicking.rs:72:14
[INFO] [stderr]     16:     0x557627a6b1e1 - build_script_build::main::{{closure}}::h1d9dcf391f47f03f
[INFO] [stderr]     17:     0x557627a6a0d5 - build_script_build::visit_xml::ha860313ac9e55067
[INFO] [stderr]     18:     0x557627a6a773 - build_script_build::main::h1b540cb2dd9b0de5
[INFO] [stderr]     19:     0x557627a66d53 - core::ops::function::FnOnce::call_once::h0466dce95991d6c4
[INFO] [stderr]     20:     0x557627a65dc6 - std::sys_common::backtrace::__rust_begin_short_backtrace::h91ef8325d2c4b8e9
[INFO] [stderr]     21:     0x557627a66509 - std::rt::lang_start::{{closure}}::hc76ba038815fcf43
[INFO] [stderr]     22:     0x557627a85fa7 - core::ops::function::impls::<impl core::ops::function::FnOnce<A> for &F>::call_once::hd95060ecd5e1ca24
[INFO] [stderr]                                  at /rustc/82e1608dfa6e0b5569232559e3d385fea5a93112/library/core/src/ops/function.rs:284:13
[INFO] [stderr]     23:     0x557627a85fa7 - std::panicking::try::do_call::h6e8cf51db32a6e4b
[INFO] [stderr]                                  at /rustc/82e1608dfa6e0b5569232559e3d385fea5a93112/library/std/src/panicking.rs:552:40
[INFO] [stderr]     24:     0x557627a85fa7 - std::panicking::try::h3a52eefe24fe3c29
[INFO] [stderr]                                  at /rustc/82e1608dfa6e0b5569232559e3d385fea5a93112/library/std/src/panicking.rs:516:19
[INFO] [stderr]     25:     0x557627a85fa7 - std::panic::catch_unwind::h24c28c23c02c3841
[INFO] [stderr]                                  at /rustc/82e1608dfa6e0b5569232559e3d385fea5a93112/library/std/src/panic.rs:142:14
[INFO] [stderr]     26:     0x557627a85fa7 - std::rt::lang_start_internal::{{closure}}::h705d3c9cbc06ef47
[INFO] [stderr]                                  at /rustc/82e1608dfa6e0b5569232559e3d385fea5a93112/library/std/src/rt.rs:148:48
[INFO] [stderr]     27:     0x557627a85fa7 - std::panicking::try::do_call::ha21f52ba13158470
[INFO] [stderr]                                  at /rustc/82e1608dfa6e0b5569232559e3d385fea5a93112/library/std/src/panicking.rs:552:40
[INFO] [stderr]     28:     0x557627a85fa7 - std::panicking::try::h5581346bf6aeb1f8
[INFO] [stderr]                                  at /rustc/82e1608dfa6e0b5569232559e3d385fea5a93112/library/std/src/panicking.rs:516:19
[INFO] [stderr]     29:     0x557627a85fa7 - std::panic::catch_unwind::h7919645a6b72e25b
[INFO] [stderr]                                  at /rustc/82e1608dfa6e0b5569232559e3d385fea5a93112/library/std/src/panic.rs:142:14
[INFO] [stderr]     30:     0x557627a85fa7 - std::rt::lang_start_internal::h12de51168669836e
[INFO] [stderr]                                  at /rustc/82e1608dfa6e0b5569232559e3d385fea5a93112/library/std/src/rt.rs:148:20
[INFO] [stderr]     31:     0x557627a664e7 - std::rt::lang_start::ha006b83ed129c912
[INFO] [stderr]     32:     0x557627a6b265 - main
[INFO] [stderr]     33:     0x7fb5cc4d7d90 - <unknown>
[INFO] [stderr]     34:     0x7fb5cc4d7e40 - __libc_start_main
[INFO] [stderr]     35:     0x557627a659a5 - _start
[INFO] [stderr]     36:                0x0 - <unknown>
[INFO] running `Command { std: "docker" "inspect" "a125c5f5b1284ee29896275e1c16caaa117e71e07c2f84058b01615f80128f2c", kill_on_drop: false }`
[INFO] running `Command { std: "docker" "rm" "-f" "a125c5f5b1284ee29896275e1c16caaa117e71e07c2f84058b01615f80128f2c", kill_on_drop: false }`
[INFO] [stdout] a125c5f5b1284ee29896275e1c16caaa117e71e07c2f84058b01615f80128f2c
[INFO] documenting WilliamVenner/squad-mortar-helper against beta-2023-12-22 for beta-1.76-rustdoc-1
[INFO] running `Command { std: "git" "clone" "/workspace/cache/git-repos/https%3A%2F%2Fgithub.com%2FWilliamVenner%2Fsquad-mortar-helper" "/workspace/builds/worker-1-tc2/source", kill_on_drop: false }`
[INFO] [stderr] Cloning into '/workspace/builds/worker-1-tc2/source'...
[INFO] [stderr] done.
[INFO] validating manifest of git repo https://github.com/WilliamVenner/squad-mortar-helper on toolchain beta-2023-12-22
[INFO] running `Command { std: CARGO_HOME="/workspace/cargo-home" RUSTUP_HOME="/workspace/rustup-home" "/workspace/cargo-home/bin/cargo" "+beta-2023-12-22" "metadata" "--manifest-path" "Cargo.toml" "--no-deps", kill_on_drop: false }`
[INFO] started tweaking git repo https://github.com/WilliamVenner/squad-mortar-helper
[INFO] finished tweaking git repo https://github.com/WilliamVenner/squad-mortar-helper
[INFO] tweaked toml for git repo https://github.com/WilliamVenner/squad-mortar-helper written to /workspace/builds/worker-1-tc2/source/Cargo.toml
[INFO] crate git repo https://github.com/WilliamVenner/squad-mortar-helper already has a lockfile, it will not be regenerated
[INFO] running `Command { std: CARGO_HOME="/workspace/cargo-home" RUSTUP_HOME="/workspace/rustup-home" "/workspace/cargo-home/bin/cargo" "+beta-2023-12-22" "fetch" "--manifest-path" "Cargo.toml", kill_on_drop: false }`
[INFO] running `Command { std: "docker" "create" "-v" "/var/lib/crater-agent-workspace/builds/worker-1-tc2/target:/opt/rustwide/target:rw,Z" "-v" "/var/lib/crater-agent-workspace/builds/worker-1-tc2/source:/opt/rustwide/workdir:ro,Z" "-v" "/var/lib/crater-agent-workspace/cargo-home:/opt/rustwide/cargo-home:ro,Z" "-v" "/var/lib/crater-agent-workspace/rustup-home:/opt/rustwide/rustup-home:ro,Z" "-e" "SOURCE_DIR=/opt/rustwide/workdir" "-e" "CARGO_TARGET_DIR=/opt/rustwide/target" "-e" "CARGO_HOME=/opt/rustwide/cargo-home" "-e" "RUSTUP_HOME=/opt/rustwide/rustup-home" "-w" "/opt/rustwide/workdir" "-m" "1610612736" "--user" "0:0" "--network" "none" "ghcr.io/rust-lang/crates-build-env/linux@sha256:2788e3201cd34a07e3172128adcd8b3090168a8e3bcc40d7c032b9dda1df7d1c" "/opt/rustwide/cargo-home/bin/cargo" "+beta-2023-12-22" "metadata" "--no-deps" "--format-version=1", kill_on_drop: false }`
[INFO] [stdout] c35b45422c6c43073a417b29a92aec15fd104f18b71aefab6ceeb077f6275d4f
[INFO] running `Command { std: "docker" "start" "-a" "c35b45422c6c43073a417b29a92aec15fd104f18b71aefab6ceeb077f6275d4f", kill_on_drop: false }`
[INFO] running `Command { std: "docker" "inspect" "c35b45422c6c43073a417b29a92aec15fd104f18b71aefab6ceeb077f6275d4f", kill_on_drop: false }`
[INFO] running `Command { std: "docker" "rm" "-f" "c35b45422c6c43073a417b29a92aec15fd104f18b71aefab6ceeb077f6275d4f", kill_on_drop: false }`
[INFO] [stdout] c35b45422c6c43073a417b29a92aec15fd104f18b71aefab6ceeb077f6275d4f
[INFO] running `Command { std: "docker" "create" "-v" "/var/lib/crater-agent-workspace/builds/worker-1-tc2/target:/opt/rustwide/target:rw,Z" "-v" "/var/lib/crater-agent-workspace/builds/worker-1-tc2/source:/opt/rustwide/workdir:ro,Z" "-v" "/var/lib/crater-agent-workspace/cargo-home:/opt/rustwide/cargo-home:ro,Z" "-v" "/var/lib/crater-agent-workspace/rustup-home:/opt/rustwide/rustup-home:ro,Z" "-e" "SOURCE_DIR=/opt/rustwide/workdir" "-e" "CARGO_TARGET_DIR=/opt/rustwide/target" "-e" "CARGO_INCREMENTAL=0" "-e" "RUST_BACKTRACE=full" "-e" "RUSTFLAGS=--cap-lints=warn" "-e" "RUSTDOCFLAGS=--cap-lints=warn" "-e" "CARGO_HOME=/opt/rustwide/cargo-home" "-e" "RUSTUP_HOME=/opt/rustwide/rustup-home" "-w" "/opt/rustwide/workdir" "-m" "1610612736" "--user" "0:0" "--network" "none" "ghcr.io/rust-lang/crates-build-env/linux@sha256:2788e3201cd34a07e3172128adcd8b3090168a8e3bcc40d7c032b9dda1df7d1c" "/opt/rustwide/cargo-home/bin/cargo" "+beta-2023-12-22" "doc" "--frozen" "--no-deps" "--document-private-items" "--message-format=json", kill_on_drop: false }`
[INFO] [stdout] f65eef3db68b741bb7325c87b1f9ee4a7c92bbb0cef490f4a21d8c0205086048
[INFO] running `Command { std: "docker" "start" "-a" "f65eef3db68b741bb7325c87b1f9ee4a7c92bbb0cef490f4a21d8c0205086048", kill_on_drop: false }`
[INFO] [stderr]    Compiling libc v0.2.121
[INFO] [stderr]    Compiling syn v1.0.90
[INFO] [stderr]    Compiling pkg-config v0.3.25
[INFO] [stderr]    Compiling log v0.4.16
[INFO] [stderr]    Compiling xml-rs v0.8.4
[INFO] [stderr]    Compiling memoffset v0.6.5
[INFO] [stderr]    Compiling crossbeam-utils v0.8.8
[INFO] [stderr]    Compiling num-traits v0.2.14
[INFO] [stderr]    Compiling crossbeam-epoch v0.9.8
[INFO] [stderr]    Compiling lock_api v0.4.7
[INFO] [stderr]    Compiling num-integer v0.1.44
[INFO] [stderr]    Compiling memchr v2.4.1
[INFO] [stderr]     Checking crossbeam-channel v0.5.4
[INFO] [stderr]     Checking libloading v0.7.3
[INFO] [stderr]     Checking crossbeam-deque v0.8.1
[INFO] [stderr]     Checking ttf-parser v0.6.2
[INFO] [stderr]     Checking ab_glyph_rasterizer v0.1.5
[INFO] [stderr]    Compiling wayland-scanner v0.28.6
[INFO] [stderr]    Compiling clang-sys v1.3.1
[INFO] [stderr]    Compiling nom v5.1.2
[INFO] [stderr]    Compiling num-iter v0.1.42
[INFO] [stderr]    Compiling khronos_api v3.1.0
[INFO] [stderr]     Checking dirs-sys v0.3.7
[INFO] [stderr]    Compiling aho-corasick v0.7.18
[INFO] [stderr]    Compiling atty v0.2.14
[INFO] [stderr]    Compiling wayland-sys v0.28.6
[INFO] [stderr]    Compiling num-bigint v0.3.3
[INFO] [stderr]    Compiling crc32fast v1.3.2
[INFO] [stderr]    Compiling regex-syntax v0.6.25
[INFO] [stderr]     Checking owned_ttf_parser v0.6.0
[INFO] [stderr]     Checking rusttype v0.9.2
[INFO] [stderr]     Checking dlib v0.5.0
[INFO] [stderr]    Compiling miniz_oxide v0.4.4
[INFO] [stderr]    Compiling num-rational v0.3.2
[INFO] [stderr]     Checking adler32 v1.2.0
[INFO] [stderr]    Compiling bindgen v0.56.0
[INFO] [stderr]    Compiling vec_map v0.8.2
[INFO] [stderr]    Compiling strsim v0.8.0
[INFO] [stderr]    Compiling humantime v2.1.0
[INFO] [stderr]    Compiling clap v2.34.0
[INFO] [stderr]    Compiling wayland-client v0.28.6
[INFO] [stderr]    Compiling gl_generator v0.14.0
[INFO] [stderr]     Checking getrandom v0.1.16
[INFO] [stderr]     Checking nix v0.20.0
[INFO] [stderr]    Compiling regex v1.5.5
[INFO] [stderr]    Compiling cexpr v0.4.0
[INFO] [stderr]    Compiling which v3.1.1
[INFO] [stderr]    Compiling backtrace v0.3.64
[INFO] [stderr]    Compiling parking_lot_core v0.9.3
[INFO] [stderr]    Compiling shlex v0.1.1
[INFO] [stderr]     Checking gimli v0.26.1
[INFO] [stderr]    Compiling rayon-core v1.9.3
[INFO] [stderr]    Compiling env_logger v0.8.4
[INFO] [stderr]     Checking rand_core v0.5.1
[INFO] [stderr]     Checking wayland-commons v0.28.6
[INFO] [stderr]     Checking addr2line v0.17.0
[INFO] [stderr]    Compiling derive_more v0.99.17
[INFO] [stderr]    Compiling serde_derive v1.0.136
[INFO] [stderr]    Compiling bytemuck_derive v1.1.0
[INFO] [stderr]     Checking deflate v0.8.6
[INFO] [stderr]     Checking miniz_oxide v0.3.7
[INFO] [stderr]     Checking object v0.27.1
[INFO] [stderr]     Checking downcast-rs v1.2.0
[INFO] [stderr]    Compiling matrixmultiply v0.1.15
[INFO] [stderr]     Checking png v0.16.8
[INFO] [stderr]    Compiling thiserror-impl v1.0.30
[INFO] [stderr]     Checking rand_chacha v0.2.2
[INFO] [stderr]     Checking bytemuck v1.9.1
[INFO] [stderr]     Checking num_cpus v1.13.1
[INFO] [stderr]    Compiling rayon v1.5.3
[INFO] [stderr]     Checking either v1.6.1
[INFO] [stderr]     Checking minimal-lexical v0.2.1
[INFO] [stderr]     Checking rawpointer v0.1.0
[INFO] [stderr]     Checking jpeg-decoder v0.1.22
[INFO] [stderr]    Compiling crossbeam-queue v0.3.5
[INFO] [stderr]    Compiling nix v0.18.0
[INFO] [stderr]     Checking color_quant v1.1.0
[INFO] [stderr]     Checking nom v7.1.1
[INFO] [stderr]     Checking image v0.23.14
[INFO] [stderr]     Checking thiserror v1.0.30
[INFO] [stderr]     Checking parking_lot v0.12.0
[INFO] [stderr]     Checking rand v0.7.3
[INFO] [stderr]    Compiling wayland-protocols v0.28.6
[INFO] [stderr]     Checking num v0.1.42
[INFO] [stderr]     Checking dirs v4.0.0
[INFO] [stderr]     Checking num-complex v0.3.1
[INFO] [stderr]    Compiling x11-dl v2.19.1
[INFO] [stderr]     Checking cache-padded v1.2.0
[INFO] [stderr]     Checking custom_derive v0.1.7
[INFO] [stderr]    Compiling anyhow v1.0.57
[INFO] [stderr]     Checking conv v0.3.3
[INFO] [stderr]     Checking concurrent-queue v1.2.2
[INFO] [stderr]     Checking rand_distr v0.2.2
[INFO] [stderr]     Checking xcursor v0.3.4
[INFO] [stderr]     Checking num v0.3.1
[INFO] [stderr]     Checking tinyvec v1.6.0
[INFO] [stderr]     Checking parking_lot_core v0.8.5
[INFO] [stderr]     Checking xdg v2.4.1
[INFO] [stderr]     Checking rulinalg v0.4.2
[INFO] [stderr]    Compiling build_cfg_shared v1.1.0
[INFO] [stderr]    Compiling build_cfg_macros v1.1.0
[INFO] [stderr]    Compiling leptonica-sys v0.4.1
[INFO] [stderr]     Checking serde v1.0.136
[INFO] [stderr]    Compiling build_cfg v1.1.0
[INFO] [stderr]     Checking itertools v0.9.0
[INFO] [stderr]    Compiling smh-vision-ocr v0.1.0 (/opt/rustwide/workdir/vision-ocr)
[INFO] [stderr]     Checking time v0.1.43
[INFO] [stderr]    Compiling find_cuda_helper v0.2.0 (https://github.com/WilliamVenner/Rust-CUDA?branch=squad-mortar-helper#85611a1b)
[INFO] [stderr]     Checking libloading v0.6.7
[INFO] [stderr]     Checking pathdiff v0.2.1
[INFO] [stderr]     Checking event-listener v2.5.2
[INFO] [stderr]     Checking cty v0.2.2
[INFO] [stderr]     Checking open v2.1.1
[INFO] [stderr]     Checking raw-window-handle v0.4.3
[INFO] [stderr]     Checking async-channel v1.6.1
[INFO] [stderr]     Checking imageproc v0.22.0
[INFO] [stderr]     Checking andrew v0.3.1
[INFO] [stderr]     Checking dlib v0.4.2
[INFO] [stderr]     Checking chrono v0.4.19
[INFO] [stderr]     Checking crossbeam v0.8.1
[INFO] [stderr]     Checking unicode-normalization v0.1.19
[INFO] [stderr]     Checking parking_lot v0.11.2
[INFO] [stderr]     Checking wayland-cursor v0.28.6
[INFO] [stderr]     Checking mio v0.7.14
[INFO] [stderr]     Checking memmap2 v0.1.0
[INFO] [stderr]     Checking getrandom v0.2.6
[INFO] [stderr]    Compiling paste v1.0.7
[INFO] [stderr]     Checking atomic_refcell v0.1.8
[INFO] [stderr]     Checking unicode-bidi v0.3.8
[INFO] [stderr]    Compiling winit v0.25.0
[INFO] [stderr]     Checking calloop v0.6.5
[INFO] [stderr]     Checking mio-misc v1.2.2
[INFO] [stderr]     Checking idna v0.2.3
[INFO] [stderr]     Checking rand_core v0.6.3
[INFO] [stderr]     Checking raw-window-handle v0.3.4
[INFO] [stderr]    Compiling pest_generator v2.1.3
[INFO] [stderr]    Compiling toml v0.5.8
[INFO] [stderr]     Checking smh-util v0.1.0 (/opt/rustwide/workdir/util)
[INFO] [stderr]     Checking block-buffer v0.10.2
[INFO] [stderr]     Checking crypto-common v0.1.3
[INFO] [stderr]    Compiling glutin_egl_sys v0.1.5
[INFO] [stderr]    Compiling glutin_glx_sys v0.1.7
[INFO] [stderr]     Checking miniz_oxide v0.5.1
[INFO] [stderr]     Checking filetime v0.2.16
[INFO] [stderr]     Checking xattr v0.2.3
[INFO] [stderr]    Compiling imgui-sys v0.8.2
[INFO] [stderr]    Compiling httparse v1.7.1
[INFO] [stderr]    Compiling toml-consts v0.1.0 (/opt/rustwide/workdir/toml-consts)
[INFO] [stderr]    Compiling pest_derive v2.1.0
[INFO] [stderr]     Checking flate2 v1.0.23
[INFO] [stderr]     Checking tar v0.4.38
[INFO] [stderr]     Checking digest v0.10.3
[INFO] [stderr]     Checking url v2.2.2
[INFO] [stderr]    Compiling smh-vision-common v0.1.0 (/opt/rustwide/workdir/vision-common)
[INFO] [stderr]     Checking rand_chacha v0.3.1
[INFO] [stderr]    Compiling cust_raw v0.11.3 (https://github.com/WilliamVenner/Rust-CUDA?branch=squad-mortar-helper#85611a1b)
[INFO] [stderr]     Checking shared_library v0.1.9
[INFO] [stderr]    Compiling xcb v0.8.2
[INFO] [stderr]     Checking nom v1.2.4
[INFO] [stderr]     Checking chlorine v1.0.10
[INFO] [stderr]    Compiling futures-util v0.3.21
[INFO] [stderr]     Checking pin-project-lite v0.2.9
[INFO] [stderr]     Checking sha-1 v0.10.0
[INFO] [stderr]    Compiling which v4.2.5
[INFO] [stderr]     Checking steamy-vdf v0.2.0
[INFO] [stderr] error: failed to run custom build command for `cust_raw v0.11.3 (https://github.com/WilliamVenner/Rust-CUDA?branch=squad-mortar-helper#85611a1b)`
[INFO] [stderr] note: To improve backtraces for build dependencies, set the CARGO_PROFILE_DEV_BUILD_OVERRIDE_DEBUG=true environment variable to enable debug information generation.
[INFO] [stderr] 
[INFO] [stderr] Caused by:
[INFO] [stderr]   process didn't exit successfully: `/opt/rustwide/target/debug/build/cust_raw-5dea8f9f04d2da65/build-script-build` (exit status: 101)
[INFO] [stderr]   --- stderr
[INFO] [stderr]   thread 'main' panicked at /opt/rustwide/cargo-home/git/checkouts/rust-cuda-f6c8df233ddf8fb8/85611a1/crates/find_cuda_helper/src/lib.rs:12:13:
[INFO] [stderr]   Could not find a cuda installation
[INFO] [stderr]   stack backtrace:
[INFO] [stderr]      0:     0x556589e15a56 - std::backtrace_rs::backtrace::libunwind::trace::h261606ad26a499c1
[INFO] [stderr]                                  at /rustc/0e09125c6c3c2fd70d7de961bcf0e51575235fad/library/std/src/../../backtrace/src/backtrace/libunwind.rs:104:5
[INFO] [stderr]      1:     0x556589e15a56 - std::backtrace_rs::backtrace::trace_unsynchronized::hd183f0625477fb28
[INFO] [stderr]                                  at /rustc/0e09125c6c3c2fd70d7de961bcf0e51575235fad/library/std/src/../../backtrace/src/backtrace/mod.rs:66:5
[INFO] [stderr]      2:     0x556589e15a56 - std::sys_common::backtrace::_print_fmt::hd7f8fef21b4eda67
[INFO] [stderr]                                  at /rustc/0e09125c6c3c2fd70d7de961bcf0e51575235fad/library/std/src/sys_common/backtrace.rs:68:5
[INFO] [stderr]      3:     0x556589e15a56 - <std::sys_common::backtrace::_print::DisplayBacktrace as core::fmt::Display>::fmt::h623d9b51f2f453f1
[INFO] [stderr]                                  at /rustc/0e09125c6c3c2fd70d7de961bcf0e51575235fad/library/std/src/sys_common/backtrace.rs:44:22
[INFO] [stderr]      4:     0x556589e34b90 - core::fmt::rt::Argument::fmt::h9f417ac76a86f368
[INFO] [stderr]                                  at /rustc/0e09125c6c3c2fd70d7de961bcf0e51575235fad/library/core/src/fmt/rt.rs:142:9
[INFO] [stderr]      5:     0x556589e34b90 - core::fmt::write::hc9b6faf4ac2aeff7
[INFO] [stderr]                                  at /rustc/0e09125c6c3c2fd70d7de961bcf0e51575235fad/library/core/src/fmt/mod.rs:1120:17
[INFO] [stderr]      6:     0x556589e13b0f - std::io::Write::write_fmt::hfead1eee52c2e65e
[INFO] [stderr]                                  at /rustc/0e09125c6c3c2fd70d7de961bcf0e51575235fad/library/std/src/io/mod.rs:1810:15
[INFO] [stderr]      7:     0x556589e15834 - std::sys_common::backtrace::_print::hd5d66399c7df88a2
[INFO] [stderr]                                  at /rustc/0e09125c6c3c2fd70d7de961bcf0e51575235fad/library/std/src/sys_common/backtrace.rs:47:5
[INFO] [stderr]      8:     0x556589e15834 - std::sys_common::backtrace::print::he81ed2da642d37e5
[INFO] [stderr]                                  at /rustc/0e09125c6c3c2fd70d7de961bcf0e51575235fad/library/std/src/sys_common/backtrace.rs:34:9
[INFO] [stderr]      9:     0x556589e16d97 - std::panicking::default_hook::{{closure}}::h85773f4fa117163d
[INFO] [stderr]     10:     0x556589e16af9 - std::panicking::default_hook::h6a1694a91d09b278
[INFO] [stderr]                                  at /rustc/0e09125c6c3c2fd70d7de961bcf0e51575235fad/library/std/src/panicking.rs:292:9
[INFO] [stderr]     11:     0x556589e17228 - std::panicking::rust_panic_with_hook::h0a7ad96e90f7145b
[INFO] [stderr]                                  at /rustc/0e09125c6c3c2fd70d7de961bcf0e51575235fad/library/std/src/panicking.rs:779:13
[INFO] [stderr]     12:     0x556589e170c9 - std::panicking::begin_panic_handler::{{closure}}::h7919090525c6485e
[INFO] [stderr]                                  at /rustc/0e09125c6c3c2fd70d7de961bcf0e51575235fad/library/std/src/panicking.rs:649:13
[INFO] [stderr]     13:     0x556589e15f56 - std::sys_common::backtrace::__rust_end_short_backtrace::hf3289479464f7dfe
[INFO] [stderr]                                  at /rustc/0e09125c6c3c2fd70d7de961bcf0e51575235fad/library/std/src/sys_common/backtrace.rs:171:18
[INFO] [stderr]     14:     0x556589e16e60 - rust_begin_unwind
[INFO] [stderr]                                  at /rustc/0e09125c6c3c2fd70d7de961bcf0e51575235fad/library/std/src/panicking.rs:645:5
[INFO] [stderr]     15:     0x556589de0245 - core::panicking::panic_fmt::hcc9f77c5c132af55
[INFO] [stderr]                                  at /rustc/0e09125c6c3c2fd70d7de961bcf0e51575235fad/library/core/src/panicking.rs:72:14
[INFO] [stderr]     16:     0x556589de425e - find_cuda_helper::include_cuda::h554e10031c09b33c
[INFO] [stderr]     17:     0x556589de0b37 - build_script_build::main::h863e0ff96f6bd405
[INFO] [stderr]     18:     0x556589de0b03 - core::ops::function::FnOnce::call_once::h64133ab3580caf64
[INFO] [stderr]     19:     0x556589de0a46 - std::sys_common::backtrace::__rust_begin_short_backtrace::hd552ce595c6a8fd2
[INFO] [stderr]     20:     0x556589de0a99 - std::rt::lang_start::{{closure}}::h4e662d391f85a150
[INFO] [stderr]     21:     0x556589e10ce1 - core::ops::function::impls::<impl core::ops::function::FnOnce<A> for &F>::call_once::h4eb4c5e1620f29b0
[INFO] [stderr]                                  at /rustc/0e09125c6c3c2fd70d7de961bcf0e51575235fad/library/core/src/ops/function.rs:284:13
[INFO] [stderr]     22:     0x556589e10ce1 - std::panicking::try::do_call::h73fd26535faffcdf
[INFO] [stderr]                                  at /rustc/0e09125c6c3c2fd70d7de961bcf0e51575235fad/library/std/src/panicking.rs:552:40
[INFO] [stderr]     23:     0x556589e10ce1 - std::panicking::try::h77ff1d98f0fb9f39
[INFO] [stderr]                                  at /rustc/0e09125c6c3c2fd70d7de961bcf0e51575235fad/library/std/src/panicking.rs:516:19
[INFO] [stderr]     24:     0x556589e10ce1 - std::panic::catch_unwind::hab3caf2448b95e37
[INFO] [stderr]                                  at /rustc/0e09125c6c3c2fd70d7de961bcf0e51575235fad/library/std/src/panic.rs:142:14
[INFO] [stderr]     25:     0x556589e10ce1 - std::rt::lang_start_internal::{{closure}}::h8086711f9c783f78
[INFO] [stderr]                                  at /rustc/0e09125c6c3c2fd70d7de961bcf0e51575235fad/library/std/src/rt.rs:148:48
[INFO] [stderr]     26:     0x556589e10ce1 - std::panicking::try::do_call::hf920d4dc291cd6ca
[INFO] [stderr]                                  at /rustc/0e09125c6c3c2fd70d7de961bcf0e51575235fad/library/std/src/panicking.rs:552:40
[INFO] [stderr]     27:     0x556589e10ce1 - std::panicking::try::h2b806ccc0a85db74
[INFO] [stderr]                                  at /rustc/0e09125c6c3c2fd70d7de961bcf0e51575235fad/library/std/src/panicking.rs:516:19
[INFO] [stderr]     28:     0x556589e10ce1 - std::panic::catch_unwind::h038489539c507df2
[INFO] [stderr]                                  at /rustc/0e09125c6c3c2fd70d7de961bcf0e51575235fad/library/std/src/panic.rs:142:14
[INFO] [stderr]     29:     0x556589e10ce1 - std::rt::lang_start_internal::h28503b88912e8a5c
[INFO] [stderr]                                  at /rustc/0e09125c6c3c2fd70d7de961bcf0e51575235fad/library/std/src/rt.rs:148:20
[INFO] [stderr]     30:     0x556589de0a77 - std::rt::lang_start::h8249c93cb2661ad2
[INFO] [stderr]     31:     0x556589de0b55 - main
[INFO] [stderr]     32:     0x7f8d349acd90 - <unknown>
[INFO] [stderr]     33:     0x7f8d349ace40 - __libc_start_main
[INFO] [stderr]     34:     0x556589de0975 - _start
[INFO] [stderr]     35:                0x0 - <unknown>
[INFO] [stderr] warning: build failed, waiting for other jobs to finish...
[INFO] [stderr] error: failed to run custom build command for `xcb v0.8.2`
[INFO] [stderr] note: To improve backtraces for build dependencies, set the CARGO_PROFILE_DEV_BUILD_OVERRIDE_DEBUG=true environment variable to enable debug information generation.
[INFO] [stderr] 
[INFO] [stderr] Caused by:
[INFO] [stderr]   process didn't exit successfully: `/opt/rustwide/target/debug/build/xcb-6c781fdd74b38714/build-script-build` (exit status: 101)
[INFO] [stderr]   --- stderr
[INFO] [stderr]   error occured in handler:  ('request: ', ('xcb', 'SELinux', 'GetClientContext'))
[INFO] [stderr]   Traceback (most recent call last):
[INFO] [stderr]     File "/opt/rustwide/cargo-home/registry/src/index.crates.io-6f17d22bba15001f/xcb-0.8.2/rs_client.py", line 2448, in <module>
[INFO] [stderr]       module.generate()
[INFO] [stderr]     File "/opt/rustwide/cargo-home/registry/src/index.crates.io-6f17d22bba15001f/xcb-0.8.2/xcbgen/state.py", line 108, in generate
[INFO] [stderr]       self.close()
[INFO] [stderr]     File "/opt/rustwide/cargo-home/registry/src/index.crates.io-6f17d22bba15001f/xcb-0.8.2/rs_client.py", line 296, in rs_close
[INFO] [stderr]       _f.writeout(os.path.join(module.rs_srcdir, "ffi", "%s.rs" % _module_name(_ns.ext_name)))
[INFO] [stderr]     File "/opt/rustwide/cargo-home/registry/src/index.crates.io-6f17d22bba15001f/xcb-0.8.2/rs_client.py", line 114, in writeout
[INFO] [stderr]       with open(path, 'w') as f:
[INFO] [stderr]   OSError: [Errno 30] Read-only file system: '/opt/rustwide/cargo-home/registry/src/index.crates.io-6f17d22bba15001f/xcb-0.8.2/src/ffi/selinux.rs'
[INFO] [stderr]   thread 'main' panicked at /opt/rustwide/cargo-home/registry/src/index.crates.io-6f17d22bba15001f/xcb-0.8.2/build.rs:75:17:
[INFO] [stderr]   processing of /opt/rustwide/cargo-home/registry/src/index.crates.io-6f17d22bba15001f/xcb-0.8.2/xml/xselinux.xml returned non-zero (1)
[INFO] [stderr]   stack backtrace:
[INFO] [stderr]      0:     0x55795ad46376 - std::backtrace_rs::backtrace::libunwind::trace::h261606ad26a499c1
[INFO] [stderr]                                  at /rustc/0e09125c6c3c2fd70d7de961bcf0e51575235fad/library/std/src/../../backtrace/src/backtrace/libunwind.rs:104:5
[INFO] [stderr]      1:     0x55795ad46376 - std::backtrace_rs::backtrace::trace_unsynchronized::hd183f0625477fb28
[INFO] [stderr]                                  at /rustc/0e09125c6c3c2fd70d7de961bcf0e51575235fad/library/std/src/../../backtrace/src/backtrace/mod.rs:66:5
[INFO] [stderr]      2:     0x55795ad46376 - std::sys_common::backtrace::_print_fmt::hd7f8fef21b4eda67
[INFO] [stderr]                                  at /rustc/0e09125c6c3c2fd70d7de961bcf0e51575235fad/library/std/src/sys_common/backtrace.rs:68:5
[INFO] [stderr]      3:     0x55795ad46376 - <std::sys_common::backtrace::_print::DisplayBacktrace as core::fmt::Display>::fmt::h623d9b51f2f453f1
[INFO] [stderr]                                  at /rustc/0e09125c6c3c2fd70d7de961bcf0e51575235fad/library/std/src/sys_common/backtrace.rs:44:22
[INFO] [stderr]      4:     0x55795ad68aa0 - core::fmt::rt::Argument::fmt::h9f417ac76a86f368
[INFO] [stderr]                                  at /rustc/0e09125c6c3c2fd70d7de961bcf0e51575235fad/library/core/src/fmt/rt.rs:142:9
[INFO] [stderr]      5:     0x55795ad68aa0 - core::fmt::write::hc9b6faf4ac2aeff7
[INFO] [stderr]                                  at /rustc/0e09125c6c3c2fd70d7de961bcf0e51575235fad/library/core/src/fmt/mod.rs:1120:17
[INFO] [stderr]      6:     0x55795ad443ef - std::io::Write::write_fmt::hfead1eee52c2e65e
[INFO] [stderr]                                  at /rustc/0e09125c6c3c2fd70d7de961bcf0e51575235fad/library/std/src/io/mod.rs:1810:15
[INFO] [stderr]      7:     0x55795ad46154 - std::sys_common::backtrace::_print::hd5d66399c7df88a2
[INFO] [stderr]                                  at /rustc/0e09125c6c3c2fd70d7de961bcf0e51575235fad/library/std/src/sys_common/backtrace.rs:47:5
[INFO] [stderr]      8:     0x55795ad46154 - std::sys_common::backtrace::print::he81ed2da642d37e5
[INFO] [stderr]                                  at /rustc/0e09125c6c3c2fd70d7de961bcf0e51575235fad/library/std/src/sys_common/backtrace.rs:34:9
[INFO] [stderr]      9:     0x55795ad47847 - std::panicking::default_hook::{{closure}}::h85773f4fa117163d
[INFO] [stderr]     10:     0x55795ad475a9 - std::panicking::default_hook::h6a1694a91d09b278
[INFO] [stderr]                                  at /rustc/0e09125c6c3c2fd70d7de961bcf0e51575235fad/library/std/src/panicking.rs:292:9
[INFO] [stderr]     11:     0x55795ad47cd8 - std::panicking::rust_panic_with_hook::h0a7ad96e90f7145b
[INFO] [stderr]                                  at /rustc/0e09125c6c3c2fd70d7de961bcf0e51575235fad/library/std/src/panicking.rs:779:13
[INFO] [stderr]     12:     0x55795ad47bb2 - std::panicking::begin_panic_handler::{{closure}}::h7919090525c6485e
[INFO] [stderr]                                  at /rustc/0e09125c6c3c2fd70d7de961bcf0e51575235fad/library/std/src/panicking.rs:657:13
[INFO] [stderr]     13:     0x55795ad46876 - std::sys_common::backtrace::__rust_end_short_backtrace::hf3289479464f7dfe
[INFO] [stderr]                                  at /rustc/0e09125c6c3c2fd70d7de961bcf0e51575235fad/library/std/src/sys_common/backtrace.rs:171:18
[INFO] [stderr]     14:     0x55795ad47910 - rust_begin_unwind
[INFO] [stderr]                                  at /rustc/0e09125c6c3c2fd70d7de961bcf0e51575235fad/library/std/src/panicking.rs:645:5
[INFO] [stderr]     15:     0x55795ad20285 - core::panicking::panic_fmt::hcc9f77c5c132af55
[INFO] [stderr]                                  at /rustc/0e09125c6c3c2fd70d7de961bcf0e51575235fad/library/core/src/panicking.rs:72:14
[INFO] [stderr]     16:     0x55795ad261b1 - build_script_build::main::{{closure}}::h0a51a65aac8bea9c
[INFO] [stderr]     17:     0x55795ad250a3 - build_script_build::visit_xml::h9867899d66c05e3d
[INFO] [stderr]     18:     0x55795ad25743 - build_script_build::main::hee74fa4cc683bad1
[INFO] [stderr]     19:     0x55795ad21d13 - core::ops::function::FnOnce::call_once::h2421cafa614062a9
[INFO] [stderr]     20:     0x55795ad20dd6 - std::sys_common::backtrace::__rust_begin_short_backtrace::h0a0ac2c0993e2b7d
[INFO] [stderr]     21:     0x55795ad21509 - std::rt::lang_start::{{closure}}::h855ce277eb50a77f
[INFO] [stderr]     22:     0x55795ad40fd1 - core::ops::function::impls::<impl core::ops::function::FnOnce<A> for &F>::call_once::h4eb4c5e1620f29b0
[INFO] [stderr]                                  at /rustc/0e09125c6c3c2fd70d7de961bcf0e51575235fad/library/core/src/ops/function.rs:284:13
[INFO] [stderr]     23:     0x55795ad40fd1 - std::panicking::try::do_call::h73fd26535faffcdf
[INFO] [stderr]                                  at /rustc/0e09125c6c3c2fd70d7de961bcf0e51575235fad/library/std/src/panicking.rs:552:40
[INFO] [stderr]     24:     0x55795ad40fd1 - std::panicking::try::h77ff1d98f0fb9f39
[INFO] [stderr]                                  at /rustc/0e09125c6c3c2fd70d7de961bcf0e51575235fad/library/std/src/panicking.rs:516:19
[INFO] [stderr]     25:     0x55795ad40fd1 - std::panic::catch_unwind::hab3caf2448b95e37
[INFO] [stderr]                                  at /rustc/0e09125c6c3c2fd70d7de961bcf0e51575235fad/library/std/src/panic.rs:142:14
[INFO] [stderr]     26:     0x55795ad40fd1 - std::rt::lang_start_internal::{{closure}}::h8086711f9c783f78
[INFO] [stderr]                                  at /rustc/0e09125c6c3c2fd70d7de961bcf0e51575235fad/library/std/src/rt.rs:148:48
[INFO] [stderr]     27:     0x55795ad40fd1 - std::panicking::try::do_call::hf920d4dc291cd6ca
[INFO] [stderr]                                  at /rustc/0e09125c6c3c2fd70d7de961bcf0e51575235fad/library/std/src/panicking.rs:552:40
[INFO] [stderr]     28:     0x55795ad40fd1 - std::panicking::try::h2b806ccc0a85db74
[INFO] [stderr]                                  at /rustc/0e09125c6c3c2fd70d7de961bcf0e51575235fad/library/std/src/panicking.rs:516:19
[INFO] [stderr]     29:     0x55795ad40fd1 - std::panic::catch_unwind::h038489539c507df2
[INFO] [stderr]                                  at /rustc/0e09125c6c3c2fd70d7de961bcf0e51575235fad/library/std/src/panic.rs:142:14
[INFO] [stderr]     30:     0x55795ad40fd1 - std::rt::lang_start_internal::h28503b88912e8a5c
[INFO] [stderr]                                  at /rustc/0e09125c6c3c2fd70d7de961bcf0e51575235fad/library/std/src/rt.rs:148:20
[INFO] [stderr]     31:     0x55795ad214e7 - std::rt::lang_start::h526dd335a1512f5d
[INFO] [stderr]     32:     0x55795ad26235 - main
[INFO] [stderr]     33:     0x7f7105f12d90 - <unknown>
[INFO] [stderr]     34:     0x7f7105f12e40 - __libc_start_main
[INFO] [stderr]     35:     0x55795ad209b5 - _start
[INFO] [stderr]     36:                0x0 - <unknown>
[INFO] running `Command { std: "docker" "inspect" "f65eef3db68b741bb7325c87b1f9ee4a7c92bbb0cef490f4a21d8c0205086048", kill_on_drop: false }`
[INFO] running `Command { std: "docker" "rm" "-f" "f65eef3db68b741bb7325c87b1f9ee4a7c92bbb0cef490f4a21d8c0205086048", kill_on_drop: false }`
[INFO] [stdout] f65eef3db68b741bb7325c87b1f9ee4a7c92bbb0cef490f4a21d8c0205086048
