[INFO] cloning repository https://github.com/WildHashGhost-Cica/exercise_CosmWasm_area_52
[INFO] running `Command { std: "git" "-c" "credential.helper=" "-c" "credential.helper=/workspace/cargo-home/bin/git-credential-null" "clone" "--bare" "https://github.com/WildHashGhost-Cica/exercise_CosmWasm_area_52" "/workspace/cache/git-repos/https%3A%2F%2Fgithub.com%2FWildHashGhost-Cica%2Fexercise_CosmWasm_area_52", kill_on_drop: false }`
[INFO] [stderr] Cloning into bare repository '/workspace/cache/git-repos/https%3A%2F%2Fgithub.com%2FWildHashGhost-Cica%2Fexercise_CosmWasm_area_52'...
[INFO] running `Command { std: "git" "rev-parse" "HEAD", kill_on_drop: false }`
[INFO] [stdout] 560cc61166ab050bed564fc4e2a535538cf23bda
[INFO] documenting WildHashGhost-Cica/exercise_CosmWasm_area_52 against 1.75.0 for beta-1.76-rustdoc-1
[INFO] running `Command { std: "git" "clone" "/workspace/cache/git-repos/https%3A%2F%2Fgithub.com%2FWildHashGhost-Cica%2Fexercise_CosmWasm_area_52" "/workspace/builds/worker-0-tc1/source", kill_on_drop: false }`
[INFO] [stderr] Cloning into '/workspace/builds/worker-0-tc1/source'...
[INFO] [stderr] done.
[INFO] validating manifest of git repo https://github.com/WildHashGhost-Cica/exercise_CosmWasm_area_52 on toolchain 1.75.0
[INFO] running `Command { std: CARGO_HOME="/workspace/cargo-home" RUSTUP_HOME="/workspace/rustup-home" "/workspace/cargo-home/bin/cargo" "+1.75.0" "metadata" "--manifest-path" "Cargo.toml" "--no-deps", kill_on_drop: false }`
[INFO] started tweaking git repo https://github.com/WildHashGhost-Cica/exercise_CosmWasm_area_52
[INFO] finished tweaking git repo https://github.com/WildHashGhost-Cica/exercise_CosmWasm_area_52
[INFO] tweaked toml for git repo https://github.com/WildHashGhost-Cica/exercise_CosmWasm_area_52 written to /workspace/builds/worker-0-tc1/source/Cargo.toml
[INFO] crate git repo https://github.com/WildHashGhost-Cica/exercise_CosmWasm_area_52 already has a lockfile, it will not be regenerated
[INFO] running `Command { std: CARGO_HOME="/workspace/cargo-home" RUSTUP_HOME="/workspace/rustup-home" "/workspace/cargo-home/bin/cargo" "+1.75.0" "fetch" "--manifest-path" "Cargo.toml", kill_on_drop: false }`
[INFO] running `Command { std: "docker" "create" "-v" "/var/lib/crater-agent-workspace/builds/worker-0-tc1/target:/opt/rustwide/target:rw,Z" "-v" "/var/lib/crater-agent-workspace/builds/worker-0-tc1/source:/opt/rustwide/workdir:ro,Z" "-v" "/var/lib/crater-agent-workspace/cargo-home:/opt/rustwide/cargo-home:ro,Z" "-v" "/var/lib/crater-agent-workspace/rustup-home:/opt/rustwide/rustup-home:ro,Z" "-e" "SOURCE_DIR=/opt/rustwide/workdir" "-e" "CARGO_TARGET_DIR=/opt/rustwide/target" "-e" "CARGO_HOME=/opt/rustwide/cargo-home" "-e" "RUSTUP_HOME=/opt/rustwide/rustup-home" "-w" "/opt/rustwide/workdir" "-m" "1610612736" "--user" "0:0" "--network" "none" "ghcr.io/rust-lang/crates-build-env/linux@sha256:2788e3201cd34a07e3172128adcd8b3090168a8e3bcc40d7c032b9dda1df7d1c" "/opt/rustwide/cargo-home/bin/cargo" "+1.75.0" "metadata" "--no-deps" "--format-version=1", kill_on_drop: false }`
[INFO] [stdout] 053c3289898e2b3066e96c91d1c58751355791e03fb3b238dc1ffeb30e832bae
[INFO] running `Command { std: "docker" "start" "-a" "053c3289898e2b3066e96c91d1c58751355791e03fb3b238dc1ffeb30e832bae", kill_on_drop: false }`
[INFO] running `Command { std: "docker" "inspect" "053c3289898e2b3066e96c91d1c58751355791e03fb3b238dc1ffeb30e832bae", kill_on_drop: false }`
[INFO] running `Command { std: "docker" "rm" "-f" "053c3289898e2b3066e96c91d1c58751355791e03fb3b238dc1ffeb30e832bae", kill_on_drop: false }`
[INFO] [stdout] 053c3289898e2b3066e96c91d1c58751355791e03fb3b238dc1ffeb30e832bae
[INFO] running `Command { std: "docker" "create" "-v" "/var/lib/crater-agent-workspace/builds/worker-0-tc1/target:/opt/rustwide/target:rw,Z" "-v" "/var/lib/crater-agent-workspace/builds/worker-0-tc1/source:/opt/rustwide/workdir:ro,Z" "-v" "/var/lib/crater-agent-workspace/cargo-home:/opt/rustwide/cargo-home:ro,Z" "-v" "/var/lib/crater-agent-workspace/rustup-home:/opt/rustwide/rustup-home:ro,Z" "-e" "SOURCE_DIR=/opt/rustwide/workdir" "-e" "CARGO_TARGET_DIR=/opt/rustwide/target" "-e" "CARGO_INCREMENTAL=0" "-e" "RUST_BACKTRACE=full" "-e" "RUSTFLAGS=--cap-lints=warn" "-e" "RUSTDOCFLAGS=--cap-lints=warn" "-e" "CARGO_HOME=/opt/rustwide/cargo-home" "-e" "RUSTUP_HOME=/opt/rustwide/rustup-home" "-w" "/opt/rustwide/workdir" "-m" "1610612736" "--user" "0:0" "--network" "none" "ghcr.io/rust-lang/crates-build-env/linux@sha256:2788e3201cd34a07e3172128adcd8b3090168a8e3bcc40d7c032b9dda1df7d1c" "/opt/rustwide/cargo-home/bin/cargo" "+1.75.0" "doc" "--frozen" "--no-deps" "--document-private-items" "--message-format=json", kill_on_drop: false }`
[INFO] [stdout] 45bd2e359b66b8de6de7304ed055c674b600a7e0a83ae078fc4e0c2592735946
[INFO] running `Command { std: "docker" "start" "-a" "45bd2e359b66b8de6de7304ed055c674b600a7e0a83ae078fc4e0c2592735946", kill_on_drop: false }`
[INFO] [stderr]  Documenting exercise_CosmWasm_area_52 v0.1.0 (/opt/rustwide/workdir)
[INFO] [stdout] error[E0432]: unresolved import `cosmwasm_std`
[INFO] [stdout]  --> src/bin/entry_point.rs:1:5
[INFO] [stdout]   |
[INFO] [stdout] 1 | use cosmwasm_std::entry_point;
[INFO] [stdout]   |     ^^^^^^^^^^^^ use of undeclared crate or module `cosmwasm_std`
[INFO] [stdout] 
[INFO] [stdout] 
[INFO] [stdout] error[E0432]: unresolved import `cosmwasm_std`
[INFO] [stdout]  --> src/bin/value_of_Instantiate.rs:1:5
[INFO] [stdout]   |
[INFO] [stdout] 1 | use cosmwasm_std::{entry_point, DepsMut, Env, MessageInfo, Response};
[INFO] [stdout]   |     ^^^^^^^^^^^^ use of undeclared crate or module `cosmwasm_std`
[INFO] [stdout] 
[INFO] [stdout] 
[INFO] [stdout] error[E0432]: unresolved import `serde`
[INFO] [stdout]  --> src/bin/singleton_storage.rs:1:5
[INFO] [stdout]   |
[INFO] [stdout] 1 | use serde::{Deserialize, Serialize};
[INFO] [stdout]   |     ^^^^^ use of undeclared crate or module `serde`
[INFO] [stdout] 
[INFO] [stdout] 
[INFO] [stdout] error[E0433]: failed to resolve: use of undeclared crate or module `universe`
[INFO] [stdout]  --> src/bin/states.rs:2:5
[INFO] [stdout]   |
[INFO] [stdout] 2 | use universe::species::{SapienceScale, Sapient};
[INFO] [stdout]   |     ^^^^^^^^ use of undeclared crate or module `universe`
[INFO] [stdout] 
[INFO] [stdout] 
[INFO] [stdout] error[E0432]: unresolved import `serde`
[INFO] [stdout]  --> src/bin/config_config_read.rs:1:5
[INFO] [stdout]   |
[INFO] [stdout] 1 | use serde::{Deserialize, Serialize};
[INFO] [stdout]   |     ^^^^^ use of undeclared crate or module `serde`
[INFO] [stdout] 
[INFO] [stdout] 
[INFO] [stdout] error[E0432]: unresolved import `cosmwasm_std`
[INFO] [stdout]  --> src/bin/singleton_storage.rs:2:5
[INFO] [stdout]   |
[INFO] [stdout] 2 | use cosmwasm_std::{Addr, Storage};
[INFO] [stdout]   |     ^^^^^^^^^^^^ use of undeclared crate or module `cosmwasm_std`
[INFO] [stdout] 
[INFO] [stdout] 
[INFO] [stdout] error[E0433]: failed to resolve: use of undeclared crate or module `universe`
[INFO] [stdout]  --> src/bin/singleton_storage.rs:4:5
[INFO] [stdout]   |
[INFO] [stdout] 4 | use universe::species::{SapienceScale, Sapient};
[INFO] [stdout]   |     ^^^^^^^^ use of undeclared crate or module `universe`
[INFO] [stdout] 
[INFO] [stdout] 
[INFO] [stdout] error[E0432]: unresolved import `serde`
[INFO] [stdout]  --> src/bin/states.rs:1:5
[INFO] [stdout]   |
[INFO] [stdout] 1 | use serde::{Deserialize, Serialize};
[INFO] [stdout]   |     ^^^^^ use of undeclared crate or module `serde`
[INFO] [stdout] 
[INFO] [stdout] 
[INFO] [stdout] error[E0432]: unresolved import `cosmwasm_std`
[INFO] [stdout]  --> src/bin/config_config_read.rs:2:5
[INFO] [stdout]   |
[INFO] [stdout] 2 | use cosmwasm_std::{Addr, Storage};
[INFO] [stdout]   |     ^^^^^^^^^^^^ use of undeclared crate or module `cosmwasm_std`
[INFO] [stdout] 
[INFO] [stdout] 
[INFO] [stdout] error[E0432]: unresolved import `cosmwasm_storage`
[INFO] [stdout]  --> src/bin/singleton_storage.rs:3:5
[INFO] [stdout]   |
[INFO] [stdout] 3 | use cosmwasm_storage::{singleton, singleton_read, ReadonlySingleton, Singleton};
[INFO] [stdout]   |     ^^^^^^^^^^^^^^^^ use of undeclared crate or module `cosmwasm_storage`
[INFO] [stdout] 
[INFO] [stdout] 
[INFO] [stdout] error[E0432]: unresolved import `cosmwasm_std`
[INFO] [stdout]  --> src/bin/states.rs:3:5
[INFO] [stdout]   |
[INFO] [stdout] 3 | use cosmwasm_std::{Addr};
[INFO] [stdout]   |     ^^^^^^^^^^^^ use of undeclared crate or module `cosmwasm_std`
[INFO] [stdout] 
[INFO] [stdout] 
[INFO] [stdout] error[E0433]: failed to resolve: use of undeclared crate or module `universe`
[INFO] [stdout]  --> src/bin/config_config_read.rs:4:5
[INFO] [stdout]   |
[INFO] [stdout] 4 | use universe::species::{SapienceScale, Sapient};
[INFO] [stdout]   |     ^^^^^^^^ use of undeclared crate or module `universe`
[INFO] [stdout] 
[INFO] [stdout] 
[INFO] [stdout] error[E0432]: unresolved import `cosmwasm_storage`
[INFO] [stdout]  --> src/bin/config_config_read.rs:3:5
[INFO] [stdout]   |
[INFO] [stdout] 3 | use cosmwasm_storage::{ReadonlySingleton, Singleton};
[INFO] [stdout]   |     ^^^^^^^^^^^^^^^^ use of undeclared crate or module `cosmwasm_storage`
[INFO] [stdout] 
[INFO] [stdout] 
[INFO] [stdout] error: cannot determine resolution for the attribute macro `entry_point`
[INFO] [stdout]  --> src/bin/entry_point.rs:3:3
[INFO] [stdout]   |
[INFO] [stdout] 3 | #[entry_point]
[INFO] [stdout]   |   ^^^^^^^^^^^
[INFO] [stdout]   |
[INFO] [stdout]   = note: import resolution is stuck, try simplifying macro imports
[INFO] [stdout] 
[INFO] [stdout] 
[INFO] [stdout] error: cannot determine resolution for the derive macro `Serialize`
[INFO] [stdout]   --> src/bin/singleton_storage.rs:16:10
[INFO] [stdout]    |
[INFO] [stdout] 16 | #[derive(Serialize, Deserialize)]
[INFO] [stdout]    |          ^^^^^^^^^
[INFO] [stdout]    |
[INFO] [stdout]    = note: import resolution is stuck, try simplifying macro imports
[INFO] [stdout] 
[INFO] [stdout] 
[INFO] [stdout] error: cannot determine resolution for the derive macro `Serialize`
[INFO] [stdout]  --> src/bin/states.rs:5:10
[INFO] [stdout]   |
[INFO] [stdout] 5 | #[derive(Serialize, Deserialize)]
[INFO] [stdout]   |          ^^^^^^^^^
[INFO] [stdout]   |
[INFO] [stdout]   = note: import resolution is stuck, try simplifying macro imports
[INFO] [stdout] 
[INFO] [stdout] 
[INFO] [stdout] error: cannot determine resolution for the derive macro `Deserialize`
[INFO] [stdout]   --> src/bin/singleton_storage.rs:16:21
[INFO] [stdout]    |
[INFO] [stdout] 16 | #[derive(Serialize, Deserialize)]
[INFO] [stdout]    |                     ^^^^^^^^^^^
[INFO] [stdout]    |
[INFO] [stdout]    = note: import resolution is stuck, try simplifying macro imports
[INFO] [stdout] 
[INFO] [stdout] 
[INFO] [stdout] error: cannot determine resolution for the derive macro `Deserialize`
[INFO] [stdout]  --> src/bin/states.rs:5:21
[INFO] [stdout]   |
[INFO] [stdout] 5 | #[derive(Serialize, Deserialize)]
[INFO] [stdout]   |                     ^^^^^^^^^^^
[INFO] [stdout]   |
[INFO] [stdout]   = note: import resolution is stuck, try simplifying macro imports
[INFO] [stdout] 
[INFO] [stdout] 
[INFO] [stdout] error: cannot determine resolution for the derive macro `Serialize`
[INFO] [stdout]   --> src/bin/config_config_read.rs:12:10
[INFO] [stdout]    |
[INFO] [stdout] 12 | #[derive(Serialize, Deserialize)]
[INFO] [stdout]    |          ^^^^^^^^^
[INFO] [stdout]    |
[INFO] [stdout]    = note: import resolution is stuck, try simplifying macro imports
[INFO] [stdout] 
[INFO] [stdout] 
[INFO] [stdout] error: cannot determine resolution for the derive macro `Deserialize`
[INFO] [stdout]   --> src/bin/config_config_read.rs:12:21
[INFO] [stdout]    |
[INFO] [stdout] 12 | #[derive(Serialize, Deserialize)]
[INFO] [stdout]    |                     ^^^^^^^^^^^
[INFO] [stdout]    |
[INFO] [stdout]    = note: import resolution is stuck, try simplifying macro imports
[INFO] [stdout] 
[INFO] [stdout] 
[INFO] [stdout] error: aborting due to 2 previous errors
[INFO] [stdout] 
[INFO] [stdout] 
[INFO] [stdout] For more information about this error, try `rustc --explain E0432`.
[INFO] [stdout] 
[INFO] [stdout] error: aborting due to 6 previous errors
[INFO] [stdout] 
[INFO] [stdout] 
[INFO] [stdout] Some errors have detailed explanations: E0432, E0433.
[INFO] [stdout] 
[INFO] [stdout] For more information about an error, try `rustc --explain E0432`.
[INFO] [stdout] 
[INFO] [stdout] error: aborting due to 6 previous errors
[INFO] [stdout] 
[INFO] [stdout] 
[INFO] [stdout] Some errors have detailed explanations: E0432, E0433.
[INFO] [stdout] 
[INFO] [stdout] For more information about an error, try `rustc --explain E0432`.
[INFO] [stdout] 
[INFO] [stdout] error: aborting due to 5 previous errors
[INFO] [stdout] 
[INFO] [stdout] 
[INFO] [stdout] Some errors have detailed explanations: E0432, E0433.
[INFO] [stdout] 
[INFO] [stdout] For more information about an error, try `rustc --explain E0432`.
[INFO] [stdout] 
[INFO] [stderr] error: could not document `exercise_CosmWasm_area_52`
[INFO] [stderr] 
[INFO] [stderr] Caused by:
[INFO] [stderr]   process didn't exit successfully: `/opt/rustwide/rustup-home/toolchains/1.75.0-x86_64-unknown-linux-gnu/bin/rustdoc --edition=2021 --crate-type bin --crate-name entry_point src/bin/entry_point.rs -o /opt/rustwide/target/doc --error-format=json --json=diagnostic-rendered-ansi,artifacts,future-incompat --document-private-items '-Arustdoc::private-intra-doc-links' -C metadata=3217be6b916ebac0 -L dependency=/opt/rustwide/target/debug/deps --cap-lints=warn --crate-version 0.1.0` (exit status: 1)
[INFO] [stderr] warning: build failed, waiting for other jobs to finish...
[INFO] [stderr] error: could not document `exercise_CosmWasm_area_52`
[INFO] [stderr] 
[INFO] [stderr] Caused by:
[INFO] [stderr]   process didn't exit successfully: `/opt/rustwide/rustup-home/toolchains/1.75.0-x86_64-unknown-linux-gnu/bin/rustdoc --edition=2021 --crate-type bin --crate-name singleton_storage src/bin/singleton_storage.rs -o /opt/rustwide/target/doc --error-format=json --json=diagnostic-rendered-ansi,artifacts,future-incompat --document-private-items '-Arustdoc::private-intra-doc-links' -C metadata=5e4dc53cf08158af -L dependency=/opt/rustwide/target/debug/deps --cap-lints=warn --crate-version 0.1.0` (exit status: 1)
[INFO] [stderr] error: could not document `exercise_CosmWasm_area_52`
[INFO] [stderr] 
[INFO] [stderr] Caused by:
[INFO] [stderr]   process didn't exit successfully: `/opt/rustwide/rustup-home/toolchains/1.75.0-x86_64-unknown-linux-gnu/bin/rustdoc --edition=2021 --crate-type bin --crate-name config_config_read src/bin/config_config_read.rs -o /opt/rustwide/target/doc --error-format=json --json=diagnostic-rendered-ansi,artifacts,future-incompat --document-private-items '-Arustdoc::private-intra-doc-links' -C metadata=84363a36580c63ae -L dependency=/opt/rustwide/target/debug/deps --cap-lints=warn --crate-version 0.1.0` (exit status: 1)
[INFO] [stdout] error[E0432]: unresolved import `cosmwasm_std`
[INFO] [stdout]  --> src/bin/entry_points_paramaters.rs:1:5
[INFO] [stdout]   |
[INFO] [stdout] 1 | use cosmwasm_std::{ 
[INFO] [stdout]   |     ^^^^^^^^^^^^ use of undeclared crate or module `cosmwasm_std`
[INFO] [stdout] 
[INFO] [stdout] 
[INFO] [stdout] error[E0432]: unresolved import `cosmwasm_std`
[INFO] [stdout]  --> src/bin/value_of_Instantiate.rs:2:5
[INFO] [stdout]   |
[INFO] [stdout] 2 | use cosmwasm_std::{Response};
[INFO] [stdout]   |     ^^^^^^^^^^^^ use of undeclared crate or module `cosmwasm_std`
[INFO] [stdout] 
[INFO] [stdout] 
[INFO] [stdout] error[E0432]: unresolved import `crate::error`
[INFO] [stdout]  --> src/bin/entry_points_paramaters.rs:8:12
[INFO] [stdout]   |
[INFO] [stdout] 8 | use crate::error::ContractError;
[INFO] [stdout]   |            ^^^^^
[INFO] [stdout]   |            |
[INFO] [stdout]   |            unresolved import
[INFO] [stdout]   |            help: a similar path exists: `core::error`
[INFO] [stdout] 
[INFO] [stdout] 
[INFO] [stdout] error[E0432]: unresolved import `crate::msg`
[INFO] [stdout]  --> src/bin/entry_points_paramaters.rs:9:12
[INFO] [stdout]   |
[INFO] [stdout] 9 | use crate::msg::{InstantiateMsg};
[INFO] [stdout]   |            ^^^ could not find `msg` in the crate root
[INFO] [stdout] 
[INFO] [stdout] 
[INFO] [stdout] error[E0432]: unresolved import `crate::error`
[INFO] [stdout]  --> src/bin/value_of_Instantiate.rs:3:12
[INFO] [stdout]   |
[INFO] [stdout] 3 | use crate::error::ContractError;
[INFO] [stdout]   |            ^^^^^
[INFO] [stdout]   |            |
[INFO] [stdout]   |            unresolved import
[INFO] [stdout]   |            help: a similar path exists: `core::error`
[INFO] [stdout] 
[INFO] [stdout] 
[INFO] [stderr] error: could not document `exercise_CosmWasm_area_52`
[INFO] [stderr] 
[INFO] [stderr] Caused by:
[INFO] [stderr]   process didn't exit successfully: `/opt/rustwide/rustup-home/toolchains/1.75.0-x86_64-unknown-linux-gnu/bin/rustdoc --edition=2021 --crate-type bin --crate-name states src/bin/states.rs -o /opt/rustwide/target/doc --error-format=json --json=diagnostic-rendered-ansi,artifacts,future-incompat --document-private-items '-Arustdoc::private-intra-doc-links' -C metadata=99473e2a8afef0d7 -L dependency=/opt/rustwide/target/debug/deps --cap-lints=warn --crate-version 0.1.0` (exit status: 1)
[INFO] [stdout] error: cannot determine resolution for the attribute macro `entry_point`
[INFO] [stdout]   --> src/bin/entry_points_paramaters.rs:11:3
[INFO] [stdout]    |
[INFO] [stdout] 11 | #[entry_point]
[INFO] [stdout]    |   ^^^^^^^^^^^
[INFO] [stdout]    |
[INFO] [stdout]    = note: import resolution is stuck, try simplifying macro imports
[INFO] [stdout] 
[INFO] [stdout] 
[INFO] [stdout] error: cannot determine resolution for the attribute macro `entry_point`
[INFO] [stdout]  --> src/bin/value_of_Instantiate.rs:5:3
[INFO] [stdout]   |
[INFO] [stdout] 5 | #[entry_point]
[INFO] [stdout]   |   ^^^^^^^^^^^
[INFO] [stdout]   |
[INFO] [stdout]   = note: import resolution is stuck, try simplifying macro imports
[INFO] [stdout] 
[INFO] [stdout] 
[INFO] [stdout] error: aborting due to 4 previous errors
[INFO] [stdout] 
[INFO] [stdout] 
[INFO] [stdout] For more information about this error, try `rustc --explain E0432`.
[INFO] [stdout] 
[INFO] [stdout] error: aborting due to 4 previous errors
[INFO] [stdout] 
[INFO] [stdout] 
[INFO] [stdout] For more information about this error, try `rustc --explain E0432`.
[INFO] [stdout] 
[INFO] [stderr] error: could not document `exercise_CosmWasm_area_52`
[INFO] [stderr] 
[INFO] [stderr] Caused by:
[INFO] [stderr]   process didn't exit successfully: `/opt/rustwide/rustup-home/toolchains/1.75.0-x86_64-unknown-linux-gnu/bin/rustdoc --edition=2021 --crate-type bin --crate-name entry_points_paramaters src/bin/entry_points_paramaters.rs -o /opt/rustwide/target/doc --error-format=json --json=diagnostic-rendered-ansi,artifacts,future-incompat --document-private-items '-Arustdoc::private-intra-doc-links' -C metadata=635eb504902dd092 -L dependency=/opt/rustwide/target/debug/deps --cap-lints=warn --crate-version 0.1.0` (exit status: 1)
[INFO] [stderr] error: could not document `exercise_CosmWasm_area_52`
[INFO] [stderr] 
[INFO] [stderr] Caused by:
[INFO] [stderr]   process didn't exit successfully: `/opt/rustwide/rustup-home/toolchains/1.75.0-x86_64-unknown-linux-gnu/bin/rustdoc --edition=2021 --crate-type bin --crate-name value_of_Instantiate src/bin/value_of_Instantiate.rs -o /opt/rustwide/target/doc --error-format=json --json=diagnostic-rendered-ansi,artifacts,future-incompat --document-private-items '-Arustdoc::private-intra-doc-links' -C metadata=e593efacaf24f68f -L dependency=/opt/rustwide/target/debug/deps --cap-lints=warn --crate-version 0.1.0` (exit status: 1)
[INFO] running `Command { std: "docker" "inspect" "45bd2e359b66b8de6de7304ed055c674b600a7e0a83ae078fc4e0c2592735946", kill_on_drop: false }`
[INFO] running `Command { std: "docker" "rm" "-f" "45bd2e359b66b8de6de7304ed055c674b600a7e0a83ae078fc4e0c2592735946", kill_on_drop: false }`
[INFO] [stdout] 45bd2e359b66b8de6de7304ed055c674b600a7e0a83ae078fc4e0c2592735946
[INFO] documenting WildHashGhost-Cica/exercise_CosmWasm_area_52 against beta-2023-12-22 for beta-1.76-rustdoc-1
[INFO] running `Command { std: "git" "clone" "/workspace/cache/git-repos/https%3A%2F%2Fgithub.com%2FWildHashGhost-Cica%2Fexercise_CosmWasm_area_52" "/workspace/builds/worker-0-tc2/source", kill_on_drop: false }`
[INFO] [stderr] Cloning into '/workspace/builds/worker-0-tc2/source'...
[INFO] [stderr] done.
[INFO] validating manifest of git repo https://github.com/WildHashGhost-Cica/exercise_CosmWasm_area_52 on toolchain beta-2023-12-22
[INFO] running `Command { std: CARGO_HOME="/workspace/cargo-home" RUSTUP_HOME="/workspace/rustup-home" "/workspace/cargo-home/bin/cargo" "+beta-2023-12-22" "metadata" "--manifest-path" "Cargo.toml" "--no-deps", kill_on_drop: false }`
[INFO] started tweaking git repo https://github.com/WildHashGhost-Cica/exercise_CosmWasm_area_52
[INFO] finished tweaking git repo https://github.com/WildHashGhost-Cica/exercise_CosmWasm_area_52
[INFO] tweaked toml for git repo https://github.com/WildHashGhost-Cica/exercise_CosmWasm_area_52 written to /workspace/builds/worker-0-tc2/source/Cargo.toml
[INFO] crate git repo https://github.com/WildHashGhost-Cica/exercise_CosmWasm_area_52 already has a lockfile, it will not be regenerated
[INFO] running `Command { std: CARGO_HOME="/workspace/cargo-home" RUSTUP_HOME="/workspace/rustup-home" "/workspace/cargo-home/bin/cargo" "+beta-2023-12-22" "fetch" "--manifest-path" "Cargo.toml", kill_on_drop: false }`
[INFO] running `Command { std: "docker" "create" "-v" "/var/lib/crater-agent-workspace/builds/worker-0-tc2/target:/opt/rustwide/target:rw,Z" "-v" "/var/lib/crater-agent-workspace/builds/worker-0-tc2/source:/opt/rustwide/workdir:ro,Z" "-v" "/var/lib/crater-agent-workspace/cargo-home:/opt/rustwide/cargo-home:ro,Z" "-v" "/var/lib/crater-agent-workspace/rustup-home:/opt/rustwide/rustup-home:ro,Z" "-e" "SOURCE_DIR=/opt/rustwide/workdir" "-e" "CARGO_TARGET_DIR=/opt/rustwide/target" "-e" "CARGO_HOME=/opt/rustwide/cargo-home" "-e" "RUSTUP_HOME=/opt/rustwide/rustup-home" "-w" "/opt/rustwide/workdir" "-m" "1610612736" "--user" "0:0" "--network" "none" "ghcr.io/rust-lang/crates-build-env/linux@sha256:2788e3201cd34a07e3172128adcd8b3090168a8e3bcc40d7c032b9dda1df7d1c" "/opt/rustwide/cargo-home/bin/cargo" "+beta-2023-12-22" "metadata" "--no-deps" "--format-version=1", kill_on_drop: false }`
[INFO] [stdout] d291b3a8604193c835467ce871d27369363fea1864360e47bc6ac305278efbfb
[INFO] running `Command { std: "docker" "start" "-a" "d291b3a8604193c835467ce871d27369363fea1864360e47bc6ac305278efbfb", kill_on_drop: false }`
[INFO] running `Command { std: "docker" "inspect" "d291b3a8604193c835467ce871d27369363fea1864360e47bc6ac305278efbfb", kill_on_drop: false }`
[INFO] running `Command { std: "docker" "rm" "-f" "d291b3a8604193c835467ce871d27369363fea1864360e47bc6ac305278efbfb", kill_on_drop: false }`
[INFO] [stdout] d291b3a8604193c835467ce871d27369363fea1864360e47bc6ac305278efbfb
[INFO] running `Command { std: "docker" "create" "-v" "/var/lib/crater-agent-workspace/builds/worker-0-tc2/target:/opt/rustwide/target:rw,Z" "-v" "/var/lib/crater-agent-workspace/builds/worker-0-tc2/source:/opt/rustwide/workdir:ro,Z" "-v" "/var/lib/crater-agent-workspace/cargo-home:/opt/rustwide/cargo-home:ro,Z" "-v" "/var/lib/crater-agent-workspace/rustup-home:/opt/rustwide/rustup-home:ro,Z" "-e" "SOURCE_DIR=/opt/rustwide/workdir" "-e" "CARGO_TARGET_DIR=/opt/rustwide/target" "-e" "CARGO_INCREMENTAL=0" "-e" "RUST_BACKTRACE=full" "-e" "RUSTFLAGS=--cap-lints=warn" "-e" "RUSTDOCFLAGS=--cap-lints=warn" "-e" "CARGO_HOME=/opt/rustwide/cargo-home" "-e" "RUSTUP_HOME=/opt/rustwide/rustup-home" "-w" "/opt/rustwide/workdir" "-m" "1610612736" "--user" "0:0" "--network" "none" "ghcr.io/rust-lang/crates-build-env/linux@sha256:2788e3201cd34a07e3172128adcd8b3090168a8e3bcc40d7c032b9dda1df7d1c" "/opt/rustwide/cargo-home/bin/cargo" "+beta-2023-12-22" "doc" "--frozen" "--no-deps" "--document-private-items" "--message-format=json", kill_on_drop: false }`
[INFO] [stdout] 0412c2c3ada3d8b6584de9bf6a87a712d8c6efd2c96b9d28ae7b80e441c2aef9
[INFO] running `Command { std: "docker" "start" "-a" "0412c2c3ada3d8b6584de9bf6a87a712d8c6efd2c96b9d28ae7b80e441c2aef9", kill_on_drop: false }`
[INFO] [stderr]  Documenting exercise_CosmWasm_area_52 v0.1.0 (/opt/rustwide/workdir)
[INFO] [stdout] error[E0432]: unresolved import `cosmwasm_std`
[INFO] [stdout]  --> src/bin/entry_point.rs:1:5
[INFO] [stdout]   |
[INFO] [stdout] 1 | use cosmwasm_std::entry_point;
[INFO] [stdout]   |     ^^^^^^^^^^^^ use of undeclared crate or module `cosmwasm_std`
[INFO] [stdout] 
[INFO] [stdout] 
[INFO] [stdout] error[E0433]: failed to resolve: use of undeclared crate or module `universe`
[INFO] [stdout]  --> src/bin/states.rs:2:5
[INFO] [stdout]   |
[INFO] [stdout] 2 | use universe::species::{SapienceScale, Sapient};
[INFO] [stdout]   |     ^^^^^^^^ use of undeclared crate or module `universe`
[INFO] [stdout] 
[INFO] [stdout] 
[INFO] [stdout] error[E0432]: unresolved import `serde`
[INFO] [stdout]  --> src/bin/states.rs:1:5
[INFO] [stdout]   |
[INFO] [stdout] 1 | use serde::{Deserialize, Serialize};
[INFO] [stdout]   |     ^^^^^ use of undeclared crate or module `serde`
[INFO] [stdout] 
[INFO] [stdout] 
[INFO] [stdout] error[E0432]: unresolved import `cosmwasm_std`
[INFO] [stdout]  --> src/bin/states.rs:3:5
[INFO] [stdout]   |
[INFO] [stdout] 3 | use cosmwasm_std::{Addr};
[INFO] [stdout]   |     ^^^^^^^^^^^^ use of undeclared crate or module `cosmwasm_std`
[INFO] [stdout] 
[INFO] [stdout] 
[INFO] [stdout] error[E0432]: unresolved import `cosmwasm_std`
[INFO] [stdout]  --> src/bin/value_of_Instantiate.rs:1:5
[INFO] [stdout]   |
[INFO] [stdout] 1 | use cosmwasm_std::{entry_point, DepsMut, Env, MessageInfo, Response};
[INFO] [stdout]   |     ^^^^^^^^^^^^ use of undeclared crate or module `cosmwasm_std`
[INFO] [stdout] 
[INFO] [stdout] 
[INFO] [stdout] error[E0432]: unresolved import `serde`
[INFO] [stdout]  --> src/bin/singleton_storage.rs:1:5
[INFO] [stdout]   |
[INFO] [stdout] 1 | use serde::{Deserialize, Serialize};
[INFO] [stdout]   |     ^^^^^ use of undeclared crate or module `serde`
[INFO] [stdout] 
[INFO] [stdout] 
[INFO] [stdout] error[E0432]: unresolved import `cosmwasm_std`
[INFO] [stdout]  --> src/bin/singleton_storage.rs:2:5
[INFO] [stdout]   |
[INFO] [stdout] 2 | use cosmwasm_std::{Addr, Storage};
[INFO] [stdout]   |     ^^^^^^^^^^^^ use of undeclared crate or module `cosmwasm_std`
[INFO] [stdout] 
[INFO] [stdout] 
[INFO] [stdout] error[E0433]: failed to resolve: use of undeclared crate or module `universe`
[INFO] [stdout]  --> src/bin/singleton_storage.rs:4:5
[INFO] [stdout]   |
[INFO] [stdout] 4 | use universe::species::{SapienceScale, Sapient};
[INFO] [stdout]   |     ^^^^^^^^ use of undeclared crate or module `universe`
[INFO] [stdout] 
[INFO] [stdout] 
[INFO] [stdout] error[E0432]: unresolved import `cosmwasm_storage`
[INFO] [stdout]  --> src/bin/singleton_storage.rs:3:5
[INFO] [stdout]   |
[INFO] [stdout] 3 | use cosmwasm_storage::{singleton, singleton_read, ReadonlySingleton, Singleton};
[INFO] [stdout]   |     ^^^^^^^^^^^^^^^^ use of undeclared crate or module `cosmwasm_storage`
[INFO] [stdout] 
[INFO] [stdout] 
[INFO] [stdout] error: cannot determine resolution for the attribute macro `entry_point`
[INFO] [stdout]  --> src/bin/entry_point.rs:3:3
[INFO] [stdout]   |
[INFO] [stdout] 3 | #[entry_point]
[INFO] [stdout]   |   ^^^^^^^^^^^
[INFO] [stdout]   |
[INFO] [stdout]   = note: import resolution is stuck, try simplifying macro imports
[INFO] [stdout] 
[INFO] [stdout] 
[INFO] [stdout] error: cannot determine resolution for the derive macro `Serialize`
[INFO] [stdout]  --> src/bin/states.rs:5:10
[INFO] [stdout]   |
[INFO] [stdout] 5 | #[derive(Serialize, Deserialize)]
[INFO] [stdout]   |          ^^^^^^^^^
[INFO] [stdout]   |
[INFO] [stdout]   = note: import resolution is stuck, try simplifying macro imports
[INFO] [stdout] 
[INFO] [stdout] 
[INFO] [stdout] error: cannot determine resolution for the derive macro `Deserialize`
[INFO] [stdout]  --> src/bin/states.rs:5:21
[INFO] [stdout]   |
[INFO] [stdout] 5 | #[derive(Serialize, Deserialize)]
[INFO] [stdout]   |                     ^^^^^^^^^^^
[INFO] [stdout]   |
[INFO] [stdout]   = note: import resolution is stuck, try simplifying macro imports
[INFO] [stdout] 
[INFO] [stdout] 
[INFO] [stdout] error: cannot determine resolution for the derive macro `Serialize`
[INFO] [stdout]   --> src/bin/singleton_storage.rs:16:10
[INFO] [stdout]    |
[INFO] [stdout] 16 | #[derive(Serialize, Deserialize)]
[INFO] [stdout]    |          ^^^^^^^^^
[INFO] [stdout]    |
[INFO] [stdout]    = note: import resolution is stuck, try simplifying macro imports
[INFO] [stdout] 
[INFO] [stdout] 
[INFO] [stdout] error[E0432]: unresolved import `serde`
[INFO] [stdout]  --> src/bin/config_config_read.rs:1:5
[INFO] [stdout]   |
[INFO] [stdout] 1 | use serde::{Deserialize, Serialize};
[INFO] [stdout]   |     ^^^^^ use of undeclared crate or module `serde`
[INFO] [stdout] 
[INFO] [stdout] 
[INFO] [stdout] error: cannot determine resolution for the derive macro `Deserialize`
[INFO] [stdout]   --> src/bin/singleton_storage.rs:16:21
[INFO] [stdout]    |
[INFO] [stdout] 16 | #[derive(Serialize, Deserialize)]
[INFO] [stdout]    |                     ^^^^^^^^^^^
[INFO] [stdout]    |
[INFO] [stdout]    = note: import resolution is stuck, try simplifying macro imports
[INFO] [stdout] 
[INFO] [stdout] 
[INFO] [stdout] error[E0432]: unresolved import `cosmwasm_std`
[INFO] [stdout]  --> src/bin/config_config_read.rs:2:5
[INFO] [stdout]   |
[INFO] [stdout] 2 | use cosmwasm_std::{Addr, Storage};
[INFO] [stdout]   |     ^^^^^^^^^^^^ use of undeclared crate or module `cosmwasm_std`
[INFO] [stdout] 
[INFO] [stdout] 
[INFO] [stdout] error[E0433]: failed to resolve: use of undeclared crate or module `universe`
[INFO] [stdout]  --> src/bin/config_config_read.rs:4:5
[INFO] [stdout]   |
[INFO] [stdout] 4 | use universe::species::{SapienceScale, Sapient};
[INFO] [stdout]   |     ^^^^^^^^ use of undeclared crate or module `universe`
[INFO] [stdout] 
[INFO] [stdout] 
[INFO] [stdout] error[E0432]: unresolved import `cosmwasm_storage`
[INFO] [stdout]  --> src/bin/config_config_read.rs:3:5
[INFO] [stdout]   |
[INFO] [stdout] 3 | use cosmwasm_storage::{ReadonlySingleton, Singleton};
[INFO] [stdout]   |     ^^^^^^^^^^^^^^^^ use of undeclared crate or module `cosmwasm_storage`
[INFO] [stdout] 
[INFO] [stdout] 
[INFO] [stdout] error: aborting due to 2 previous errors
[INFO] [stdout] 
[INFO] [stdout] 
[INFO] [stdout] For more information about this error, try `rustc --explain E0432`.
[INFO] [stdout] 
[INFO] [stdout] error: aborting due to 5 previous errors
[INFO] [stdout] 
[INFO] [stdout] 
[INFO] [stdout] Some errors have detailed explanations: E0432, E0433.
[INFO] [stdout] 
[INFO] [stdout] For more information about an error, try `rustc --explain E0432`.
[INFO] [stdout] 
[INFO] [stdout] error: aborting due to 6 previous errors
[INFO] [stdout] 
[INFO] [stdout] 
[INFO] [stdout] Some errors have detailed explanations: E0432, E0433.
[INFO] [stdout] 
[INFO] [stdout] For more information about an error, try `rustc --explain E0432`.
[INFO] [stdout] 
[INFO] [stderr] error: could not document `exercise_CosmWasm_area_52`
[INFO] [stdout] error[E0432]: unresolved import `cosmwasm_std`
[INFO] [stdout]  --> src/bin/entry_points_paramaters.rs:1:5
[INFO] [stdout]   |
[INFO] [stdout] 1 | use cosmwasm_std::{ 
[INFO] [stdout]   |     ^^^^^^^^^^^^ use of undeclared crate or module `cosmwasm_std`
[INFO] [stdout] 
[INFO] [stdout] 
[INFO] [stderr] 
[INFO] [stderr] Caused by:
[INFO] [stderr]   process didn't exit successfully: `/opt/rustwide/rustup-home/toolchains/beta-2023-12-22-x86_64-unknown-linux-gnu/bin/rustdoc --edition=2021 --crate-type bin --crate-name entry_point src/bin/entry_point.rs -o /opt/rustwide/target/doc --error-format=json --json=diagnostic-rendered-ansi,artifacts,future-incompat --document-private-items '-Arustdoc::private-intra-doc-links' -C metadata=74e6a2925593bec8 -L dependency=/opt/rustwide/target/debug/deps --cap-lints=warn --crate-version 0.1.0` (exit status: 1)
[INFO] [stderr] warning: build failed, waiting for other jobs to finish...
[INFO] [stdout] error[E0432]: unresolved import `cosmwasm_std`
[INFO] [stdout]  --> src/bin/value_of_Instantiate.rs:2:5
[INFO] [stdout]   |
[INFO] [stdout] 2 | use cosmwasm_std::{Response};
[INFO] [stdout]   |     ^^^^^^^^^^^^ use of undeclared crate or module `cosmwasm_std`
[INFO] [stdout] 
[INFO] [stdout] 
[INFO] [stdout] error[E0432]: unresolved import `crate::error`
[INFO] [stdout]  --> src/bin/entry_points_paramaters.rs:8:12
[INFO] [stdout]   |
[INFO] [stdout] 8 | use crate::error::ContractError;
[INFO] [stdout]   |            ^^^^^
[INFO] [stdout]   |            |
[INFO] [stdout]   |            unresolved import
[INFO] [stdout]   |            help: a similar path exists: `core::error`
[INFO] [stdout] 
[INFO] [stdout] 
[INFO] [stdout] error[E0432]: unresolved import `crate::error`
[INFO] [stdout]  --> src/bin/value_of_Instantiate.rs:3:12
[INFO] [stdout]   |
[INFO] [stdout] 3 | use crate::error::ContractError;
[INFO] [stdout]   |            ^^^^^
[INFO] [stdout]   |            |
[INFO] [stdout]   |            unresolved import
[INFO] [stdout]   |            help: a similar path exists: `core::error`
[INFO] [stdout] 
[INFO] [stdout] 
[INFO] [stdout] error[E0432]: unresolved import `crate::msg`
[INFO] [stdout]  --> src/bin/entry_points_paramaters.rs:9:12
[INFO] [stdout]   |
[INFO] [stdout] 9 | use crate::msg::{InstantiateMsg};
[INFO] [stdout]   |            ^^^ could not find `msg` in the crate root
[INFO] [stdout] 
[INFO] [stdout] 
[INFO] [stdout] error: cannot determine resolution for the derive macro `Serialize`
[INFO] [stdout]   --> src/bin/config_config_read.rs:12:10
[INFO] [stdout]    |
[INFO] [stdout] 12 | #[derive(Serialize, Deserialize)]
[INFO] [stdout]    |          ^^^^^^^^^
[INFO] [stdout]    |
[INFO] [stdout]    = note: import resolution is stuck, try simplifying macro imports
[INFO] [stdout] 
[INFO] [stdout] 
[INFO] [stdout] error: cannot determine resolution for the derive macro `Deserialize`
[INFO] [stdout]   --> src/bin/config_config_read.rs:12:21
[INFO] [stdout]    |
[INFO] [stdout] 12 | #[derive(Serialize, Deserialize)]
[INFO] [stdout]    |                     ^^^^^^^^^^^
[INFO] [stdout]    |
[INFO] [stdout]    = note: import resolution is stuck, try simplifying macro imports
[INFO] [stdout] 
[INFO] [stdout] 
[INFO] [stdout] error: aborting due to 6 previous errors
[INFO] [stdout] 
[INFO] [stdout] 
[INFO] [stderr] error: could not document `exercise_CosmWasm_area_52`
[INFO] [stdout] Some errors have detailed explanations: E0432, E0433.
[INFO] [stdout] 
[INFO] [stderr] 
[INFO] [stdout] For more information about an error, try `rustc --explain E0432`.
[INFO] [stdout] 
[INFO] [stderr] Caused by:
[INFO] [stderr]   process didn't exit successfully: `/opt/rustwide/rustup-home/toolchains/beta-2023-12-22-x86_64-unknown-linux-gnu/bin/rustdoc --edition=2021 --crate-type bin --crate-name states src/bin/states.rs -o /opt/rustwide/target/doc --error-format=json --json=diagnostic-rendered-ansi,artifacts,future-incompat --document-private-items '-Arustdoc::private-intra-doc-links' -C metadata=21b8143a5711467e -L dependency=/opt/rustwide/target/debug/deps --cap-lints=warn --crate-version 0.1.0` (exit status: 1)
[INFO] [stderr] error: could not document `exercise_CosmWasm_area_52`
[INFO] [stderr] 
[INFO] [stderr] Caused by:
[INFO] [stderr]   process didn't exit successfully: `/opt/rustwide/rustup-home/toolchains/beta-2023-12-22-x86_64-unknown-linux-gnu/bin/rustdoc --edition=2021 --crate-type bin --crate-name singleton_storage src/bin/singleton_storage.rs -o /opt/rustwide/target/doc --error-format=json --json=diagnostic-rendered-ansi,artifacts,future-incompat --document-private-items '-Arustdoc::private-intra-doc-links' -C metadata=b8aaa22bbfa454b4 -L dependency=/opt/rustwide/target/debug/deps --cap-lints=warn --crate-version 0.1.0` (exit status: 1)
[INFO] [stdout] error: cannot determine resolution for the attribute macro `entry_point`
[INFO] [stdout]  --> src/bin/value_of_Instantiate.rs:5:3
[INFO] [stdout]   |
[INFO] [stdout] 5 | #[entry_point]
[INFO] [stdout]   |   ^^^^^^^^^^^
[INFO] [stdout]   |
[INFO] [stdout]   = note: import resolution is stuck, try simplifying macro imports
[INFO] [stdout] 
[INFO] [stdout] 
[INFO] [stdout] error: cannot determine resolution for the attribute macro `entry_point`
[INFO] [stdout]   --> src/bin/entry_points_paramaters.rs:11:3
[INFO] [stdout]    |
[INFO] [stdout] 11 | #[entry_point]
[INFO] [stdout]    |   ^^^^^^^^^^^
[INFO] [stdout]    |
[INFO] [stdout]    = note: import resolution is stuck, try simplifying macro imports
[INFO] [stdout] 
[INFO] [stdout] 
[INFO] [stdout] error: aborting due to 4 previous errors
[INFO] [stdout] 
[INFO] [stdout] 
[INFO] [stdout] error: aborting due to 4 previous errors
[INFO] [stdout] 
[INFO] [stdout] 
[INFO] [stdout] For more information about this error, try `rustc --explain E0432`.
[INFO] [stdout] 
[INFO] [stdout] For more information about this error, try `rustc --explain E0432`.
[INFO] [stdout] 
[INFO] [stderr] error: could not document `exercise_CosmWasm_area_52`
[INFO] [stderr] 
[INFO] [stderr] Caused by:
[INFO] [stderr]   process didn't exit successfully: `/opt/rustwide/rustup-home/toolchains/beta-2023-12-22-x86_64-unknown-linux-gnu/bin/rustdoc --edition=2021 --crate-type bin --crate-name config_config_read src/bin/config_config_read.rs -o /opt/rustwide/target/doc --error-format=json --json=diagnostic-rendered-ansi,artifacts,future-incompat --document-private-items '-Arustdoc::private-intra-doc-links' -C metadata=b3a1c56fa9446d24 -L dependency=/opt/rustwide/target/debug/deps --cap-lints=warn --crate-version 0.1.0` (exit status: 1)
[INFO] [stderr] error: could not document `exercise_CosmWasm_area_52`
[INFO] [stderr] 
[INFO] [stderr] Caused by:
[INFO] [stderr]   process didn't exit successfully: `/opt/rustwide/rustup-home/toolchains/beta-2023-12-22-x86_64-unknown-linux-gnu/bin/rustdoc --edition=2021 --crate-type bin --crate-name value_of_Instantiate src/bin/value_of_Instantiate.rs -o /opt/rustwide/target/doc --error-format=json --json=diagnostic-rendered-ansi,artifacts,future-incompat --document-private-items '-Arustdoc::private-intra-doc-links' -C metadata=542beb4016e7903a -L dependency=/opt/rustwide/target/debug/deps --cap-lints=warn --crate-version 0.1.0` (exit status: 1)
[INFO] [stderr] error: could not document `exercise_CosmWasm_area_52`
[INFO] [stderr] 
[INFO] [stderr] Caused by:
[INFO] [stderr]   process didn't exit successfully: `/opt/rustwide/rustup-home/toolchains/beta-2023-12-22-x86_64-unknown-linux-gnu/bin/rustdoc --edition=2021 --crate-type bin --crate-name entry_points_paramaters src/bin/entry_points_paramaters.rs -o /opt/rustwide/target/doc --error-format=json --json=diagnostic-rendered-ansi,artifacts,future-incompat --document-private-items '-Arustdoc::private-intra-doc-links' -C metadata=9c64ec2ed4db71b8 -L dependency=/opt/rustwide/target/debug/deps --cap-lints=warn --crate-version 0.1.0` (exit status: 1)
[INFO] running `Command { std: "docker" "inspect" "0412c2c3ada3d8b6584de9bf6a87a712d8c6efd2c96b9d28ae7b80e441c2aef9", kill_on_drop: false }`
[INFO] running `Command { std: "docker" "rm" "-f" "0412c2c3ada3d8b6584de9bf6a87a712d8c6efd2c96b9d28ae7b80e441c2aef9", kill_on_drop: false }`
[INFO] [stdout] 0412c2c3ada3d8b6584de9bf6a87a712d8c6efd2c96b9d28ae7b80e441c2aef9
