[INFO] cloning repository https://github.com/White-Oak/architect
[INFO] running `Command { std: "git" "-c" "credential.helper=" "-c" "credential.helper=/workspace/cargo-home/bin/git-credential-null" "clone" "--bare" "https://github.com/White-Oak/architect" "/workspace/cache/git-repos/https%3A%2F%2Fgithub.com%2FWhite-Oak%2Farchitect", kill_on_drop: false }`
[INFO] [stderr] Cloning into bare repository '/workspace/cache/git-repos/https%3A%2F%2Fgithub.com%2FWhite-Oak%2Farchitect'...
[INFO] running `Command { std: "git" "rev-parse" "HEAD", kill_on_drop: false }`
[INFO] [stdout] 74d0762746a0e50be30610edc2e2049fb169a2b3
[INFO] documenting White-Oak/architect against 1.75.0 for beta-1.76-rustdoc-1
[INFO] running `Command { std: "git" "clone" "/workspace/cache/git-repos/https%3A%2F%2Fgithub.com%2FWhite-Oak%2Farchitect" "/workspace/builds/worker-6-tc1/source", kill_on_drop: false }`
[INFO] [stderr] Cloning into '/workspace/builds/worker-6-tc1/source'...
[INFO] [stderr] done.
[INFO] validating manifest of git repo https://github.com/White-Oak/architect on toolchain 1.75.0
[INFO] running `Command { std: CARGO_HOME="/workspace/cargo-home" RUSTUP_HOME="/workspace/rustup-home" "/workspace/cargo-home/bin/cargo" "+1.75.0" "metadata" "--manifest-path" "Cargo.toml" "--no-deps", kill_on_drop: false }`
[INFO] started tweaking git repo https://github.com/White-Oak/architect
[INFO] finished tweaking git repo https://github.com/White-Oak/architect
[INFO] tweaked toml for git repo https://github.com/White-Oak/architect written to /workspace/builds/worker-6-tc1/source/Cargo.toml
[INFO] crate git repo https://github.com/White-Oak/architect already has a lockfile, it will not be regenerated
[INFO] running `Command { std: CARGO_HOME="/workspace/cargo-home" RUSTUP_HOME="/workspace/rustup-home" "/workspace/cargo-home/bin/cargo" "+1.75.0" "fetch" "--manifest-path" "Cargo.toml", kill_on_drop: false }`
[INFO] [stderr]     Updating crates.io index
[INFO] [stderr]     Updating git repository `https://github.com/White-Oak/qml-rust.git`
[INFO] [stderr]  Downloading crates ...
[INFO] [stderr]   Downloaded num-iter v0.1.32
[INFO] [stderr]   Downloaded gcc v0.3.35
[INFO] [stderr]   Downloaded num-traits v0.1.35
[INFO] [stderr]   Downloaded num-integer v0.1.32
[INFO] [stderr]   Downloaded num_cpus v1.0.0
[INFO] [stderr]   Downloaded lazysort v0.1.1
[INFO] [stderr]   Downloaded libc v0.2.16
[INFO] [stderr]   Downloaded cmake v0.1.17
[INFO] [stderr]   Downloaded num v0.1.35
[INFO] [stderr]   Downloaded git2 v0.4.4
[INFO] [stderr]   Downloaded csv v0.14.7
[INFO] [stderr]   Downloaded libz-sys v1.0.6
[INFO] [stderr]   Downloaded libgit2-sys v0.4.5
[INFO] [stderr]   Downloaded libssh2-sys v0.1.39
[INFO] running `Command { std: "docker" "create" "-v" "/var/lib/crater-agent-workspace/builds/worker-6-tc1/target:/opt/rustwide/target:rw,Z" "-v" "/var/lib/crater-agent-workspace/builds/worker-6-tc1/source:/opt/rustwide/workdir:ro,Z" "-v" "/var/lib/crater-agent-workspace/cargo-home:/opt/rustwide/cargo-home:ro,Z" "-v" "/var/lib/crater-agent-workspace/rustup-home:/opt/rustwide/rustup-home:ro,Z" "-e" "SOURCE_DIR=/opt/rustwide/workdir" "-e" "CARGO_TARGET_DIR=/opt/rustwide/target" "-e" "CARGO_HOME=/opt/rustwide/cargo-home" "-e" "RUSTUP_HOME=/opt/rustwide/rustup-home" "-w" "/opt/rustwide/workdir" "-m" "1610612736" "--user" "0:0" "--network" "none" "ghcr.io/rust-lang/crates-build-env/linux@sha256:2788e3201cd34a07e3172128adcd8b3090168a8e3bcc40d7c032b9dda1df7d1c" "/opt/rustwide/cargo-home/bin/cargo" "+1.75.0" "metadata" "--no-deps" "--format-version=1", kill_on_drop: false }`
[INFO] [stdout] 1267885310b2068fdb994c2f9673f1e27992035d5652d68a60880411c3926689
[INFO] running `Command { std: "docker" "start" "-a" "1267885310b2068fdb994c2f9673f1e27992035d5652d68a60880411c3926689", kill_on_drop: false }`
[INFO] running `Command { std: "docker" "inspect" "1267885310b2068fdb994c2f9673f1e27992035d5652d68a60880411c3926689", kill_on_drop: false }`
[INFO] running `Command { std: "docker" "rm" "-f" "1267885310b2068fdb994c2f9673f1e27992035d5652d68a60880411c3926689", kill_on_drop: false }`
[INFO] [stdout] 1267885310b2068fdb994c2f9673f1e27992035d5652d68a60880411c3926689
[INFO] running `Command { std: "docker" "create" "-v" "/var/lib/crater-agent-workspace/builds/worker-6-tc1/target:/opt/rustwide/target:rw,Z" "-v" "/var/lib/crater-agent-workspace/builds/worker-6-tc1/source:/opt/rustwide/workdir:ro,Z" "-v" "/var/lib/crater-agent-workspace/cargo-home:/opt/rustwide/cargo-home:ro,Z" "-v" "/var/lib/crater-agent-workspace/rustup-home:/opt/rustwide/rustup-home:ro,Z" "-e" "SOURCE_DIR=/opt/rustwide/workdir" "-e" "CARGO_TARGET_DIR=/opt/rustwide/target" "-e" "CARGO_INCREMENTAL=0" "-e" "RUST_BACKTRACE=full" "-e" "RUSTFLAGS=--cap-lints=warn" "-e" "RUSTDOCFLAGS=--cap-lints=warn" "-e" "CARGO_HOME=/opt/rustwide/cargo-home" "-e" "RUSTUP_HOME=/opt/rustwide/rustup-home" "-w" "/opt/rustwide/workdir" "-m" "1610612736" "--user" "0:0" "--network" "none" "ghcr.io/rust-lang/crates-build-env/linux@sha256:2788e3201cd34a07e3172128adcd8b3090168a8e3bcc40d7c032b9dda1df7d1c" "/opt/rustwide/cargo-home/bin/cargo" "+1.75.0" "doc" "--frozen" "--no-deps" "--document-private-items" "--message-format=json", kill_on_drop: false }`
[INFO] [stdout] 41cd4806a82148c74e62411d93593ee3664f46621a385b0774e3419f1756dceb
[INFO] running `Command { std: "docker" "start" "-a" "41cd4806a82148c74e62411d93593ee3664f46621a385b0774e3419f1756dceb", kill_on_drop: false }`
[INFO] [stderr]    Compiling pkg-config v0.3.8
[INFO] [stderr]    Compiling gcc v0.3.35
[INFO] [stderr]     Checking libc v0.2.16
[INFO] [stderr]    Compiling winapi-build v0.1.1
[INFO] [stderr]     Checking num-traits v0.1.35
[INFO] [stderr]     Checking matches v0.1.2
[INFO] [stderr]     Checking unicode-normalization v0.1.2
[INFO] [stderr]     Checking winapi v0.2.8
[INFO] [stderr]     Checking rustc-serialize v0.3.19
[INFO] [stderr]     Checking unicode-bidi v0.2.3
[INFO] [stderr]    Compiling kernel32-sys v0.2.2
[INFO] [stdout] error[E0642]: patterns aren't allowed in functions without bodies
[INFO] [stdout]    --> /opt/rustwide/cargo-home/registry/src/index.crates.io-6f17d22bba15001f/rustc-serialize-0.3.19/src/serialize.rs:147:45
[INFO] [stdout]     |
[INFO] [stdout] 147 | ...                   &f_name: &str,
[INFO] [stdout]     |                       ^^^^^^^ pattern not allowed in function without body
[INFO] [stdout] 
[INFO] [stdout] 
[INFO] [stderr]    Compiling cmake v0.1.17
[INFO] [stderr]     Checking rand v0.3.14
[INFO] [stderr]    Compiling openssl-sys v0.7.17
[INFO] [stderr]     Checking time v0.1.35
[INFO] [stderr]     Checking num-integer v0.1.32
[INFO] [stderr]     Checking byteorder v0.5.3
[INFO] [stderr]     Checking bitflags v0.1.1
[INFO] [stderr]     Checking num_cpus v1.0.0
[INFO] [stderr]     Checking num-iter v0.1.32
[INFO] [stderr]     Checking ansi_term v0.9.0
[INFO] [stderr]     Checking num v0.1.35
[INFO] [stderr]     Checking crossbeam v0.2.10
[INFO] [stderr]    Compiling libz-sys v1.0.6
[INFO] [stderr]    Compiling libssh2-sys v0.1.39
[INFO] [stderr]    Compiling libgit2-sys v0.4.5
[INFO] [stderr]     Checking idna v0.1.0
[INFO] [stderr]     Checking lazysort v0.1.1
[INFO] [stderr]     Checking chrono v0.2.25
[INFO] [stdout] error: aborting due to previous error
[INFO] [stdout] 
[INFO] [stdout] 
[INFO] [stdout] For more information about this error, try `rustc --explain E0642`.
[INFO] [stdout] 
[INFO] [stderr] error: could not compile `rustc-serialize` (lib) due to 2 previous errors; 1 warning emitted
[INFO] [stderr] warning: build failed, waiting for other jobs to finish...
[INFO] [stderr] error: failed to run custom build command for `libssh2-sys v0.1.39`
[INFO] [stderr] note: To improve backtraces for build dependencies, set the CARGO_PROFILE_DEV_BUILD_OVERRIDE_DEBUG=true environment variable to enable debug information generation.
[INFO] [stderr] 
[INFO] [stderr] Caused by:
[INFO] [stderr]   process didn't exit successfully: `/opt/rustwide/target/debug/build/libssh2-sys-b6b0335158f1e7f3/build-script-build` (exit status: 101)
[INFO] [stderr]   --- stdout
[INFO] [stderr]   running: cd "/opt/rustwide/target/debug/build/libssh2-sys-1c53a320f87a0a8b/out/build" && CMAKE_PREFIX_PATH="" "cmake" "/opt/rustwide/cargo-home/registry/src/index.crates.io-6f17d22bba15001f/libssh2-sys-0.1.39/libssh2" "-DCRYPTO_BACKEND=OpenSSL" "-DBUILD_SHARED_LIBS=OFF" "-DENABLE_ZLIB_COMPRESSION=ON" "-DCMAKE_INSTALL_LIBDIR=lib" "-DBUILD_EXAMPLES=OFF" "-DBUILD_TESTING=OFF" "-DCMAKE_INSTALL_PREFIX=/opt/rustwide/target/debug/build/libssh2-sys-1c53a320f87a0a8b/out" "-DCMAKE_C_FLAGS= -O0 -ffunction-sections -fdata-sections -m64 -fPIC" "-DCMAKE_C_COMPILER=/usr/bin/cc" "-DCMAKE_CXX_FLAGS= -O0 -ffunction-sections -fdata-sections -m64 -fPIC" "-DCMAKE_CXX_COMPILER=/usr/bin/c++" "-DCMAKE_BUILD_TYPE=Debug"
[INFO] [stderr]   -- The C compiler identification is GNU 11.4.0
[INFO] [stderr]   -- Detecting C compiler ABI info
[INFO] [stderr]   -- Detecting C compiler ABI info - done
[INFO] [stderr]   -- Check for working C compiler: /usr/bin/cc - skipped
[INFO] [stderr]   -- Detecting C compile features
[INFO] [stderr]   -- Detecting C compile features - done
[INFO] [stderr]   -- Found OpenSSL: /usr/lib/x86_64-linux-gnu/libcrypto.so (found version "3.0.2")  
[INFO] [stderr]   -- Looking for EVP_aes_128_ctr
[INFO] [stderr]   -- Looking for EVP_aes_128_ctr - found
[INFO] [stderr]   -- Found ZLIB: /usr/lib/x86_64-linux-gnu/libz.so (found version "1.2.11") 
[INFO] [stderr]   -- Looking for include file unistd.h
[INFO] [stderr]   -- Looking for include file unistd.h - found
[INFO] [stderr]   -- Looking for include file inttypes.h
[INFO] [stderr]   -- Looking for include file inttypes.h - found
[INFO] [stderr]   -- Looking for include file stdlib.h
[INFO] [stderr]   -- Looking for include file stdlib.h - found
[INFO] [stderr]   -- Looking for include file sys/select.h
[INFO] [stderr]   -- Looking for include file sys/select.h - found
[INFO] [stderr]   -- Looking for include file sys/uio.h
[INFO] [stderr]   -- Looking for include file sys/uio.h - found
[INFO] [stderr]   -- Looking for include file sys/socket.h
[INFO] [stderr]   -- Looking for include file sys/socket.h - found
[INFO] [stderr]   -- Looking for include file sys/ioctl.h
[INFO] [stderr]   -- Looking for include file sys/ioctl.h - found
[INFO] [stderr]   -- Looking for include file sys/time.h
[INFO] [stderr]   -- Looking for include file sys/time.h - found
[INFO] [stderr]   -- Looking for include file sys/un.h
[INFO] [stderr]   -- Looking for include file sys/un.h - found
[INFO] [stderr]   -- Looking for include file windows.h
[INFO] [stderr]   -- Looking for include file windows.h - not found
[INFO] [stderr]   -- Looking for include file ws2tcpip.h
[INFO] [stderr]   -- Looking for include file ws2tcpip.h - not found
[INFO] [stderr]   -- Looking for include file winsock2.h
[INFO] [stderr]   -- Looking for include file winsock2.h - not found
[INFO] [stderr]   -- Looking for sys/types.h
[INFO] [stderr]   -- Looking for sys/types.h - found
[INFO] [stderr]   -- Looking for stdint.h
[INFO] [stderr]   -- Looking for stdint.h - found
[INFO] [stderr]   -- Looking for stddef.h
[INFO] [stderr]   -- Looking for stddef.h - found
[INFO] [stderr]   -- Check size of long long
[INFO] [stderr]   -- Check size of long long - done
[INFO] [stderr]   -- Looking for gettimeofday
[INFO] [stderr]   -- Looking for gettimeofday - found
[INFO] [stderr]   -- Looking for strtoll
[INFO] [stderr]   -- Looking for strtoll - found
[INFO] [stderr]   -- Looking for snprintf
[INFO] [stderr]   -- Looking for snprintf - found
[INFO] [stderr]   -- Looking for poll
[INFO] [stderr]   -- Looking for poll - found
[INFO] [stderr]   -- Looking for socket
[INFO] [stderr]   -- Looking for socket - found
[INFO] [stderr]   -- Looking for select
[INFO] [stderr]   -- Looking for select - found
[INFO] [stderr]   -- Looking for inet_addr
[INFO] [stderr]   -- Looking for inet_addr - found
[INFO] [stderr]   -- Performing Test HAVE_O_NONBLOCK
[INFO] [stderr]   -- Performing Test HAVE_O_NONBLOCK - Success
[INFO] [stderr]   -- The following features have been enabled:
[INFO] [stderr] 
[INFO] [stderr]    * Compression, using zlib for compression
[INFO] [stderr]    * diffie-hellman-group-exchange-sha1, "new" diffie-hellman-group-exchange-sha1 method
[INFO] [stderr]    * Logging, Logging of execution with debug trace
[INFO] [stderr] 
[INFO] [stderr]   -- The following REQUIRED packages have been found:
[INFO] [stderr] 
[INFO] [stderr]    * OpenSSL
[INFO] [stderr]    * ZLIB
[INFO] [stderr] 
[INFO] [stderr]   -- The following features have been disabled:
[INFO] [stderr] 
[INFO] [stderr]    * Shared library, creating libssh2 as a shared library (.so/.dll)
[INFO] [stderr]    * "none" cipher
[INFO] [stderr]    * "none" MAC
[INFO] [stderr] 
[INFO] [stderr]   -- Configuring done
[INFO] [stderr]   -- Generating done
[INFO] [stderr]   -- Build files have been written to: /opt/rustwide/target/debug/build/libssh2-sys-1c53a320f87a0a8b/out/build
[INFO] [stderr]   running: cd "/opt/rustwide/target/debug/build/libssh2-sys-1c53a320f87a0a8b/out/build" && "cmake" "--build" "." "--target" "install" "--config" "Debug" "--" "-j8"
[INFO] [stderr]   [  4%] Building C object src/CMakeFiles/libssh2.dir/agent.c.o
[INFO] [stderr]   [  9%] Building C object src/CMakeFiles/libssh2.dir/openssl.c.o
[INFO] [stderr]   [ 13%] Building C object src/CMakeFiles/libssh2.dir/channel.c.o
[INFO] [stderr]   [ 18%] Building C object src/CMakeFiles/libssh2.dir/comp.c.o
[INFO] [stderr]   [ 22%] Building C object src/CMakeFiles/libssh2.dir/crypt.c.o
[INFO] [stderr]   [ 27%] Building C object src/CMakeFiles/libssh2.dir/global.c.o
[INFO] [stderr]   [ 31%] Building C object src/CMakeFiles/libssh2.dir/hostkey.c.o
[INFO] [stderr]   [ 36%] Building C object src/CMakeFiles/libssh2.dir/keepalive.c.o
[INFO] [stderr] 
[INFO] [stderr]   --- stderr
[INFO] [stderr]   fatal: not a git repository (or any parent up to mount point /opt/rustwide)
[INFO] [stderr]   Stopping at filesystem boundary (GIT_DISCOVERY_ACROSS_FILESYSTEM not set).
[INFO] [stderr]   CMake Deprecation Warning at CMakeLists.txt:36 (cmake_minimum_required):
[INFO] [stderr]     Compatibility with CMake < 2.8.12 will be removed from a future version of
[INFO] [stderr]     CMake.
[INFO] [stderr] 
[INFO] [stderr]     Update the VERSION argument <min> value or use a ...<max> suffix to tell
[INFO] [stderr]     CMake that the project does not need compatibility with older versions.
[INFO] [stderr] 
[INFO] [stderr] 
[INFO] [stderr]   CMake Warning:
[INFO] [stderr]     Manually-specified variables were not used by the project:
[INFO] [stderr] 
[INFO] [stderr]       CMAKE_CXX_COMPILER
[INFO] [stderr] 
[INFO] [stderr] 
[INFO] [stderr]   /opt/rustwide/cargo-home/registry/src/index.crates.io-6f17d22bba15001f/libssh2-sys-0.1.39/libssh2/src/openssl.c: In function '_libssh2_rsa_new':
[INFO] [stderr]   /opt/rustwide/cargo-home/registry/src/index.crates.io-6f17d22bba15001f/libssh2-sys-0.1.39/libssh2/src/openssl.c:69:5: warning: 'RSA_new' is deprecated: Since OpenSSL 3.0 [-Wdeprecated-declarations]
[INFO] [stderr]      69 |     *rsa = RSA_new();
[INFO] [stderr]         |     ^
[INFO] [stderr]   In file included from /opt/rustwide/cargo-home/registry/src/index.crates.io-6f17d22bba15001f/libssh2-sys-0.1.39/libssh2/src/openssl.h:42,
[INFO] [stderr]                    from /opt/rustwide/cargo-home/registry/src/index.crates.io-6f17d22bba15001f/libssh2-sys-0.1.39/libssh2/src/crypto.h:42,
[INFO] [stderr]                    from /opt/rustwide/cargo-home/registry/src/index.crates.io-6f17d22bba15001f/libssh2-sys-0.1.39/libssh2/src/libssh2_priv.h:140,
[INFO] [stderr]                    from /opt/rustwide/cargo-home/registry/src/index.crates.io-6f17d22bba15001f/libssh2-sys-0.1.39/libssh2/src/openssl.c:41:
[INFO] [stderr]   /usr/include/openssl/rsa.h:201:28: note: declared here
[INFO] [stderr]     201 | OSSL_DEPRECATEDIN_3_0 RSA *RSA_new(void);
[INFO] [stderr]         |                            ^~~~~~~
[INFO] [stderr]   /opt/rustwide/cargo-home/registry/src/index.crates.io-6f17d22bba15001f/libssh2-sys-0.1.39/libssh2/src/openssl.c:71:11: error: invalid use of incomplete typedef 'RSA' {aka 'struct rsa_st'}
[INFO] [stderr]      71 |     (*rsa)->e = BN_new();
[INFO] [stderr]         |           ^~
[INFO] [stderr]   /opt/rustwide/cargo-home/registry/src/index.crates.io-6f17d22bba15001f/libssh2-sys-0.1.39/libssh2/src/openssl.c:72:34: error: invalid use of incomplete typedef 'RSA' {aka 'struct rsa_st'}
[INFO] [stderr]      72 |     BN_bin2bn(edata, elen, (*rsa)->e);
[INFO] [stderr]         |                                  ^~
[INFO] [stderr]   /opt/rustwide/cargo-home/registry/src/index.crates.io-6f17d22bba15001f/libssh2-sys-0.1.39/libssh2/src/openssl.c:74:11: error: invalid use of incomplete typedef 'RSA' {aka 'struct rsa_st'}
[INFO] [stderr]      74 |     (*rsa)->n = BN_new();
[INFO] [stderr]         |           ^~
[INFO] [stderr]   /opt/rustwide/cargo-home/registry/src/index.crates.io-6f17d22bba15001f/libssh2-sys-0.1.39/libssh2/src/openssl.c:75:34: error: invalid use of incomplete typedef 'RSA' {aka 'struct rsa_st'}
[INFO] [stderr]      75 |     BN_bin2bn(ndata, nlen, (*rsa)->n);
[INFO] [stderr]         |                                  ^~
[INFO] [stderr]   /opt/rustwide/cargo-home/registry/src/index.crates.io-6f17d22bba15001f/libssh2-sys-0.1.39/libssh2/src/openssl.c:78:15: error: invalid use of incomplete typedef 'RSA' {aka 'struct rsa_st'}
[INFO] [stderr]      78 |         (*rsa)->d = BN_new();
[INFO] [stderr]         |               ^~
[INFO] [stderr]   /opt/rustwide/cargo-home/registry/src/index.crates.io-6f17d22bba15001f/libssh2-sys-0.1.39/libssh2/src/openssl.c:79:38: error: invalid use of incomplete typedef 'RSA' {aka 'struct rsa_st'}
[INFO] [stderr]      79 |         BN_bin2bn(ddata, dlen, (*rsa)->d);
[INFO] [stderr]         |                                      ^~
[INFO] [stderr]   /opt/rustwide/cargo-home/registry/src/index.crates.io-6f17d22bba15001f/libssh2-sys-0.1.39/libssh2/src/openssl.c:81:15: error: invalid use of incomplete typedef 'RSA' {aka 'struct rsa_st'}
[INFO] [stderr]      81 |         (*rsa)->p = BN_new();
[INFO] [stderr]         |               ^~
[INFO] [stderr]   /opt/rustwide/cargo-home/registry/src/index.crates.io-6f17d22bba15001f/libssh2-sys-0.1.39/libssh2/src/openssl.c:82:38: error: invalid use of incomplete typedef 'RSA' {aka 'struct rsa_st'}
[INFO] [stderr]      82 |         BN_bin2bn(pdata, plen, (*rsa)->p);
[INFO] [stderr]         |                                      ^~
[INFO] [stderr]   /opt/rustwide/cargo-home/registry/src/index.crates.io-6f17d22bba15001f/libssh2-sys-0.1.39/libssh2/src/openssl.c:84:15: error: invalid use of incomplete typedef 'RSA' {aka 'struct rsa_st'}
[INFO] [stderr]      84 |         (*rsa)->q = BN_new();
[INFO] [stderr]         |               ^~
[INFO] [stderr]   /opt/rustwide/cargo-home/registry/src/index.crates.io-6f17d22bba15001f/libssh2-sys-0.1.39/libssh2/src/openssl.c:85:38: error: invalid use of incomplete typedef 'RSA' {aka 'struct rsa_st'}
[INFO] [stderr]      85 |         BN_bin2bn(qdata, qlen, (*rsa)->q);
[INFO] [stderr]         |                                      ^~
[INFO] [stderr]   /opt/rustwide/cargo-home/registry/src/index.crates.io-6f17d22bba15001f/libssh2-sys-0.1.39/libssh2/src/openssl.c:87:15: error: invalid use of incomplete typedef 'RSA' {aka 'struct rsa_st'}
[INFO] [stderr]      87 |         (*rsa)->dmp1 = BN_new();
[INFO] [stderr]         |               ^~
[INFO] [stderr]   /opt/rustwide/cargo-home/registry/src/index.crates.io-6f17d22bba15001f/libssh2-sys-0.1.39/libssh2/src/openssl.c:88:40: error: invalid use of incomplete typedef 'RSA' {aka 'struct rsa_st'}
[INFO] [stderr]      88 |         BN_bin2bn(e1data, e1len, (*rsa)->dmp1);
[INFO] [stderr]         |                                        ^~
[INFO] [stderr]   /opt/rustwide/cargo-home/registry/src/index.crates.io-6f17d22bba15001f/libssh2-sys-0.1.39/libssh2/src/openssl.c:90:15: error: invalid use of incomplete typedef 'RSA' {aka 'struct rsa_st'}
[INFO] [stderr]      90 |         (*rsa)->dmq1 = BN_new();
[INFO] [stderr]         |               ^~
[INFO] [stderr]   /opt/rustwide/cargo-home/registry/src/index.crates.io-6f17d22bba15001f/libssh2-sys-0.1.39/libssh2/src/openssl.c:91:40: error: invalid use of incomplete typedef 'RSA' {aka 'struct rsa_st'}
[INFO] [stderr]      91 |         BN_bin2bn(e2data, e2len, (*rsa)->dmq1);
[INFO] [stderr]         |                                        ^~
[INFO] [stderr]   /opt/rustwide/cargo-home/registry/src/index.crates.io-6f17d22bba15001f/libssh2-sys-0.1.39/libssh2/src/openssl.c:93:15: error: invalid use of incomplete typedef 'RSA' {aka 'struct rsa_st'}
[INFO] [stderr]      93 |         (*rsa)->iqmp = BN_new();
[INFO] [stderr]         |               ^~
[INFO] [stderr]   /opt/rustwide/cargo-home/registry/src/index.crates.io-6f17d22bba15001f/libssh2-sys-0.1.39/libssh2/src/openssl.c:94:46: error: invalid use of incomplete typedef 'RSA' {aka 'struct rsa_st'}
[INFO] [stderr]      94 |         BN_bin2bn(coeffdata, coefflen, (*rsa)->iqmp);
[INFO] [stderr]         |                                              ^~
[INFO] [stderr]   /opt/rustwide/cargo-home/registry/src/index.crates.io-6f17d22bba15001f/libssh2-sys-0.1.39/libssh2/src/openssl.c: In function '_libssh2_rsa_sha1_verify':
[INFO] [stderr]   /opt/rustwide/cargo-home/registry/src/index.crates.io-6f17d22bba15001f/libssh2-sys-0.1.39/libssh2/src/openssl.c:110:5: warning: 'RSA_verify' is deprecated: Since OpenSSL 3.0 [-Wdeprecated-declarations]
[INFO] [stderr]     110 |     ret = RSA_verify(NID_sha1, hash, SHA_DIGEST_LENGTH,
[INFO] [stderr]         |     ^~~
[INFO] [stderr]   In file included from /opt/rustwide/cargo-home/registry/src/index.crates.io-6f17d22bba15001f/libssh2-sys-0.1.39/libssh2/src/openssl.h:42,
[INFO] [stderr]                    from /opt/rustwide/cargo-home/registry/src/index.crates.io-6f17d22bba15001f/libssh2-sys-0.1.39/libssh2/src/crypto.h:42,
[INFO] [stderr]                    from /opt/rustwide/cargo-home/registry/src/index.crates.io-6f17d22bba15001f/libssh2-sys-0.1.39/libssh2/src/libssh2_priv.h:140,
[INFO] [stderr]                    from /opt/rustwide/cargo-home/registry/src/index.crates.io-6f17d22bba15001f/libssh2-sys-0.1.39/libssh2/src/openssl.c:41:
[INFO] [stderr]   /usr/include/openssl/rsa.h:351:27: note: declared here
[INFO] [stderr]     351 | OSSL_DEPRECATEDIN_3_0 int RSA_verify(int type, const unsigned char *m,
[INFO] [stderr]         |                           ^~~~~~~~~~
[INFO] [stderr]   /opt/rustwide/cargo-home/registry/src/index.crates.io-6f17d22bba15001f/libssh2-sys-0.1.39/libssh2/src/openssl.c: In function '_libssh2_dsa_new':
[INFO] [stderr]   /opt/rustwide/cargo-home/registry/src/index.crates.io-6f17d22bba15001f/libssh2-sys-0.1.39/libssh2/src/openssl.c:128:5: warning: 'DSA_new' is deprecated: Since OpenSSL 3.0 [-Wdeprecated-declarations]
[INFO] [stderr]     128 |     *dsactx = DSA_new();
[INFO] [stderr]         |     ^
[INFO] [stderr]   In file included from /usr/include/openssl/engine.h:26,
[INFO] [stderr]                    from /opt/rustwide/cargo-home/registry/src/index.crates.io-6f17d22bba15001f/libssh2-sys-0.1.39/libssh2/src/openssl.h:43,
[INFO] [stderr]                    from /opt/rustwide/cargo-home/registry/src/index.crates.io-6f17d22bba15001f/libssh2-sys-0.1.39/libssh2/src/crypto.h:42,
[INFO] [stderr]                    from /opt/rustwide/cargo-home/registry/src/index.crates.io-6f17d22bba15001f/libssh2-sys-0.1.39/libssh2/src/libssh2_priv.h:140,
[INFO] [stderr]                    from /opt/rustwide/cargo-home/registry/src/index.crates.io-6f17d22bba15001f/libssh2-sys-0.1.39/libssh2/src/openssl.c:41:
[INFO] [stderr]   /usr/include/openssl/dsa.h:125:28: note: declared here
[INFO] [stderr]     125 | OSSL_DEPRECATEDIN_3_0 DSA *DSA_new(void);
[INFO] [stderr]         |                            ^~~~~~~
[INFO] [stderr]   /opt/rustwide/cargo-home/registry/src/index.crates.io-6f17d22bba15001f/libssh2-sys-0.1.39/libssh2/src/openssl.c:130:14: error: invalid use of incomplete typedef 'DSA' {aka 'struct dsa_st'}
[INFO] [stderr]     130 |     (*dsactx)->p = BN_new();
[INFO] [stderr]         |              ^~
[INFO] [stderr]   /opt/rustwide/cargo-home/registry/src/index.crates.io-6f17d22bba15001f/libssh2-sys-0.1.39/libssh2/src/openssl.c:131:34: error: invalid use of incomplete typedef 'DSA' {aka 'struct dsa_st'}
[INFO] [stderr]     131 |     BN_bin2bn(p, p_len, (*dsactx)->p);
[INFO] [stderr]         |                                  ^~
[INFO] [stderr]   /opt/rustwide/cargo-home/registry/src/index.crates.io-6f17d22bba15001f/libssh2-sys-0.1.39/libssh2/src/openssl.c:133:14: error: invalid use of incomplete typedef 'DSA' {aka 'struct dsa_st'}
[INFO] [stderr]     133 |     (*dsactx)->q = BN_new();
[INFO] [stderr]         |              ^~
[INFO] [stderr]   /opt/rustwide/cargo-home/registry/src/index.crates.io-6f17d22bba15001f/libssh2-sys-0.1.39/libssh2/src/openssl.c:134:34: error: invalid use of incomplete typedef 'DSA' {aka 'struct dsa_st'}
[INFO] [stderr]     134 |     BN_bin2bn(q, q_len, (*dsactx)->q);
[INFO] [stderr]         |                                  ^~
[INFO] [stderr]   /opt/rustwide/cargo-home/registry/src/index.crates.io-6f17d22bba15001f/libssh2-sys-0.1.39/libssh2/src/openssl.c:136:14: error: invalid use of incomplete typedef 'DSA' {aka 'struct dsa_st'}
[INFO] [stderr]     136 |     (*dsactx)->g = BN_new();
[INFO] [stderr]         |              ^~
[INFO] [stderr]   /opt/rustwide/cargo-home/registry/src/index.crates.io-6f17d22bba15001f/libssh2-sys-0.1.39/libssh2/src/openssl.c:137:34: error: invalid use of incomplete typedef 'DSA' {aka 'struct dsa_st'}
[INFO] [stderr]     137 |     BN_bin2bn(g, g_len, (*dsactx)->g);
[INFO] [stderr]         |                                  ^~
[INFO] [stderr]   /opt/rustwide/cargo-home/registry/src/index.crates.io-6f17d22bba15001f/libssh2-sys-0.1.39/libssh2/src/openssl.c:139:14: error: invalid use of incomplete typedef 'DSA' {aka 'struct dsa_st'}
[INFO] [stderr]     139 |     (*dsactx)->pub_key = BN_new();
[INFO] [stderr]         |              ^~
[INFO] [stderr]   /opt/rustwide/cargo-home/registry/src/index.crates.io-6f17d22bba15001f/libssh2-sys-0.1.39/libssh2/src/openssl.c:140:34: error: invalid use of incomplete typedef 'DSA' {aka 'struct dsa_st'}
[INFO] [stderr]     140 |     BN_bin2bn(y, y_len, (*dsactx)->pub_key);
[INFO] [stderr]         |                                  ^~
[INFO] [stderr]   /opt/rustwide/cargo-home/registry/src/index.crates.io-6f17d22bba15001f/libssh2-sys-0.1.39/libssh2/src/openssl.c:143:18: error: invalid use of incomplete typedef 'DSA' {aka 'struct dsa_st'}
[INFO] [stderr]     143 |         (*dsactx)->priv_key = BN_new();
[INFO] [stderr]         |                  ^~
[INFO] [stderr]   /opt/rustwide/cargo-home/registry/src/index.crates.io-6f17d22bba15001f/libssh2-sys-0.1.39/libssh2/src/openssl.c:144:38: error: invalid use of incomplete typedef 'DSA' {aka 'struct dsa_st'}
[INFO] [stderr]     144 |         BN_bin2bn(x, x_len, (*dsactx)->priv_key);
[INFO] [stderr]         |                                      ^~
[INFO] [stderr]   /opt/rustwide/cargo-home/registry/src/index.crates.io-6f17d22bba15001f/libssh2-sys-0.1.39/libssh2/src/openssl.c: In function '_libssh2_dsa_sha1_verify':
[INFO] [stderr]   /opt/rustwide/cargo-home/registry/src/index.crates.io-6f17d22bba15001f/libssh2-sys-0.1.39/libssh2/src/openssl.c:156:13: error: storage size of 'dsasig' isn't known
[INFO] [stderr]     156 |     DSA_SIG dsasig;
[INFO] [stderr]         |             ^~~~~~
[INFO] [stderr]   /opt/rustwide/cargo-home/registry/src/index.crates.io-6f17d22bba15001f/libssh2-sys-0.1.39/libssh2/src/openssl.c:166:9: warning: 'DSA_do_verify' is deprecated: Since OpenSSL 3.0 [-Wdeprecated-declarations]
[INFO] [stderr]     166 |         ret = DSA_do_verify(hash, SHA_DIGEST_LENGTH, &dsasig, dsactx);
[INFO] [stderr]         |         ^~~
[INFO] [stderr]   In file included from /usr/include/openssl/engine.h:26,
[INFO] [stderr]                    from /opt/rustwide/cargo-home/registry/src/index.crates.io-6f17d22bba15001f/libssh2-sys-0.1.39/libssh2/src/openssl.h:43,
[INFO] [stderr]                    from /opt/rustwide/cargo-home/registry/src/index.crates.io-6f17d22bba15001f/libssh2-sys-0.1.39/libssh2/src/crypto.h:42,
[INFO] [stderr]                    from /opt/rustwide/cargo-home/registry/src/index.crates.io-6f17d22bba15001f/libssh2-sys-0.1.39/libssh2/src/libssh2_priv.h:140,
[INFO] [stderr]                    from /opt/rustwide/cargo-home/registry/src/index.crates.io-6f17d22bba15001f/libssh2-sys-0.1.39/libssh2/src/openssl.c:41:
[INFO] [stderr]   /usr/include/openssl/dsa.h:115:27: note: declared here
[INFO] [stderr]     115 | OSSL_DEPRECATEDIN_3_0 int DSA_do_verify(const unsigned char *dgst, int dgst_len,
[INFO] [stderr]         |                           ^~~~~~~~~~~~~
[INFO] [stderr]   /opt/rustwide/cargo-home/registry/src/index.crates.io-6f17d22bba15001f/libssh2-sys-0.1.39/libssh2/src/openssl.c:156:13: warning: unused variable 'dsasig' [-Wunused-variable]
[INFO] [stderr]     156 |     DSA_SIG dsasig;
[INFO] [stderr]         |             ^~~~~~
[INFO] [stderr]   /opt/rustwide/cargo-home/registry/src/index.crates.io-6f17d22bba15001f/libssh2-sys-0.1.39/libssh2/src/openssl.c: In function 'make_ctr_evp':
[INFO] [stderr]   /opt/rustwide/cargo-home/registry/src/index.crates.io-6f17d22bba15001f/libssh2-sys-0.1.39/libssh2/src/openssl.c:349:5: warning: 'EVP_CIPHER_meth_new' is deprecated: Since OpenSSL 3.0 [-Wdeprecated-declarations]
[INFO] [stderr]     349 |     aes_ctr_cipher = EVP_CIPHER_meth_new(type, 16, keylen);
[INFO] [stderr]         |     ^~~~~~~~~~~~~~
[INFO] [stderr]   In file included from /usr/include/openssl/rand.h:23,
[INFO] [stderr]                    from /usr/include/openssl/engine.h:29,
[INFO] [stderr]                    from /opt/rustwide/cargo-home/registry/src/index.crates.io-6f17d22bba15001f/libssh2-sys-0.1.39/libssh2/src/openssl.h:43,
[INFO] [stderr]                    from /opt/rustwide/cargo-home/registry/src/index.crates.io-6f17d22bba15001f/libssh2-sys-0.1.39/libssh2/src/crypto.h:42,
[INFO] [stderr]                    from /opt/rustwide/cargo-home/registry/src/index.crates.io-6f17d22bba15001f/libssh2-sys-0.1.39/libssh2/src/libssh2_priv.h:140,
[INFO] [stderr]                    from /opt/rustwide/cargo-home/registry/src/index.crates.io-6f17d22bba15001f/libssh2-sys-0.1.39/libssh2/src/openssl.c:41:
[INFO] [stderr]   /usr/include/openssl/evp.h:232:13: note: declared here
[INFO] [stderr]     232 | EVP_CIPHER *EVP_CIPHER_meth_new(int cipher_type, int block_size, int key_len);
[INFO] [stderr]         |             ^~~~~~~~~~~~~~~~~~~
[INFO] [stderr]   /opt/rustwide/cargo-home/registry/src/index.crates.io-6f17d22bba15001f/libssh2-sys-0.1.39/libssh2/src/openssl.c:351:9: warning: 'EVP_CIPHER_meth_set_iv_length' is deprecated: Since OpenSSL 3.0 [-Wdeprecated-declarations]
[INFO] [stderr]     351 |         EVP_CIPHER_meth_set_iv_length(aes_ctr_cipher, 16);
[INFO] [stderr]         |         ^~~~~~~~~~~~~~~~~~~~~~~~~~~~~
[INFO] [stderr]   In file included from /usr/include/openssl/rand.h:23,
[INFO] [stderr]                    from /usr/include/openssl/engine.h:29,
[INFO] [stderr]                    from /opt/rustwide/cargo-home/registry/src/index.crates.io-6f17d22bba15001f/libssh2-sys-0.1.39/libssh2/src/openssl.h:43,
[INFO] [stderr]                    from /opt/rustwide/cargo-home/registry/src/index.crates.io-6f17d22bba15001f/libssh2-sys-0.1.39/libssh2/src/crypto.h:42,
[INFO] [stderr]                    from /opt/rustwide/cargo-home/registry/src/index.crates.io-6f17d22bba15001f/libssh2-sys-0.1.39/libssh2/src/libssh2_priv.h:140,
[INFO] [stderr]                    from /opt/rustwide/cargo-home/registry/src/index.crates.io-6f17d22bba15001f/libssh2-sys-0.1.39/libssh2/src/openssl.c:41:
[INFO] [stderr]   /usr/include/openssl/evp.h:238:5: note: declared here
[INFO] [stderr]     238 | int EVP_CIPHER_meth_set_iv_length(EVP_CIPHER *cipher, int iv_len);
[INFO] [stderr]         |     ^~~~~~~~~~~~~~~~~~~~~~~~~~~~~
[INFO] [stderr]   /opt/rustwide/cargo-home/registry/src/index.crates.io-6f17d22bba15001f/libssh2-sys-0.1.39/libssh2/src/openssl.c:352:9: warning: 'EVP_CIPHER_meth_set_init' is deprecated: Since OpenSSL 3.0 [-Wdeprecated-declarations]
[INFO] [stderr]     352 |         EVP_CIPHER_meth_set_init(aes_ctr_cipher, aes_ctr_init);
[INFO] [stderr]         |         ^~~~~~~~~~~~~~~~~~~~~~~~
[INFO] [stderr]   In file included from /usr/include/openssl/rand.h:23,
[INFO] [stderr]                    from /usr/include/openssl/engine.h:29,
[INFO] [stderr]                    from /opt/rustwide/cargo-home/registry/src/index.crates.io-6f17d22bba15001f/libssh2-sys-0.1.39/libssh2/src/openssl.h:43,
[INFO] [stderr]                    from /opt/rustwide/cargo-home/registry/src/index.crates.io-6f17d22bba15001f/libssh2-sys-0.1.39/libssh2/src/crypto.h:42,
[INFO] [stderr]                    from /opt/rustwide/cargo-home/registry/src/index.crates.io-6f17d22bba15001f/libssh2-sys-0.1.39/libssh2/src/libssh2_priv.h:140,
[INFO] [stderr]                    from /opt/rustwide/cargo-home/registry/src/index.crates.io-6f17d22bba15001f/libssh2-sys-0.1.39/libssh2/src/openssl.c:41:
[INFO] [stderr]   /usr/include/openssl/evp.h:244:5: note: declared here
[INFO] [stderr]     244 | int EVP_CIPHER_meth_set_init(EVP_CIPHER *cipher,
[INFO] [stderr]         |     ^~~~~~~~~~~~~~~~~~~~~~~~
[INFO] [stderr]   /opt/rustwide/cargo-home/registry/src/index.crates.io-6f17d22bba15001f/libssh2-sys-0.1.39/libssh2/src/openssl.c:353:9: warning: 'EVP_CIPHER_meth_set_do_cipher' is deprecated: Since OpenSSL 3.0 [-Wdeprecated-declarations]
[INFO] [stderr]     353 |         EVP_CIPHER_meth_set_do_cipher(aes_ctr_cipher, aes_ctr_do_cipher);
[INFO] [stderr]         |         ^~~~~~~~~~~~~~~~~~~~~~~~~~~~~
[INFO] [stderr]   In file included from /usr/include/openssl/rand.h:23,
[INFO] [stderr]                    from /usr/include/openssl/engine.h:29,
[INFO] [stderr]                    from /opt/rustwide/cargo-home/registry/src/index.crates.io-6f17d22bba15001f/libssh2-sys-0.1.39/libssh2/src/openssl.h:43,
[INFO] [stderr]                    from /opt/rustwide/cargo-home/registry/src/index.crates.io-6f17d22bba15001f/libssh2-sys-0.1.39/libssh2/src/crypto.h:42,
[INFO] [stderr]                    from /opt/rustwide/cargo-home/registry/src/index.crates.io-6f17d22bba15001f/libssh2-sys-0.1.39/libssh2/src/libssh2_priv.h:140,
[INFO] [stderr]                    from /opt/rustwide/cargo-home/registry/src/index.crates.io-6f17d22bba15001f/libssh2-sys-0.1.39/libssh2/src/openssl.c:41:
[INFO] [stderr]   /usr/include/openssl/evp.h:250:5: note: declared here
[INFO] [stderr]     250 | int EVP_CIPHER_meth_set_do_cipher(EVP_CIPHER *cipher,
[INFO] [stderr]         |     ^~~~~~~~~~~~~~~~~~~~~~~~~~~~~
[INFO] [stderr]   /opt/rustwide/cargo-home/registry/src/index.crates.io-6f17d22bba15001f/libssh2-sys-0.1.39/libssh2/src/openssl.c:354:9: warning: 'EVP_CIPHER_meth_set_cleanup' is deprecated: Since OpenSSL 3.0 [-Wdeprecated-declarations]
[INFO] [stderr]     354 |         EVP_CIPHER_meth_set_cleanup(aes_ctr_cipher, aes_ctr_cleanup);
[INFO] [stderr]         |         ^~~~~~~~~~~~~~~~~~~~~~~~~~~
[INFO] [stderr]   In file included from /usr/include/openssl/rand.h:23,
[INFO] [stderr]                    from /usr/include/openssl/engine.h:29,
[INFO] [stderr]                    from /opt/rustwide/cargo-home/registry/src/index.crates.io-6f17d22bba15001f/libssh2-sys-0.1.39/libssh2/src/openssl.h:43,
[INFO] [stderr]                    from /opt/rustwide/cargo-home/registry/src/index.crates.io-6f17d22bba15001f/libssh2-sys-0.1.39/libssh2/src/crypto.h:42,
[INFO] [stderr]                    from /opt/rustwide/cargo-home/registry/src/index.crates.io-6f17d22bba15001f/libssh2-sys-0.1.39/libssh2/src/libssh2_priv.h:140,
[INFO] [stderr]                    from /opt/rustwide/cargo-home/registry/src/index.crates.io-6f17d22bba15001f/libssh2-sys-0.1.39/libssh2/src/openssl.c:41:
[INFO] [stderr]   /usr/include/openssl/evp.h:256:5: note: declared here
[INFO] [stderr]     256 | int EVP_CIPHER_meth_set_cleanup(EVP_CIPHER *cipher,
[INFO] [stderr]         |     ^~~~~~~~~~~~~~~~~~~~~~~~~~~
[INFO] [stderr]   /opt/rustwide/cargo-home/registry/src/index.crates.io-6f17d22bba15001f/libssh2-sys-0.1.39/libssh2/src/openssl.c: In function '_libssh2_rsa_new_private_frommemory':
[INFO] [stderr]   /opt/rustwide/cargo-home/registry/src/index.crates.io-6f17d22bba15001f/libssh2-sys-0.1.39/libssh2/src/openssl.c:494:9: warning: 'PEM_read_bio_RSAPrivateKey' is deprecated: Since OpenSSL 3.0 [-Wdeprecated-declarations]
[INFO] [stderr]     494 |         (pem_read_bio_func) &PEM_read_bio_RSAPrivateKey;
[INFO] [stderr]         |         ^
[INFO] [stderr]   In file included from /usr/include/openssl/ui.h:30,
[INFO] [stderr]                    from /usr/include/openssl/engine.h:30,
[INFO] [stderr]                    from /opt/rustwide/cargo-home/registry/src/index.crates.io-6f17d22bba15001f/libssh2-sys-0.1.39/libssh2/src/openssl.h:43,
[INFO] [stderr]                    from /opt/rustwide/cargo-home/registry/src/index.crates.io-6f17d22bba15001f/libssh2-sys-0.1.39/libssh2/src/crypto.h:42,
[INFO] [stderr]                    from /opt/rustwide/cargo-home/registry/src/index.crates.io-6f17d22bba15001f/libssh2-sys-0.1.39/libssh2/src/libssh2_priv.h:140,
[INFO] [stderr]                    from /opt/rustwide/cargo-home/registry/src/index.crates.io-6f17d22bba15001f/libssh2-sys-0.1.39/libssh2/src/openssl.c:41:
[INFO] [stderr]   /usr/include/openssl/pem.h:447:1: note: declared here
[INFO] [stderr]     447 | DECLARE_PEM_rw_cb_attr(OSSL_DEPRECATEDIN_3_0, RSAPrivateKey, RSA)
[INFO] [stderr]         | ^~~~~~~~~~~~~~~~~~~~~~
[INFO] [stderr]   /opt/rustwide/cargo-home/registry/src/index.crates.io-6f17d22bba15001f/libssh2-sys-0.1.39/libssh2/src/openssl.c: In function '_libssh2_rsa_new_private':
[INFO] [stderr]   /opt/rustwide/cargo-home/registry/src/index.crates.io-6f17d22bba15001f/libssh2-sys-0.1.39/libssh2/src/openssl.c:509:9: warning: 'PEM_read_bio_RSAPrivateKey' is deprecated: Since OpenSSL 3.0 [-Wdeprecated-declarations]
[INFO] [stderr]     509 |         (pem_read_bio_func) &PEM_read_bio_RSAPrivateKey;
[INFO] [stderr]         |         ^
[INFO] [stderr]   In file included from /usr/include/openssl/ui.h:30,
[INFO] [stderr]                    from /usr/include/openssl/engine.h:30,
[INFO] [stderr]                    from /opt/rustwide/cargo-home/registry/src/index.crates.io-6f17d22bba15001f/libssh2-sys-0.1.39/libssh2/src/openssl.h:43,
[INFO] [stderr]                    from /opt/rustwide/cargo-home/registry/src/index.crates.io-6f17d22bba15001f/libssh2-sys-0.1.39/libssh2/src/crypto.h:42,
[INFO] [stderr]                    from /opt/rustwide/cargo-home/registry/src/index.crates.io-6f17d22bba15001f/libssh2-sys-0.1.39/libssh2/src/libssh2_priv.h:140,
[INFO] [stderr]                    from /opt/rustwide/cargo-home/registry/src/index.crates.io-6f17d22bba15001f/libssh2-sys-0.1.39/libssh2/src/openssl.c:41:
[INFO] [stderr]   /usr/include/openssl/pem.h:447:1: note: declared here
[INFO] [stderr]     447 | DECLARE_PEM_rw_cb_attr(OSSL_DEPRECATEDIN_3_0, RSAPrivateKey, RSA)
[INFO] [stderr]         | ^~~~~~~~~~~~~~~~~~~~~~
[INFO] [stderr]   /opt/rustwide/cargo-home/registry/src/index.crates.io-6f17d22bba15001f/libssh2-sys-0.1.39/libssh2/src/openssl.c: In function '_libssh2_dsa_new_private_frommemory':
[INFO] [stderr]   /opt/rustwide/cargo-home/registry/src/index.crates.io-6f17d22bba15001f/libssh2-sys-0.1.39/libssh2/src/openssl.c:526:9: warning: 'PEM_read_bio_DSAPrivateKey' is deprecated: Since OpenSSL 3.0 [-Wdeprecated-declarations]
[INFO] [stderr]     526 |         (pem_read_bio_func) &PEM_read_bio_DSAPrivateKey;
[INFO] [stderr]         |         ^
[INFO] [stderr]   In file included from /usr/include/openssl/ui.h:30,
[INFO] [stderr]                    from /usr/include/openssl/engine.h:30,
[INFO] [stderr]                    from /opt/rustwide/cargo-home/registry/src/index.crates.io-6f17d22bba15001f/libssh2-sys-0.1.39/libssh2/src/openssl.h:43,
[INFO] [stderr]                    from /opt/rustwide/cargo-home/registry/src/index.crates.io-6f17d22bba15001f/libssh2-sys-0.1.39/libssh2/src/crypto.h:42,
[INFO] [stderr]                    from /opt/rustwide/cargo-home/registry/src/index.crates.io-6f17d22bba15001f/libssh2-sys-0.1.39/libssh2/src/libssh2_priv.h:140,
[INFO] [stderr]                    from /opt/rustwide/cargo-home/registry/src/index.crates.io-6f17d22bba15001f/libssh2-sys-0.1.39/libssh2/src/openssl.c:41:
[INFO] [stderr]   /usr/include/openssl/pem.h:453:1: note: declared here
[INFO] [stderr]     453 | DECLARE_PEM_rw_cb_attr(OSSL_DEPRECATEDIN_3_0, DSAPrivateKey, DSA)
[INFO] [stderr]         | ^~~~~~~~~~~~~~~~~~~~~~
[INFO] [stderr]   /opt/rustwide/cargo-home/registry/src/index.crates.io-6f17d22bba15001f/libssh2-sys-0.1.39/libssh2/src/openssl.c: In function '_libssh2_dsa_new_private':
[INFO] [stderr]   /opt/rustwide/cargo-home/registry/src/index.crates.io-6f17d22bba15001f/libssh2-sys-0.1.39/libssh2/src/openssl.c:541:9: warning: 'PEM_read_bio_DSAPrivateKey' is deprecated: Since OpenSSL 3.0 [-Wdeprecated-declarations]
[INFO] [stderr]     541 |         (pem_read_bio_func) &PEM_read_bio_DSAPrivateKey;
[INFO] [stderr]         |         ^
[INFO] [stderr]   In file included from /usr/include/openssl/ui.h:30,
[INFO] [stderr]                    from /usr/include/openssl/engine.h:30,
[INFO] [stderr]                    from /opt/rustwide/cargo-home/registry/src/index.crates.io-6f17d22bba15001f/libssh2-sys-0.1.39/libssh2/src/openssl.h:43,
[INFO] [stderr]                    from /opt/rustwide/cargo-home/registry/src/index.crates.io-6f17d22bba15001f/libssh2-sys-0.1.39/libssh2/src/crypto.h:42,
[INFO] [stderr]                    from /opt/rustwide/cargo-home/registry/src/index.crates.io-6f17d22bba15001f/libssh2-sys-0.1.39/libssh2/src/libssh2_priv.h:140,
[INFO] [stderr]                    from /opt/rustwide/cargo-home/registry/src/index.crates.io-6f17d22bba15001f/libssh2-sys-0.1.39/libssh2/src/openssl.c:41:
[INFO] [stderr]   /usr/include/openssl/pem.h:453:1: note: declared here
[INFO] [stderr]     453 | DECLARE_PEM_rw_cb_attr(OSSL_DEPRECATEDIN_3_0, DSAPrivateKey, DSA)
[INFO] [stderr]         | ^~~~~~~~~~~~~~~~~~~~~~
[INFO] [stderr]   /opt/rustwide/cargo-home/registry/src/index.crates.io-6f17d22bba15001f/libssh2-sys-0.1.39/libssh2/src/openssl.c: In function '_libssh2_rsa_sha1_sign':
[INFO] [stderr]   /opt/rustwide/cargo-home/registry/src/index.crates.io-6f17d22bba15001f/libssh2-sys-0.1.39/libssh2/src/openssl.c:562:5: warning: 'RSA_size' is deprecated: Since OpenSSL 3.0 [-Wdeprecated-declarations]
[INFO] [stderr]     562 |     sig_len = RSA_size(rsactx);
[INFO] [stderr]         |     ^~~~~~~
[INFO] [stderr]   In file included from /opt/rustwide/cargo-home/registry/src/index.crates.io-6f17d22bba15001f/libssh2-sys-0.1.39/libssh2/src/openssl.h:42,
[INFO] [stderr]                    from /opt/rustwide/cargo-home/registry/src/index.crates.io-6f17d22bba15001f/libssh2-sys-0.1.39/libssh2/src/crypto.h:42,
[INFO] [stderr]                    from /opt/rustwide/cargo-home/registry/src/index.crates.io-6f17d22bba15001f/libssh2-sys-0.1.39/libssh2/src/libssh2_priv.h:140,
[INFO] [stderr]                    from /opt/rustwide/cargo-home/registry/src/index.crates.io-6f17d22bba15001f/libssh2-sys-0.1.39/libssh2/src/openssl.c:41:
[INFO] [stderr]   /usr/include/openssl/rsa.h:204:27: note: declared here
[INFO] [stderr]     204 | OSSL_DEPRECATEDIN_3_0 int RSA_size(const RSA *rsa);
[INFO] [stderr]         |                           ^~~~~~~~
[INFO] [stderr]   /opt/rustwide/cargo-home/registry/src/index.crates.io-6f17d22bba15001f/libssh2-sys-0.1.39/libssh2/src/openssl.c:569:5: warning: 'RSA_sign' is deprecated: Since OpenSSL 3.0 [-Wdeprecated-declarations]
[INFO] [stderr]     569 |     ret = RSA_sign(NID_sha1, hash, hash_len, sig, &sig_len, rsactx);
[INFO] [stderr]         |     ^~~
[INFO] [stderr]   In file included from /opt/rustwide/cargo-home/registry/src/index.crates.io-6f17d22bba15001f/libssh2-sys-0.1.39/libssh2/src/openssl.h:42,
[INFO] [stderr]                    from /opt/rustwide/cargo-home/registry/src/index.crates.io-6f17d22bba15001f/libssh2-sys-0.1.39/libssh2/src/crypto.h:42,
[INFO] [stderr]                    from /opt/rustwide/cargo-home/registry/src/index.crates.io-6f17d22bba15001f/libssh2-sys-0.1.39/libssh2/src/libssh2_priv.h:140,
[INFO] [stderr]                    from /opt/rustwide/cargo-home/registry/src/index.crates.io-6f17d22bba15001f/libssh2-sys-0.1.39/libssh2/src/openssl.c:41:
[INFO] [stderr]   /usr/include/openssl/rsa.h:348:27: note: declared here
[INFO] [stderr]     348 | OSSL_DEPRECATEDIN_3_0 int RSA_sign(int type, const unsigned char *m,
[INFO] [stderr]         |                           ^~~~~~~~
[INFO] [stderr]   /opt/rustwide/cargo-home/registry/src/index.crates.io-6f17d22bba15001f/libssh2-sys-0.1.39/libssh2/src/openssl.c: In function '_libssh2_dsa_sha1_sign':
[INFO] [stderr]   /opt/rustwide/cargo-home/registry/src/index.crates.io-6f17d22bba15001f/libssh2-sys-0.1.39/libssh2/src/openssl.c:592:5: warning: 'DSA_do_sign' is deprecated: Since OpenSSL 3.0 [-Wdeprecated-declarations]
[INFO] [stderr]     592 |     sig = DSA_do_sign(hash, SHA_DIGEST_LENGTH, dsactx);
[INFO] [stderr]         |     ^~~
[INFO] [stderr]   In file included from /usr/include/openssl/engine.h:26,
[INFO] [stderr]                    from /opt/rustwide/cargo-home/registry/src/index.crates.io-6f17d22bba15001f/libssh2-sys-0.1.39/libssh2/src/openssl.h:43,
[INFO] [stderr]                    from /opt/rustwide/cargo-home/registry/src/index.crates.io-6f17d22bba15001f/libssh2-sys-0.1.39/libssh2/src/crypto.h:42,
[INFO] [stderr]                    from /opt/rustwide/cargo-home/registry/src/index.crates.io-6f17d22bba15001f/libssh2-sys-0.1.39/libssh2/src/libssh2_priv.h:140,
[INFO] [stderr]                    from /opt/rustwide/cargo-home/registry/src/index.crates.io-6f17d22bba15001f/libssh2-sys-0.1.39/libssh2/src/openssl.c:41:
[INFO] [stderr]   /usr/include/openssl/dsa.h:113:32: note: declared here
[INFO] [stderr]     113 | OSSL_DEPRECATEDIN_3_0 DSA_SIG *DSA_do_sign(const unsigned char *dgst, int dlen,
[INFO] [stderr]         |                                ^~~~~~~~~~~
[INFO] [stderr]   In file included from /usr/include/openssl/asn1.h:33,
[INFO] [stderr]                    from /usr/include/openssl/rsa.h:21,
[INFO] [stderr]                    from /opt/rustwide/cargo-home/registry/src/index.crates.io-6f17d22bba15001f/libssh2-sys-0.1.39/libssh2/src/openssl.h:42,
[INFO] [stderr]                    from /opt/rustwide/cargo-home/registry/src/index.crates.io-6f17d22bba15001f/libssh2-sys-0.1.39/libssh2/src/crypto.h:42,
[INFO] [stderr]                    from /opt/rustwide/cargo-home/registry/src/index.crates.io-6f17d22bba15001f/libssh2-sys-0.1.39/libssh2/src/libssh2_priv.h:140,
[INFO] [stderr]                    from /opt/rustwide/cargo-home/registry/src/index.crates.io-6f17d22bba15001f/libssh2-sys-0.1.39/libssh2/src/openssl.c:41:
[INFO] [stderr]   /opt/rustwide/cargo-home/registry/src/index.crates.io-6f17d22bba15001f/libssh2-sys-0.1.39/libssh2/src/openssl.c:597:29: error: invalid use of incomplete typedef 'DSA_SIG' {aka 'struct DSA_SIG_st'}
[INFO] [stderr]     597 |     r_len = BN_num_bytes(sig->r);
[INFO] [stderr]         |                             ^~
[INFO] [stderr]   /opt/rustwide/cargo-home/registry/src/index.crates.io-6f17d22bba15001f/libssh2-sys-0.1.39/libssh2/src/openssl.c:602:29: error: invalid use of incomplete typedef 'DSA_SIG' {aka 'struct DSA_SIG_st'}
[INFO] [stderr]     602 |     s_len = BN_num_bytes(sig->s);
[INFO] [stderr]         |                             ^~
[INFO] [stderr]   /opt/rustwide/cargo-home/registry/src/index.crates.io-6f17d22bba15001f/libssh2-sys-0.1.39/libssh2/src/openssl.c:610:18: error: invalid use of incomplete typedef 'DSA_SIG' {aka 'struct DSA_SIG_st'}
[INFO] [stderr]     610 |     BN_bn2bin(sig->r, signature + (20 - r_len));
[INFO] [stderr]         |                  ^~
[INFO] [stderr]   /opt/rustwide/cargo-home/registry/src/index.crates.io-6f17d22bba15001f/libssh2-sys-0.1.39/libssh2/src/openssl.c:611:18: error: invalid use of incomplete typedef 'DSA_SIG' {aka 'struct DSA_SIG_st'}
[INFO] [stderr]     611 |     BN_bn2bin(sig->s, signature + 20 + (20 - s_len));
[INFO] [stderr]         |                  ^~
[INFO] [stderr]   In file included from /usr/include/openssl/asn1.h:33,
[INFO] [stderr]                    from /usr/include/openssl/rsa.h:21,
[INFO] [stderr]                    from /opt/rustwide/cargo-home/registry/src/index.crates.io-6f17d22bba15001f/libssh2-sys-0.1.39/libssh2/src/openssl.h:42,
[INFO] [stderr]                    from /opt/rustwide/cargo-home/registry/src/index.crates.io-6f17d22bba15001f/libssh2-sys-0.1.39/libssh2/src/crypto.h:42,
[INFO] [stderr]                    from /opt/rustwide/cargo-home/registry/src/index.crates.io-6f17d22bba15001f/libssh2-sys-0.1.39/libssh2/src/libssh2_priv.h:140,
[INFO] [stderr]                    from /opt/rustwide/cargo-home/registry/src/index.crates.io-6f17d22bba15001f/libssh2-sys-0.1.39/libssh2/src/openssl.c:41:
[INFO] [stderr]   /opt/rustwide/cargo-home/registry/src/index.crates.io-6f17d22bba15001f/libssh2-sys-0.1.39/libssh2/src/openssl.c: In function 'gen_publickey_from_rsa':
[INFO] [stderr]   /opt/rustwide/cargo-home/registry/src/index.crates.io-6f17d22bba15001f/libssh2-sys-0.1.39/libssh2/src/openssl.c:772:31: error: invalid use of incomplete typedef 'RSA' {aka 'struct rsa_st'}
[INFO] [stderr]     772 |     e_bytes = BN_num_bytes(rsa->e) + 1;
[INFO] [stderr]         |                               ^~
[INFO] [stderr]   /opt/rustwide/cargo-home/registry/src/index.crates.io-6f17d22bba15001f/libssh2-sys-0.1.39/libssh2/src/openssl.c:773:31: error: invalid use of incomplete typedef 'RSA' {aka 'struct rsa_st'}
[INFO] [stderr]     773 |     n_bytes = BN_num_bytes(rsa->n) + 1;
[INFO] [stderr]         |                               ^~
[INFO] [stderr]   /opt/rustwide/cargo-home/registry/src/index.crates.io-6f17d22bba15001f/libssh2-sys-0.1.39/libssh2/src/openssl.c:791:24: error: invalid use of incomplete typedef 'RSA' {aka 'struct rsa_st'}
[INFO] [stderr]     791 |     p = write_bn(p, rsa->e, e_bytes);
[INFO] [stderr]         |                        ^~
[INFO] [stderr]   /opt/rustwide/cargo-home/registry/src/index.crates.io-6f17d22bba15001f/libssh2-sys-0.1.39/libssh2/src/openssl.c:792:24: error: invalid use of incomplete typedef 'RSA' {aka 'struct rsa_st'}
[INFO] [stderr]     792 |     p = write_bn(p, rsa->n, n_bytes);
[INFO] [stderr]         |                        ^~
[INFO] [stderr]   In file included from /usr/include/openssl/asn1.h:33,
[INFO] [stderr]                    from /usr/include/openssl/rsa.h:21,
[INFO] [stderr]                    from /opt/rustwide/cargo-home/registry/src/index.crates.io-6f17d22bba15001f/libssh2-sys-0.1.39/libssh2/src/openssl.h:42,
[INFO] [stderr]                    from /opt/rustwide/cargo-home/registry/src/index.crates.io-6f17d22bba15001f/libssh2-sys-0.1.39/libssh2/src/crypto.h:42,
[INFO] [stderr]                    from /opt/rustwide/cargo-home/registry/src/index.crates.io-6f17d22bba15001f/libssh2-sys-0.1.39/libssh2/src/libssh2_priv.h:140,
[INFO] [stderr]                    from /opt/rustwide/cargo-home/registry/src/index.crates.io-6f17d22bba15001f/libssh2-sys-0.1.39/libssh2/src/openssl.c:41:
[INFO] [stderr]   /opt/rustwide/cargo-home/registry/src/index.crates.io-6f17d22bba15001f/libssh2-sys-0.1.39/libssh2/src/openssl.c: In function 'gen_publickey_from_dsa':
[INFO] [stderr]   /opt/rustwide/cargo-home/registry/src/index.crates.io-6f17d22bba15001f/libssh2-sys-0.1.39/libssh2/src/openssl.c:808:31: error: invalid use of incomplete typedef 'DSA' {aka 'struct dsa_st'}
[INFO] [stderr]     808 |     p_bytes = BN_num_bytes(dsa->p) + 1;
[INFO] [stderr]         |                               ^~
[INFO] [stderr]   /opt/rustwide/cargo-home/registry/src/index.crates.io-6f17d22bba15001f/libssh2-sys-0.1.39/libssh2/src/openssl.c:809:31: error: invalid use of incomplete typedef 'DSA' {aka 'struct dsa_st'}
[INFO] [stderr]     809 |     q_bytes = BN_num_bytes(dsa->q) + 1;
[INFO] [stderr]         |                               ^~
[INFO] [stderr]   /opt/rustwide/cargo-home/registry/src/index.crates.io-6f17d22bba15001f/libssh2-sys-0.1.39/libssh2/src/openssl.c:810:31: error: invalid use of incomplete typedef 'DSA' {aka 'struct dsa_st'}
[INFO] [stderr]     810 |     g_bytes = BN_num_bytes(dsa->g) + 1;
[INFO] [stderr]         |                               ^~
[INFO] [stderr]   /opt/rustwide/cargo-home/registry/src/index.crates.io-6f17d22bba15001f/libssh2-sys-0.1.39/libssh2/src/openssl.c:811:31: error: invalid use of incomplete typedef 'DSA' {aka 'struct dsa_st'}
[INFO] [stderr]     811 |     k_bytes = BN_num_bytes(dsa->pub_key) + 1;
[INFO] [stderr]         |                               ^~
[INFO] [stderr]   /opt/rustwide/cargo-home/registry/src/index.crates.io-6f17d22bba15001f/libssh2-sys-0.1.39/libssh2/src/openssl.c:829:24: error: invalid use of incomplete typedef 'DSA' {aka 'struct dsa_st'}
[INFO] [stderr]     829 |     p = write_bn(p, dsa->p, p_bytes);
[INFO] [stderr]         |                        ^~
[INFO] [stderr]   /opt/rustwide/cargo-home/registry/src/index.crates.io-6f17d22bba15001f/libssh2-sys-0.1.39/libssh2/src/openssl.c:830:24: error: invalid use of incomplete typedef 'DSA' {aka 'struct dsa_st'}
[INFO] [stderr]     830 |     p = write_bn(p, dsa->q, q_bytes);
[INFO] [stderr]         |                        ^~
[INFO] [stderr]   /opt/rustwide/cargo-home/registry/src/index.crates.io-6f17d22bba15001f/libssh2-sys-0.1.39/libssh2/src/openssl.c:831:24: error: invalid use of incomplete typedef 'DSA' {aka 'struct dsa_st'}
[INFO] [stderr]     831 |     p = write_bn(p, dsa->g, g_bytes);
[INFO] [stderr]         |                        ^~
[INFO] [stderr]   /opt/rustwide/cargo-home/registry/src/index.crates.io-6f17d22bba15001f/libssh2-sys-0.1.39/libssh2/src/openssl.c:832:24: error: invalid use of incomplete typedef 'DSA' {aka 'struct dsa_st'}
[INFO] [stderr]     832 |     p = write_bn(p, dsa->pub_key, k_bytes);
[INFO] [stderr]         |                        ^~
[INFO] [stderr]   /opt/rustwide/cargo-home/registry/src/index.crates.io-6f17d22bba15001f/libssh2-sys-0.1.39/libssh2/src/openssl.c: In function 'gen_publickey_from_rsa_evp':
[INFO] [stderr]   /opt/rustwide/cargo-home/registry/src/index.crates.io-6f17d22bba15001f/libssh2-sys-0.1.39/libssh2/src/openssl.c:856:5: warning: 'EVP_PKEY_get1_RSA' is deprecated: Since OpenSSL 3.0 [-Wdeprecated-declarations]
[INFO] [stderr]     856 |     rsa = EVP_PKEY_get1_RSA(pk);
[INFO] [stderr]         |     ^~~
[INFO] [stderr]   In file included from /usr/include/openssl/rand.h:23,
[INFO] [stderr]                    from /usr/include/openssl/engine.h:29,
[INFO] [stderr]                    from /opt/rustwide/cargo-home/registry/src/index.crates.io-6f17d22bba15001f/libssh2-sys-0.1.39/libssh2/src/openssl.h:43,
[INFO] [stderr]                    from /opt/rustwide/cargo-home/registry/src/index.crates.io-6f17d22bba15001f/libssh2-sys-0.1.39/libssh2/src/crypto.h:42,
[INFO] [stderr]                    from /opt/rustwide/cargo-home/registry/src/index.crates.io-6f17d22bba15001f/libssh2-sys-0.1.39/libssh2/src/libssh2_priv.h:140,
[INFO] [stderr]                    from /opt/rustwide/cargo-home/registry/src/index.crates.io-6f17d22bba15001f/libssh2-sys-0.1.39/libssh2/src/openssl.c:41:
[INFO] [stderr]   /usr/include/openssl/evp.h:1348:16: note: declared here
[INFO] [stderr]    1348 | struct rsa_st *EVP_PKEY_get1_RSA(EVP_PKEY *pkey);
[INFO] [stderr]         |                ^~~~~~~~~~~~~~~~~
[INFO] [stderr]   /opt/rustwide/cargo-home/registry/src/index.crates.io-6f17d22bba15001f/libssh2-sys-0.1.39/libssh2/src/openssl.c:871:5: warning: 'RSA_free' is deprecated: Since OpenSSL 3.0 [-Wdeprecated-declarations]
[INFO] [stderr]     871 |     RSA_free(rsa);
[INFO] [stderr]         |     ^~~~~~~~
[INFO] [stderr]   In file included from /opt/rustwide/cargo-home/registry/src/index.crates.io-6f17d22bba15001f/libssh2-sys-0.1.39/libssh2/src/openssl.h:42,
[INFO] [stderr]                    from /opt/rustwide/cargo-home/registry/src/index.crates.io-6f17d22bba15001f/libssh2-sys-0.1.39/libssh2/src/crypto.h:42,
[INFO] [stderr]                    from /opt/rustwide/cargo-home/registry/src/index.crates.io-6f17d22bba15001f/libssh2-sys-0.1.39/libssh2/src/libssh2_priv.h:140,
[INFO] [stderr]                    from /opt/rustwide/cargo-home/registry/src/index.crates.io-6f17d22bba15001f/libssh2-sys-0.1.39/libssh2/src/openssl.c:41:
[INFO] [stderr]   /usr/include/openssl/rsa.h:293:28: note: declared here
[INFO] [stderr]     293 | OSSL_DEPRECATEDIN_3_0 void RSA_free(RSA *r);
[INFO] [stderr]         |                            ^~~~~~~~
[INFO] [stderr]   /opt/rustwide/cargo-home/registry/src/index.crates.io-6f17d22bba15001f/libssh2-sys-0.1.39/libssh2/src/openssl.c:882:9: warning: 'RSA_free' is deprecated: Since OpenSSL 3.0 [-Wdeprecated-declarations]
[INFO] [stderr]     882 |         RSA_free(rsa);
[INFO] [stderr]         |         ^~~~~~~~
[INFO] [stderr]   In file included from /opt/rustwide/cargo-home/registry/src/index.crates.io-6f17d22bba15001f/libssh2-sys-0.1.39/libssh2/src/openssl.h:42,
[INFO] [stderr]                    from /opt/rustwide/cargo-home/registry/src/index.crates.io-6f17d22bba15001f/libssh2-sys-0.1.39/libssh2/src/crypto.h:42,
[INFO] [stderr]                    from /opt/rustwide/cargo-home/registry/src/index.crates.io-6f17d22bba15001f/libssh2-sys-0.1.39/libssh2/src/libssh2_priv.h:140,
[INFO] [stderr]                    from /opt/rustwide/cargo-home/registry/src/index.crates.io-6f17d22bba15001f/libssh2-sys-0.1.39/libssh2/src/openssl.c:41:
[INFO] [stderr]   /usr/include/openssl/rsa.h:293:28: note: declared here
[INFO] [stderr]     293 | OSSL_DEPRECATEDIN_3_0 void RSA_free(RSA *r);
[INFO] [stderr]         |                            ^~~~~~~~
[INFO] [stderr]   /opt/rustwide/cargo-home/registry/src/index.crates.io-6f17d22bba15001f/libssh2-sys-0.1.39/libssh2/src/openssl.c: In function 'gen_publickey_from_dsa_evp':
[INFO] [stderr]   /opt/rustwide/cargo-home/registry/src/index.crates.io-6f17d22bba15001f/libssh2-sys-0.1.39/libssh2/src/openssl.c:911:5: warning: 'EVP_PKEY_get1_DSA' is deprecated: Since OpenSSL 3.0 [-Wdeprecated-declarations]
[INFO] [stderr]     911 |     dsa = EVP_PKEY_get1_DSA(pk);
[INFO] [stderr]         |     ^~~
[INFO] [stderr]   In file included from /usr/include/openssl/rand.h:23,
[INFO] [stderr]                    from /usr/include/openssl/engine.h:29,
[INFO] [stderr]                    from /opt/rustwide/cargo-home/registry/src/index.crates.io-6f17d22bba15001f/libssh2-sys-0.1.39/libssh2/src/openssl.h:43,
[INFO] [stderr]                    from /opt/rustwide/cargo-home/registry/src/index.crates.io-6f17d22bba15001f/libssh2-sys-0.1.39/libssh2/src/crypto.h:42,
[INFO] [stderr]                    from /opt/rustwide/cargo-home/registry/src/index.crates.io-6f17d22bba15001f/libssh2-sys-0.1.39/libssh2/src/libssh2_priv.h:140,
[INFO] [stderr]                    from /opt/rustwide/cargo-home/registry/src/index.crates.io-6f17d22bba15001f/libssh2-sys-0.1.39/libssh2/src/openssl.c:41:
[INFO] [stderr]   /usr/include/openssl/evp.h:1357:16: note: declared here
[INFO] [stderr]    1357 | struct dsa_st *EVP_PKEY_get1_DSA(EVP_PKEY *pkey);
[INFO] [stderr]         |                ^~~~~~~~~~~~~~~~~
[INFO] [stderr]   /opt/rustwide/cargo-home/registry/src/index.crates.io-6f17d22bba15001f/libssh2-sys-0.1.39/libssh2/src/openssl.c:926:5: warning: 'DSA_free' is deprecated: Since OpenSSL 3.0 [-Wdeprecated-declarations]
[INFO] [stderr]     926 |     DSA_free(dsa);
[INFO] [stderr]         |     ^~~~~~~~
[INFO] [stderr]   In file included from /usr/include/openssl/engine.h:26,
[INFO] [stderr]                    from /opt/rustwide/cargo-home/registry/src/index.crates.io-6f17d22bba15001f/libssh2-sys-0.1.39/libssh2/src/openssl.h:43,
[INFO] [stderr]                    from /opt/rustwide/cargo-home/registry/src/index.crates.io-6f17d22bba15001f/libssh2-sys-0.1.39/libssh2/src/crypto.h:42,
[INFO] [stderr]                    from /opt/rustwide/cargo-home/registry/src/index.crates.io-6f17d22bba15001f/libssh2-sys-0.1.39/libssh2/src/libssh2_priv.h:140,
[INFO] [stderr]                    from /opt/rustwide/cargo-home/registry/src/index.crates.io-6f17d22bba15001f/libssh2-sys-0.1.39/libssh2/src/openssl.c:41:
[INFO] [stderr]   /usr/include/openssl/dsa.h:127:28: note: declared here
[INFO] [stderr]     127 | OSSL_DEPRECATEDIN_3_0 void DSA_free(DSA *r);
[INFO] [stderr]         |                            ^~~~~~~~
[INFO] [stderr]   /opt/rustwide/cargo-home/registry/src/index.crates.io-6f17d22bba15001f/libssh2-sys-0.1.39/libssh2/src/openssl.c:937:9: warning: 'DSA_free' is deprecated: Since OpenSSL 3.0 [-Wdeprecated-declarations]
[INFO] [stderr]     937 |         DSA_free(dsa);
[INFO] [stderr]         |         ^~~~~~~~
[INFO] [stderr]   In file included from /usr/include/openssl/engine.h:26,
[INFO] [stderr]                    from /opt/rustwide/cargo-home/registry/src/index.crates.io-6f17d22bba15001f/libssh2-sys-0.1.39/libssh2/src/openssl.h:43,
[INFO] [stderr]                    from /opt/rustwide/cargo-home/registry/src/index.crates.io-6f17d22bba15001f/libssh2-sys-0.1.39/libssh2/src/crypto.h:42,
[INFO] [stderr]                    from /opt/rustwide/cargo-home/registry/src/index.crates.io-6f17d22bba15001f/libssh2-sys-0.1.39/libssh2/src/libssh2_priv.h:140,
[INFO] [stderr]                    from /opt/rustwide/cargo-home/registry/src/index.crates.io-6f17d22bba15001f/libssh2-sys-0.1.39/libssh2/src/openssl.c:41:
[INFO] [stderr]   /usr/include/openssl/dsa.h:127:28: note: declared here
[INFO] [stderr]     127 | OSSL_DEPRECATEDIN_3_0 void DSA_free(DSA *r);
[INFO] [stderr]         |                            ^~~~~~~~
[INFO] [stderr]   gmake[2]: *** [src/CMakeFiles/libssh2.dir/build.make:76: src/CMakeFiles/libssh2.dir/openssl.c.o] Error 1
[INFO] [stderr]   gmake[2]: *** Waiting for unfinished jobs....
[INFO] [stderr]   /opt/rustwide/cargo-home/registry/src/index.crates.io-6f17d22bba15001f/libssh2-sys-0.1.39/libssh2/src/hostkey.c: In function 'hostkey_method_ssh_rsa_dtor':
[INFO] [stderr]   /opt/rustwide/cargo-home/registry/src/index.crates.io-6f17d22bba15001f/libssh2-sys-0.1.39/libssh2/src/hostkey.c:240:5: warning: 'RSA_free' is deprecated: Since OpenSSL 3.0 [-Wdeprecated-declarations]
[INFO] [stderr]     240 |     _libssh2_rsa_free(rsactx);
[INFO] [stderr]         |     ^~~~~~~~~~~~~~~~~
[INFO] [stderr]   In file included from /opt/rustwide/cargo-home/registry/src/index.crates.io-6f17d22bba15001f/libssh2-sys-0.1.39/libssh2/src/openssl.h:42,
[INFO] [stderr]                    from /opt/rustwide/cargo-home/registry/src/index.crates.io-6f17d22bba15001f/libssh2-sys-0.1.39/libssh2/src/crypto.h:42,
[INFO] [stderr]                    from /opt/rustwide/cargo-home/registry/src/index.crates.io-6f17d22bba15001f/libssh2-sys-0.1.39/libssh2/src/libssh2_priv.h:140,
[INFO] [stderr]                    from /opt/rustwide/cargo-home/registry/src/index.crates.io-6f17d22bba15001f/libssh2-sys-0.1.39/libssh2/src/hostkey.c:39:
[INFO] [stderr]   /usr/include/openssl/rsa.h:293:28: note: declared here
[INFO] [stderr]     293 | OSSL_DEPRECATEDIN_3_0 void RSA_free(RSA *r);
[INFO] [stderr]         |                            ^~~~~~~~
[INFO] [stderr]   /opt/rustwide/cargo-home/registry/src/index.crates.io-6f17d22bba15001f/libssh2-sys-0.1.39/libssh2/src/hostkey.c: In function 'hostkey_method_ssh_dss_dtor':
[INFO] [stderr]   /opt/rustwide/cargo-home/registry/src/index.crates.io-6f17d22bba15001f/libssh2-sys-0.1.39/libssh2/src/hostkey.c:466:5: warning: 'DSA_free' is deprecated: Since OpenSSL 3.0 [-Wdeprecated-declarations]
[INFO] [stderr]     466 |     _libssh2_dsa_free(dsactx);
[INFO] [stderr]         |     ^~~~~~~~~~~~~~~~~
[INFO] [stderr]   In file included from /usr/include/openssl/engine.h:26,
[INFO] [stderr]                    from /opt/rustwide/cargo-home/registry/src/index.crates.io-6f17d22bba15001f/libssh2-sys-0.1.39/libssh2/src/openssl.h:43,
[INFO] [stderr]                    from /opt/rustwide/cargo-home/registry/src/index.crates.io-6f17d22bba15001f/libssh2-sys-0.1.39/libssh2/src/crypto.h:42,
[INFO] [stderr]                    from /opt/rustwide/cargo-home/registry/src/index.crates.io-6f17d22bba15001f/libssh2-sys-0.1.39/libssh2/src/libssh2_priv.h:140,
[INFO] [stderr]                    from /opt/rustwide/cargo-home/registry/src/index.crates.io-6f17d22bba15001f/libssh2-sys-0.1.39/libssh2/src/hostkey.c:39:
[INFO] [stderr]   /usr/include/openssl/dsa.h:127:28: note: declared here
[INFO] [stderr]     127 | OSSL_DEPRECATEDIN_3_0 void DSA_free(DSA *r);
[INFO] [stderr]         |                            ^~~~~~~~
[INFO] [stderr]   /opt/rustwide/cargo-home/registry/src/index.crates.io-6f17d22bba15001f/libssh2-sys-0.1.39/libssh2/src/global.c: In function 'libssh2_init':
[INFO] [stderr]   /opt/rustwide/cargo-home/registry/src/index.crates.io-6f17d22bba15001f/libssh2-sys-0.1.39/libssh2/src/global.c:48:9: warning: 'ENGINE_load_builtin_engines' is deprecated: Since OpenSSL 3.0 [-Wdeprecated-declarations]
[INFO] [stderr]      48 |         libssh2_crypto_init();
[INFO] [stderr]         |         ^~~~~~~~~~~~~~~~~~~
[INFO] [stderr]   In file included from /opt/rustwide/cargo-home/registry/src/index.crates.io-6f17d22bba15001f/libssh2-sys-0.1.39/libssh2/src/openssl.h:43,
[INFO] [stderr]                    from /opt/rustwide/cargo-home/registry/src/index.crates.io-6f17d22bba15001f/libssh2-sys-0.1.39/libssh2/src/crypto.h:42,
[INFO] [stderr]                    from /opt/rustwide/cargo-home/registry/src/index.crates.io-6f17d22bba15001f/libssh2-sys-0.1.39/libssh2/src/libssh2_priv.h:140,
[INFO] [stderr]                    from /opt/rustwide/cargo-home/registry/src/index.crates.io-6f17d22bba15001f/libssh2-sys-0.1.39/libssh2/src/global.c:39:
[INFO] [stderr]   /usr/include/openssl/engine.h:358:28: note: declared here
[INFO] [stderr]     358 | OSSL_DEPRECATEDIN_3_0 void ENGINE_load_builtin_engines(void);
[INFO] [stderr]         |                            ^~~~~~~~~~~~~~~~~~~~~~~~~~~
[INFO] [stderr]   /opt/rustwide/cargo-home/registry/src/index.crates.io-6f17d22bba15001f/libssh2-sys-0.1.39/libssh2/src/global.c:48:9: warning: 'ENGINE_register_all_complete' is deprecated: Since OpenSSL 3.0 [-Wdeprecated-declarations]
[INFO] [stderr]      48 |         libssh2_crypto_init();
[INFO] [stderr]         |         ^~~~~~~~~~~~~~~~~~~
[INFO] [stderr]   In file included from /opt/rustwide/cargo-home/registry/src/index.crates.io-6f17d22bba15001f/libssh2-sys-0.1.39/libssh2/src/openssl.h:43,
[INFO] [stderr]                    from /opt/rustwide/cargo-home/registry/src/index.crates.io-6f17d22bba15001f/libssh2-sys-0.1.39/libssh2/src/crypto.h:42,
[INFO] [stderr]                    from /opt/rustwide/cargo-home/registry/src/index.crates.io-6f17d22bba15001f/libssh2-sys-0.1.39/libssh2/src/libssh2_priv.h:140,
[INFO] [stderr]                    from /opt/rustwide/cargo-home/registry/src/index.crates.io-6f17d22bba15001f/libssh2-sys-0.1.39/libssh2/src/global.c:39:
[INFO] [stderr]   /usr/include/openssl/engine.h:415:27: note: declared here
[INFO] [stderr]     415 | OSSL_DEPRECATEDIN_3_0 int ENGINE_register_all_complete(void);
[INFO] [stderr]         |                           ^~~~~~~~~~~~~~~~~~~~~~~~~~~~
[INFO] [stderr]   gmake[1]: *** [CMakeFiles/Makefile2:116: src/CMakeFiles/libssh2.dir/all] Error 2
[INFO] [stderr]   gmake: *** [Makefile:156: all] Error 2
[INFO] [stderr]   thread 'main' panicked at /opt/rustwide/cargo-home/registry/src/index.crates.io-6f17d22bba15001f/cmake-0.1.17/src/lib.rs:463:5:
[INFO] [stderr] 
[INFO] [stderr]   command did not execute successfully, got: exit status: 2
[INFO] [stderr] 
[INFO] [stderr]   build script failed, must exit now
[INFO] [stderr]   stack backtrace:
[INFO] [stderr]      0:     0x56343d13268c - std::backtrace_rs::backtrace::libunwind::trace::ha637c64ce894333a
[INFO] [stderr]                                  at /rustc/82e1608dfa6e0b5569232559e3d385fea5a93112/library/std/src/../../backtrace/src/backtrace/libunwind.rs:104:5
[INFO] [stderr]      1:     0x56343d13268c - std::backtrace_rs::backtrace::trace_unsynchronized::h47f62dea28e0c88d
[INFO] [stderr]                                  at /rustc/82e1608dfa6e0b5569232559e3d385fea5a93112/library/std/src/../../backtrace/src/backtrace/mod.rs:66:5
[INFO] [stderr]      2:     0x56343d13268c - std::sys_common::backtrace::_print_fmt::h9eef0abe20ede486
[INFO] [stderr]                                  at /rustc/82e1608dfa6e0b5569232559e3d385fea5a93112/library/std/src/sys_common/backtrace.rs:67:5
[INFO] [stderr]      3:     0x56343d13268c - <std::sys_common::backtrace::_print::DisplayBacktrace as core::fmt::Display>::fmt::hed7f999df88cc644
[INFO] [stderr]                                  at /rustc/82e1608dfa6e0b5569232559e3d385fea5a93112/library/std/src/sys_common/backtrace.rs:44:22
[INFO] [stderr]      4:     0x56343d157ab0 - core::fmt::rt::Argument::fmt::h1539a9308b8d058d
[INFO] [stderr]                                  at /rustc/82e1608dfa6e0b5569232559e3d385fea5a93112/library/core/src/fmt/rt.rs:142:9
[INFO] [stderr]      5:     0x56343d157ab0 - core::fmt::write::h3a39390d8560d9c9
[INFO] [stderr]                                  at /rustc/82e1608dfa6e0b5569232559e3d385fea5a93112/library/core/src/fmt/mod.rs:1120:17
[INFO] [stderr]      6:     0x56343d12fd7f - std::io::Write::write_fmt::h5fc9997dfe05f882
[INFO] [stderr]                                  at /rustc/82e1608dfa6e0b5569232559e3d385fea5a93112/library/std/src/io/mod.rs:1762:15
[INFO] [stderr]      7:     0x56343d132474 - std::sys_common::backtrace::_print::h894006fb5c6f3d45
[INFO] [stderr]                                  at /rustc/82e1608dfa6e0b5569232559e3d385fea5a93112/library/std/src/sys_common/backtrace.rs:47:5
[INFO] [stderr]      8:     0x56343d132474 - std::sys_common::backtrace::print::h23a2d212c6fff936
[INFO] [stderr]                                  at /rustc/82e1608dfa6e0b5569232559e3d385fea5a93112/library/std/src/sys_common/backtrace.rs:34:9
[INFO] [stderr]      9:     0x56343d133b97 - std::panicking::default_hook::{{closure}}::h8a1d2ee00185001a
[INFO] [stderr]     10:     0x56343d1338ff - std::panicking::default_hook::h6038f2eba384e475
[INFO] [stderr]                                  at /rustc/82e1608dfa6e0b5569232559e3d385fea5a93112/library/std/src/panicking.rs:292:9
[INFO] [stderr]     11:     0x56343d134018 - std::panicking::rust_panic_with_hook::h2b5517d590cab22e
[INFO] [stderr]                                  at /rustc/82e1608dfa6e0b5569232559e3d385fea5a93112/library/std/src/panicking.rs:779:13
[INFO] [stderr]     12:     0x56343d133efe - std::panicking::begin_panic_handler::{{closure}}::h233112c06e0ef43e
[INFO] [stderr]                                  at /rustc/82e1608dfa6e0b5569232559e3d385fea5a93112/library/std/src/panicking.rs:657:13
[INFO] [stderr]     13:     0x56343d132b56 - std::sys_common::backtrace::__rust_end_short_backtrace::h6e893f24d7ebbff8
[INFO] [stderr]                                  at /rustc/82e1608dfa6e0b5569232559e3d385fea5a93112/library/std/src/sys_common/backtrace.rs:170:18
[INFO] [stderr]     14:     0x56343d133c62 - rust_begin_unwind
[INFO] [stderr]                                  at /rustc/82e1608dfa6e0b5569232559e3d385fea5a93112/library/std/src/panicking.rs:645:5
[INFO] [stderr]     15:     0x56343d0db895 - core::panicking::panic_fmt::hbf0e066aabfa482c
[INFO] [stderr]                                  at /rustc/82e1608dfa6e0b5569232559e3d385fea5a93112/library/core/src/panicking.rs:72:14
[INFO] [stderr]     16:     0x56343d0e89a1 - cmake::fail::hbd4c147b27abe922
[INFO] [stderr]     17:     0x56343d0e80a7 - cmake::run::h19897ad0c85fc28f
[INFO] [stderr]     18:     0x56343d0e66f0 - cmake::Config::build::hbecb60141c634152
[INFO] [stderr]     19:     0x56343d0e00ef - build_script_build::main::hec52de6f5cd49b3b
[INFO] [stderr]     20:     0x56343d0dd5e3 - core::ops::function::FnOnce::call_once::h058f9825b8be42fc
[INFO] [stderr]     21:     0x56343d0dc676 - std::sys_common::backtrace::__rust_begin_short_backtrace::h878ad5dcfc79d484
[INFO] [stderr]     22:     0x56343d0dcb99 - std::rt::lang_start::{{closure}}::h14151d69e8579189
[INFO] [stderr]     23:     0x56343d12c087 - core::ops::function::impls::<impl core::ops::function::FnOnce<A> for &F>::call_once::hd95060ecd5e1ca24
[INFO] [stderr]                                  at /rustc/82e1608dfa6e0b5569232559e3d385fea5a93112/library/core/src/ops/function.rs:284:13
[INFO] [stderr]     24:     0x56343d12c087 - std::panicking::try::do_call::h6e8cf51db32a6e4b
[INFO] [stderr]                                  at /rustc/82e1608dfa6e0b5569232559e3d385fea5a93112/library/std/src/panicking.rs:552:40
[INFO] [stderr]     25:     0x56343d12c087 - std::panicking::try::h3a52eefe24fe3c29
[INFO] [stderr]                                  at /rustc/82e1608dfa6e0b5569232559e3d385fea5a93112/library/std/src/panicking.rs:516:19
[INFO] [stderr]     26:     0x56343d12c087 - std::panic::catch_unwind::h24c28c23c02c3841
[INFO] [stderr]                                  at /rustc/82e1608dfa6e0b5569232559e3d385fea5a93112/library/std/src/panic.rs:142:14
[INFO] [stderr]     27:     0x56343d12c087 - std::rt::lang_start_internal::{{closure}}::h705d3c9cbc06ef47
[INFO] [stderr]                                  at /rustc/82e1608dfa6e0b5569232559e3d385fea5a93112/library/std/src/rt.rs:148:48
[INFO] [stderr]     28:     0x56343d12c087 - std::panicking::try::do_call::ha21f52ba13158470
[INFO] [stderr]                                  at /rustc/82e1608dfa6e0b5569232559e3d385fea5a93112/library/std/src/panicking.rs:552:40
[INFO] [stderr]     29:     0x56343d12c087 - std::panicking::try::h5581346bf6aeb1f8
[INFO] [stderr]                                  at /rustc/82e1608dfa6e0b5569232559e3d385fea5a93112/library/std/src/panicking.rs:516:19
[INFO] [stderr]     30:     0x56343d12c087 - std::panic::catch_unwind::h7919645a6b72e25b
[INFO] [stderr]                                  at /rustc/82e1608dfa6e0b5569232559e3d385fea5a93112/library/std/src/panic.rs:142:14
[INFO] [stderr]     31:     0x56343d12c087 - std::rt::lang_start_internal::h12de51168669836e
[INFO] [stderr]                                  at /rustc/82e1608dfa6e0b5569232559e3d385fea5a93112/library/std/src/rt.rs:148:20
[INFO] [stderr]     32:     0x56343d0dcb77 - std::rt::lang_start::h31e1205fe756940c
[INFO] [stderr]     33:     0x56343d0e0e35 - main
[INFO] [stderr]     34:     0x7fb788228d90 - <unknown>
[INFO] [stderr]     35:     0x7fb788228e40 - __libc_start_main
[INFO] [stderr]     36:     0x56343d0dc0a5 - _start
[INFO] [stderr]     37:                0x0 - <unknown>
[INFO] running `Command { std: "docker" "inspect" "41cd4806a82148c74e62411d93593ee3664f46621a385b0774e3419f1756dceb", kill_on_drop: false }`
[INFO] running `Command { std: "docker" "rm" "-f" "41cd4806a82148c74e62411d93593ee3664f46621a385b0774e3419f1756dceb", kill_on_drop: false }`
[INFO] [stdout] 41cd4806a82148c74e62411d93593ee3664f46621a385b0774e3419f1756dceb
