[INFO] cloning repository https://github.com/WeirdConstructor/HexoTK
[INFO] running `Command { std: "git" "-c" "credential.helper=" "-c" "credential.helper=/workspace/cargo-home/bin/git-credential-null" "clone" "--bare" "https://github.com/WeirdConstructor/HexoTK" "/workspace/cache/git-repos/https%3A%2F%2Fgithub.com%2FWeirdConstructor%2FHexoTK", kill_on_drop: false }`
[INFO] [stderr] Cloning into bare repository '/workspace/cache/git-repos/https%3A%2F%2Fgithub.com%2FWeirdConstructor%2FHexoTK'...
[INFO] running `Command { std: "git" "rev-parse" "HEAD", kill_on_drop: false }`
[INFO] [stdout] e949aabda88f009f0d6b446d057f9aff4d4a19be
[INFO] documenting WeirdConstructor/HexoTK against 1.75.0 for beta-1.76-rustdoc-1
[INFO] running `Command { std: "git" "clone" "/workspace/cache/git-repos/https%3A%2F%2Fgithub.com%2FWeirdConstructor%2FHexoTK" "/workspace/builds/worker-5-tc1/source", kill_on_drop: false }`
[INFO] [stderr] Cloning into '/workspace/builds/worker-5-tc1/source'...
[INFO] [stderr] done.
[INFO] validating manifest of git repo https://github.com/WeirdConstructor/HexoTK on toolchain 1.75.0
[INFO] running `Command { std: CARGO_HOME="/workspace/cargo-home" RUSTUP_HOME="/workspace/rustup-home" "/workspace/cargo-home/bin/cargo" "+1.75.0" "metadata" "--manifest-path" "Cargo.toml" "--no-deps", kill_on_drop: false }`
[INFO] started tweaking git repo https://github.com/WeirdConstructor/HexoTK
[INFO] finished tweaking git repo https://github.com/WeirdConstructor/HexoTK
[INFO] tweaked toml for git repo https://github.com/WeirdConstructor/HexoTK written to /workspace/builds/worker-5-tc1/source/Cargo.toml
[INFO] running `Command { std: CARGO_HOME="/workspace/cargo-home" RUSTUP_HOME="/workspace/rustup-home" "/workspace/cargo-home/bin/cargo" "+1.75.0" "generate-lockfile" "--manifest-path" "Cargo.toml", kill_on_drop: false }`
[INFO] [stderr]     Updating git repository `https://github.com/RustAudio/baseview.git`
[INFO] [stderr]     Updating git repository `https://github.com/femtovg/femtovg`
[INFO] [stderr]     Updating crates.io index
[INFO] [stderr]     Updating git repository `https://github.com/WeirdConstructor/HexoDSP.git`
[INFO] [stderr]     Updating git repository `https://github.com/WeirdConstructor/morphorm.git`
[INFO] [stderr]     Updating git repository `https://github.com/glowcoil/raw-gl-context`
[INFO] running `Command { std: CARGO_HOME="/workspace/cargo-home" RUSTUP_HOME="/workspace/rustup-home" "/workspace/cargo-home/bin/cargo" "+1.75.0" "fetch" "--manifest-path" "Cargo.toml", kill_on_drop: false }`
[INFO] [stderr]     Blocking waiting for file lock on package cache
[INFO] [stderr]     Blocking waiting for file lock on package cache
[INFO] [stderr]  Downloading crates ...
[INFO] [stderr]   Downloaded wasmtime-jit-icache-coherence v16.0.0
[INFO] [stderr]   Downloaded triple_buffer v5.0.6
[INFO] [stderr]   Downloaded fdeflate v0.3.3
[INFO] [stderr]   Downloaded xcb v0.9.0
[INFO] [stderr]   Downloaded xcb-util v0.3.0
[INFO] [stderr]   Downloaded cranelift-bforest v0.103.0
[INFO] [stderr]   Downloaded cranelift-frontend v0.103.0
[INFO] [stderr]   Downloaded unicode-properties v0.1.0
[INFO] [stderr]   Downloaded regalloc2 v0.9.3
[INFO] [stderr]   Downloaded rustybuzz v0.11.0
[INFO] [stderr]   Downloaded serde_json v1.0.111
[INFO] [stderr]   Downloaded cranelift-native v0.103.0
[INFO] [stderr]   Downloaded cache-padded v1.3.0
[INFO] [stderr]   Downloaded serde_derive v1.0.195
[INFO] [stderr]   Downloaded target-lexicon v0.12.13
[INFO] [stderr]   Downloaded cranelift-entity v0.103.0
[INFO] [stderr]   Downloaded arbitrary v1.3.2
[INFO] [stderr]   Downloaded cranelift-isle v0.103.0
[INFO] [stderr]   Downloaded x11 v2.21.0
[INFO] [stderr]   Downloaded cranelift-control v0.103.0
[INFO] [stderr]   Downloaded cranelift-codegen-shared v0.103.0
[INFO] [stderr]   Downloaded fallible-iterator v0.3.0
[INFO] [stderr]   Downloaded lru v0.12.1
[INFO] [stderr]   Downloaded cranelift-codegen-meta v0.103.0
[INFO] [stderr]   Downloaded cranelift v0.103.0
[INFO] [stderr]   Downloaded cranelift-module v0.103.0
[INFO] [stderr]   Downloaded cranelift-jit v0.103.0
[INFO] [stderr]   Downloaded synfx-dsp v0.5.6
[INFO] [stderr]   Downloaded synfx-dsp-jit v0.6.2
[INFO] [stderr]   Downloaded cranelift-codegen v0.103.0
[INFO] running `Command { std: "docker" "create" "-v" "/var/lib/crater-agent-workspace/builds/worker-5-tc1/target:/opt/rustwide/target:rw,Z" "-v" "/var/lib/crater-agent-workspace/builds/worker-5-tc1/source:/opt/rustwide/workdir:ro,Z" "-v" "/var/lib/crater-agent-workspace/cargo-home:/opt/rustwide/cargo-home:ro,Z" "-v" "/var/lib/crater-agent-workspace/rustup-home:/opt/rustwide/rustup-home:ro,Z" "-e" "SOURCE_DIR=/opt/rustwide/workdir" "-e" "CARGO_TARGET_DIR=/opt/rustwide/target" "-e" "CARGO_HOME=/opt/rustwide/cargo-home" "-e" "RUSTUP_HOME=/opt/rustwide/rustup-home" "-w" "/opt/rustwide/workdir" "-m" "1610612736" "--user" "0:0" "--network" "none" "ghcr.io/rust-lang/crates-build-env/linux@sha256:2788e3201cd34a07e3172128adcd8b3090168a8e3bcc40d7c032b9dda1df7d1c" "/opt/rustwide/cargo-home/bin/cargo" "+1.75.0" "metadata" "--no-deps" "--format-version=1", kill_on_drop: false }`
[INFO] [stdout] 17288b6411bea29c65691d2b658eae6d5fa56f9d6d41b8a1f74acaa8a72b32dd
[INFO] running `Command { std: "docker" "start" "-a" "17288b6411bea29c65691d2b658eae6d5fa56f9d6d41b8a1f74acaa8a72b32dd", kill_on_drop: false }`
[INFO] running `Command { std: "docker" "inspect" "17288b6411bea29c65691d2b658eae6d5fa56f9d6d41b8a1f74acaa8a72b32dd", kill_on_drop: false }`
[INFO] running `Command { std: "docker" "rm" "-f" "17288b6411bea29c65691d2b658eae6d5fa56f9d6d41b8a1f74acaa8a72b32dd", kill_on_drop: false }`
[INFO] [stdout] 17288b6411bea29c65691d2b658eae6d5fa56f9d6d41b8a1f74acaa8a72b32dd
[INFO] running `Command { std: "docker" "create" "-v" "/var/lib/crater-agent-workspace/builds/worker-5-tc1/target:/opt/rustwide/target:rw,Z" "-v" "/var/lib/crater-agent-workspace/builds/worker-5-tc1/source:/opt/rustwide/workdir:ro,Z" "-v" "/var/lib/crater-agent-workspace/cargo-home:/opt/rustwide/cargo-home:ro,Z" "-v" "/var/lib/crater-agent-workspace/rustup-home:/opt/rustwide/rustup-home:ro,Z" "-e" "SOURCE_DIR=/opt/rustwide/workdir" "-e" "CARGO_TARGET_DIR=/opt/rustwide/target" "-e" "CARGO_INCREMENTAL=0" "-e" "RUST_BACKTRACE=full" "-e" "RUSTFLAGS=--cap-lints=warn" "-e" "RUSTDOCFLAGS=--cap-lints=warn" "-e" "CARGO_HOME=/opt/rustwide/cargo-home" "-e" "RUSTUP_HOME=/opt/rustwide/rustup-home" "-w" "/opt/rustwide/workdir" "-m" "1610612736" "--user" "0:0" "--network" "none" "ghcr.io/rust-lang/crates-build-env/linux@sha256:2788e3201cd34a07e3172128adcd8b3090168a8e3bcc40d7c032b9dda1df7d1c" "/opt/rustwide/cargo-home/bin/cargo" "+1.75.0" "doc" "--frozen" "--no-deps" "--document-private-items" "--message-format=json", kill_on_drop: false }`
[INFO] [stdout] 898e9890b45cdc987899fb466e3d17d0ebb6add0de3fc50735b2384ae926a914
[INFO] running `Command { std: "docker" "start" "-a" "898e9890b45cdc987899fb466e3d17d0ebb6add0de3fc50735b2384ae926a914", kill_on_drop: false }`
[INFO] [stderr]     Checking smallvec v1.11.2
[INFO] [stderr]    Compiling libc v0.2.152
[INFO] [stderr]    Compiling cranelift-isle v0.103.0
[INFO] [stderr]     Checking log v0.4.20
[INFO] [stderr]     Checking zerocopy v0.7.32
[INFO] [stderr]    Compiling crossbeam-utils v0.8.18
[INFO] [stderr]    Compiling cranelift-codegen-shared v0.103.0
[INFO] [stderr]     Checking once_cell v1.19.0
[INFO] [stderr]     Checking hashbrown v0.14.3
[INFO] [stderr]     Checking equivalent v1.0.1
[INFO] [stderr]    Compiling target-lexicon v0.12.13
[INFO] [stderr]     Checking slice-group-by v0.3.1
[INFO] [stderr]     Checking rustc-hash v1.1.0
[INFO] [stderr]    Compiling ahash v0.8.7
[INFO] [stderr]    Compiling num-traits v0.2.17
[INFO] [stderr]     Checking simd-adler32 v0.3.7
[INFO] [stderr]    Compiling cranelift-codegen-meta v0.103.0
[INFO] [stderr]     Checking cranelift-entity v0.103.0
[INFO] [stderr]     Checking arbitrary v1.3.2
[INFO] [stderr]    Compiling rayon-core v1.12.0
[INFO] [stderr]     Checking bumpalo v3.14.0
[INFO] [stderr]    Compiling proc-macro2 v1.0.76
[INFO] [stderr]    Compiling lock_api v0.4.11
[INFO] [stderr]     Checking cranelift-bforest v0.103.0
[INFO] [stderr]    Compiling pkg-config v0.3.28
[INFO] [stderr]    Compiling unicode-ident v1.0.12
[INFO] [stderr]     Checking miniz_oxide v0.7.1
[INFO] [stderr]    Compiling khronos_api v3.1.0
[INFO] [stderr]    Compiling anyhow v1.0.79
[INFO] [stderr]     Checking scopeguard v1.2.0
[INFO] [stderr]     Checking hashbrown v0.13.2
[INFO] [stderr]     Checking indexmap v2.1.0
[INFO] [stderr]    Compiling num-integer v0.1.45
[INFO] [stderr]     Checking either v1.9.0
[INFO] [stderr]     Checking crossbeam-epoch v0.9.17
[INFO] [stderr]     Checking bytemuck v1.14.0
[INFO] [stderr]     Checking flate2 v1.0.28
[INFO] [stderr]     Checking spin v0.9.8
[INFO] [stderr]     Checking regalloc2 v0.9.3
[INFO] [stderr]     Checking cranelift-control v0.103.0
[INFO] [stderr]    Compiling num-rational v0.4.1
[INFO] [stderr]    Compiling x11 v2.21.0
[INFO] [stderr]     Checking cache-padded v1.3.0
[INFO] [stderr]    Compiling quote v1.0.35
[INFO] [stderr]     Checking crossbeam-deque v0.8.4
[INFO] [stderr]    Compiling xml-rs v0.8.19
[INFO] [stderr]     Checking gimli v0.28.1
[INFO] [stderr]    Compiling serde v1.0.195
[INFO] [stderr]     Checking weezl v0.1.7
[INFO] [stderr]     Checking flume v0.11.0
[INFO] [stderr]    Compiling syn v2.0.48
[INFO] [stderr]     Checking fdeflate v0.3.3
[INFO] [stderr]     Checking zune-inflate v0.2.54
[INFO] [stderr]    Compiling unicase v2.7.0
[INFO] [stderr]     Checking bit_field v0.10.2
[INFO] [stderr]    Compiling gl_generator v0.14.0
[INFO] [stderr]    Compiling serde_json v1.0.111
[INFO] [stderr]     Checking rayon v1.8.0
[INFO] [stderr]     Checking color_quant v1.1.0
[INFO] [stderr]     Checking lebe v0.5.2
[INFO] [stderr]     Checking half v2.2.1
[INFO] [stderr]     Checking gif v0.12.0
[INFO] [stderr]     Checking png v0.17.10
[INFO] [stderr]    Compiling xcb v0.9.0
[INFO] [stderr]     Checking synfx-dsp v0.5.6
[INFO] [stderr]     Checking qoi v0.4.1
[INFO] [stdout] error[E0432]: unresolved import `std::simd::cmp`
[INFO] [stdout]   --> /opt/rustwide/cargo-home/registry/src/index.crates.io-6f17d22bba15001f/synfx-dsp-0.5.6/src/fh_va/ladder.rs:11:16
[INFO] [stdout]    |
[INFO] [stdout] 11 | use std::simd::cmp::SimdPartialEq;
[INFO] [stdout]    |                ^^^ could not find `cmp` in `simd`
[INFO] [stdout] 
[INFO] [stdout] 
[INFO] [stdout] error[E0432]: unresolved import `std::simd::cmp`
[INFO] [stdout]   --> /opt/rustwide/cargo-home/registry/src/index.crates.io-6f17d22bba15001f/synfx-dsp-0.5.6/src/fh_va/ladder.rs:12:16
[INFO] [stdout]    |
[INFO] [stdout] 12 | use std::simd::cmp::SimdPartialOrd;
[INFO] [stdout]    |                ^^^ could not find `cmp` in `simd`
[INFO] [stdout] 
[INFO] [stdout] 
[INFO] [stderr]     Checking ringbuf v0.2.8
[INFO] [stdout] error[E0554]: `#![feature]` may not be used on the stable release channel
[INFO] [stdout]    --> /opt/rustwide/cargo-home/registry/src/index.crates.io-6f17d22bba15001f/synfx-dsp-0.5.6/src/lib.rs:230:12
[INFO] [stdout]     |
[INFO] [stdout] 230 | #![feature(portable_simd)]
[INFO] [stdout]     |            ^^^^^^^^^^^^^
[INFO] [stdout] 
[INFO] [stdout] 
[INFO] [stderr]     Checking exr v1.71.0
[INFO] [stderr]     Checking byteorder v1.5.0
[INFO] [stderr]     Checking unicode-ccc v0.1.2
[INFO] [stderr]    Compiling pulldown-cmark v0.9.3
[INFO] [stdout] error: aborting due to 3 previous errors
[INFO] [stdout] 
[INFO] [stdout] 
[INFO] [stderr]     Checking ttf-parser v0.20.0
[INFO] [stdout] Some errors have detailed explanations: E0432, E0554.
[INFO] [stdout] 
[INFO] [stdout] For more information about an error, try `rustc --explain E0432`.
[INFO] [stdout] 
[INFO] [stderr] error: could not compile `synfx-dsp` (lib) due to 4 previous errors
[INFO] [stderr] warning: build failed, waiting for other jobs to finish...
[INFO] running `Command { std: "docker" "inspect" "898e9890b45cdc987899fb466e3d17d0ebb6add0de3fc50735b2384ae926a914", kill_on_drop: false }`
[INFO] running `Command { std: "docker" "rm" "-f" "898e9890b45cdc987899fb466e3d17d0ebb6add0de3fc50735b2384ae926a914", kill_on_drop: false }`
[INFO] [stdout] 898e9890b45cdc987899fb466e3d17d0ebb6add0de3fc50735b2384ae926a914
[INFO] documenting WeirdConstructor/HexoTK against beta-2023-12-22 for beta-1.76-rustdoc-1
[INFO] running `Command { std: "git" "clone" "/workspace/cache/git-repos/https%3A%2F%2Fgithub.com%2FWeirdConstructor%2FHexoTK" "/workspace/builds/worker-5-tc2/source", kill_on_drop: false }`
[INFO] [stderr] Cloning into '/workspace/builds/worker-5-tc2/source'...
[INFO] [stderr] done.
[INFO] validating manifest of git repo https://github.com/WeirdConstructor/HexoTK on toolchain beta-2023-12-22
[INFO] running `Command { std: CARGO_HOME="/workspace/cargo-home" RUSTUP_HOME="/workspace/rustup-home" "/workspace/cargo-home/bin/cargo" "+beta-2023-12-22" "metadata" "--manifest-path" "Cargo.toml" "--no-deps", kill_on_drop: false }`
[INFO] started tweaking git repo https://github.com/WeirdConstructor/HexoTK
[INFO] finished tweaking git repo https://github.com/WeirdConstructor/HexoTK
[INFO] tweaked toml for git repo https://github.com/WeirdConstructor/HexoTK written to /workspace/builds/worker-5-tc2/source/Cargo.toml
[INFO] running `Command { std: CARGO_HOME="/workspace/cargo-home" RUSTUP_HOME="/workspace/rustup-home" "/workspace/cargo-home/bin/cargo" "+beta-2023-12-22" "generate-lockfile" "--manifest-path" "Cargo.toml", kill_on_drop: false }`
[INFO] [stderr]     Updating git repository `https://github.com/RustAudio/baseview.git`
[INFO] [stderr]     Updating git repository `https://github.com/femtovg/femtovg`
[INFO] [stderr]     Updating crates.io index
[INFO] [stderr]     Updating git repository `https://github.com/WeirdConstructor/HexoDSP.git`
[INFO] [stderr]     Updating git repository `https://github.com/WeirdConstructor/morphorm.git`
[INFO] [stderr]     Updating git repository `https://github.com/glowcoil/raw-gl-context`
[INFO] running `Command { std: CARGO_HOME="/workspace/cargo-home" RUSTUP_HOME="/workspace/rustup-home" "/workspace/cargo-home/bin/cargo" "+beta-2023-12-22" "fetch" "--manifest-path" "Cargo.toml", kill_on_drop: false }`
[INFO] running `Command { std: "docker" "create" "-v" "/var/lib/crater-agent-workspace/builds/worker-5-tc2/target:/opt/rustwide/target:rw,Z" "-v" "/var/lib/crater-agent-workspace/builds/worker-5-tc2/source:/opt/rustwide/workdir:ro,Z" "-v" "/var/lib/crater-agent-workspace/cargo-home:/opt/rustwide/cargo-home:ro,Z" "-v" "/var/lib/crater-agent-workspace/rustup-home:/opt/rustwide/rustup-home:ro,Z" "-e" "SOURCE_DIR=/opt/rustwide/workdir" "-e" "CARGO_TARGET_DIR=/opt/rustwide/target" "-e" "CARGO_HOME=/opt/rustwide/cargo-home" "-e" "RUSTUP_HOME=/opt/rustwide/rustup-home" "-w" "/opt/rustwide/workdir" "-m" "1610612736" "--user" "0:0" "--network" "none" "ghcr.io/rust-lang/crates-build-env/linux@sha256:2788e3201cd34a07e3172128adcd8b3090168a8e3bcc40d7c032b9dda1df7d1c" "/opt/rustwide/cargo-home/bin/cargo" "+beta-2023-12-22" "metadata" "--no-deps" "--format-version=1", kill_on_drop: false }`
[INFO] [stdout] 6744cf5f11f032e4aa573c7d034e523385cd31f583fd6b2742eb7be703053c53
[INFO] running `Command { std: "docker" "start" "-a" "6744cf5f11f032e4aa573c7d034e523385cd31f583fd6b2742eb7be703053c53", kill_on_drop: false }`
[INFO] running `Command { std: "docker" "inspect" "6744cf5f11f032e4aa573c7d034e523385cd31f583fd6b2742eb7be703053c53", kill_on_drop: false }`
[INFO] running `Command { std: "docker" "rm" "-f" "6744cf5f11f032e4aa573c7d034e523385cd31f583fd6b2742eb7be703053c53", kill_on_drop: false }`
[INFO] [stdout] 6744cf5f11f032e4aa573c7d034e523385cd31f583fd6b2742eb7be703053c53
[INFO] running `Command { std: "docker" "create" "-v" "/var/lib/crater-agent-workspace/builds/worker-5-tc2/target:/opt/rustwide/target:rw,Z" "-v" "/var/lib/crater-agent-workspace/builds/worker-5-tc2/source:/opt/rustwide/workdir:ro,Z" "-v" "/var/lib/crater-agent-workspace/cargo-home:/opt/rustwide/cargo-home:ro,Z" "-v" "/var/lib/crater-agent-workspace/rustup-home:/opt/rustwide/rustup-home:ro,Z" "-e" "SOURCE_DIR=/opt/rustwide/workdir" "-e" "CARGO_TARGET_DIR=/opt/rustwide/target" "-e" "CARGO_INCREMENTAL=0" "-e" "RUST_BACKTRACE=full" "-e" "RUSTFLAGS=--cap-lints=warn" "-e" "RUSTDOCFLAGS=--cap-lints=warn" "-e" "CARGO_HOME=/opt/rustwide/cargo-home" "-e" "RUSTUP_HOME=/opt/rustwide/rustup-home" "-w" "/opt/rustwide/workdir" "-m" "1610612736" "--user" "0:0" "--network" "none" "ghcr.io/rust-lang/crates-build-env/linux@sha256:2788e3201cd34a07e3172128adcd8b3090168a8e3bcc40d7c032b9dda1df7d1c" "/opt/rustwide/cargo-home/bin/cargo" "+beta-2023-12-22" "doc" "--frozen" "--no-deps" "--document-private-items" "--message-format=json", kill_on_drop: false }`
[INFO] [stdout] e91722e6200b6d46c1810702e33eb44f6e096a8d4962208bc3f57e063e19851d
[INFO] running `Command { std: "docker" "start" "-a" "e91722e6200b6d46c1810702e33eb44f6e096a8d4962208bc3f57e063e19851d", kill_on_drop: false }`
[INFO] [stderr]     Checking smallvec v1.11.2
[INFO] [stderr]    Compiling libc v0.2.152
[INFO] [stderr]    Compiling cranelift-isle v0.103.0
[INFO] [stderr]     Checking log v0.4.20
[INFO] [stderr]    Compiling cranelift-codegen-shared v0.103.0
[INFO] [stderr]    Compiling crossbeam-utils v0.8.18
[INFO] [stderr]     Checking once_cell v1.19.0
[INFO] [stderr]     Checking zerocopy v0.7.32
[INFO] [stderr]     Checking hashbrown v0.14.3
[INFO] [stderr]     Checking equivalent v1.0.1
[INFO] [stderr]    Compiling target-lexicon v0.12.13
[INFO] [stderr]     Checking slice-group-by v0.3.1
[INFO] [stderr]     Checking arbitrary v1.3.2
[INFO] [stderr]    Compiling ahash v0.8.7
[INFO] [stderr]    Compiling num-traits v0.2.17
[INFO] [stderr]     Checking simd-adler32 v0.3.7
[INFO] [stderr]    Compiling cranelift-codegen-meta v0.103.0
[INFO] [stderr]     Checking cranelift-entity v0.103.0
[INFO] [stderr]     Checking rustc-hash v1.1.0
[INFO] [stderr]     Checking bumpalo v3.14.0
[INFO] [stderr]    Compiling proc-macro2 v1.0.76
[INFO] [stderr]    Compiling rayon-core v1.12.0
[INFO] [stderr]    Compiling lock_api v0.4.11
[INFO] [stderr]     Checking cranelift-bforest v0.103.0
[INFO] [stderr]    Compiling unicode-ident v1.0.12
[INFO] [stderr]    Compiling pkg-config v0.3.28
[INFO] [stderr]     Checking miniz_oxide v0.7.1
[INFO] [stderr]    Compiling anyhow v1.0.79
[INFO] [stderr]    Compiling khronos_api v3.1.0
[INFO] [stderr]     Checking hashbrown v0.13.2
[INFO] [stderr]     Checking scopeguard v1.2.0
[INFO] [stderr]     Checking indexmap v2.1.0
[INFO] [stderr]     Checking cranelift-control v0.103.0
[INFO] [stderr]    Compiling num-integer v0.1.45
[INFO] [stderr]     Checking either v1.9.0
[INFO] [stderr]     Checking bytemuck v1.14.0
[INFO] [stderr]     Checking crossbeam-epoch v0.9.17
[INFO] [stderr]     Checking flate2 v1.0.28
[INFO] [stderr]     Checking spin v0.9.8
[INFO] [stderr]    Compiling quote v1.0.35
[INFO] [stderr]    Compiling num-rational v0.4.1
[INFO] [stderr]    Compiling serde v1.0.195
[INFO] [stderr]     Checking weezl v0.1.7
[INFO] [stderr]    Compiling x11 v2.21.0
[INFO] [stderr]     Checking regalloc2 v0.9.3
[INFO] [stderr]     Checking crossbeam-deque v0.8.4
[INFO] [stderr]     Checking cache-padded v1.3.0
[INFO] [stderr]     Checking gimli v0.28.1
[INFO] [stderr]    Compiling syn v2.0.48
[INFO] [stderr]    Compiling xml-rs v0.8.19
[INFO] [stderr]     Checking flume v0.11.0
[INFO] [stderr]     Checking fdeflate v0.3.3
[INFO] [stderr]     Checking zune-inflate v0.2.54
[INFO] [stderr]    Compiling unicase v2.7.0
[INFO] [stderr]     Checking color_quant v1.1.0
[INFO] [stderr]     Checking lebe v0.5.2
[INFO] [stderr]     Checking bit_field v0.10.2
[INFO] [stderr]    Compiling serde_json v1.0.111
[INFO] [stderr]    Compiling xcb v0.9.0
[INFO] [stderr]     Checking rayon v1.8.0
[INFO] [stderr]     Checking half v2.2.1
[INFO] [stderr]     Checking png v0.17.10
[INFO] [stderr]     Checking synfx-dsp v0.5.6
[INFO] [stderr]     Checking gif v0.12.0
[INFO] [stdout] error[E0554]: `#![feature]` may not be used on the beta release channel
[INFO] [stdout]    --> /opt/rustwide/cargo-home/registry/src/index.crates.io-6f17d22bba15001f/synfx-dsp-0.5.6/src/lib.rs:230:12
[INFO] [stdout]     |
[INFO] [stdout] 230 | #![feature(portable_simd)]
[INFO] [stdout]     |            ^^^^^^^^^^^^^
[INFO] [stdout] 
[INFO] [stdout] 
[INFO] [stderr]     Checking ringbuf v0.2.8
[INFO] [stderr]     Checking qoi v0.4.1
[INFO] [stderr]     Checking exr v1.71.0
[INFO] [stderr]     Checking unicode-width v0.1.11
[INFO] [stderr]     Checking wasmtime-jit-icache-coherence v16.0.0
[INFO] [stdout] error: aborting due to 1 previous error
[INFO] [stdout] 
[INFO] [stdout] 
[INFO] [stdout] For more information about this error, try `rustc --explain E0554`.
[INFO] [stdout] 
[INFO] [stderr] error: could not compile `synfx-dsp` (lib) due to 2 previous errors
[INFO] [stderr] warning: build failed, waiting for other jobs to finish...
[INFO] running `Command { std: "docker" "inspect" "e91722e6200b6d46c1810702e33eb44f6e096a8d4962208bc3f57e063e19851d", kill_on_drop: false }`
[INFO] running `Command { std: "docker" "rm" "-f" "e91722e6200b6d46c1810702e33eb44f6e096a8d4962208bc3f57e063e19851d", kill_on_drop: false }`
[INFO] [stdout] e91722e6200b6d46c1810702e33eb44f6e096a8d4962208bc3f57e063e19851d
