[INFO] cloning repository https://github.com/WebScript-lang/webscript_core
[INFO] running `Command { std: "git" "-c" "credential.helper=" "-c" "credential.helper=/workspace/cargo-home/bin/git-credential-null" "clone" "--bare" "https://github.com/WebScript-lang/webscript_core" "/workspace/cache/git-repos/https%3A%2F%2Fgithub.com%2FWebScript-lang%2Fwebscript_core", kill_on_drop: false }`
[INFO] [stderr] Cloning into bare repository '/workspace/cache/git-repos/https%3A%2F%2Fgithub.com%2FWebScript-lang%2Fwebscript_core'...
[INFO] running `Command { std: "git" "rev-parse" "HEAD", kill_on_drop: false }`
[INFO] [stdout] 50af4359cd1f3663c6b364a1797caffdf2760e79
[INFO] documenting WebScript-lang/webscript_core against 1.75.0 for beta-1.76-rustdoc-1
[INFO] running `Command { std: "git" "clone" "/workspace/cache/git-repos/https%3A%2F%2Fgithub.com%2FWebScript-lang%2Fwebscript_core" "/workspace/builds/worker-1-tc1/source", kill_on_drop: false }`
[INFO] [stderr] Cloning into '/workspace/builds/worker-1-tc1/source'...
[INFO] [stderr] done.
[INFO] validating manifest of git repo https://github.com/WebScript-lang/webscript_core on toolchain 1.75.0
[INFO] running `Command { std: CARGO_HOME="/workspace/cargo-home" RUSTUP_HOME="/workspace/rustup-home" "/workspace/cargo-home/bin/cargo" "+1.75.0" "metadata" "--manifest-path" "Cargo.toml" "--no-deps", kill_on_drop: false }`
[INFO] started tweaking git repo https://github.com/WebScript-lang/webscript_core
[INFO] finished tweaking git repo https://github.com/WebScript-lang/webscript_core
[INFO] tweaked toml for git repo https://github.com/WebScript-lang/webscript_core written to /workspace/builds/worker-1-tc1/source/Cargo.toml
[INFO] crate git repo https://github.com/WebScript-lang/webscript_core already has a lockfile, it will not be regenerated
[INFO] running `Command { std: CARGO_HOME="/workspace/cargo-home" RUSTUP_HOME="/workspace/rustup-home" "/workspace/cargo-home/bin/cargo" "+1.75.0" "fetch" "--manifest-path" "Cargo.toml", kill_on_drop: false }`
[INFO] [stderr]  Downloading crates ...
[INFO] [stderr]   Downloaded ittapi v0.3.2
[INFO] [stderr]   Downloaded wat v1.0.52
[INFO] [stderr]   Downloaded wasm-encoder v0.20.0
[INFO] [stderr]   Downloaded wast v50.0.0
[INFO] [stderr]   Downloaded ittapi-sys v0.3.2
[INFO] [stderr]   Downloaded binaryen-sys v0.12.0
[INFO] running `Command { std: "docker" "create" "-v" "/var/lib/crater-agent-workspace/builds/worker-1-tc1/target:/opt/rustwide/target:rw,Z" "-v" "/var/lib/crater-agent-workspace/builds/worker-1-tc1/source:/opt/rustwide/workdir:ro,Z" "-v" "/var/lib/crater-agent-workspace/cargo-home:/opt/rustwide/cargo-home:ro,Z" "-v" "/var/lib/crater-agent-workspace/rustup-home:/opt/rustwide/rustup-home:ro,Z" "-e" "SOURCE_DIR=/opt/rustwide/workdir" "-e" "CARGO_TARGET_DIR=/opt/rustwide/target" "-e" "CARGO_HOME=/opt/rustwide/cargo-home" "-e" "RUSTUP_HOME=/opt/rustwide/rustup-home" "-w" "/opt/rustwide/workdir" "-m" "1610612736" "--user" "0:0" "--network" "none" "ghcr.io/rust-lang/crates-build-env/linux@sha256:2788e3201cd34a07e3172128adcd8b3090168a8e3bcc40d7c032b9dda1df7d1c" "/opt/rustwide/cargo-home/bin/cargo" "+1.75.0" "metadata" "--no-deps" "--format-version=1", kill_on_drop: false }`
[INFO] [stdout] 445c42b224f90bdf58e35e8f9355c36becbafcf741865c920ed71229cfbeb15a
[INFO] running `Command { std: "docker" "start" "-a" "445c42b224f90bdf58e35e8f9355c36becbafcf741865c920ed71229cfbeb15a", kill_on_drop: false }`
[INFO] running `Command { std: "docker" "inspect" "445c42b224f90bdf58e35e8f9355c36becbafcf741865c920ed71229cfbeb15a", kill_on_drop: false }`
[INFO] running `Command { std: "docker" "rm" "-f" "445c42b224f90bdf58e35e8f9355c36becbafcf741865c920ed71229cfbeb15a", kill_on_drop: false }`
[INFO] [stdout] 445c42b224f90bdf58e35e8f9355c36becbafcf741865c920ed71229cfbeb15a
[INFO] running `Command { std: "docker" "create" "-v" "/var/lib/crater-agent-workspace/builds/worker-1-tc1/target:/opt/rustwide/target:rw,Z" "-v" "/var/lib/crater-agent-workspace/builds/worker-1-tc1/source:/opt/rustwide/workdir:ro,Z" "-v" "/var/lib/crater-agent-workspace/cargo-home:/opt/rustwide/cargo-home:ro,Z" "-v" "/var/lib/crater-agent-workspace/rustup-home:/opt/rustwide/rustup-home:ro,Z" "-e" "SOURCE_DIR=/opt/rustwide/workdir" "-e" "CARGO_TARGET_DIR=/opt/rustwide/target" "-e" "CARGO_INCREMENTAL=0" "-e" "RUST_BACKTRACE=full" "-e" "RUSTFLAGS=--cap-lints=warn" "-e" "RUSTDOCFLAGS=--cap-lints=warn" "-e" "CARGO_HOME=/opt/rustwide/cargo-home" "-e" "RUSTUP_HOME=/opt/rustwide/rustup-home" "-w" "/opt/rustwide/workdir" "-m" "1610612736" "--user" "0:0" "--network" "none" "ghcr.io/rust-lang/crates-build-env/linux@sha256:2788e3201cd34a07e3172128adcd8b3090168a8e3bcc40d7c032b9dda1df7d1c" "/opt/rustwide/cargo-home/bin/cargo" "+1.75.0" "doc" "--frozen" "--no-deps" "--document-private-items" "--message-format=json", kill_on_drop: false }`
[INFO] [stdout] a971f7ece8f8900093216bb20050550c77862b1ad36e5a475ee9ab7e2d57c260
[INFO] running `Command { std: "docker" "start" "-a" "a971f7ece8f8900093216bb20050550c77862b1ad36e5a475ee9ab7e2d57c260", kill_on_drop: false }`
[INFO] [stderr]    Compiling libc v0.2.138
[INFO] [stderr]    Compiling proc-macro2 v1.0.47
[INFO] [stderr]    Compiling unicode-ident v1.0.5
[INFO] [stderr]    Compiling quote v1.0.21
[INFO] [stderr]    Compiling syn v1.0.105
[INFO] [stderr]    Compiling serde_derive v1.0.150
[INFO] [stderr]    Compiling serde v1.0.150
[INFO] [stderr]    Compiling ahash v0.7.6
[INFO] [stderr]     Checking once_cell v1.16.0
[INFO] [stderr]    Compiling indexmap v1.9.2
[INFO] [stderr]    Compiling log v0.4.17
[INFO] [stderr]     Checking tinyvec_macros v0.1.1
[INFO] [stderr]    Compiling target-lexicon v0.12.5
[INFO] [stderr]     Checking tinyvec v1.6.0
[INFO] [stderr]     Checking stable_deref_trait v1.2.0
[INFO] [stderr]     Checking fallible-iterator v0.2.0
[INFO] [stderr]     Checking percent-encoding v2.2.0
[INFO] [stderr]     Checking unicode-bidi v0.3.10
[INFO] [stderr]    Compiling cranelift-isle v0.92.0
[INFO] [stderr]    Compiling jobserver v0.1.25
[INFO] [stderr]    Compiling io-lifetimes v1.0.3
[INFO] [stderr]     Checking unicode-normalization v0.1.22
[INFO] [stderr]    Compiling cc v1.0.77
[INFO] [stderr]     Checking form_urlencoded v1.1.0
[INFO] [stderr]    Compiling crc32fast v1.3.2
[INFO] [stderr]    Compiling thiserror v1.0.37
[INFO] [stderr]    Compiling rustix v0.36.5
[INFO] [stderr]    Compiling cranelift-codegen-shared v0.92.0
[INFO] [stderr]    Compiling anyhow v1.0.69
[INFO] [stderr]     Checking getrandom v0.2.8
[INFO] [stderr]     Checking idna v0.3.0
[INFO] [stderr]    Compiling typenum v1.16.0
[INFO] [stderr]    Compiling cranelift-codegen-meta v0.92.0
[INFO] [stderr]     Checking hashbrown v0.12.3
[INFO] [stderr]    Compiling generic-array v0.14.6
[INFO] [stderr]     Checking url v2.3.1
[INFO] [stderr]    Compiling crossbeam-utils v0.8.14
[INFO] [stderr]     Checking byteorder v1.4.3
[INFO] [stderr]     Checking linux-raw-sys v0.1.4
[INFO] [stderr]    Compiling wasmtime-fiber v5.0.0
[INFO] [stderr]     Checking fxhash v0.2.1
[INFO] [stderr]    Compiling zstd-sys v2.0.4+zstd.1.5.2
[INFO] [stderr]    Compiling memoffset v0.7.1
[INFO] [stderr]     Checking slice-group-by v0.3.0
[INFO] [stderr]     Checking smallvec v1.10.0
[INFO] [stderr]     Checking regalloc2 v0.5.1
[INFO] [stderr]     Checking rand_core v0.6.4
[INFO] [stderr]    Compiling crossbeam-epoch v0.9.13
[INFO] [stderr]     Checking bumpalo v3.11.1
[INFO] [stderr]     Checking ppv-lite86 v0.2.17
[INFO] [stderr]     Checking arrayvec v0.7.2
[INFO] [stderr]    Compiling ittapi-sys v0.3.2
[INFO] [stderr]     Checking aho-corasick v0.7.20
[INFO] [stderr]     Checking rand_chacha v0.3.1
[INFO] [stderr]    Compiling memoffset v0.6.5
[INFO] [stderr]     Checking regex-syntax v0.6.28
[INFO] [stderr]     Checking either v1.8.0
[INFO] [stderr]    Compiling zstd-safe v5.0.2+zstd.1.5.2
[INFO] [stderr]    Compiling cranelift-codegen v0.92.0
[INFO] [stderr]    Compiling paste v1.0.10
[INFO] [stderr]     Checking rand v0.8.5
[INFO] [stderr]     Checking block-buffer v0.10.3
[INFO] [stderr]     Checking crypto-common v0.1.6
[INFO] [stderr]    Compiling wasmtime-runtime v5.0.0
[INFO] [stderr]     Checking atty v0.2.14
[INFO] [stderr]     Checking wasmtime-asm-macros v5.0.0
[INFO] [stderr]     Checking humantime v2.1.0
[INFO] [stderr]     Checking regex v1.7.0
[INFO] [stderr]    Compiling unicode-segmentation v1.10.0
[INFO] [stderr]     Checking termcolor v1.1.3
[INFO] [stderr]     Checking leb128 v0.2.5
[INFO] [stderr]    Compiling rayon-core v1.10.1
[INFO] [stderr]    Compiling cpp_demangle v0.3.5
[INFO] [stderr]    Compiling heck v0.3.3
[INFO] [stderr]    Compiling thiserror-impl v1.0.37
[INFO] [stderr]     Checking wasm-encoder v0.20.0
[INFO] [stderr]     Checking env_logger v0.9.3
[INFO] [stderr]     Checking digest v0.10.6
[INFO] [stderr]     Checking crossbeam-deque v0.8.2
[INFO] [stderr]     Checking memfd v0.6.2
[INFO] [stderr]     Checking itertools v0.10.5
[INFO] [stderr]     Checking crossbeam-channel v0.5.6
[INFO] [stderr]    Compiling psm v0.1.21
[INFO] [stderr]    Compiling cmake v0.1.49
[INFO] [stderr]     Checking num_cpus v1.14.0
[INFO] [stderr]     Checking dirs-sys-next v0.1.2
[INFO] [stderr]     Checking unicode-width v0.1.10
[INFO] [stderr]     Checking cpufeatures v0.2.5
[INFO] [stderr]    Compiling async-trait v0.1.59
[INFO] [stderr]    Compiling wasmtime-cache v5.0.0
[INFO] [stderr]     Checking sha2 v0.10.6
[INFO] [stderr]     Checking directories-next v2.0.0
[INFO] [stderr]     Checking wast v50.0.0
[INFO] [stderr]     Checking file-per-thread-logger v0.1.5
[INFO] [stderr]     Checking wasmtime-jit-icache-coherence v5.0.0
[INFO] [stderr]     Checking rustc-demangle v0.1.21
[INFO] [stderr]    Compiling wasmtime v5.0.0
[INFO] [stderr]     Checking base64 v0.13.1
[INFO] [stderr]     Checking rayon v1.6.1
[INFO] [stderr]     Checking bytes v1.3.0
[INFO] [stderr]     Checking combine v4.6.6
[INFO] [stderr]     Checking uuid v1.3.0
[INFO] [stderr]    Compiling binaryen-sys v0.12.0
[INFO] [stderr]     Checking ittapi v0.3.2
[INFO] [stderr]     Checking wat v1.0.52
[INFO] [stderr]     Checking cranelift-entity v0.92.0
[INFO] [stderr]     Checking cranelift-bforest v0.92.0
[INFO] [stderr]     Checking gimli v0.26.2
[INFO] [stderr]     Checking wasmparser v0.96.0
[INFO] [stderr]     Checking object v0.29.0
[INFO] [stderr]     Checking wasmtime-types v5.0.0
[INFO] [stderr]     Checking bincode v1.3.3
[INFO] [stderr]     Checking addr2line v0.17.0
[INFO] [stderr]     Checking wasmtime-environ v5.0.0
[INFO] [stderr]     Checking wasmtime-jit-debug v5.0.0
[INFO] [stderr]     Checking toml v0.5.10
[INFO] [stderr]     Checking wasmtime-jit v5.0.0
[INFO] [stderr] The following warnings were emitted during compilation:
[INFO] [stderr] 
[INFO] [stderr] warning: cranelift-codegen@0.92.0: Failed to run `rustfmt` on ISLE-generated code: Os { code: 32, kind: BrokenPipe, message: "Broken pipe" }
[INFO] [stderr] warning: cranelift-codegen@0.92.0: Failed to run `rustfmt` on ISLE-generated code: Os { code: 32, kind: BrokenPipe, message: "Broken pipe" }
[INFO] [stderr] warning: cranelift-codegen@0.92.0: Failed to run `rustfmt` on ISLE-generated code: Os { code: 32, kind: BrokenPipe, message: "Broken pipe" }
[INFO] [stderr] warning: cranelift-codegen@0.92.0: Failed to run `rustfmt` on ISLE-generated code: Os { code: 32, kind: BrokenPipe, message: "Broken pipe" }
[INFO] [stderr] warning: cranelift-codegen@0.92.0: Failed to run `rustfmt` on ISLE-generated code: Os { code: 32, kind: BrokenPipe, message: "Broken pipe" }
[INFO] [stderr] 
[INFO] [stderr] error: could not compile `cranelift-codegen` (lib)
[INFO] [stderr] 
[INFO] [stderr] Caused by:
[INFO] [stderr]   process didn't exit successfully: `/opt/rustwide/rustup-home/toolchains/1.75.0-x86_64-unknown-linux-gnu/bin/rustc --crate-name cranelift_codegen --edition=2021 /opt/rustwide/cargo-home/registry/src/index.crates.io-6f17d22bba15001f/cranelift-codegen-0.92.0/src/lib.rs --error-format=json --json=diagnostic-rendered-ansi,artifacts,future-incompat --crate-type lib --emit=dep-info,metadata -C embed-bitcode=no -C debuginfo=2 --cfg 'feature="default"' --cfg 'feature="gimli"' --cfg 'feature="std"' --cfg 'feature="trace-log"' --cfg 'feature="unwind"' -C metadata=38ac6919db935ae8 -C extra-filename=-38ac6919db935ae8 --out-dir /opt/rustwide/target/debug/deps -L dependency=/opt/rustwide/target/debug/deps --extern arrayvec=/opt/rustwide/target/debug/deps/libarrayvec-601c416dd35a7fcc.rmeta --extern bumpalo=/opt/rustwide/target/debug/deps/libbumpalo-60d35e66ad2f0195.rmeta --extern cranelift_bforest=/opt/rustwide/target/debug/deps/libcranelift_bforest-aa77eae1f603b550.rmeta --extern cranelift_codegen_shared=/opt/rustwide/target/debug/deps/libcranelift_codegen_shared-441e73e3a8d12426.rmeta --extern cranelift_entity=/opt/rustwide/target/debug/deps/libcranelift_entity-fe033736812c1f83.rmeta --extern gimli=/opt/rustwide/target/debug/deps/libgimli-2c917303de04dcbc.rmeta --extern hashbrown=/opt/rustwide/target/debug/deps/libhashbrown-13492ed2487bb54e.rmeta --extern log=/opt/rustwide/target/debug/deps/liblog-db3182d8979d3809.rmeta --extern regalloc2=/opt/rustwide/target/debug/deps/libregalloc2-7a58caf8bb3af6d4.rmeta --extern smallvec=/opt/rustwide/target/debug/deps/libsmallvec-846b87082dd2533f.rmeta --extern target_lexicon=/opt/rustwide/target/debug/deps/libtarget_lexicon-f5f74d826e6834ec.rmeta --cap-lints allow --cap-lints=warn --cfg 'feature="x86"'` (signal: 9, SIGKILL: kill)
[INFO] [stderr] warning: build failed, waiting for other jobs to finish...
[INFO] [stderr] error: failed to run custom build command for `binaryen-sys v0.12.0`
[INFO] [stderr] note: To improve backtraces for build dependencies, set the CARGO_PROFILE_DEV_BUILD_OVERRIDE_DEBUG=true environment variable to enable debug information generation.
[INFO] [stderr] 
[INFO] [stderr] Caused by:
[INFO] [stderr]   process didn't exit successfully: `/opt/rustwide/target/debug/build/binaryen-sys-82d780561a8403d4/build-script-build` (exit status: 101)
[INFO] [stderr]   --- stdout
[INFO] [stderr]   CMAKE_TOOLCHAIN_FILE_x86_64-unknown-linux-gnu = None
[INFO] [stderr]   CMAKE_TOOLCHAIN_FILE_x86_64_unknown_linux_gnu = None
[INFO] [stderr]   HOST_CMAKE_TOOLCHAIN_FILE = None
[INFO] [stderr]   CMAKE_TOOLCHAIN_FILE = None
[INFO] [stderr]   CMAKE_GENERATOR_x86_64-unknown-linux-gnu = None
[INFO] [stderr]   CMAKE_GENERATOR_x86_64_unknown_linux_gnu = None
[INFO] [stderr]   HOST_CMAKE_GENERATOR = None
[INFO] [stderr]   CMAKE_GENERATOR = None
[INFO] [stderr]   CMAKE_PREFIX_PATH_x86_64-unknown-linux-gnu = None
[INFO] [stderr]   CMAKE_PREFIX_PATH_x86_64_unknown_linux_gnu = None
[INFO] [stderr]   HOST_CMAKE_PREFIX_PATH = None
[INFO] [stderr]   CMAKE_PREFIX_PATH = None
[INFO] [stderr]   CMAKE_x86_64-unknown-linux-gnu = None
[INFO] [stderr]   CMAKE_x86_64_unknown_linux_gnu = None
[INFO] [stderr]   HOST_CMAKE = None
[INFO] [stderr]   CMAKE = None
[INFO] [stderr]   running: cd "/opt/rustwide/target/debug/build/binaryen-sys-29490c32bdf17c29/out/build" && CMAKE_PREFIX_PATH="" "cmake" "/opt/rustwide/cargo-home/registry/src/index.crates.io-6f17d22bba15001f/binaryen-sys-0.12.0/binaryen" "-DBUILD_STATIC_LIB=ON" "-DENABLE_WERROR=OFF" "-DCMAKE_INSTALL_PREFIX=/opt/rustwide/target/debug/build/binaryen-sys-29490c32bdf17c29/out" "-DCMAKE_C_FLAGS= -ffunction-sections -fdata-sections -fPIC -m64" "-DCMAKE_C_COMPILER=/usr/bin/cc" "-DCMAKE_CXX_FLAGS= -ffunction-sections -fdata-sections -fPIC -m64" "-DCMAKE_CXX_COMPILER=/usr/bin/c++" "-DCMAKE_ASM_FLAGS= -ffunction-sections -fdata-sections -fPIC -m64" "-DCMAKE_ASM_COMPILER=/usr/bin/cc" "-DCMAKE_BUILD_TYPE=Debug"
[INFO] [stderr]   -- The C compiler identification is GNU 11.4.0
[INFO] [stderr]   -- The CXX compiler identification is GNU 11.4.0
[INFO] [stderr]   -- Detecting C compiler ABI info
[INFO] [stderr]   -- Detecting C compiler ABI info - done
[INFO] [stderr]   -- Check for working C compiler: /usr/bin/cc - skipped
[INFO] [stderr]   -- Detecting C compile features
[INFO] [stderr]   -- Detecting C compile features - done
[INFO] [stderr]   -- Detecting CXX compiler ABI info
[INFO] [stderr]   -- Detecting CXX compiler ABI info - done
[INFO] [stderr]   -- Check for working CXX compiler: /usr/bin/c++ - skipped
[INFO] [stderr]   -- Detecting CXX compile features
[INFO] [stderr]   -- Detecting CXX compile features - done
[INFO] [stderr]   -- Building with -DBUILD_LLVM_DWARF
[INFO] [stderr]   -- Looking for pthread.h
[INFO] [stderr]   -- Looking for pthread.h - found
[INFO] [stderr]   -- Performing Test CMAKE_HAVE_LIBC_PTHREAD
[INFO] [stderr]   -- Performing Test CMAKE_HAVE_LIBC_PTHREAD - Success
[INFO] [stderr]   -- Found Threads: TRUE  
[INFO] [stderr]   -- Building with -std=c++14
[INFO] [stderr]   -- Building with -Wall
[INFO] [stderr]   -- Building with -Wextra
[INFO] [stderr]   -- Building with -Wno-unused-parameter
[INFO] [stderr]   -- Building with -fno-omit-frame-pointer
[INFO] [stderr]   -- Building with -Wno-implicit-int-float-conversion
[INFO] [stderr]   -- Building with -Wno-unknown-warning-option
[INFO] [stderr]   -- Building with -Wswitch
[INFO] [stderr]   -- Building with -fPIC
[INFO] [stderr]   -- Building with -O0
[INFO] [stderr]   -- Building with -g3
[INFO] [stderr]   -- Found PythonInterp: /usr/bin/python3 (found suitable version "3.10.12", minimum required is "3.5") 
[INFO] [stderr]   -- Building libbinaryen as statically linked library.
[INFO] [stderr]   -- Configuring done
[INFO] [stderr]   -- Generating done
[INFO] [stderr]   -- Build files have been written to: /opt/rustwide/target/debug/build/binaryen-sys-29490c32bdf17c29/out/build
[INFO] [stderr]   running: cd "/opt/rustwide/target/debug/build/binaryen-sys-29490c32bdf17c29/out/build" && MAKEFLAGS="-j --jobserver-fds=7,8 --jobserver-auth=7,8" "cmake" "--build" "." "--target" "install" "--config" "Debug"
[INFO] [stderr]   [  0%] Building CXX object third_party/llvm-project/CMakeFiles/llvm_dwarf.dir/Binary.cpp.o
[INFO] [stderr]   [  1%] Building CXX object src/ir/CMakeFiles/ir.dir/ExpressionAnalyzer.cpp.o
[INFO] [stderr]   [  1%] Building CXX object src/asmjs/CMakeFiles/asmjs.dir/asm_v_wasm.cpp.o
[INFO] [stderr]   [  2%] Building CXX object src/asmjs/CMakeFiles/asmjs.dir/asmangle.cpp.o
[INFO] [stderr]   [  2%] Building CXX object src/asmjs/CMakeFiles/asmjs.dir/shared-constants.cpp.o
[INFO] [stderr]   [  3%] Building CXX object third_party/llvm-project/CMakeFiles/llvm_dwarf.dir/ConvertUTF.cpp.o
[INFO] [stderr]   [  3%] Building CXX object third_party/llvm-project/CMakeFiles/llvm_dwarf.dir/DataExtractor.cpp.o
[INFO] [stderr]   [  4%] Building CXX object third_party/llvm-project/CMakeFiles/llvm_dwarf.dir/Debug.cpp.o
[INFO] [stderr]   [  4%] Building CXX object third_party/llvm-project/CMakeFiles/llvm_dwarf.dir/DJB.cpp.o
[INFO] [stderr]   [  4%] Built target asmjs
[INFO] [stderr]   [  5%] Building CXX object src/cfg/CMakeFiles/cfg.dir/Relooper.cpp.o
[INFO] [stderr]   [  6%] Building CXX object third_party/llvm-project/CMakeFiles/llvm_dwarf.dir/Dwarf.cpp.o
[INFO] [stderr]   [  6%] Building CXX object third_party/llvm-project/CMakeFiles/llvm_dwarf.dir/dwarf2yaml.cpp.o
[INFO] [stderr]   [  7%] Building CXX object third_party/llvm-project/CMakeFiles/llvm_dwarf.dir/DWARFAbbreviationDeclaration.cpp.o
[INFO] [stderr]   [  8%] Building CXX object third_party/llvm-project/CMakeFiles/llvm_dwarf.dir/DWARFAcceleratorTable.cpp.o
[INFO] [stderr]   [  8%] Building CXX object src/ir/CMakeFiles/ir.dir/ExpressionManipulator.cpp.o
[INFO] [stderr]   [  8%] Building CXX object third_party/llvm-project/CMakeFiles/llvm_dwarf.dir/DWARFAddressRange.cpp.o
[INFO] [stderr]   [  9%] Building CXX object third_party/llvm-project/CMakeFiles/llvm_dwarf.dir/DWARFCompileUnit.cpp.o
[INFO] [stderr]   [  9%] Building CXX object third_party/llvm-project/CMakeFiles/llvm_dwarf.dir/DWARFContext.cpp.o
[INFO] [stderr]   [ 10%] Building CXX object third_party/llvm-project/CMakeFiles/llvm_dwarf.dir/DWARFDataExtractor.cpp.o
[INFO] [stderr]   [ 11%] Building CXX object src/ir/CMakeFiles/ir.dir/LocalGraph.cpp.o
[INFO] [stderr]   [ 11%] Building CXX object third_party/llvm-project/CMakeFiles/llvm_dwarf.dir/DWARFDebugAbbrev.cpp.o
[INFO] [stderr]   [ 12%] Building CXX object third_party/llvm-project/CMakeFiles/llvm_dwarf.dir/DWARFDebugAddr.cpp.o
[INFO] [stderr]   [ 12%] Building CXX object third_party/llvm-project/CMakeFiles/llvm_dwarf.dir/DWARFDebugAranges.cpp.o
[INFO] [stderr]   [ 13%] Building CXX object third_party/llvm-project/CMakeFiles/llvm_dwarf.dir/DWARFDebugArangeSet.cpp.o
[INFO] [stderr]   [ 13%] Building CXX object third_party/llvm-project/CMakeFiles/llvm_dwarf.dir/DWARFDebugFrame.cpp.o
[INFO] [stderr]   [ 14%] Building CXX object third_party/llvm-project/CMakeFiles/llvm_dwarf.dir/DWARFDebugInfoEntry.cpp.o
[INFO] [stderr]   [ 14%] Building CXX object src/ir/CMakeFiles/ir.dir/ReFinalize.cpp.o
[INFO] [stderr]   [ 15%] Building CXX object src/ir/CMakeFiles/ir.dir/stack-utils.cpp.o
[INFO] [stderr]   [ 15%] Built target ir
[INFO] [stderr] 
[INFO] [stderr]   --- stderr
[INFO] [stderr]   fatal: not a git repository (or any parent up to mount point /opt/rustwide)
[INFO] [stderr]   Stopping at filesystem boundary (GIT_DISCOVERY_ACROSS_FILESYSTEM not set).
[INFO] [stderr]   CMake Warning:
[INFO] [stderr]     Manually-specified variables were not used by the project:
[INFO] [stderr] 
[INFO] [stderr]       CMAKE_ASM_COMPILER
[INFO] [stderr]       CMAKE_ASM_FLAGS
[INFO] [stderr] 
[INFO] [stderr] 
[INFO] [stderr]   c++: fatal error: Killed signal terminated program cc1plus
[INFO] [stderr]   compilation terminated.
[INFO] [stderr]   gmake[2]: *** [src/cfg/CMakeFiles/cfg.dir/build.make:76: src/cfg/CMakeFiles/cfg.dir/Relooper.cpp.o] Error 1
[INFO] [stderr]   gmake[1]: *** [CMakeFiles/Makefile2:578: src/cfg/CMakeFiles/cfg.dir/all] Error 2
[INFO] [stderr]   gmake[1]: *** Waiting for unfinished jobs....
[INFO] [stderr]   c++: fatal error: Killed signal terminated program cc1plus
[INFO] [stderr]   compilation terminated.
[INFO] [stderr]   gmake[2]: *** [third_party/llvm-project/CMakeFiles/llvm_dwarf.dir/build.make:230: third_party/llvm-project/CMakeFiles/llvm_dwarf.dir/DWARFContext.cpp.o] Error 1
[INFO] [stderr]   gmake[2]: *** Waiting for unfinished jobs....
[INFO] [stderr]   gmake[1]: *** [CMakeFiles/Makefile2:708: third_party/llvm-project/CMakeFiles/llvm_dwarf.dir/all] Error 2
[INFO] [stderr]   gmake: *** [Makefile:136: all] Error 2
[INFO] [stderr]   thread 'main' panicked at /opt/rustwide/cargo-home/registry/src/index.crates.io-6f17d22bba15001f/cmake-0.1.49/src/lib.rs:1104:5:
[INFO] [stderr] 
[INFO] [stderr]   command did not execute successfully, got: exit status: 2
[INFO] [stderr] 
[INFO] [stderr]   build script failed, must exit now
[INFO] [stderr]   stack backtrace:
[INFO] [stderr]      0:     0x55822971545c - std::backtrace_rs::backtrace::libunwind::trace::ha637c64ce894333a
[INFO] [stderr]                                  at /rustc/82e1608dfa6e0b5569232559e3d385fea5a93112/library/std/src/../../backtrace/src/backtrace/libunwind.rs:104:5
[INFO] [stderr]      1:     0x55822971545c - std::backtrace_rs::backtrace::trace_unsynchronized::h47f62dea28e0c88d
[INFO] [stderr]                                  at /rustc/82e1608dfa6e0b5569232559e3d385fea5a93112/library/std/src/../../backtrace/src/backtrace/mod.rs:66:5
[INFO] [stderr]      2:     0x55822971545c - std::sys_common::backtrace::_print_fmt::h9eef0abe20ede486
[INFO] [stderr]                                  at /rustc/82e1608dfa6e0b5569232559e3d385fea5a93112/library/std/src/sys_common/backtrace.rs:67:5
[INFO] [stderr]      3:     0x55822971545c - <std::sys_common::backtrace::_print::DisplayBacktrace as core::fmt::Display>::fmt::hed7f999df88cc644
[INFO] [stderr]                                  at /rustc/82e1608dfa6e0b5569232559e3d385fea5a93112/library/std/src/sys_common/backtrace.rs:44:22
[INFO] [stderr]      4:     0x55822973d790 - core::fmt::rt::Argument::fmt::h1539a9308b8d058d
[INFO] [stderr]                                  at /rustc/82e1608dfa6e0b5569232559e3d385fea5a93112/library/core/src/fmt/rt.rs:142:9
[INFO] [stderr]      5:     0x55822973d790 - core::fmt::write::h3a39390d8560d9c9
[INFO] [stderr]                                  at /rustc/82e1608dfa6e0b5569232559e3d385fea5a93112/library/core/src/fmt/mod.rs:1120:17
[INFO] [stderr]      6:     0x55822971249f - std::io::Write::write_fmt::h5fc9997dfe05f882
[INFO] [stderr]                                  at /rustc/82e1608dfa6e0b5569232559e3d385fea5a93112/library/std/src/io/mod.rs:1762:15
[INFO] [stderr]      7:     0x558229715244 - std::sys_common::backtrace::_print::h894006fb5c6f3d45
[INFO] [stderr]                                  at /rustc/82e1608dfa6e0b5569232559e3d385fea5a93112/library/std/src/sys_common/backtrace.rs:47:5
[INFO] [stderr]      8:     0x558229715244 - std::sys_common::backtrace::print::h23a2d212c6fff936
[INFO] [stderr]                                  at /rustc/82e1608dfa6e0b5569232559e3d385fea5a93112/library/std/src/sys_common/backtrace.rs:34:9
[INFO] [stderr]      9:     0x558229717077 - std::panicking::default_hook::{{closure}}::h8a1d2ee00185001a
[INFO] [stderr]     10:     0x558229716ddf - std::panicking::default_hook::h6038f2eba384e475
[INFO] [stderr]                                  at /rustc/82e1608dfa6e0b5569232559e3d385fea5a93112/library/std/src/panicking.rs:292:9
[INFO] [stderr]     11:     0x5582297174f8 - std::panicking::rust_panic_with_hook::h2b5517d590cab22e
[INFO] [stderr]                                  at /rustc/82e1608dfa6e0b5569232559e3d385fea5a93112/library/std/src/panicking.rs:779:13
[INFO] [stderr]     12:     0x5582297173de - std::panicking::begin_panic_handler::{{closure}}::h233112c06e0ef43e
[INFO] [stderr]                                  at /rustc/82e1608dfa6e0b5569232559e3d385fea5a93112/library/std/src/panicking.rs:657:13
[INFO] [stderr]     13:     0x558229715926 - std::sys_common::backtrace::__rust_end_short_backtrace::h6e893f24d7ebbff8
[INFO] [stderr]                                  at /rustc/82e1608dfa6e0b5569232559e3d385fea5a93112/library/std/src/sys_common/backtrace.rs:170:18
[INFO] [stderr]     14:     0x558229717142 - rust_begin_unwind
[INFO] [stderr]                                  at /rustc/82e1608dfa6e0b5569232559e3d385fea5a93112/library/std/src/panicking.rs:645:5
[INFO] [stderr]     15:     0x55822953ed45 - core::panicking::panic_fmt::hbf0e066aabfa482c
[INFO] [stderr]                                  at /rustc/82e1608dfa6e0b5569232559e3d385fea5a93112/library/core/src/panicking.rs:72:14
[INFO] [stderr]     16:     0x558229697ab1 - cmake::fail::hfc1bffa561cf8358
[INFO] [stderr]     17:     0x558229697237 - cmake::run::h548a523a012d124b
[INFO] [stderr]     18:     0x558229693b0d - cmake::Config::build::h2fa741b45dc633c6
[INFO] [stderr]     19:     0x558229546750 - build_script_build::main::h41397ff67f203b72
[INFO] [stderr]     20:     0x55822953fb03 - core::ops::function::FnOnce::call_once::hd79ffe427a9d2f4f
[INFO] [stderr]     21:     0x55822953f826 - std::sys_common::backtrace::__rust_begin_short_backtrace::h22f8719608457427
[INFO] [stderr]     22:     0x55822953f9e9 - std::rt::lang_start::{{closure}}::h516178addfc955aa
[INFO] [stderr]     23:     0x55822970daf7 - core::ops::function::impls::<impl core::ops::function::FnOnce<A> for &F>::call_once::hd95060ecd5e1ca24
[INFO] [stderr]                                  at /rustc/82e1608dfa6e0b5569232559e3d385fea5a93112/library/core/src/ops/function.rs:284:13
[INFO] [stderr]     24:     0x55822970daf7 - std::panicking::try::do_call::h6e8cf51db32a6e4b
[INFO] [stderr]                                  at /rustc/82e1608dfa6e0b5569232559e3d385fea5a93112/library/std/src/panicking.rs:552:40
[INFO] [stderr]     25:     0x55822970daf7 - std::panicking::try::h3a52eefe24fe3c29
[INFO] [stderr]                                  at /rustc/82e1608dfa6e0b5569232559e3d385fea5a93112/library/std/src/panicking.rs:516:19
[INFO] [stderr]     26:     0x55822970daf7 - std::panic::catch_unwind::h24c28c23c02c3841
[INFO] [stderr]                                  at /rustc/82e1608dfa6e0b5569232559e3d385fea5a93112/library/std/src/panic.rs:142:14
[INFO] [stderr]     27:     0x55822970daf7 - std::rt::lang_start_internal::{{closure}}::h705d3c9cbc06ef47
[INFO] [stderr]                                  at /rustc/82e1608dfa6e0b5569232559e3d385fea5a93112/library/std/src/rt.rs:148:48
[INFO] [stderr]     28:     0x55822970daf7 - std::panicking::try::do_call::ha21f52ba13158470
[INFO] [stderr]                                  at /rustc/82e1608dfa6e0b5569232559e3d385fea5a93112/library/std/src/panicking.rs:552:40
[INFO] [stderr]     29:     0x55822970daf7 - std::panicking::try::h5581346bf6aeb1f8
[INFO] [stderr]                                  at /rustc/82e1608dfa6e0b5569232559e3d385fea5a93112/library/std/src/panicking.rs:516:19
[INFO] [stderr]     30:     0x55822970daf7 - std::panic::catch_unwind::h7919645a6b72e25b
[INFO] [stderr]                                  at /rustc/82e1608dfa6e0b5569232559e3d385fea5a93112/library/std/src/panic.rs:142:14
[INFO] [stderr]     31:     0x55822970daf7 - std::rt::lang_start_internal::h12de51168669836e
[INFO] [stderr]                                  at /rustc/82e1608dfa6e0b5569232559e3d385fea5a93112/library/std/src/rt.rs:148:20
[INFO] [stderr]     32:     0x55822953f9c7 - std::rt::lang_start::hcb0aff459614c63b
[INFO] [stderr]     33:     0x558229547235 - main
[INFO] [stderr]     34:     0x7f5ffe40bd90 - <unknown>
[INFO] [stderr]     35:     0x7f5ffe40be40 - __libc_start_main
[INFO] [stderr]     36:     0x55822953f5d5 - _start
[INFO] [stderr]     37:                0x0 - <unknown>
[INFO] running `Command { std: "docker" "inspect" "a971f7ece8f8900093216bb20050550c77862b1ad36e5a475ee9ab7e2d57c260", kill_on_drop: false }`
[INFO] running `Command { std: "docker" "rm" "-f" "a971f7ece8f8900093216bb20050550c77862b1ad36e5a475ee9ab7e2d57c260", kill_on_drop: false }`
[INFO] [stdout] a971f7ece8f8900093216bb20050550c77862b1ad36e5a475ee9ab7e2d57c260
[INFO] documenting WebScript-lang/webscript_core against beta-2023-12-22 for beta-1.76-rustdoc-1
[INFO] running `Command { std: "git" "clone" "/workspace/cache/git-repos/https%3A%2F%2Fgithub.com%2FWebScript-lang%2Fwebscript_core" "/workspace/builds/worker-1-tc2/source", kill_on_drop: false }`
[INFO] [stderr] Cloning into '/workspace/builds/worker-1-tc2/source'...
[INFO] [stderr] done.
[INFO] validating manifest of git repo https://github.com/WebScript-lang/webscript_core on toolchain beta-2023-12-22
[INFO] running `Command { std: CARGO_HOME="/workspace/cargo-home" RUSTUP_HOME="/workspace/rustup-home" "/workspace/cargo-home/bin/cargo" "+beta-2023-12-22" "metadata" "--manifest-path" "Cargo.toml" "--no-deps", kill_on_drop: false }`
[INFO] started tweaking git repo https://github.com/WebScript-lang/webscript_core
[INFO] finished tweaking git repo https://github.com/WebScript-lang/webscript_core
[INFO] tweaked toml for git repo https://github.com/WebScript-lang/webscript_core written to /workspace/builds/worker-1-tc2/source/Cargo.toml
[INFO] crate git repo https://github.com/WebScript-lang/webscript_core already has a lockfile, it will not be regenerated
[INFO] running `Command { std: CARGO_HOME="/workspace/cargo-home" RUSTUP_HOME="/workspace/rustup-home" "/workspace/cargo-home/bin/cargo" "+beta-2023-12-22" "fetch" "--manifest-path" "Cargo.toml", kill_on_drop: false }`
[INFO] running `Command { std: "docker" "create" "-v" "/var/lib/crater-agent-workspace/builds/worker-1-tc2/target:/opt/rustwide/target:rw,Z" "-v" "/var/lib/crater-agent-workspace/builds/worker-1-tc2/source:/opt/rustwide/workdir:ro,Z" "-v" "/var/lib/crater-agent-workspace/cargo-home:/opt/rustwide/cargo-home:ro,Z" "-v" "/var/lib/crater-agent-workspace/rustup-home:/opt/rustwide/rustup-home:ro,Z" "-e" "SOURCE_DIR=/opt/rustwide/workdir" "-e" "CARGO_TARGET_DIR=/opt/rustwide/target" "-e" "CARGO_HOME=/opt/rustwide/cargo-home" "-e" "RUSTUP_HOME=/opt/rustwide/rustup-home" "-w" "/opt/rustwide/workdir" "-m" "1610612736" "--user" "0:0" "--network" "none" "ghcr.io/rust-lang/crates-build-env/linux@sha256:2788e3201cd34a07e3172128adcd8b3090168a8e3bcc40d7c032b9dda1df7d1c" "/opt/rustwide/cargo-home/bin/cargo" "+beta-2023-12-22" "metadata" "--no-deps" "--format-version=1", kill_on_drop: false }`
[INFO] [stdout] 7578a126e83bb7194a01ad106d8873142f5d4ce6ea4455eb60de170100682f93
[INFO] running `Command { std: "docker" "start" "-a" "7578a126e83bb7194a01ad106d8873142f5d4ce6ea4455eb60de170100682f93", kill_on_drop: false }`
[INFO] running `Command { std: "docker" "inspect" "7578a126e83bb7194a01ad106d8873142f5d4ce6ea4455eb60de170100682f93", kill_on_drop: false }`
[INFO] running `Command { std: "docker" "rm" "-f" "7578a126e83bb7194a01ad106d8873142f5d4ce6ea4455eb60de170100682f93", kill_on_drop: false }`
[INFO] [stdout] 7578a126e83bb7194a01ad106d8873142f5d4ce6ea4455eb60de170100682f93
[INFO] running `Command { std: "docker" "create" "-v" "/var/lib/crater-agent-workspace/builds/worker-1-tc2/target:/opt/rustwide/target:rw,Z" "-v" "/var/lib/crater-agent-workspace/builds/worker-1-tc2/source:/opt/rustwide/workdir:ro,Z" "-v" "/var/lib/crater-agent-workspace/cargo-home:/opt/rustwide/cargo-home:ro,Z" "-v" "/var/lib/crater-agent-workspace/rustup-home:/opt/rustwide/rustup-home:ro,Z" "-e" "SOURCE_DIR=/opt/rustwide/workdir" "-e" "CARGO_TARGET_DIR=/opt/rustwide/target" "-e" "CARGO_INCREMENTAL=0" "-e" "RUST_BACKTRACE=full" "-e" "RUSTFLAGS=--cap-lints=warn" "-e" "RUSTDOCFLAGS=--cap-lints=warn" "-e" "CARGO_HOME=/opt/rustwide/cargo-home" "-e" "RUSTUP_HOME=/opt/rustwide/rustup-home" "-w" "/opt/rustwide/workdir" "-m" "1610612736" "--user" "0:0" "--network" "none" "ghcr.io/rust-lang/crates-build-env/linux@sha256:2788e3201cd34a07e3172128adcd8b3090168a8e3bcc40d7c032b9dda1df7d1c" "/opt/rustwide/cargo-home/bin/cargo" "+beta-2023-12-22" "doc" "--frozen" "--no-deps" "--document-private-items" "--message-format=json", kill_on_drop: false }`
[INFO] [stdout] c07e89c921b3839a55a82043d51116c25cd93e85e2a084d3d2a2233630842b6a
[INFO] running `Command { std: "docker" "start" "-a" "c07e89c921b3839a55a82043d51116c25cd93e85e2a084d3d2a2233630842b6a", kill_on_drop: false }`
[INFO] [stderr]    Compiling libc v0.2.138
[INFO] [stderr]    Compiling proc-macro2 v1.0.47
[INFO] [stderr]    Compiling unicode-ident v1.0.5
[INFO] [stderr]    Compiling quote v1.0.21
[INFO] [stderr]    Compiling syn v1.0.105
[INFO] [stderr]    Compiling serde_derive v1.0.150
[INFO] [stderr]    Compiling serde v1.0.150
[INFO] [stderr]    Compiling ahash v0.7.6
[INFO] [stderr]     Checking once_cell v1.16.0
[INFO] [stderr]    Compiling indexmap v1.9.2
[INFO] [stderr]    Compiling log v0.4.17
[INFO] [stderr]     Checking tinyvec_macros v0.1.1
[INFO] [stderr]     Checking tinyvec v1.6.0
[INFO] [stderr]     Checking fallible-iterator v0.2.0
[INFO] [stderr]     Checking stable_deref_trait v1.2.0
[INFO] [stderr]    Compiling target-lexicon v0.12.5
[INFO] [stderr]    Compiling io-lifetimes v1.0.3
[INFO] [stderr]     Checking unicode-bidi v0.3.10
[INFO] [stderr]    Compiling cranelift-isle v0.92.0
[INFO] [stderr]     Checking percent-encoding v2.2.0
[INFO] [stderr]    Compiling jobserver v0.1.25
[INFO] [stderr]     Checking form_urlencoded v1.1.0
[INFO] [stderr]    Compiling rustix v0.36.5
[INFO] [stderr]    Compiling cc v1.0.77
[INFO] [stderr]    Compiling cranelift-codegen-shared v0.92.0
[INFO] [stderr]     Checking unicode-normalization v0.1.22
[INFO] [stderr]    Compiling typenum v1.16.0
[INFO] [stderr]    Compiling thiserror v1.0.37
[INFO] [stderr]    Compiling anyhow v1.0.69
[INFO] [stderr]    Compiling crc32fast v1.3.2
[INFO] [stderr]     Checking getrandom v0.2.8
[INFO] [stderr]     Checking idna v0.3.0
[INFO] [stderr]    Compiling cranelift-codegen-meta v0.92.0
[INFO] [stderr]     Checking hashbrown v0.12.3
[INFO] [stderr]    Compiling generic-array v0.14.6
[INFO] [stderr]    Compiling crossbeam-utils v0.8.14
[INFO] [stderr]     Checking linux-raw-sys v0.1.4
[INFO] [stderr]     Checking url v2.3.1
[INFO] [stderr]     Checking byteorder v1.4.3
[INFO] [stderr]    Compiling wasmtime-fiber v5.0.0
[INFO] [stderr]    Compiling zstd-sys v2.0.4+zstd.1.5.2
[INFO] [stderr]     Checking fxhash v0.2.1
[INFO] [stderr]    Compiling memoffset v0.7.1
[INFO] [stderr]     Checking slice-group-by v0.3.0
[INFO] [stderr]     Checking smallvec v1.10.0
[INFO] [stderr]     Checking rand_core v0.6.4
[INFO] [stderr]     Checking regalloc2 v0.5.1
[INFO] [stderr]    Compiling crossbeam-epoch v0.9.13
[INFO] [stderr]     Checking ppv-lite86 v0.2.17
[INFO] [stderr]     Checking bumpalo v3.11.1
[INFO] [stderr]     Checking arrayvec v0.7.2
[INFO] [stderr]     Checking rand_chacha v0.3.1
[INFO] [stderr]    Compiling ittapi-sys v0.3.2
[INFO] [stderr]     Checking aho-corasick v0.7.20
[INFO] [stderr]    Compiling memoffset v0.6.5
[INFO] [stderr]    Compiling paste v1.0.10
[INFO] [stderr]     Checking either v1.8.0
[INFO] [stderr]    Compiling zstd-safe v5.0.2+zstd.1.5.2
[INFO] [stderr]     Checking regex-syntax v0.6.28
[INFO] [stderr]     Checking rand v0.8.5
[INFO] [stderr]     Checking crypto-common v0.1.6
[INFO] [stderr]     Checking block-buffer v0.10.3
[INFO] [stderr]    Compiling wasmtime-runtime v5.0.0
[INFO] [stderr]     Checking atty v0.2.14
[INFO] [stderr]     Checking wasmtime-asm-macros v5.0.0
[INFO] [stderr]    Compiling unicode-segmentation v1.10.0
[INFO] [stderr]     Checking leb128 v0.2.5
[INFO] [stderr]    Compiling rayon-core v1.10.1
[INFO] [stderr]    Compiling cpp_demangle v0.3.5
[INFO] [stderr]     Checking termcolor v1.1.3
[INFO] [stderr]     Checking humantime v2.1.0
[INFO] [stderr]     Checking regex v1.7.0
[INFO] [stderr]    Compiling heck v0.3.3
[INFO] [stderr]     Checking wasm-encoder v0.20.0
[INFO] [stderr]    Compiling cranelift-codegen v0.92.0
[INFO] [stderr]     Checking digest v0.10.6
[INFO] [stderr]     Checking crossbeam-deque v0.8.2
[INFO] [stderr]     Checking memfd v0.6.2
[INFO] [stderr]     Checking itertools v0.10.5
[INFO] [stderr]     Checking env_logger v0.9.3
[INFO] [stderr]     Checking crossbeam-channel v0.5.6
[INFO] [stderr]    Compiling psm v0.1.21
[INFO] [stderr]    Compiling cmake v0.1.49
[INFO] [stderr]    Compiling thiserror-impl v1.0.37
[INFO] [stderr]     Checking dirs-sys-next v0.1.2
[INFO] [stderr]     Checking num_cpus v1.14.0
[INFO] [stderr]    Compiling async-trait v0.1.59
[INFO] [stderr]    Compiling wasmtime-cache v5.0.0
[INFO] [stderr]     Checking unicode-width v0.1.10
[INFO] [stderr]     Checking cpufeatures v0.2.5
[INFO] [stderr]     Checking sha2 v0.10.6
[INFO] [stderr]     Checking wast v50.0.0
[INFO] [stderr]     Checking directories-next v2.0.0
[INFO] [stderr]     Checking file-per-thread-logger v0.1.5
[INFO] [stderr]     Checking wasmtime-jit-icache-coherence v5.0.0
[INFO] [stderr]     Checking rustc-demangle v0.1.21
[INFO] [stderr]    Compiling wasmtime v5.0.0
[INFO] [stderr]     Checking base64 v0.13.1
[INFO] [stderr]     Checking rayon v1.6.1
[INFO] [stderr]     Checking bytes v1.3.0
[INFO] [stderr]     Checking combine v4.6.6
[INFO] [stderr]     Checking uuid v1.3.0
[INFO] [stderr]     Checking ittapi v0.3.2
[INFO] [stderr]    Compiling binaryen-sys v0.12.0
[INFO] [stderr]     Checking wat v1.0.52
[INFO] [stderr]     Checking cranelift-entity v0.92.0
[INFO] [stderr]     Checking gimli v0.26.2
[INFO] [stderr]     Checking wasmparser v0.96.0
[INFO] [stderr]     Checking wasmtime-types v5.0.0
[INFO] [stderr]     Checking cranelift-bforest v0.92.0
[INFO] [stderr]     Checking object v0.29.0
[INFO] [stderr]     Checking bincode v1.3.3
[INFO] [stderr]     Checking zstd v0.11.2+zstd.1.5.2
[INFO] [stderr]     Checking addr2line v0.17.0
[INFO] [stderr]     Checking toml v0.5.10
[INFO] [stderr]     Checking wasmtime-environ v5.0.0
[INFO] [stderr]     Checking wasmtime-jit-debug v5.0.0
[INFO] [stderr]     Checking wasmtime-jit v5.0.0
[INFO] [stderr] The following warnings were emitted during compilation:
[INFO] [stderr] 
[INFO] [stderr] warning: cranelift-codegen@0.92.0: Failed to run `rustfmt` on ISLE-generated code: Os { code: 32, kind: BrokenPipe, message: "Broken pipe" }
[INFO] [stderr] warning: cranelift-codegen@0.92.0: Failed to run `rustfmt` on ISLE-generated code: Os { code: 32, kind: BrokenPipe, message: "Broken pipe" }
[INFO] [stderr] warning: cranelift-codegen@0.92.0: Failed to run `rustfmt` on ISLE-generated code: Os { code: 32, kind: BrokenPipe, message: "Broken pipe" }
[INFO] [stderr] warning: cranelift-codegen@0.92.0: Failed to run `rustfmt` on ISLE-generated code: Os { code: 32, kind: BrokenPipe, message: "Broken pipe" }
[INFO] [stderr] warning: cranelift-codegen@0.92.0: Failed to run `rustfmt` on ISLE-generated code: Os { code: 32, kind: BrokenPipe, message: "Broken pipe" }
[INFO] [stderr] 
[INFO] [stderr] error: could not compile `cranelift-codegen` (lib)
[INFO] [stderr] 
[INFO] [stderr] Caused by:
[INFO] [stderr]   process didn't exit successfully: `/opt/rustwide/rustup-home/toolchains/beta-2023-12-22-x86_64-unknown-linux-gnu/bin/rustc --crate-name cranelift_codegen --edition=2021 /opt/rustwide/cargo-home/registry/src/index.crates.io-6f17d22bba15001f/cranelift-codegen-0.92.0/src/lib.rs --error-format=json --json=diagnostic-rendered-ansi,artifacts,future-incompat --crate-type lib --emit=dep-info,metadata -C embed-bitcode=no -C debuginfo=2 --cfg 'feature="default"' --cfg 'feature="gimli"' --cfg 'feature="std"' --cfg 'feature="trace-log"' --cfg 'feature="unwind"' -C metadata=728b0972c4ba81bf -C extra-filename=-728b0972c4ba81bf --out-dir /opt/rustwide/target/debug/deps -L dependency=/opt/rustwide/target/debug/deps --extern arrayvec=/opt/rustwide/target/debug/deps/libarrayvec-befa2d3795527ab9.rmeta --extern bumpalo=/opt/rustwide/target/debug/deps/libbumpalo-d45e85ec3d7ef5bb.rmeta --extern cranelift_bforest=/opt/rustwide/target/debug/deps/libcranelift_bforest-c2143e0a90ef5278.rmeta --extern cranelift_codegen_shared=/opt/rustwide/target/debug/deps/libcranelift_codegen_shared-7de8241efd692dfb.rmeta --extern cranelift_entity=/opt/rustwide/target/debug/deps/libcranelift_entity-e2ff4c91dea98ff5.rmeta --extern gimli=/opt/rustwide/target/debug/deps/libgimli-7a4f6eacadb0d8f3.rmeta --extern hashbrown=/opt/rustwide/target/debug/deps/libhashbrown-701041d3883f671c.rmeta --extern log=/opt/rustwide/target/debug/deps/liblog-50d361c8d69d49a5.rmeta --extern regalloc2=/opt/rustwide/target/debug/deps/libregalloc2-c1143ef7dc5f70d6.rmeta --extern smallvec=/opt/rustwide/target/debug/deps/libsmallvec-3ace1cf3bd5c641a.rmeta --extern target_lexicon=/opt/rustwide/target/debug/deps/libtarget_lexicon-b0d11e73bac1de4f.rmeta --cap-lints allow --cap-lints=warn --cfg 'feature="x86"'` (signal: 9, SIGKILL: kill)
[INFO] [stderr] warning: build failed, waiting for other jobs to finish...
[INFO] [stderr] error: failed to run custom build command for `binaryen-sys v0.12.0`
[INFO] [stderr] note: To improve backtraces for build dependencies, set the CARGO_PROFILE_DEV_BUILD_OVERRIDE_DEBUG=true environment variable to enable debug information generation.
[INFO] [stderr] 
[INFO] [stderr] Caused by:
[INFO] [stderr]   process didn't exit successfully: `/opt/rustwide/target/debug/build/binaryen-sys-47cc2a5db603b382/build-script-build` (exit status: 101)
[INFO] [stderr]   --- stdout
[INFO] [stderr]   CMAKE_TOOLCHAIN_FILE_x86_64-unknown-linux-gnu = None
[INFO] [stderr]   CMAKE_TOOLCHAIN_FILE_x86_64_unknown_linux_gnu = None
[INFO] [stderr]   HOST_CMAKE_TOOLCHAIN_FILE = None
[INFO] [stderr]   CMAKE_TOOLCHAIN_FILE = None
[INFO] [stderr]   CMAKE_GENERATOR_x86_64-unknown-linux-gnu = None
[INFO] [stderr]   CMAKE_GENERATOR_x86_64_unknown_linux_gnu = None
[INFO] [stderr]   HOST_CMAKE_GENERATOR = None
[INFO] [stderr]   CMAKE_GENERATOR = None
[INFO] [stderr]   CMAKE_PREFIX_PATH_x86_64-unknown-linux-gnu = None
[INFO] [stderr]   CMAKE_PREFIX_PATH_x86_64_unknown_linux_gnu = None
[INFO] [stderr]   HOST_CMAKE_PREFIX_PATH = None
[INFO] [stderr]   CMAKE_PREFIX_PATH = None
[INFO] [stderr]   CMAKE_x86_64-unknown-linux-gnu = None
[INFO] [stderr]   CMAKE_x86_64_unknown_linux_gnu = None
[INFO] [stderr]   HOST_CMAKE = None
[INFO] [stderr]   CMAKE = None
[INFO] [stderr]   running: cd "/opt/rustwide/target/debug/build/binaryen-sys-ec811ab51f5d95aa/out/build" && CMAKE_PREFIX_PATH="" "cmake" "/opt/rustwide/cargo-home/registry/src/index.crates.io-6f17d22bba15001f/binaryen-sys-0.12.0/binaryen" "-DBUILD_STATIC_LIB=ON" "-DENABLE_WERROR=OFF" "-DCMAKE_INSTALL_PREFIX=/opt/rustwide/target/debug/build/binaryen-sys-ec811ab51f5d95aa/out" "-DCMAKE_C_FLAGS= -ffunction-sections -fdata-sections -fPIC -m64" "-DCMAKE_C_COMPILER=/usr/bin/cc" "-DCMAKE_CXX_FLAGS= -ffunction-sections -fdata-sections -fPIC -m64" "-DCMAKE_CXX_COMPILER=/usr/bin/c++" "-DCMAKE_ASM_FLAGS= -ffunction-sections -fdata-sections -fPIC -m64" "-DCMAKE_ASM_COMPILER=/usr/bin/cc" "-DCMAKE_BUILD_TYPE=Debug"
[INFO] [stderr]   -- The C compiler identification is GNU 11.4.0
[INFO] [stderr]   -- The CXX compiler identification is GNU 11.4.0
[INFO] [stderr]   -- Detecting C compiler ABI info
[INFO] [stderr]   -- Detecting C compiler ABI info - done
[INFO] [stderr]   -- Check for working C compiler: /usr/bin/cc - skipped
[INFO] [stderr]   -- Detecting C compile features
[INFO] [stderr]   -- Detecting C compile features - done
[INFO] [stderr]   -- Detecting CXX compiler ABI info
[INFO] [stderr]   -- Detecting CXX compiler ABI info - done
[INFO] [stderr]   -- Check for working CXX compiler: /usr/bin/c++ - skipped
[INFO] [stderr]   -- Detecting CXX compile features
[INFO] [stderr]   -- Detecting CXX compile features - done
[INFO] [stderr]   -- Building with -DBUILD_LLVM_DWARF
[INFO] [stderr]   -- Looking for pthread.h
[INFO] [stderr]   -- Looking for pthread.h - found
[INFO] [stderr]   -- Performing Test CMAKE_HAVE_LIBC_PTHREAD
[INFO] [stderr]   -- Performing Test CMAKE_HAVE_LIBC_PTHREAD - Success
[INFO] [stderr]   -- Found Threads: TRUE  
[INFO] [stderr]   -- Building with -std=c++14
[INFO] [stderr]   -- Building with -Wall
[INFO] [stderr]   -- Building with -Wextra
[INFO] [stderr]   -- Building with -Wno-unused-parameter
[INFO] [stderr]   -- Building with -fno-omit-frame-pointer
[INFO] [stderr]   -- Building with -Wno-implicit-int-float-conversion
[INFO] [stderr]   -- Building with -Wno-unknown-warning-option
[INFO] [stderr]   -- Building with -Wswitch
[INFO] [stderr]   -- Building with -fPIC
[INFO] [stderr]   -- Building with -O0
[INFO] [stderr]   -- Building with -g3
[INFO] [stderr]   -- Found PythonInterp: /usr/bin/python3 (found suitable version "3.10.12", minimum required is "3.5") 
[INFO] [stderr]   -- Building libbinaryen as statically linked library.
[INFO] [stderr]   -- Configuring done
[INFO] [stderr]   -- Generating done
[INFO] [stderr]   -- Build files have been written to: /opt/rustwide/target/debug/build/binaryen-sys-ec811ab51f5d95aa/out/build
[INFO] [stderr]   running: cd "/opt/rustwide/target/debug/build/binaryen-sys-ec811ab51f5d95aa/out/build" && MAKEFLAGS="-j --jobserver-fds=7,8 --jobserver-auth=7,8" "cmake" "--build" "." "--target" "install" "--config" "Debug"
[INFO] [stderr]   [  1%] Building CXX object src/asmjs/CMakeFiles/asmjs.dir/asm_v_wasm.cpp.o
[INFO] [stderr]   [  1%] Building CXX object src/ir/CMakeFiles/ir.dir/ExpressionAnalyzer.cpp.o
[INFO] [stderr]   [  1%] Building CXX object third_party/llvm-project/CMakeFiles/llvm_dwarf.dir/Binary.cpp.o
[INFO] [stderr]   [  1%] Building CXX object src/ir/CMakeFiles/ir.dir/ExpressionManipulator.cpp.o
[INFO] [stderr]   [  2%] Building CXX object src/ir/CMakeFiles/ir.dir/LocalGraph.cpp.o
[INFO] [stderr]   [  3%] Building CXX object src/cfg/CMakeFiles/cfg.dir/Relooper.cpp.o
[INFO] [stderr]   [  4%] Building CXX object third_party/llvm-project/CMakeFiles/llvm_dwarf.dir/ConvertUTF.cpp.o
[INFO] [stderr]   [  5%] Building CXX object src/asmjs/CMakeFiles/asmjs.dir/asmangle.cpp.o
[INFO] [stderr]   [  5%] Building CXX object third_party/llvm-project/CMakeFiles/llvm_dwarf.dir/DataExtractor.cpp.o
[INFO] [stderr]   [  5%] Building CXX object src/asmjs/CMakeFiles/asmjs.dir/shared-constants.cpp.o
[INFO] [stderr]   [  6%] Building CXX object third_party/llvm-project/CMakeFiles/llvm_dwarf.dir/Debug.cpp.o
[INFO] [stderr]   [  6%] Built target asmjs
[INFO] [stderr]   [  6%] Building CXX object third_party/llvm-project/CMakeFiles/llvm_dwarf.dir/DJB.cpp.o
[INFO] [stderr]   [  6%] Building CXX object src/emscripten-optimizer/CMakeFiles/emscripten-optimizer.dir/optimizer-shared.cpp.o
[INFO] [stderr]   [  7%] Building CXX object third_party/llvm-project/CMakeFiles/llvm_dwarf.dir/Dwarf.cpp.o
[INFO] [stderr]   [  7%] Building CXX object src/ir/CMakeFiles/ir.dir/ReFinalize.cpp.o
[INFO] [stderr]   [  7%] Building CXX object third_party/llvm-project/CMakeFiles/llvm_dwarf.dir/dwarf2yaml.cpp.o
[INFO] [stderr]   [  8%] Building CXX object third_party/llvm-project/CMakeFiles/llvm_dwarf.dir/DWARFAbbreviationDeclaration.cpp.o
[INFO] [stderr]   [  9%] Building CXX object src/emscripten-optimizer/CMakeFiles/emscripten-optimizer.dir/parser.cpp.o
[INFO] [stderr]   [ 10%] Building CXX object src/ir/CMakeFiles/ir.dir/stack-utils.cpp.o
[INFO] [stderr]   [ 10%] Building CXX object src/emscripten-optimizer/CMakeFiles/emscripten-optimizer.dir/simple_ast.cpp.o
[INFO] [stderr]   [ 10%] Built target cfg
[INFO] [stderr]   [ 10%] Generating WasmIntrinsics.cpp
[INFO] [stderr]   [ 11%] Building CXX object third_party/llvm-project/CMakeFiles/llvm_dwarf.dir/DWARFAcceleratorTable.cpp.o
[INFO] [stderr]   [ 12%] Building CXX object src/passes/CMakeFiles/passes.dir/pass.cpp.o
[INFO] [stderr]   [ 12%] Built target emscripten-optimizer
[INFO] [stderr]   [ 13%] Building CXX object src/support/CMakeFiles/support.dir/archive.cpp.o
[INFO] [stderr]   [ 13%] Built target ir
[INFO] [stderr]   [ 13%] Building CXX object src/support/CMakeFiles/support.dir/bits.cpp.o
[INFO] [stderr]   [ 14%] Building CXX object src/wasm/CMakeFiles/wasm.dir/literal.cpp.o
[INFO] [stderr]   [ 14%] Building CXX object third_party/llvm-project/CMakeFiles/llvm_dwarf.dir/DWARFAddressRange.cpp.o
[INFO] [stderr]   [ 15%] Building CXX object third_party/llvm-project/CMakeFiles/llvm_dwarf.dir/DWARFCompileUnit.cpp.o
[INFO] [stderr]   [ 16%] Building CXX object src/support/CMakeFiles/support.dir/colors.cpp.o
[INFO] [stderr]   [ 16%] Building CXX object src/support/CMakeFiles/support.dir/command-line.cpp.o
[INFO] [stderr]   [ 16%] Building CXX object third_party/llvm-project/CMakeFiles/llvm_dwarf.dir/DWARFContext.cpp.o
[INFO] [stderr]   [ 17%] Building CXX object third_party/llvm-project/CMakeFiles/llvm_dwarf.dir/DWARFDataExtractor.cpp.o
[INFO] [stderr]   [ 18%] Building CXX object src/support/CMakeFiles/support.dir/debug.cpp.o
[INFO] [stderr]   [ 18%] Building CXX object src/support/CMakeFiles/support.dir/file.cpp.o
[INFO] [stderr]   [ 19%] Building CXX object src/support/CMakeFiles/support.dir/path.cpp.o
[INFO] [stderr]   [ 19%] Building CXX object third_party/llvm-project/CMakeFiles/llvm_dwarf.dir/DWARFDebugAbbrev.cpp.o
[INFO] [stderr]   [ 19%] Building CXX object src/support/CMakeFiles/support.dir/safe_integer.cpp.o
[INFO] [stderr]   [ 20%] Building CXX object third_party/llvm-project/CMakeFiles/llvm_dwarf.dir/DWARFDebugAddr.cpp.o
[INFO] [stderr]   [ 21%] Building CXX object src/support/CMakeFiles/support.dir/threads.cpp.o
[INFO] [stderr]   [ 21%] Building CXX object third_party/llvm-project/CMakeFiles/llvm_dwarf.dir/DWARFDebugAranges.cpp.o
[INFO] [stderr]   [ 21%] Building CXX object src/support/CMakeFiles/support.dir/utilities.cpp.o
[INFO] [stderr]   [ 21%] Building CXX object src/wasm/CMakeFiles/wasm.dir/wasm.cpp.o
[INFO] [stderr]   [ 22%] Building CXX object third_party/llvm-project/CMakeFiles/llvm_dwarf.dir/DWARFDebugArangeSet.cpp.o
[INFO] [stderr]   [ 22%] Built target support
[INFO] [stderr]   [ 22%] Building CXX object third_party/llvm-project/CMakeFiles/llvm_dwarf.dir/DWARFDebugFrame.cpp.o
[INFO] [stderr]   [ 23%] Building CXX object third_party/llvm-project/CMakeFiles/llvm_dwarf.dir/DWARFDebugInfoEntry.cpp.o
[INFO] [stderr]   [ 23%] Building CXX object third_party/llvm-project/CMakeFiles/llvm_dwarf.dir/DWARFDebugLine.cpp.o
[INFO] [stderr]   [ 24%] Building CXX object third_party/llvm-project/CMakeFiles/llvm_dwarf.dir/DWARFDebugLoc.cpp.o
[INFO] [stderr]   [ 25%] Building CXX object src/wasm/CMakeFiles/wasm.dir/wasm-binary.cpp.o
[INFO] [stderr]   [ 25%] Building CXX object src/wasm/CMakeFiles/wasm.dir/wasm-debug.cpp.o
[INFO] [stderr]   [ 26%] Building CXX object src/wasm/CMakeFiles/wasm.dir/wasm-emscripten.cpp.o
[INFO] [stderr]   [ 26%] Building CXX object src/wasm/CMakeFiles/wasm.dir/wasm-interpreter.cpp.o
[INFO] [stderr]   [ 27%] Building CXX object src/wasm/CMakeFiles/wasm.dir/wasm-io.cpp.o
[INFO] [stderr] 
[INFO] [stderr]   --- stderr
[INFO] [stderr]   fatal: not a git repository (or any parent up to mount point /opt/rustwide)
[INFO] [stderr]   Stopping at filesystem boundary (GIT_DISCOVERY_ACROSS_FILESYSTEM not set).
[INFO] [stderr]   CMake Warning:
[INFO] [stderr]     Manually-specified variables were not used by the project:
[INFO] [stderr] 
[INFO] [stderr]       CMAKE_ASM_COMPILER
[INFO] [stderr]       CMAKE_ASM_FLAGS
[INFO] [stderr] 
[INFO] [stderr] 
[INFO] [stderr]   c++: fatal error: Killed signal terminated program cc1plus
[INFO] [stderr]   compilation terminated.
[INFO] [stderr]   gmake[2]: *** [src/passes/CMakeFiles/passes.dir/build.make:81: src/passes/CMakeFiles/passes.dir/pass.cpp.o] Error 1
[INFO] [stderr]   gmake[1]: *** [CMakeFiles/Makefile2:630: src/passes/CMakeFiles/passes.dir/all] Error 2
[INFO] [stderr]   gmake[1]: *** Waiting for unfinished jobs....
[INFO] [stderr]   c++: fatal error: Killed signal terminated program cc1plus
[INFO] [stderr]   compilation terminated.
[INFO] [stderr]   gmake[2]: *** [third_party/llvm-project/CMakeFiles/llvm_dwarf.dir/build.make:230: third_party/llvm-project/CMakeFiles/llvm_dwarf.dir/DWARFContext.cpp.o] Error 1
[INFO] [stderr]   gmake[2]: *** Waiting for unfinished jobs....
[INFO] [stderr]   c++: fatal error: Killed signal terminated program cc1plus
[INFO] [stderr]   compilation terminated.
[INFO] [stderr]   gmake[2]: *** [src/wasm/CMakeFiles/wasm.dir/build.make:90: src/wasm/CMakeFiles/wasm.dir/wasm.cpp.o] Error 1
[INFO] [stderr]   gmake[2]: *** Waiting for unfinished jobs....
[INFO] [stderr]   c++: fatal error: Killed signal terminated program cc1plus
[INFO] [stderr]   compilation terminated.
[INFO] [stderr]   gmake[2]: *** [third_party/llvm-project/CMakeFiles/llvm_dwarf.dir/build.make:342: third_party/llvm-project/CMakeFiles/llvm_dwarf.dir/DWARFDebugLine.cpp.o] Error 1
[INFO] [stderr]   c++: fatal error: Killed signal terminated program cc1plus
[INFO] [stderr]   compilation terminated.
[INFO] [stderr]   gmake[2]: *** [third_party/llvm-project/CMakeFiles/llvm_dwarf.dir/build.make:356: third_party/llvm-project/CMakeFiles/llvm_dwarf.dir/DWARFDebugLoc.cpp.o] Error 1
[INFO] [stderr]   gmake[1]: *** [CMakeFiles/Makefile2:708: third_party/llvm-project/CMakeFiles/llvm_dwarf.dir/all] Error 2
[INFO] [stderr]   c++: fatal error: Killed signal terminated program cc1plus
[INFO] [stderr]   compilation terminated.
[INFO] [stderr]   gmake[2]: *** [src/wasm/CMakeFiles/wasm.dir/build.make:104: src/wasm/CMakeFiles/wasm.dir/wasm-binary.cpp.o] Error 1
[INFO] [stderr]   gmake[1]: *** [CMakeFiles/Makefile2:682: src/wasm/CMakeFiles/wasm.dir/all] Error 2
[INFO] [stderr]   gmake: *** [Makefile:136: all] Error 2
[INFO] [stderr]   thread 'main' panicked at /opt/rustwide/cargo-home/registry/src/index.crates.io-6f17d22bba15001f/cmake-0.1.49/src/lib.rs:1104:5:
[INFO] [stderr] 
[INFO] [stderr]   command did not execute successfully, got: exit status: 2
[INFO] [stderr] 
[INFO] [stderr]   build script failed, must exit now
[INFO] [stderr]   stack backtrace:
[INFO] [stderr]      0:     0x5573c22c08b6 - std::backtrace_rs::backtrace::libunwind::trace::h261606ad26a499c1
[INFO] [stderr]                                  at /rustc/0e09125c6c3c2fd70d7de961bcf0e51575235fad/library/std/src/../../backtrace/src/backtrace/libunwind.rs:104:5
[INFO] [stderr]      1:     0x5573c22c08b6 - std::backtrace_rs::backtrace::trace_unsynchronized::hd183f0625477fb28
[INFO] [stderr]                                  at /rustc/0e09125c6c3c2fd70d7de961bcf0e51575235fad/library/std/src/../../backtrace/src/backtrace/mod.rs:66:5
[INFO] [stderr]      2:     0x5573c22c08b6 - std::sys_common::backtrace::_print_fmt::hd7f8fef21b4eda67
[INFO] [stderr]                                  at /rustc/0e09125c6c3c2fd70d7de961bcf0e51575235fad/library/std/src/sys_common/backtrace.rs:68:5
[INFO] [stderr]      3:     0x5573c22c08b6 - <std::sys_common::backtrace::_print::DisplayBacktrace as core::fmt::Display>::fmt::h623d9b51f2f453f1
[INFO] [stderr]                                  at /rustc/0e09125c6c3c2fd70d7de961bcf0e51575235fad/library/std/src/sys_common/backtrace.rs:44:22
[INFO] [stderr]      4:     0x5573c22e7ff0 - core::fmt::rt::Argument::fmt::h9f417ac76a86f368
[INFO] [stderr]                                  at /rustc/0e09125c6c3c2fd70d7de961bcf0e51575235fad/library/core/src/fmt/rt.rs:142:9
[INFO] [stderr]      5:     0x5573c22e7ff0 - core::fmt::write::hc9b6faf4ac2aeff7
[INFO] [stderr]                                  at /rustc/0e09125c6c3c2fd70d7de961bcf0e51575235fad/library/core/src/fmt/mod.rs:1120:17
[INFO] [stderr]      6:     0x5573c22bd9df - std::io::Write::write_fmt::hfead1eee52c2e65e
[INFO] [stderr]                                  at /rustc/0e09125c6c3c2fd70d7de961bcf0e51575235fad/library/std/src/io/mod.rs:1810:15
[INFO] [stderr]      7:     0x5573c22c0694 - std::sys_common::backtrace::_print::hd5d66399c7df88a2
[INFO] [stderr]                                  at /rustc/0e09125c6c3c2fd70d7de961bcf0e51575235fad/library/std/src/sys_common/backtrace.rs:47:5
[INFO] [stderr]      8:     0x5573c22c0694 - std::sys_common::backtrace::print::he81ed2da642d37e5
[INFO] [stderr]                                  at /rustc/0e09125c6c3c2fd70d7de961bcf0e51575235fad/library/std/src/sys_common/backtrace.rs:34:9
[INFO] [stderr]      9:     0x5573c22c25c7 - std::panicking::default_hook::{{closure}}::h85773f4fa117163d
[INFO] [stderr]     10:     0x5573c22c2329 - std::panicking::default_hook::h6a1694a91d09b278
[INFO] [stderr]                                  at /rustc/0e09125c6c3c2fd70d7de961bcf0e51575235fad/library/std/src/panicking.rs:292:9
[INFO] [stderr]     11:     0x5573c22c2a58 - std::panicking::rust_panic_with_hook::h0a7ad96e90f7145b
[INFO] [stderr]                                  at /rustc/0e09125c6c3c2fd70d7de961bcf0e51575235fad/library/std/src/panicking.rs:779:13
[INFO] [stderr]     12:     0x5573c22c2932 - std::panicking::begin_panic_handler::{{closure}}::h7919090525c6485e
[INFO] [stderr]                                  at /rustc/0e09125c6c3c2fd70d7de961bcf0e51575235fad/library/std/src/panicking.rs:657:13
[INFO] [stderr]     13:     0x5573c22c0db6 - std::sys_common::backtrace::__rust_end_short_backtrace::hf3289479464f7dfe
[INFO] [stderr]                                  at /rustc/0e09125c6c3c2fd70d7de961bcf0e51575235fad/library/std/src/sys_common/backtrace.rs:171:18
[INFO] [stderr]     14:     0x5573c22c2690 - rust_begin_unwind
[INFO] [stderr]                                  at /rustc/0e09125c6c3c2fd70d7de961bcf0e51575235fad/library/std/src/panicking.rs:645:5
[INFO] [stderr]     15:     0x5573c20e5d75 - core::panicking::panic_fmt::hcc9f77c5c132af55
[INFO] [stderr]                                  at /rustc/0e09125c6c3c2fd70d7de961bcf0e51575235fad/library/core/src/panicking.rs:72:14
[INFO] [stderr]     16:     0x5573c223e0c1 - cmake::fail::h14bd34662f437734
[INFO] [stderr]     17:     0x5573c223d857 - cmake::run::h5e47781507f5234f
[INFO] [stderr]     18:     0x5573c223a14a - cmake::Config::build::habfd4f957569f63d
[INFO] [stderr]     19:     0x5573c20ed70c - build_script_build::main::h11df9cd29b5f51b3
[INFO] [stderr]     20:     0x5573c20e6db3 - core::ops::function::FnOnce::call_once::h8d6e7e7ea4ac7cd6
[INFO] [stderr]     21:     0x5573c20e6866 - std::sys_common::backtrace::__rust_begin_short_backtrace::hfeb3d36d33486649
[INFO] [stderr]     22:     0x5573c20e6ad9 - std::rt::lang_start::{{closure}}::haae7d14e9b41fb44
[INFO] [stderr]     23:     0x5573c22b8c81 - core::ops::function::impls::<impl core::ops::function::FnOnce<A> for &F>::call_once::h4eb4c5e1620f29b0
[INFO] [stderr]                                  at /rustc/0e09125c6c3c2fd70d7de961bcf0e51575235fad/library/core/src/ops/function.rs:284:13
[INFO] [stderr]     24:     0x5573c22b8c81 - std::panicking::try::do_call::h73fd26535faffcdf
[INFO] [stderr]                                  at /rustc/0e09125c6c3c2fd70d7de961bcf0e51575235fad/library/std/src/panicking.rs:552:40
[INFO] [stderr]     25:     0x5573c22b8c81 - std::panicking::try::h77ff1d98f0fb9f39
[INFO] [stderr]                                  at /rustc/0e09125c6c3c2fd70d7de961bcf0e51575235fad/library/std/src/panicking.rs:516:19
[INFO] [stderr]     26:     0x5573c22b8c81 - std::panic::catch_unwind::hab3caf2448b95e37
[INFO] [stderr]                                  at /rustc/0e09125c6c3c2fd70d7de961bcf0e51575235fad/library/std/src/panic.rs:142:14
[INFO] [stderr]     27:     0x5573c22b8c81 - std::rt::lang_start_internal::{{closure}}::h8086711f9c783f78
[INFO] [stderr]                                  at /rustc/0e09125c6c3c2fd70d7de961bcf0e51575235fad/library/std/src/rt.rs:148:48
[INFO] [stderr]     28:     0x5573c22b8c81 - std::panicking::try::do_call::hf920d4dc291cd6ca
[INFO] [stderr]                                  at /rustc/0e09125c6c3c2fd70d7de961bcf0e51575235fad/library/std/src/panicking.rs:552:40
[INFO] [stderr]     29:     0x5573c22b8c81 - std::panicking::try::h2b806ccc0a85db74
[INFO] [stderr]                                  at /rustc/0e09125c6c3c2fd70d7de961bcf0e51575235fad/library/std/src/panicking.rs:516:19
[INFO] [stderr]     30:     0x5573c22b8c81 - std::panic::catch_unwind::h038489539c507df2
[INFO] [stderr]                                  at /rustc/0e09125c6c3c2fd70d7de961bcf0e51575235fad/library/std/src/panic.rs:142:14
[INFO] [stderr]     31:     0x5573c22b8c81 - std::rt::lang_start_internal::h28503b88912e8a5c
[INFO] [stderr]                                  at /rustc/0e09125c6c3c2fd70d7de961bcf0e51575235fad/library/std/src/rt.rs:148:20
[INFO] [stderr]     32:     0x5573c20e6ab7 - std::rt::lang_start::h23ff181676efc73c
[INFO] [stderr]     33:     0x5573c20ee205 - main
[INFO] [stderr]     34:     0x7f95b5dd3d90 - <unknown>
[INFO] [stderr]     35:     0x7f95b5dd3e40 - __libc_start_main
[INFO] [stderr]     36:     0x5573c20e6615 - _start
[INFO] [stderr]     37:                0x0 - <unknown>
[INFO] running `Command { std: "docker" "inspect" "c07e89c921b3839a55a82043d51116c25cd93e85e2a084d3d2a2233630842b6a", kill_on_drop: false }`
[INFO] running `Command { std: "docker" "rm" "-f" "c07e89c921b3839a55a82043d51116c25cd93e85e2a084d3d2a2233630842b6a", kill_on_drop: false }`
[INFO] [stdout] c07e89c921b3839a55a82043d51116c25cd93e85e2a084d3d2a2233630842b6a
