[INFO] cloning repository https://github.com/Wavebreakers/rocket-template
[INFO] running `Command { std: "git" "-c" "credential.helper=" "-c" "credential.helper=/workspace/cargo-home/bin/git-credential-null" "clone" "--bare" "https://github.com/Wavebreakers/rocket-template" "/workspace/cache/git-repos/https%3A%2F%2Fgithub.com%2FWavebreakers%2Frocket-template", kill_on_drop: false }`
[INFO] [stderr] Cloning into bare repository '/workspace/cache/git-repos/https%3A%2F%2Fgithub.com%2FWavebreakers%2Frocket-template'...
[INFO] running `Command { std: "git" "rev-parse" "HEAD", kill_on_drop: false }`
[INFO] [stdout] 474726d9f6c870800533dcb2bce5358b8d276a1e
[INFO] documenting Wavebreakers/rocket-template against 1.75.0 for beta-1.76-rustdoc-1
[INFO] running `Command { std: "git" "clone" "/workspace/cache/git-repos/https%3A%2F%2Fgithub.com%2FWavebreakers%2Frocket-template" "/workspace/builds/worker-6-tc1/source", kill_on_drop: false }`
[INFO] [stderr] Cloning into '/workspace/builds/worker-6-tc1/source'...
[INFO] [stderr] done.
[INFO] validating manifest of git repo https://github.com/Wavebreakers/rocket-template on toolchain 1.75.0
[INFO] running `Command { std: CARGO_HOME="/workspace/cargo-home" RUSTUP_HOME="/workspace/rustup-home" "/workspace/cargo-home/bin/cargo" "+1.75.0" "metadata" "--manifest-path" "Cargo.toml" "--no-deps", kill_on_drop: false }`
[INFO] started tweaking git repo https://github.com/Wavebreakers/rocket-template
[INFO] finished tweaking git repo https://github.com/Wavebreakers/rocket-template
[INFO] tweaked toml for git repo https://github.com/Wavebreakers/rocket-template written to /workspace/builds/worker-6-tc1/source/Cargo.toml
[INFO] crate git repo https://github.com/Wavebreakers/rocket-template already has a lockfile, it will not be regenerated
[INFO] running `Command { std: CARGO_HOME="/workspace/cargo-home" RUSTUP_HOME="/workspace/rustup-home" "/workspace/cargo-home/bin/cargo" "+1.75.0" "fetch" "--manifest-path" "Cargo.toml", kill_on_drop: false }`
[INFO] [stderr]     Updating crates.io index
[INFO] [stderr]  Downloading crates ...
[INFO] [stderr]   Downloaded html-escape v0.2.11
[INFO] [stderr]   Downloaded sycamore-web v0.8.0
[INFO] [stderr]   Downloaded sycamore-macro v0.8.0
[INFO] [stderr]   Downloaded anyhow v1.0.63
[INFO] [stderr]   Downloaded sycamore-router v0.8.0
[INFO] [stderr]   Downloaded sycamore-router-macro v0.8.0
[INFO] [stderr]   Downloaded sycamore-futures v0.8.0
[INFO] [stderr]   Downloaded sycamore-core v0.8.0
[INFO] [stderr]   Downloaded sycamore-reactive v0.8.0
[INFO] [stderr]   Downloaded sycamore v0.8.0
[INFO] running `Command { std: "docker" "create" "-v" "/var/lib/crater-agent-workspace/builds/worker-6-tc1/target:/opt/rustwide/target:rw,Z" "-v" "/var/lib/crater-agent-workspace/builds/worker-6-tc1/source:/opt/rustwide/workdir:ro,Z" "-v" "/var/lib/crater-agent-workspace/cargo-home:/opt/rustwide/cargo-home:ro,Z" "-v" "/var/lib/crater-agent-workspace/rustup-home:/opt/rustwide/rustup-home:ro,Z" "-e" "SOURCE_DIR=/opt/rustwide/workdir" "-e" "CARGO_TARGET_DIR=/opt/rustwide/target" "-e" "CARGO_HOME=/opt/rustwide/cargo-home" "-e" "RUSTUP_HOME=/opt/rustwide/rustup-home" "-w" "/opt/rustwide/workdir" "-m" "1610612736" "--user" "0:0" "--network" "none" "ghcr.io/rust-lang/crates-build-env/linux@sha256:2788e3201cd34a07e3172128adcd8b3090168a8e3bcc40d7c032b9dda1df7d1c" "/opt/rustwide/cargo-home/bin/cargo" "+1.75.0" "metadata" "--no-deps" "--format-version=1", kill_on_drop: false }`
[INFO] [stdout] e1caf5be15201a4b6b18038b414a812e17cbfbbd5aeb17b35c8d994fc421a647
[INFO] running `Command { std: "docker" "start" "-a" "e1caf5be15201a4b6b18038b414a812e17cbfbbd5aeb17b35c8d994fc421a647", kill_on_drop: false }`
[INFO] running `Command { std: "docker" "inspect" "e1caf5be15201a4b6b18038b414a812e17cbfbbd5aeb17b35c8d994fc421a647", kill_on_drop: false }`
[INFO] running `Command { std: "docker" "rm" "-f" "e1caf5be15201a4b6b18038b414a812e17cbfbbd5aeb17b35c8d994fc421a647", kill_on_drop: false }`
[INFO] [stdout] e1caf5be15201a4b6b18038b414a812e17cbfbbd5aeb17b35c8d994fc421a647
[INFO] running `Command { std: "docker" "create" "-v" "/var/lib/crater-agent-workspace/builds/worker-6-tc1/target:/opt/rustwide/target:rw,Z" "-v" "/var/lib/crater-agent-workspace/builds/worker-6-tc1/source:/opt/rustwide/workdir:ro,Z" "-v" "/var/lib/crater-agent-workspace/cargo-home:/opt/rustwide/cargo-home:ro,Z" "-v" "/var/lib/crater-agent-workspace/rustup-home:/opt/rustwide/rustup-home:ro,Z" "-e" "SOURCE_DIR=/opt/rustwide/workdir" "-e" "CARGO_TARGET_DIR=/opt/rustwide/target" "-e" "CARGO_INCREMENTAL=0" "-e" "RUST_BACKTRACE=full" "-e" "RUSTFLAGS=--cap-lints=warn" "-e" "RUSTDOCFLAGS=--cap-lints=warn" "-e" "CARGO_HOME=/opt/rustwide/cargo-home" "-e" "RUSTUP_HOME=/opt/rustwide/rustup-home" "-w" "/opt/rustwide/workdir" "-m" "1610612736" "--user" "0:0" "--network" "none" "ghcr.io/rust-lang/crates-build-env/linux@sha256:2788e3201cd34a07e3172128adcd8b3090168a8e3bcc40d7c032b9dda1df7d1c" "/opt/rustwide/cargo-home/bin/cargo" "+1.75.0" "doc" "--frozen" "--no-deps" "--document-private-items" "--message-format=json", kill_on_drop: false }`
[INFO] [stdout] a554a96b782a7b298d76574e58abe2bd1afec1afda712ebd0860a77fa0a6fb50
[INFO] running `Command { std: "docker" "start" "-a" "a554a96b782a7b298d76574e58abe2bd1afec1afda712ebd0860a77fa0a6fb50", kill_on_drop: false }`
[INFO] [stderr]    Compiling version_check v0.9.4
[INFO] [stderr]    Compiling proc-macro2 v1.0.43
[INFO] [stderr]    Compiling quote v1.0.21
[INFO] [stderr]    Compiling unicode-ident v1.0.3
[INFO] [stderr]    Compiling syn v1.0.99
[INFO] [stderr]    Compiling libc v0.2.132
[INFO] [stderr]    Compiling autocfg v1.1.0
[INFO] [stderr]    Compiling typenum v1.15.0
[INFO] [stderr]    Compiling cfg-if v1.0.0
[INFO] [stderr]    Compiling serde_derive v1.0.144
[INFO] [stderr]    Compiling generic-array v0.14.6
[INFO] [stderr]    Compiling serde v1.0.144
[INFO] [stderr]    Compiling memchr v2.5.0
[INFO] [stderr]    Compiling log v0.4.17
[INFO] [stderr]    Compiling once_cell v1.14.0
[INFO] [stderr]     Checking itoa v1.0.3
[INFO] [stderr]    Compiling futures-channel v0.3.24
[INFO] [stderr]    Compiling futures-core v0.3.24
[INFO] [stderr]     Checking pin-project-lite v0.2.9
[INFO] [stderr]    Compiling wasm-bindgen-shared v0.2.82
[INFO] [stderr]    Compiling slab v0.4.7
[INFO] [stderr]    Compiling futures-task v0.3.24
[INFO] [stderr]     Checking futures-sink v0.3.24
[INFO] [stderr]     Checking getrandom v0.2.7
[INFO] [stderr]    Compiling bumpalo v3.11.0
[INFO] [stderr]    Compiling futures-util v0.3.24
[INFO] [stderr]     Checking bytes v1.2.1
[INFO] [stderr]    Compiling indexmap v1.9.1
[INFO] [stderr]    Compiling tokio v1.24.1
[INFO] [stderr]    Compiling proc-macro2-diagnostics v0.9.1
[INFO] [stderr]     Checking futures-io v0.3.24
[INFO] [stderr]     Checking pin-utils v0.1.0
[INFO] [stderr]    Compiling serde_json v1.0.85
[INFO] [stderr]     Checking mio v0.8.4
[INFO] [stderr]     Checking num_cpus v1.13.1
[INFO] [stderr]     Checking signal-hook-registry v1.4.0
[INFO] [stderr]     Checking socket2 v0.4.7
[INFO] [stderr]    Compiling subtle v2.4.1
[INFO] [stderr]     Checking hashbrown v0.12.3
[INFO] [stderr]     Checking ryu v1.0.11
[INFO] [stderr]    Compiling wasm-bindgen v0.2.82
[INFO] [stderr]    Compiling yansi v0.5.1
[INFO] [stderr]     Checking smallvec v1.9.0
[INFO] [stderr]    Compiling httparse v1.8.0
[INFO] [stderr]    Compiling ahash v0.7.6
[INFO] [stderr]    Compiling slotmap v1.0.6
[INFO] [stderr]    Compiling cpufeatures v0.2.4
[INFO] [stderr]    Compiling crypto-common v0.1.6
[INFO] [stderr]    Compiling block-buffer v0.10.2
[INFO] [stderr]    Compiling opaque-debug v0.3.0
[INFO] [stderr]    Compiling time-macros v0.2.4
[INFO] [stderr]    Compiling digest v0.10.3
[INFO] [stderr]    Compiling universal-hash v0.4.1
[INFO] [stderr]    Compiling cipher v0.3.0
[INFO] [stderr]     Checking tracing-core v0.1.29
[INFO] [stderr]    Compiling cookie v0.16.0
[INFO] [stderr]    Compiling ref-cast v1.0.9
[INFO] [stderr]     Checking fnv v1.0.7
[INFO] [stderr]     Checking http v0.2.8
[INFO] [stderr]    Compiling polyval v0.5.3
[INFO] [stderr]     Checking tracing v0.1.36
[INFO] [stderr]    Compiling rand_core v0.6.3
[INFO] [stderr]    Compiling ppv-lite86 v0.2.16
[INFO] [stderr]    Compiling ghash v0.4.4
[INFO] [stderr]    Compiling ctr v0.8.0
[INFO] [stderr]    Compiling rand_chacha v0.3.1
[INFO] [stderr]    Compiling aes v0.7.5
[INFO] [stderr]    Compiling hmac v0.12.1
[INFO] [stderr]    Compiling aead v0.4.3
[INFO] [stderr]    Compiling uncased v0.9.7
[INFO] [stderr]     Checking utf8-width v0.1.6
[INFO] [stderr]    Compiling num_threads v0.1.6
[INFO] [stderr]    Compiling try-lock v0.2.3
[INFO] [stderr]    Compiling bitflags v1.3.2
[INFO] [stderr]    Compiling unicode-xid v0.2.3
[INFO] [stderr]    Compiling want v0.3.0
[INFO] [stderr]    Compiling time v0.3.14
[INFO] [stderr]    Compiling http-body v0.4.5
[INFO] [stderr]     Checking html-escape v0.2.11
[INFO] [stderr]    Compiling aes-gcm v0.9.4
[INFO] [stderr]    Compiling wasm-bindgen-backend v0.2.82
[INFO] [stderr]    Compiling devise_core v0.3.1
[INFO] [stderr]    Compiling rand v0.8.5
[INFO] [stderr]    Compiling hkdf v0.12.3
[INFO] [stderr]    Compiling sha2 v0.10.5
[INFO] [stderr]    Compiling wasm-bindgen-macro-support v0.2.82
[INFO] [stderr]    Compiling lock_api v0.4.8
[INFO] [stderr]    Compiling minimal-lexical v0.2.1
[INFO] [stderr]    Compiling encoding_rs v0.8.31
[INFO] [stderr]    Compiling httpdate v1.0.2
[INFO] [stderr]    Compiling parking_lot_core v0.9.3
[INFO] [stderr]     Checking inlinable_string v0.1.15
[INFO] [stderr]    Compiling anyhow v1.0.63
[INFO] [stderr]    Compiling percent-encoding v2.1.0
[INFO] [stderr]    Compiling base64 v0.13.0
[INFO] [stderr]    Compiling tower-service v0.3.2
[INFO] [stderr]    Compiling futures v0.3.24
[INFO] [stderr]    Compiling nom v7.1.1
[INFO] [stderr]    Compiling hyper v0.14.20
[INFO] [stderr]    Compiling stable-pattern v0.1.0
[INFO] [stderr]    Compiling atomic v0.5.1
[INFO] [stderr]    Compiling multer v2.0.3
[INFO] [stderr]    Compiling figment v0.10.6
[INFO] [stderr]    Compiling unicase v2.6.0
[INFO] [stderr]    Compiling futures-macro v0.3.24
[INFO] [stderr]    Compiling tokio-macros v1.8.0
[INFO] [stderr]    Compiling wasm-bindgen-macro v0.2.82
[INFO] [stderr]    Compiling pear_codegen v0.2.3
[INFO] [stderr]    Compiling ref-cast-impl v1.0.9
[INFO] [stderr]    Compiling devise_codegen v0.3.1
[INFO] [stderr]    Compiling thiserror-impl v1.0.33
[INFO] [stderr]    Compiling sycamore-macro v0.8.0
[INFO] [stderr]    Compiling state v0.5.3
[INFO] [stderr]     Checking pear v0.2.3
[INFO] [stderr]    Compiling paste v1.0.9
[INFO] [stderr]     Checking scopeguard v1.1.0
[INFO] [stderr]    Compiling async-trait v0.1.57
[INFO] [stderr]    Compiling either v1.8.0
[INFO] [stderr]    Compiling rocket_http v0.5.0-rc.2
[INFO] [stderr]    Compiling devise v0.3.1
[INFO] [stderr]     Checking thiserror v1.0.33
[INFO] [stderr]    Compiling sycamore-router-macro v0.8.0
[INFO] [stderr]    Compiling async-stream-impl v0.3.3
[INFO] [stderr]    Compiling rocket v0.5.0-rc.2
[INFO] [stderr]    Compiling pulldown-cmark v0.9.2
[INFO] [stderr]     Checking spin v0.9.4
[INFO] [stderr]     Checking remove_dir_all v0.5.3
[INFO] [stderr]     Checking unicode-width v0.1.9
[INFO] [stderr]     Checking futures-executor v0.3.24
[INFO] [stderr]    Compiling glob v0.3.0
[INFO] [stderr]     Checking fastrand v1.8.0
[INFO] [stderr]     Checking mime v0.3.16
[INFO] [stderr]     Checking tempfile v3.3.0
[INFO] [stderr]     Checking getopts v0.2.21
[INFO] [stderr]     Checking parking_lot v0.12.1
[INFO] [stderr]     Checking async-stream v0.3.3
[INFO] [stderr]     Checking tokio-util v0.7.3
[INFO] [stderr]     Checking tokio-stream v0.1.9
[INFO] [stderr]     Checking atty v0.2.14
[INFO] [stderr]     Checking binascii v0.1.4
[INFO] [stderr]    Compiling rocket_codegen v0.5.0-rc.2
[INFO] [stderr]     Checking toml v0.5.9
[INFO] [stderr]     Checking ubyte v0.10.2
[INFO] [stderr]     Checking sycamore-reactive v0.8.0
[INFO] [stderr]     Checking h2 v0.3.14
[INFO] [stderr]     Checking sycamore-core v0.8.0
[INFO] [stderr]     Checking sycamore-futures v0.8.0
[INFO] [stderr]     Checking js-sys v0.3.59
[INFO] [stderr]     Checking console_error_panic_hook v0.1.7
[INFO] [stderr]     Checking web-sys v0.3.59
[INFO] [stderr]     Checking wasm-bindgen-futures v0.4.32
[INFO] [stderr]     Checking sycamore-web v0.8.0
[INFO] [stderr]     Checking reqwasm v0.2.1
[INFO] [stderr]     Checking console_log v0.2.0
[INFO] [stderr]     Checking sycamore v0.8.0
[INFO] [stdout] error[E0309]: the parameter type `impl AsRef<str>` may not live long enough
[INFO] [stdout]   --> /opt/rustwide/cargo-home/registry/src/index.crates.io-6f17d22bba15001f/sycamore-0.8.0/src/builder.rs:89:5
[INFO] [stdout]    |
[INFO] [stdout] 86 | pub fn tag<'a, G: GenericNode>(
[INFO] [stdout]    |            -- the parameter type `impl AsRef<str>` must be valid for the lifetime `'a` as defined here...
[INFO] [stdout] ...
[INFO] [stdout] 89 |     ElementBuilder::new(move |_| G::element_from_tag(t.as_ref()))
[INFO] [stdout]    |     ^^^^^^^^^^^^^^^^^^^ ...so that the type `impl AsRef<str>` will meet its required lifetime bounds
[INFO] [stdout]    |
[INFO] [stdout] help: consider adding an explicit lifetime bound
[INFO] [stdout]    |
[INFO] [stdout] 87 |     t: impl AsRef<str> + 'a,
[INFO] [stdout]    |                        ++++
[INFO] [stdout] 
[INFO] [stdout] 
[INFO] [stdout] error[E0309]: the parameter type `impl AsRef<str>` may not live long enough
[INFO] [stdout]   --> /opt/rustwide/cargo-home/registry/src/index.crates.io-6f17d22bba15001f/sycamore-0.8.0/src/builder.rs:89:5
[INFO] [stdout]    |
[INFO] [stdout] 86 | pub fn tag<'a, G: GenericNode>(
[INFO] [stdout]    |            -- the parameter type `impl AsRef<str>` must be valid for the lifetime `'a` as defined here...
[INFO] [stdout] ...
[INFO] [stdout] 89 |     ElementBuilder::new(move |_| G::element_from_tag(t.as_ref()))
[INFO] [stdout]    |     ^^^^^^^^^^^^^^^^^^^^^^^^^^^^^^^^^^^^^^^^^^^^^^^^^^^^^^^^^^^^^ ...so that the type `impl AsRef<str>` will meet its required lifetime bounds
[INFO] [stdout]    |
[INFO] [stdout] help: consider adding an explicit lifetime bound
[INFO] [stdout]    |
[INFO] [stdout] 87 |     t: impl AsRef<str> + 'a,
[INFO] [stdout]    |                        ++++
[INFO] [stdout] 
[INFO] [stdout] 
[INFO] [stdout] error[E0309]: the parameter type `impl ElementBuilderOrView<'a, G>` may not live long enough
[INFO] [stdout]    --> /opt/rustwide/cargo-home/registry/src/index.crates.io-6f17d22bba15001f/sycamore-0.8.0/src/builder.rs:428:9
[INFO] [stdout]     |
[INFO] [stdout] 92  | impl<'a, G: GenericNode, F: FnOnce(Scope<'a>) -> G + 'a> ElementBuilder<'a, G, F> {
[INFO] [stdout]     |      -- the parameter type `impl ElementBuilderOrView<'a, G>` must be valid for the lifetime `'a` as defined here...
[INFO] [stdout] ...
[INFO] [stdout] 428 |         self.map(|cx, el| render::insert(cx, el, c.into_view(cx), None, None, true))
[INFO] [stdout]     |         ^^^^^^^^^^^^^^^^^^^^^^^^^^^^^^^^^^^^^^^^^^^^^^^^^^^^^^^^^^^^^^^^^^^^^^^^^^^^ ...so that the type `impl ElementBuilderOrView<'a, G>` will meet its required lifetime bounds
[INFO] [stdout]     |
[INFO] [stdout] help: consider adding an explicit lifetime bound
[INFO] [stdout]     |
[INFO] [stdout] 426 |         c: impl ElementBuilderOrView<'a, G> + 'a,
[INFO] [stdout]     |                                             ++++
[INFO] [stdout] 
[INFO] [stdout] 
[INFO] [stdout] error: aborting due to 3 previous errors
[INFO] [stdout] 
[INFO] [stdout] 
[INFO] [stdout] For more information about this error, try `rustc --explain E0309`.
[INFO] [stdout] 
[INFO] [stderr] error: could not compile `sycamore` (lib) due to 4 previous errors
[INFO] [stderr] warning: build failed, waiting for other jobs to finish...
[INFO] running `Command { std: "docker" "inspect" "a554a96b782a7b298d76574e58abe2bd1afec1afda712ebd0860a77fa0a6fb50", kill_on_drop: false }`
[INFO] running `Command { std: "docker" "rm" "-f" "a554a96b782a7b298d76574e58abe2bd1afec1afda712ebd0860a77fa0a6fb50", kill_on_drop: false }`
[INFO] [stdout] a554a96b782a7b298d76574e58abe2bd1afec1afda712ebd0860a77fa0a6fb50
[INFO] documenting Wavebreakers/rocket-template against beta-2023-12-22 for beta-1.76-rustdoc-1
[INFO] running `Command { std: "git" "clone" "/workspace/cache/git-repos/https%3A%2F%2Fgithub.com%2FWavebreakers%2Frocket-template" "/workspace/builds/worker-6-tc2/source", kill_on_drop: false }`
[INFO] [stderr] Cloning into '/workspace/builds/worker-6-tc2/source'...
[INFO] [stderr] done.
[INFO] validating manifest of git repo https://github.com/Wavebreakers/rocket-template on toolchain beta-2023-12-22
[INFO] running `Command { std: CARGO_HOME="/workspace/cargo-home" RUSTUP_HOME="/workspace/rustup-home" "/workspace/cargo-home/bin/cargo" "+beta-2023-12-22" "metadata" "--manifest-path" "Cargo.toml" "--no-deps", kill_on_drop: false }`
[INFO] started tweaking git repo https://github.com/Wavebreakers/rocket-template
[INFO] finished tweaking git repo https://github.com/Wavebreakers/rocket-template
[INFO] tweaked toml for git repo https://github.com/Wavebreakers/rocket-template written to /workspace/builds/worker-6-tc2/source/Cargo.toml
[INFO] crate git repo https://github.com/Wavebreakers/rocket-template already has a lockfile, it will not be regenerated
[INFO] running `Command { std: CARGO_HOME="/workspace/cargo-home" RUSTUP_HOME="/workspace/rustup-home" "/workspace/cargo-home/bin/cargo" "+beta-2023-12-22" "fetch" "--manifest-path" "Cargo.toml", kill_on_drop: false }`
[INFO] running `Command { std: "docker" "create" "-v" "/var/lib/crater-agent-workspace/builds/worker-6-tc2/target:/opt/rustwide/target:rw,Z" "-v" "/var/lib/crater-agent-workspace/builds/worker-6-tc2/source:/opt/rustwide/workdir:ro,Z" "-v" "/var/lib/crater-agent-workspace/cargo-home:/opt/rustwide/cargo-home:ro,Z" "-v" "/var/lib/crater-agent-workspace/rustup-home:/opt/rustwide/rustup-home:ro,Z" "-e" "SOURCE_DIR=/opt/rustwide/workdir" "-e" "CARGO_TARGET_DIR=/opt/rustwide/target" "-e" "CARGO_HOME=/opt/rustwide/cargo-home" "-e" "RUSTUP_HOME=/opt/rustwide/rustup-home" "-w" "/opt/rustwide/workdir" "-m" "1610612736" "--user" "0:0" "--network" "none" "ghcr.io/rust-lang/crates-build-env/linux@sha256:2788e3201cd34a07e3172128adcd8b3090168a8e3bcc40d7c032b9dda1df7d1c" "/opt/rustwide/cargo-home/bin/cargo" "+beta-2023-12-22" "metadata" "--no-deps" "--format-version=1", kill_on_drop: false }`
[INFO] [stdout] 06e966578bd57550e35c6a0e413c5dc88d0c64597d9e706820d79d4b5246dcac
[INFO] running `Command { std: "docker" "start" "-a" "06e966578bd57550e35c6a0e413c5dc88d0c64597d9e706820d79d4b5246dcac", kill_on_drop: false }`
[INFO] running `Command { std: "docker" "inspect" "06e966578bd57550e35c6a0e413c5dc88d0c64597d9e706820d79d4b5246dcac", kill_on_drop: false }`
[INFO] running `Command { std: "docker" "rm" "-f" "06e966578bd57550e35c6a0e413c5dc88d0c64597d9e706820d79d4b5246dcac", kill_on_drop: false }`
[INFO] [stdout] 06e966578bd57550e35c6a0e413c5dc88d0c64597d9e706820d79d4b5246dcac
[INFO] running `Command { std: "docker" "create" "-v" "/var/lib/crater-agent-workspace/builds/worker-6-tc2/target:/opt/rustwide/target:rw,Z" "-v" "/var/lib/crater-agent-workspace/builds/worker-6-tc2/source:/opt/rustwide/workdir:ro,Z" "-v" "/var/lib/crater-agent-workspace/cargo-home:/opt/rustwide/cargo-home:ro,Z" "-v" "/var/lib/crater-agent-workspace/rustup-home:/opt/rustwide/rustup-home:ro,Z" "-e" "SOURCE_DIR=/opt/rustwide/workdir" "-e" "CARGO_TARGET_DIR=/opt/rustwide/target" "-e" "CARGO_INCREMENTAL=0" "-e" "RUST_BACKTRACE=full" "-e" "RUSTFLAGS=--cap-lints=warn" "-e" "RUSTDOCFLAGS=--cap-lints=warn" "-e" "CARGO_HOME=/opt/rustwide/cargo-home" "-e" "RUSTUP_HOME=/opt/rustwide/rustup-home" "-w" "/opt/rustwide/workdir" "-m" "1610612736" "--user" "0:0" "--network" "none" "ghcr.io/rust-lang/crates-build-env/linux@sha256:2788e3201cd34a07e3172128adcd8b3090168a8e3bcc40d7c032b9dda1df7d1c" "/opt/rustwide/cargo-home/bin/cargo" "+beta-2023-12-22" "doc" "--frozen" "--no-deps" "--document-private-items" "--message-format=json", kill_on_drop: false }`
[INFO] [stdout] c43447464ff98b40b0344ef1d4aaac392891da733a17c9e5af6f338951c5e945
[INFO] running `Command { std: "docker" "start" "-a" "c43447464ff98b40b0344ef1d4aaac392891da733a17c9e5af6f338951c5e945", kill_on_drop: false }`
[INFO] [stderr]    Compiling version_check v0.9.4
[INFO] [stderr]    Compiling proc-macro2 v1.0.43
[INFO] [stderr]    Compiling unicode-ident v1.0.3
[INFO] [stderr]    Compiling quote v1.0.21
[INFO] [stderr]    Compiling syn v1.0.99
[INFO] [stderr]    Compiling libc v0.2.132
[INFO] [stderr]    Compiling autocfg v1.1.0
[INFO] [stderr]    Compiling typenum v1.15.0
[INFO] [stderr]    Compiling cfg-if v1.0.0
[INFO] [stderr]    Compiling serde_derive v1.0.144
[INFO] [stderr]    Compiling memchr v2.5.0
[INFO] [stderr]    Compiling generic-array v0.14.6
[INFO] [stderr]    Compiling serde v1.0.144
[INFO] [stderr]    Compiling log v0.4.17
[INFO] [stderr]     Checking itoa v1.0.3
[INFO] [stderr]    Compiling once_cell v1.14.0
[INFO] [stderr]    Compiling futures-channel v0.3.24
[INFO] [stderr]    Compiling futures-core v0.3.24
[INFO] [stderr]     Checking pin-project-lite v0.2.9
[INFO] [stderr]    Compiling wasm-bindgen-shared v0.2.82
[INFO] [stderr]    Compiling slab v0.4.7
[INFO] [stderr]     Checking futures-sink v0.3.24
[INFO] [stderr]    Compiling futures-task v0.3.24
[INFO] [stderr]     Checking getrandom v0.2.7
[INFO] [stderr]    Compiling bumpalo v3.11.0
[INFO] [stderr]    Compiling futures-util v0.3.24
[INFO] [stderr]     Checking bytes v1.2.1
[INFO] [stderr]    Compiling tokio v1.24.1
[INFO] [stderr]    Compiling indexmap v1.9.1
[INFO] [stderr]    Compiling proc-macro2-diagnostics v0.9.1
[INFO] [stderr]     Checking pin-utils v0.1.0
[INFO] [stderr]     Checking futures-io v0.3.24
[INFO] [stderr]    Compiling serde_json v1.0.85
[INFO] [stderr]     Checking mio v0.8.4
[INFO] [stderr]     Checking socket2 v0.4.7
[INFO] [stderr]     Checking num_cpus v1.13.1
[INFO] [stderr]     Checking signal-hook-registry v1.4.0
[INFO] [stderr]     Checking hashbrown v0.12.3
[INFO] [stderr]    Compiling subtle v2.4.1
[INFO] [stderr]    Compiling yansi v0.5.1
[INFO] [stderr]    Compiling wasm-bindgen v0.2.82
[INFO] [stderr]     Checking ryu v1.0.11
[INFO] [stderr]     Checking smallvec v1.9.0
[INFO] [stderr]    Compiling httparse v1.8.0
[INFO] [stderr]    Compiling slotmap v1.0.6
[INFO] [stderr]    Compiling ahash v0.7.6
[INFO] [stderr]    Compiling cpufeatures v0.2.4
[INFO] [stderr]    Compiling block-buffer v0.10.2
[INFO] [stderr]    Compiling crypto-common v0.1.6
[INFO] [stderr]    Compiling time-macros v0.2.4
[INFO] [stderr]    Compiling opaque-debug v0.3.0
[INFO] [stderr]    Compiling digest v0.10.3
[INFO] [stderr]    Compiling universal-hash v0.4.1
[INFO] [stderr]    Compiling cipher v0.3.0
[INFO] [stderr]     Checking tracing-core v0.1.29
[INFO] [stderr]    Compiling cookie v0.16.0
[INFO] [stderr]    Compiling ref-cast v1.0.9
[INFO] [stderr]     Checking fnv v1.0.7
[INFO] [stderr]     Checking http v0.2.8
[INFO] [stderr]    Compiling rand_core v0.6.3
[INFO] [stderr]     Checking tracing v0.1.36
[INFO] [stderr]    Compiling polyval v0.5.3
[INFO] [stderr]    Compiling ppv-lite86 v0.2.16
[INFO] [stderr]    Compiling ghash v0.4.4
[INFO] [stderr]    Compiling ctr v0.8.0
[INFO] [stderr]    Compiling rand_chacha v0.3.1
[INFO] [stderr]    Compiling aes v0.7.5
[INFO] [stderr]    Compiling hmac v0.12.1
[INFO] [stderr]    Compiling aead v0.4.3
[INFO] [stderr]    Compiling uncased v0.9.7
[INFO] [stderr]    Compiling bitflags v1.3.2
[INFO] [stderr]    Compiling num_threads v0.1.6
[INFO] [stderr]    Compiling unicode-xid v0.2.3
[INFO] [stderr]    Compiling try-lock v0.2.3
[INFO] [stderr]     Checking utf8-width v0.1.6
[INFO] [stderr]    Compiling want v0.3.0
[INFO] [stderr]     Checking html-escape v0.2.11
[INFO] [stderr]    Compiling time v0.3.14
[INFO] [stderr]    Compiling http-body v0.4.5
[INFO] [stderr]    Compiling wasm-bindgen-backend v0.2.82
[INFO] [stderr]    Compiling aes-gcm v0.9.4
[INFO] [stderr]    Compiling devise_core v0.3.1
[INFO] [stderr]    Compiling rand v0.8.5
[INFO] [stderr]    Compiling hkdf v0.12.3
[INFO] [stderr]    Compiling sha2 v0.10.5
[INFO] [stderr]    Compiling wasm-bindgen-macro-support v0.2.82
[INFO] [stderr]    Compiling lock_api v0.4.8
[INFO] [stderr]    Compiling base64 v0.13.0
[INFO] [stderr]    Compiling inlinable_string v0.1.15
[INFO] [stderr]    Compiling anyhow v1.0.63
[INFO] [stderr]    Compiling encoding_rs v0.8.31
[INFO] [stderr]    Compiling httpdate v1.0.2
[INFO] [stderr]    Compiling percent-encoding v2.1.0
[INFO] [stderr]    Compiling tower-service v0.3.2
[INFO] [stderr]    Compiling minimal-lexical v0.2.1
[INFO] [stderr]    Compiling parking_lot_core v0.9.3
[INFO] [stderr]    Compiling futures v0.3.24
[INFO] [stderr]    Compiling nom v7.1.1
[INFO] [stderr]    Compiling hyper v0.14.20
[INFO] [stderr]    Compiling stable-pattern v0.1.0
[INFO] [stderr]    Compiling atomic v0.5.1
[INFO] [stderr]    Compiling unicase v2.6.0
[INFO] [stderr]    Compiling figment v0.10.6
[INFO] [stderr]    Compiling multer v2.0.3
[INFO] [stderr]    Compiling futures-macro v0.3.24
[INFO] [stderr]    Compiling tokio-macros v1.8.0
[INFO] [stderr]    Compiling wasm-bindgen-macro v0.2.82
[INFO] [stderr]    Compiling pear_codegen v0.2.3
[INFO] [stderr]    Compiling ref-cast-impl v1.0.9
[INFO] [stderr]    Compiling sycamore-macro v0.8.0
[INFO] [stderr]    Compiling devise_codegen v0.3.1
[INFO] [stderr]    Compiling thiserror-impl v1.0.33
[INFO] [stderr]    Compiling pear v0.2.3
[INFO] [stderr]    Compiling state v0.5.3
[INFO] [stderr]    Compiling either v1.8.0
[INFO] [stderr]    Compiling paste v1.0.9
[INFO] [stderr]    Compiling async-trait v0.1.57
[INFO] [stderr]     Checking scopeguard v1.1.0
[INFO] [stderr]    Compiling rocket_http v0.5.0-rc.2
[INFO] [stderr]    Compiling devise v0.3.1
[INFO] [stderr]    Compiling sycamore-router-macro v0.8.0
[INFO] [stderr]     Checking thiserror v1.0.33
[INFO] [stderr]    Compiling async-stream-impl v0.3.3
[INFO] [stderr]    Compiling rocket v0.5.0-rc.2
[INFO] [stderr]     Checking futures-executor v0.3.24
[INFO] [stderr]    Compiling glob v0.3.0
[INFO] [stderr]     Checking mime v0.3.16
[INFO] [stderr]    Compiling pulldown-cmark v0.9.2
[INFO] [stderr]     Checking fastrand v1.8.0
[INFO] [stderr]     Checking unicode-width v0.1.9
[INFO] [stderr]     Checking remove_dir_all v0.5.3
[INFO] [stderr]     Checking spin v0.9.4
[INFO] [stderr]     Checking tempfile v3.3.0
[INFO] [stderr]     Checking tokio-util v0.7.3
[INFO] [stderr]     Checking tokio-stream v0.1.9
[INFO] [stderr]     Checking getopts v0.2.21
[INFO] [stderr]     Checking async-stream v0.3.3
[INFO] [stderr]     Checking parking_lot v0.12.1
[INFO] [stderr]     Checking atty v0.2.14
[INFO] [stderr]     Checking binascii v0.1.4
[INFO] [stderr]    Compiling rocket_codegen v0.5.0-rc.2
[INFO] [stderr]     Checking toml v0.5.9
[INFO] [stderr]     Checking ubyte v0.10.2
[INFO] [stderr]     Checking sycamore-reactive v0.8.0
[INFO] [stderr]     Checking h2 v0.3.14
[INFO] [stderr]     Checking sycamore-core v0.8.0
[INFO] [stderr]     Checking sycamore-futures v0.8.0
[INFO] [stderr]     Checking js-sys v0.3.59
[INFO] [stderr]     Checking console_error_panic_hook v0.1.7
[INFO] [stderr]     Checking web-sys v0.3.59
[INFO] [stderr]     Checking wasm-bindgen-futures v0.4.32
[INFO] [stderr]     Checking sycamore-web v0.8.0
[INFO] [stderr]     Checking reqwasm v0.2.1
[INFO] [stderr]     Checking console_log v0.2.0
[INFO] [stderr]     Checking sycamore v0.8.0
[INFO] [stdout] error[E0309]: the parameter type `impl AsRef<str>` may not live long enough
[INFO] [stdout]   --> /opt/rustwide/cargo-home/registry/src/index.crates.io-6f17d22bba15001f/sycamore-0.8.0/src/builder.rs:89:5
[INFO] [stdout]    |
[INFO] [stdout] 86 | pub fn tag<'a, G: GenericNode>(
[INFO] [stdout]    |            -- the parameter type `impl AsRef<str>` must be valid for the lifetime `'a` as defined here...
[INFO] [stdout] ...
[INFO] [stdout] 89 |     ElementBuilder::new(move |_| G::element_from_tag(t.as_ref()))
[INFO] [stdout]    |     ^^^^^^^^^^^^^^^^^^^ ...so that the type `impl AsRef<str>` will meet its required lifetime bounds
[INFO] [stdout]    |
[INFO] [stdout] help: consider adding an explicit lifetime bound
[INFO] [stdout]    |
[INFO] [stdout] 87 |     t: impl AsRef<str> + 'a,
[INFO] [stdout]    |                        ++++
[INFO] [stdout] 
[INFO] [stdout] 
[INFO] [stdout] error[E0309]: the parameter type `impl AsRef<str>` may not live long enough
[INFO] [stdout]   --> /opt/rustwide/cargo-home/registry/src/index.crates.io-6f17d22bba15001f/sycamore-0.8.0/src/builder.rs:89:5
[INFO] [stdout]    |
[INFO] [stdout] 86 | pub fn tag<'a, G: GenericNode>(
[INFO] [stdout]    |            -- the parameter type `impl AsRef<str>` must be valid for the lifetime `'a` as defined here...
[INFO] [stdout] ...
[INFO] [stdout] 89 |     ElementBuilder::new(move |_| G::element_from_tag(t.as_ref()))
[INFO] [stdout]    |     ^^^^^^^^^^^^^^^^^^^^^^^^^^^^^^^^^^^^^^^^^^^^^^^^^^^^^^^^^^^^^ ...so that the type `impl AsRef<str>` will meet its required lifetime bounds
[INFO] [stdout]    |
[INFO] [stdout] help: consider adding an explicit lifetime bound
[INFO] [stdout]    |
[INFO] [stdout] 87 |     t: impl AsRef<str> + 'a,
[INFO] [stdout]    |                        ++++
[INFO] [stdout] 
[INFO] [stdout] 
[INFO] [stdout] error[E0309]: the parameter type `impl ElementBuilderOrView<'a, G>` may not live long enough
[INFO] [stdout]    --> /opt/rustwide/cargo-home/registry/src/index.crates.io-6f17d22bba15001f/sycamore-0.8.0/src/builder.rs:428:9
[INFO] [stdout]     |
[INFO] [stdout] 92  | impl<'a, G: GenericNode, F: FnOnce(Scope<'a>) -> G + 'a> ElementBuilder<'a, G, F> {
[INFO] [stdout]     |      -- the parameter type `impl ElementBuilderOrView<'a, G>` must be valid for the lifetime `'a` as defined here...
[INFO] [stdout] ...
[INFO] [stdout] 428 |         self.map(|cx, el| render::insert(cx, el, c.into_view(cx), None, None, true))
[INFO] [stdout]     |         ^^^^^^^^^^^^^^^^^^^^^^^^^^^^^^^^^^^^^^^^^^^^^^^^^^^^^^^^^^^^^^^^^^^^^^^^^^^^ ...so that the type `impl ElementBuilderOrView<'a, G>` will meet its required lifetime bounds
[INFO] [stdout]     |
[INFO] [stdout] help: consider adding an explicit lifetime bound
[INFO] [stdout]     |
[INFO] [stdout] 426 |         c: impl ElementBuilderOrView<'a, G> + 'a,
[INFO] [stdout]     |                                             ++++
[INFO] [stdout] 
[INFO] [stdout] 
[INFO] [stdout] error: aborting due to 3 previous errors
[INFO] [stdout] 
[INFO] [stdout] 
[INFO] [stdout] For more information about this error, try `rustc --explain E0309`.
[INFO] [stdout] 
[INFO] [stderr] error: could not compile `sycamore` (lib) due to 4 previous errors
[INFO] [stderr] warning: build failed, waiting for other jobs to finish...
[INFO] running `Command { std: "docker" "inspect" "c43447464ff98b40b0344ef1d4aaac392891da733a17c9e5af6f338951c5e945", kill_on_drop: false }`
[INFO] running `Command { std: "docker" "rm" "-f" "c43447464ff98b40b0344ef1d4aaac392891da733a17c9e5af6f338951c5e945", kill_on_drop: false }`
[INFO] [stdout] c43447464ff98b40b0344ef1d4aaac392891da733a17c9e5af6f338951c5e945
