[INFO] cloning repository https://github.com/Watfaq/PowerSession-rs
[INFO] running `Command { std: "git" "-c" "credential.helper=" "-c" "credential.helper=/workspace/cargo-home/bin/git-credential-null" "clone" "--bare" "https://github.com/Watfaq/PowerSession-rs" "/workspace/cache/git-repos/https%3A%2F%2Fgithub.com%2FWatfaq%2FPowerSession-rs", kill_on_drop: false }`
[INFO] [stderr] Cloning into bare repository '/workspace/cache/git-repos/https%3A%2F%2Fgithub.com%2FWatfaq%2FPowerSession-rs'...
[INFO] running `Command { std: "git" "rev-parse" "HEAD", kill_on_drop: false }`
[INFO] [stdout] 7ca9587a0c39f0f94d10e8269c2360769d104d1b
[INFO] documenting Watfaq/PowerSession-rs against 1.75.0 for beta-1.76-rustdoc-1
[INFO] running `Command { std: "git" "clone" "/workspace/cache/git-repos/https%3A%2F%2Fgithub.com%2FWatfaq%2FPowerSession-rs" "/workspace/builds/worker-7-tc1/source", kill_on_drop: false }`
[INFO] [stderr] Cloning into '/workspace/builds/worker-7-tc1/source'...
[INFO] [stderr] done.
[INFO] validating manifest of git repo https://github.com/Watfaq/PowerSession-rs on toolchain 1.75.0
[INFO] running `Command { std: CARGO_HOME="/workspace/cargo-home" RUSTUP_HOME="/workspace/rustup-home" "/workspace/cargo-home/bin/cargo" "+1.75.0" "metadata" "--manifest-path" "Cargo.toml" "--no-deps", kill_on_drop: false }`
[INFO] started tweaking git repo https://github.com/Watfaq/PowerSession-rs
[INFO] finished tweaking git repo https://github.com/Watfaq/PowerSession-rs
[INFO] tweaked toml for git repo https://github.com/Watfaq/PowerSession-rs written to /workspace/builds/worker-7-tc1/source/Cargo.toml
[INFO] crate git repo https://github.com/Watfaq/PowerSession-rs already has a lockfile, it will not be regenerated
[INFO] running `Command { std: CARGO_HOME="/workspace/cargo-home" RUSTUP_HOME="/workspace/rustup-home" "/workspace/cargo-home/bin/cargo" "+1.75.0" "fetch" "--manifest-path" "Cargo.toml", kill_on_drop: false }`
[INFO] [stderr]     Updating crates.io index
[INFO] [stderr]  Downloading crates ...
[INFO] [stderr]   Downloaded platform-dirs v0.3.0
[INFO] [stderr]   Downloaded windows_x86_64_msvc v0.38.0
[INFO] [stderr]   Downloaded windows_i686_msvc v0.38.0
[INFO] [stderr]   Downloaded windows_x86_64_gnu v0.38.0
[INFO] [stderr]   Downloaded windows_i686_gnu v0.38.0
[INFO] [stderr]   Downloaded windows_aarch64_msvc v0.38.0
[INFO] [stderr]   Downloaded windows v0.38.0
[INFO] running `Command { std: "docker" "create" "-v" "/var/lib/crater-agent-workspace/builds/worker-7-tc1/target:/opt/rustwide/target:rw,Z" "-v" "/var/lib/crater-agent-workspace/builds/worker-7-tc1/source:/opt/rustwide/workdir:ro,Z" "-v" "/var/lib/crater-agent-workspace/cargo-home:/opt/rustwide/cargo-home:ro,Z" "-v" "/var/lib/crater-agent-workspace/rustup-home:/opt/rustwide/rustup-home:ro,Z" "-e" "SOURCE_DIR=/opt/rustwide/workdir" "-e" "CARGO_TARGET_DIR=/opt/rustwide/target" "-e" "CARGO_HOME=/opt/rustwide/cargo-home" "-e" "RUSTUP_HOME=/opt/rustwide/rustup-home" "-w" "/opt/rustwide/workdir" "-m" "1610612736" "--user" "0:0" "--network" "none" "ghcr.io/rust-lang/crates-build-env/linux@sha256:2788e3201cd34a07e3172128adcd8b3090168a8e3bcc40d7c032b9dda1df7d1c" "/opt/rustwide/cargo-home/bin/cargo" "+1.75.0" "metadata" "--no-deps" "--format-version=1", kill_on_drop: false }`
[INFO] [stdout] ff95f0ac4298415815a2fed5f86fa881db784d618f3d5470ba939fe8e958b258
[INFO] running `Command { std: "docker" "start" "-a" "ff95f0ac4298415815a2fed5f86fa881db784d618f3d5470ba939fe8e958b258", kill_on_drop: false }`
[INFO] running `Command { std: "docker" "inspect" "ff95f0ac4298415815a2fed5f86fa881db784d618f3d5470ba939fe8e958b258", kill_on_drop: false }`
[INFO] running `Command { std: "docker" "rm" "-f" "ff95f0ac4298415815a2fed5f86fa881db784d618f3d5470ba939fe8e958b258", kill_on_drop: false }`
[INFO] [stdout] ff95f0ac4298415815a2fed5f86fa881db784d618f3d5470ba939fe8e958b258
[INFO] running `Command { std: "docker" "create" "-v" "/var/lib/crater-agent-workspace/builds/worker-7-tc1/target:/opt/rustwide/target:rw,Z" "-v" "/var/lib/crater-agent-workspace/builds/worker-7-tc1/source:/opt/rustwide/workdir:ro,Z" "-v" "/var/lib/crater-agent-workspace/cargo-home:/opt/rustwide/cargo-home:ro,Z" "-v" "/var/lib/crater-agent-workspace/rustup-home:/opt/rustwide/rustup-home:ro,Z" "-e" "SOURCE_DIR=/opt/rustwide/workdir" "-e" "CARGO_TARGET_DIR=/opt/rustwide/target" "-e" "CARGO_INCREMENTAL=0" "-e" "RUST_BACKTRACE=full" "-e" "RUSTFLAGS=--cap-lints=warn" "-e" "RUSTDOCFLAGS=--cap-lints=warn" "-e" "CARGO_HOME=/opt/rustwide/cargo-home" "-e" "RUSTUP_HOME=/opt/rustwide/rustup-home" "-w" "/opt/rustwide/workdir" "-m" "1610612736" "--user" "0:0" "--network" "none" "ghcr.io/rust-lang/crates-build-env/linux@sha256:2788e3201cd34a07e3172128adcd8b3090168a8e3bcc40d7c032b9dda1df7d1c" "/opt/rustwide/cargo-home/bin/cargo" "+1.75.0" "doc" "--frozen" "--no-deps" "--document-private-items" "--message-format=json", kill_on_drop: false }`
[INFO] [stdout] 8bb8b15be81255f895c7b2821fdb5fc70a46580045042efdb312f18c56c4cb58
[INFO] running `Command { std: "docker" "start" "-a" "8bb8b15be81255f895c7b2821fdb5fc70a46580045042efdb312f18c56c4cb58", kill_on_drop: false }`
[INFO] [stderr]    Compiling libc v0.2.147
[INFO] [stderr]    Compiling proc-macro2 v1.0.66
[INFO] [stderr]    Compiling unicode-ident v1.0.0
[INFO] [stderr]    Compiling syn v1.0.95
[INFO] [stderr]     Checking log v0.4.20
[INFO] [stderr]     Checking once_cell v1.12.0
[INFO] [stderr]    Compiling pkg-config v0.3.25
[INFO] [stderr]    Compiling memchr v2.5.0
[INFO] [stderr]    Compiling cc v1.0.73
[INFO] [stderr]     Checking pin-project-lite v0.2.9
[INFO] [stderr]    Compiling futures-core v0.3.21
[INFO] [stderr]     Checking bytes v1.1.0
[INFO] [stderr]     Checking itoa v1.0.2
[INFO] [stderr]    Compiling unicase v2.6.0
[INFO] [stderr]    Compiling indexmap v1.7.0
[INFO] [stderr]    Compiling futures-task v0.3.21
[INFO] [stderr]     Checking tracing-core v0.1.26
[INFO] [stderr]     Checking foreign-types-shared v0.1.1
[INFO] [stderr]    Compiling quote v1.0.33
[INFO] [stderr]    Compiling serde v1.0.189
[INFO] [stderr]    Compiling openssl v0.10.40
[INFO] [stderr]    Compiling futures-util v0.3.21
[INFO] [stderr]     Checking hashbrown v0.11.2
[INFO] [stderr]    Compiling syn v2.0.32
[INFO] [stderr]     Checking mio v0.8.3
[INFO] [stderr]     Checking socket2 v0.4.9
[INFO] [stderr]     Checking num_cpus v1.13.1
[INFO] [stderr]    Compiling openssl-sys v0.9.73
[INFO] [stderr]     Checking foreign-types v0.3.2
[INFO] [stderr]     Checking http v0.2.7
[INFO] [stderr]    Compiling httparse v1.8.0
[INFO] [stderr]     Checking tinyvec_macros v0.1.0
[INFO] [stderr]    Compiling native-tls v0.2.10
[INFO] [stderr]     Checking tokio v1.18.2
[INFO] [stderr]    Compiling semver-parser v0.7.0
[INFO] [stderr]     Checking futures-io v0.3.21
[INFO] [stderr]     Checking futures-sink v0.3.21
[INFO] [stderr]    Compiling futures-channel v0.3.21
[INFO] [stderr]     Checking pin-utils v0.1.0
[INFO] [stderr]     Checking slab v0.4.6
[INFO] [stderr]    Compiling semver v0.9.0
[INFO] [stderr]     Checking tinyvec v1.6.0
[INFO] [stderr]     Checking getrandom v0.2.6
[INFO] [stderr]     Checking openssl-probe v0.1.5
[INFO] [stderr]     Checking try-lock v0.2.3
[INFO] [stderr]     Checking want v0.3.0
[INFO] [stderr]    Compiling mime_guess v2.0.4
[INFO] [stderr]     Checking form_urlencoded v1.0.1
[INFO] [stderr]     Checking rand_core v0.6.3
[INFO] [stderr]    Compiling rustc_version v0.2.3
[INFO] [stderr]     Checking unicode-normalization v0.1.19
[INFO] [stderr]     Checking http-body v0.4.5
[INFO] [stderr]     Checking atty v0.2.14
[INFO] [stderr]    Compiling encoding_rs v0.8.31
[INFO] [stderr]     Checking ppv-lite86 v0.2.16
[INFO] [stderr]     Checking tower-service v0.3.1
[INFO] [stderr]     Checking unicode-bidi v0.3.8
[INFO] [stderr]     Checking httpdate v1.0.2
[INFO] [stderr]     Checking rand_chacha v0.3.1
[INFO] [stderr]     Checking idna v0.2.3
[INFO] [stderr]    Compiling rustc_version_runtime v0.2.1
[INFO] [stderr]     Checking dirs-sys-next v0.1.2
[INFO] [stderr]     Checking os_str_bytes v6.1.0
[INFO] [stderr]     Checking mime v0.3.16
[INFO] [stderr]    Compiling serde_json v1.0.108
[INFO] [stderr]     Checking clap_lex v0.2.2
[INFO] [stderr]     Checking dirs-next v1.0.2
[INFO] [stderr]     Checking url v2.2.2
[INFO] [stderr]     Checking rand v0.8.5
[INFO] [stderr]    Compiling serde_derive v1.0.189
[INFO] [stderr]    Compiling uuid-macro-internal v1.4.1
[INFO] [stderr]     Checking colored v1.9.3
[INFO] [stderr]     Checking termcolor v1.1.2
[INFO] [stderr]     Checking ipnet v2.5.0
[INFO] [stderr]     Checking strsim v0.10.0
[INFO] [stderr]     Checking base64 v0.21.2
[INFO] [stderr]     Checking textwrap v0.15.0
[INFO] [stderr]     Checking fern v0.6.2
[INFO] [stderr]     Checking clap v3.2.17
[INFO] [stderr]     Checking platform-dirs v0.3.0
[INFO] [stderr]     Checking windows v0.38.0
[INFO] [stderr]     Checking uuid v1.4.1
[INFO] [stdout] error[E0433]: failed to resolve: could not find `windows` in `os`
[INFO] [stdout]   --> /opt/rustwide/cargo-home/registry/src/index.crates.io-6f17d22bba15001f/windows-0.38.0/src/core/pcwstr.rs:64:24
[INFO] [stdout]    |
[INFO] [stdout] 64 |         use ::std::os::windows::ffi::OsStrExt;
[INFO] [stdout]    |                        ^^^^^^^ could not find `windows` in `os`
[INFO] [stdout] 
[INFO] [stdout] 
[INFO] [stdout] error[E0433]: failed to resolve: could not find `windows` in `os`
[INFO] [stdout]   --> /opt/rustwide/cargo-home/registry/src/index.crates.io-6f17d22bba15001f/windows-0.38.0/src/core/hstring.rs:53:18
[INFO] [stdout]    |
[INFO] [stdout] 53 |         std::os::windows::ffi::OsStringExt::from_wide(self.as_wide())
[INFO] [stdout]    |                  ^^^^^^^ could not find `windows` in `os`
[INFO] [stdout]    |
[INFO] [stdout] help: consider importing this trait
[INFO] [stdout]    |
[INFO] [stdout] 1  + use std::os::unix::prelude::OsStringExt;
[INFO] [stdout]    |
[INFO] [stdout] help: if you import `OsStringExt`, refer to it directly
[INFO] [stdout]    |
[INFO] [stdout] 53 -         std::os::windows::ffi::OsStringExt::from_wide(self.as_wide())
[INFO] [stdout] 53 +         OsStringExt::from_wide(self.as_wide())
[INFO] [stdout]    |
[INFO] [stdout] 
[INFO] [stdout] 
[INFO] [stdout] error[E0433]: failed to resolve: could not find `windows` in `os`
[INFO] [stdout]    --> /opt/rustwide/cargo-home/registry/src/index.crates.io-6f17d22bba15001f/windows-0.38.0/src/core/hstring.rs:173:48
[INFO] [stdout]     |
[INFO] [stdout] 173 |         unsafe { Self::from_wide_iter(std::os::windows::ffi::OsStrExt::encode_wide(value), value.len() as u32) }
[INFO] [stdout]     |                                                ^^^^^^^ could not find `windows` in `os`
[INFO] [stdout]     |
[INFO] [stdout] help: consider importing this trait
[INFO] [stdout]     |
[INFO] [stdout] 1   + use std::os::unix::prelude::OsStrExt;
[INFO] [stdout]     |
[INFO] [stdout] help: if you import `OsStrExt`, refer to it directly
[INFO] [stdout]     |
[INFO] [stdout] 173 -         unsafe { Self::from_wide_iter(std::os::windows::ffi::OsStrExt::encode_wide(value), value.len() as u32) }
[INFO] [stdout] 173 +         unsafe { Self::from_wide_iter(OsStrExt::encode_wide(value), value.len() as u32) }
[INFO] [stdout]     |
[INFO] [stdout] 
[INFO] [stdout] 
[INFO] [stdout] error[E0433]: failed to resolve: could not find `windows` in `os`
[INFO] [stdout]    --> /opt/rustwide/cargo-home/registry/src/index.crates.io-6f17d22bba15001f/windows-0.38.0/src/core/hstring.rs:287:52
[INFO] [stdout]     |
[INFO] [stdout] 287 |         self.as_wide().iter().copied().eq(std::os::windows::ffi::OsStrExt::encode_wide(other))
[INFO] [stdout]     |                                                    ^^^^^^^ could not find `windows` in `os`
[INFO] [stdout]     |
[INFO] [stdout] help: consider importing this trait
[INFO] [stdout]     |
[INFO] [stdout] 1   + use std::os::unix::prelude::OsStrExt;
[INFO] [stdout]     |
[INFO] [stdout] help: if you import `OsStrExt`, refer to it directly
[INFO] [stdout]     |
[INFO] [stdout] 287 -         self.as_wide().iter().copied().eq(std::os::windows::ffi::OsStrExt::encode_wide(other))
[INFO] [stdout] 287 +         self.as_wide().iter().copied().eq(OsStrExt::encode_wide(other))
[INFO] [stdout]     |
[INFO] [stdout] 
[INFO] [stdout] 
[INFO] [stderr]    Compiling tracing-attributes v0.1.21
[INFO] [stderr]    Compiling openssl-macros v0.1.0
[INFO] [stdout] error[E0599]: no method named `encode_wide` found for reference `&OsStr` in the current scope
[INFO] [stdout]   --> /opt/rustwide/cargo-home/registry/src/index.crates.io-6f17d22bba15001f/windows-0.38.0/src/core/pcwstr.rs:65:50
[INFO] [stdout]    |
[INFO] [stdout] 65 |         Param::Boxed(PCWSTR(alloc_from_iter(self.encode_wide().chain(core::iter::once(0)), self.len() + 1)))
[INFO] [stdout]    |                                                  ^^^^^^^^^^^ method not found in `&OsStr`
[INFO] [stdout] 
[INFO] [stdout] 
[INFO] [stdout] error: aborting due to 5 previous errors
[INFO] [stdout] 
[INFO] [stdout] 
[INFO] [stdout] Some errors have detailed explanations: E0433, E0599.
[INFO] [stdout] 
[INFO] [stdout] For more information about an error, try `rustc --explain E0433`.
[INFO] [stdout] 
[INFO] [stderr] error: could not compile `windows` (lib) due to 6 previous errors
[INFO] [stderr] warning: build failed, waiting for other jobs to finish...
[INFO] running `Command { std: "docker" "inspect" "8bb8b15be81255f895c7b2821fdb5fc70a46580045042efdb312f18c56c4cb58", kill_on_drop: false }`
[INFO] running `Command { std: "docker" "rm" "-f" "8bb8b15be81255f895c7b2821fdb5fc70a46580045042efdb312f18c56c4cb58", kill_on_drop: false }`
[INFO] [stdout] 8bb8b15be81255f895c7b2821fdb5fc70a46580045042efdb312f18c56c4cb58
