[INFO] cloning repository https://github.com/Walter-Phillips/Sail_v0
[INFO] running `Command { std: "git" "-c" "credential.helper=" "-c" "credential.helper=/workspace/cargo-home/bin/git-credential-null" "clone" "--bare" "https://github.com/Walter-Phillips/Sail_v0" "/workspace/cache/git-repos/https%3A%2F%2Fgithub.com%2FWalter-Phillips%2FSail_v0", kill_on_drop: false }`
[INFO] [stderr] Cloning into bare repository '/workspace/cache/git-repos/https%3A%2F%2Fgithub.com%2FWalter-Phillips%2FSail_v0'...
[INFO] running `Command { std: "git" "rev-parse" "HEAD", kill_on_drop: false }`
[INFO] [stdout] 5e355d928405b7a1f18c673321cd66c8343ba481
[INFO] documenting Walter-Phillips/Sail_v0 against 1.75.0 for beta-1.76-rustdoc-1
[INFO] running `Command { std: "git" "clone" "/workspace/cache/git-repos/https%3A%2F%2Fgithub.com%2FWalter-Phillips%2FSail_v0" "/workspace/builds/worker-1-tc1/source", kill_on_drop: false }`
[INFO] [stderr] Cloning into '/workspace/builds/worker-1-tc1/source'...
[INFO] [stderr] done.
[INFO] validating manifest of git repo https://github.com/Walter-Phillips/Sail_v0 on toolchain 1.75.0
[INFO] running `Command { std: CARGO_HOME="/workspace/cargo-home" RUSTUP_HOME="/workspace/rustup-home" "/workspace/cargo-home/bin/cargo" "+1.75.0" "metadata" "--manifest-path" "Cargo.toml" "--no-deps", kill_on_drop: false }`
[INFO] started tweaking git repo https://github.com/Walter-Phillips/Sail_v0
[INFO] finished tweaking git repo https://github.com/Walter-Phillips/Sail_v0
[INFO] tweaked toml for git repo https://github.com/Walter-Phillips/Sail_v0 written to /workspace/builds/worker-1-tc1/source/Cargo.toml
[INFO] crate git repo https://github.com/Walter-Phillips/Sail_v0 already has a lockfile, it will not be regenerated
[INFO] running `Command { std: CARGO_HOME="/workspace/cargo-home" RUSTUP_HOME="/workspace/rustup-home" "/workspace/cargo-home/bin/cargo" "+1.75.0" "fetch" "--manifest-path" "Cargo.toml", kill_on_drop: false }`
[INFO] [stderr] warning: virtual workspace defaulting to `resolver = "1"` despite one or more workspace members being on edition 2021 which implies `resolver = "2"`
[INFO] [stderr] note: to keep the current resolver, specify `workspace.resolver = "1"` in the workspace root's manifest
[INFO] [stderr] note: to use the edition 2021 resolver, specify `workspace.resolver = "2"` in the workspace root's manifest
[INFO] [stderr] note: for more details see https://doc.rust-lang.org/cargo/reference/resolver.html#resolver-versions
[INFO] [stderr]     Updating crates.io index
[INFO] [stderr]  Downloading crates ...
[INFO] [stderr]   Downloaded enum-iterator v1.2.0
[INFO] [stderr]   Downloaded scrypt v0.7.0
[INFO] [stderr]   Downloaded async-graphql-parser v4.0.16
[INFO] [stderr]   Downloaded async-graphql-value v4.0.16
[INFO] [stderr]   Downloaded cynic v1.0.0
[INFO] [stderr]   Downloaded cxx-build v1.0.80
[INFO] [stderr]   Downloaded fast_chemail v0.9.6
[INFO] [stderr]   Downloaded filecheck v0.5.0
[INFO] [stderr]   Downloaded scrypt v0.8.1
[INFO] [stderr]   Downloaded fuel-core-interfaces v0.10.1
[INFO] [stderr]   Downloaded cargo_metadata v0.15.1
[INFO] [stderr]   Downloaded cxxbridge-macro v1.0.80
[INFO] [stderr]   Downloaded sway-ir v0.30.1
[INFO] [stderr]   Downloaded async-graphql v4.0.16
[INFO] [stderr]   Downloaded fastrlp v0.1.3
[INFO] [stderr]   Downloaded ethers-contract-abigen v0.17.0
[INFO] [stderr]   Downloaded ethers-middleware v0.17.0
[INFO] [stderr]   Downloaded fuel-asm v0.8.0
[INFO] [stderr]   Downloaded axum v0.4.8
[INFO] [stderr]   Downloaded fuel-core-bft v0.10.1
[INFO] [stderr]   Downloaded extension-trait v1.0.1
[INFO] [stderr]   Downloaded schemafy_core v0.5.2
[INFO] [stderr]   Downloaded fuel-vm v0.15.0
[INFO] [stderr]   Downloaded ascii_utils v0.9.3
[INFO] [stderr]   Downloaded fuel-gql-client v0.10.1
[INFO] [stderr]   Downloaded fuels-abigen-macro v0.25.1
[INFO] [stderr]   Downloaded ethers-signers v0.17.0
[INFO] [stderr]   Downloaded fuel-vm v0.22.4
[INFO] [stderr]   Downloaded ethers-providers v0.17.0
[INFO] [stderr]   Downloaded futures-locks v0.7.0
[INFO] [stderr]   Downloaded fuel-block-importer v0.10.1
[INFO] [stderr]   Downloaded json-decode v0.6.0
[INFO] [stderr]   Downloaded fuel-relayer v0.10.1
[INFO] [stderr]   Downloaded ethers-core v0.17.0
[INFO] [stderr]   Downloaded send_wrapper v0.5.0
[INFO] [stderr]   Downloaded fuel-tx v0.18.0
[INFO] [stderr]   Downloaded yansi-term v0.1.2
[INFO] [stderr]   Downloaded serde_ignored v0.1.5
[INFO] [stderr]   Downloaded ethers-etherscan v0.17.0
[INFO] [stderr]   Downloaded cynic-proc-macros v1.0.0
[INFO] [stderr]   Downloaded prelude v0.2.1
[INFO] [stderr]   Downloaded sway-utils v0.30.1
[INFO] [stderr]   Downloaded annotate-snippets v0.9.1
[INFO] [stderr]   Downloaded cxxbridge-flags v1.0.80
[INFO] [stderr]   Downloaded generational-arena v0.2.8
[INFO] [stderr]   Downloaded eth-keystore v0.4.2
[INFO] [stderr]   Downloaded fuels-contract v0.25.1
[INFO] [stderr]   Downloaded ws_stream_wasm v0.7.3
[INFO] [stderr]   Downloaded cxx v1.0.80
[INFO] [stderr]   Downloaded ethers-contract v0.17.0
[INFO] [stderr]   Downloaded async-graphql-derive v4.0.16
[INFO] [stderr]   Downloaded fuel-sync v0.10.1
[INFO] [stderr]   Downloaded schemafy_lib v0.5.2
[INFO] [stderr]   Downloaded eth-keystore v0.3.0
[INFO] [stderr]   Downloaded fastrlp-derive v0.1.4
[INFO] [stderr]   Downloaded ctr v0.7.0
[INFO] [stderr]   Downloaded fuel-block-executor v0.10.1
[INFO] [stderr]   Downloaded fuel-storage v0.2.0
[INFO] [stderr]   Downloaded features v0.10.0
[INFO] [stderr]   Downloaded cynic-codegen v1.0.0
[INFO] [stderr]   Downloaded fuel-merkle v0.3.0
[INFO] [stderr]   Downloaded fuel-block-producer v0.10.1
[INFO] [stderr]   Downloaded fuel-metrics v0.14.0
[INFO] [stderr]   Downloaded fuel-core-interfaces v0.14.0
[INFO] [stderr]   Downloaded fuels-types v0.25.1
[INFO] [stderr]   Downloaded fuel-chain-config v0.14.0
[INFO] [stderr]   Downloaded sway-ast v0.30.1
[INFO] [stderr]   Downloaded fuel-core-bft v0.14.0
[INFO] [stderr]   Downloaded fuel-block-producer v0.14.0
[INFO] [stderr]   Downloaded fuel-block-executor v0.14.0
[INFO] [stderr]   Downloaded fuels v0.25.1
[INFO] [stderr]   Downloaded forc-util v0.30.1
[INFO] [stderr]   Downloaded fuels-signers v0.25.1
[INFO] [stderr]   Downloaded fuel-txpool v0.14.0
[INFO] [stderr]   Downloaded sway-types v0.30.1
[INFO] [stderr]   Downloaded fuels-test-helpers v0.25.1
[INFO] [stderr]   Downloaded forc-tracing v0.30.1
[INFO] [stderr]   Downloaded fuel-poa-coordinator v0.14.0
[INFO] [stderr]   Downloaded fuel-sync v0.14.0
[INFO] [stderr]   Downloaded sway-ir-macros v0.30.1
[INFO] [stderr]   Downloaded fuel-block-importer v0.14.0
[INFO] [stderr]   Downloaded ethers-contract-derive v0.17.0
[INFO] [stderr]   Downloaded sway-error v0.30.1
[INFO] [stderr]   Downloaded fuel-txpool v0.10.1
[INFO] [stderr]   Downloaded fuels-core v0.25.1
[INFO] [stderr]   Downloaded sway-parse v0.30.1
[INFO] [stderr]   Downloaded forc-pkg v0.30.1
[INFO] [stderr]   Downloaded fuel-core v0.14.0
[INFO] [stderr]   Downloaded fuel-core v0.10.1
[INFO] [stderr]   Downloaded sway-core v0.30.1
[INFO] running `Command { std: "docker" "create" "-v" "/var/lib/crater-agent-workspace/builds/worker-1-tc1/target:/opt/rustwide/target:rw,Z" "-v" "/var/lib/crater-agent-workspace/builds/worker-1-tc1/source:/opt/rustwide/workdir:ro,Z" "-v" "/var/lib/crater-agent-workspace/cargo-home:/opt/rustwide/cargo-home:ro,Z" "-v" "/var/lib/crater-agent-workspace/rustup-home:/opt/rustwide/rustup-home:ro,Z" "-e" "SOURCE_DIR=/opt/rustwide/workdir" "-e" "CARGO_TARGET_DIR=/opt/rustwide/target" "-e" "CARGO_HOME=/opt/rustwide/cargo-home" "-e" "RUSTUP_HOME=/opt/rustwide/rustup-home" "-w" "/opt/rustwide/workdir" "-m" "1610612736" "--user" "0:0" "--network" "none" "ghcr.io/rust-lang/crates-build-env/linux@sha256:2788e3201cd34a07e3172128adcd8b3090168a8e3bcc40d7c032b9dda1df7d1c" "/opt/rustwide/cargo-home/bin/cargo" "+1.75.0" "metadata" "--no-deps" "--format-version=1", kill_on_drop: false }`
[INFO] [stdout] 8f9ac0bfa40f579a84286afee82c6966d4e222b98b1ef4574c3c14b13f70a8fc
[INFO] running `Command { std: "docker" "start" "-a" "8f9ac0bfa40f579a84286afee82c6966d4e222b98b1ef4574c3c14b13f70a8fc", kill_on_drop: false }`
[INFO] running `Command { std: "docker" "inspect" "8f9ac0bfa40f579a84286afee82c6966d4e222b98b1ef4574c3c14b13f70a8fc", kill_on_drop: false }`
[INFO] running `Command { std: "docker" "rm" "-f" "8f9ac0bfa40f579a84286afee82c6966d4e222b98b1ef4574c3c14b13f70a8fc", kill_on_drop: false }`
[INFO] [stdout] 8f9ac0bfa40f579a84286afee82c6966d4e222b98b1ef4574c3c14b13f70a8fc
[INFO] running `Command { std: "docker" "create" "-v" "/var/lib/crater-agent-workspace/builds/worker-1-tc1/target:/opt/rustwide/target:rw,Z" "-v" "/var/lib/crater-agent-workspace/builds/worker-1-tc1/source:/opt/rustwide/workdir:ro,Z" "-v" "/var/lib/crater-agent-workspace/cargo-home:/opt/rustwide/cargo-home:ro,Z" "-v" "/var/lib/crater-agent-workspace/rustup-home:/opt/rustwide/rustup-home:ro,Z" "-e" "SOURCE_DIR=/opt/rustwide/workdir" "-e" "CARGO_TARGET_DIR=/opt/rustwide/target" "-e" "CARGO_INCREMENTAL=0" "-e" "RUST_BACKTRACE=full" "-e" "RUSTFLAGS=--cap-lints=warn" "-e" "RUSTDOCFLAGS=--cap-lints=warn" "-e" "CARGO_HOME=/opt/rustwide/cargo-home" "-e" "RUSTUP_HOME=/opt/rustwide/rustup-home" "-w" "/opt/rustwide/workdir" "-m" "1610612736" "--user" "0:0" "--network" "none" "ghcr.io/rust-lang/crates-build-env/linux@sha256:2788e3201cd34a07e3172128adcd8b3090168a8e3bcc40d7c032b9dda1df7d1c" "/opt/rustwide/cargo-home/bin/cargo" "+1.75.0" "doc" "--frozen" "--no-deps" "--document-private-items" "--message-format=json", kill_on_drop: false }`
[INFO] [stdout] 5cba8eef03021e9390f7a7f8e774fd873a5b5fd11ff5fc7df0d56dd94a7df710
[INFO] running `Command { std: "docker" "start" "-a" "5cba8eef03021e9390f7a7f8e774fd873a5b5fd11ff5fc7df0d56dd94a7df710", kill_on_drop: false }`
[INFO] [stderr] warning: virtual workspace defaulting to `resolver = "1"` despite one or more workspace members being on edition 2021 which implies `resolver = "2"`
[INFO] [stderr] note: to keep the current resolver, specify `workspace.resolver = "1"` in the workspace root's manifest
[INFO] [stderr] note: to use the edition 2021 resolver, specify `workspace.resolver = "2"` in the workspace root's manifest
[INFO] [stderr] note: for more details see https://doc.rust-lang.org/cargo/reference/resolver.html#resolver-versions
[INFO] [stderr]    Compiling proc-macro2 v1.0.47
[INFO] [stderr]    Compiling quote v1.0.21
[INFO] [stderr]    Compiling unicode-ident v1.0.5
[INFO] [stderr]    Compiling syn v1.0.103
[INFO] [stderr]    Compiling libc v0.2.137
[INFO] [stderr]    Compiling serde_derive v1.0.147
[INFO] [stderr]    Compiling serde v1.0.147
[INFO] [stderr]    Compiling typenum v1.15.0
[INFO] [stderr]    Compiling memchr v2.5.0
[INFO] [stderr]    Compiling thiserror v1.0.37
[INFO] [stderr]     Checking once_cell v1.16.0
[INFO] [stderr]    Compiling value-bag v1.0.0-alpha.9
[INFO] [stderr]     Checking subtle v2.4.1
[INFO] [stderr]    Compiling log v0.4.17
[INFO] [stderr]    Compiling futures-core v0.3.25
[INFO] [stderr]    Compiling serde_json v1.0.87
[INFO] [stderr]     Checking pin-project-lite v0.2.9
[INFO] [stderr]     Checking getrandom v0.2.8
[INFO] [stderr]     Checking itoa v1.0.4
[INFO] [stderr]    Compiling lock_api v0.4.9
[INFO] [stderr]    Compiling jobserver v0.1.25
[INFO] [stderr]     Checking rand_core v0.6.4
[INFO] [stderr]    Compiling parking_lot_core v0.9.4
[INFO] [stderr]    Compiling slab v0.4.7
[INFO] [stderr]    Compiling cc v1.0.74
[INFO] [stderr]     Checking rand_chacha v0.3.1
[INFO] [stderr]     Checking generic-array v0.14.6
[INFO] [stderr]    Compiling num-traits v0.2.15
[INFO] [stderr]     Checking ahash v0.7.6
[INFO] [stderr]    Compiling tokio v1.21.2
[INFO] [stderr]     Checking ryu v1.0.11
[INFO] [stderr]     Checking rand v0.8.5
[INFO] [stderr]     Checking base64ct v1.0.1
[INFO] [stderr]     Checking hashbrown v0.12.3
[INFO] [stderr]    Compiling futures-task v0.3.25
[INFO] [stderr]     Checking futures-io v0.3.25
[INFO] [stderr]    Compiling futures-channel v0.3.25
[INFO] [stderr]     Checking crypto-common v0.1.6
[INFO] [stderr]     Checking block-buffer v0.10.3
[INFO] [stderr]     Checking smallvec v1.10.0
[INFO] [stderr]    Compiling num-integer v0.1.45
[INFO] [stderr]     Checking digest v0.10.5
[INFO] [stderr]    Compiling futures-util v0.3.25
[INFO] [stderr]     Checking socket2 v0.4.7
[INFO] [stderr]     Checking sha2 v0.10.6
[INFO] [stderr]     Checking const-oid v0.9.0
[INFO] [stderr]     Checking keccak v0.1.2
[INFO] [stderr]     Checking hmac v0.12.1
[INFO] [stderr]     Checking futures-sink v0.3.25
[INFO] [stderr]     Checking base16ct v0.1.1
[INFO] [stderr]     Checking sha3 v0.10.6
[INFO] [stderr]     Checking ff v0.12.1
[INFO] [stderr]     Checking tracing-core v0.1.30
[INFO] [stderr]     Checking parking_lot v0.12.1
[INFO] [stderr]     Checking group v0.12.1
[INFO] [stderr]     Checking signature v1.6.4
[INFO] [stderr]     Checking num_cpus v1.14.0
[INFO] [stderr]     Checking signal-hook-registry v1.4.0
[INFO] [stderr]    Compiling secp256k1-sys v0.6.1
[INFO] [stderr]     Checking generic-array v0.12.4
[INFO] [stderr]     Checking either v1.8.0
[INFO] [stderr]     Checking ripemd v0.1.3
[INFO] [stderr]     Checking blake2 v0.10.4
[INFO] [stderr]     Checking password-hash v0.4.2
[INFO] [stderr]     Checking digest v0.8.1
[INFO] [stderr]     Checking block-buffer v0.7.3
[INFO] [stderr]     Checking bech32 v0.7.3
[INFO] [stderr]     Checking sha2 v0.8.2
[INFO] [stderr]     Checking pbkdf2 v0.11.0
[INFO] [stderr]     Checking bs58 v0.4.0
[INFO] [stderr]     Checking base58check v0.1.0
[INFO] [stderr]     Checking bitvec v0.17.4
[INFO] [stderr]    Compiling ring v0.16.20
[INFO] [stderr]    Compiling anyhow v1.0.66
[INFO] [stderr]    Compiling indexmap v1.9.1
[INFO] [stderr]    Compiling async-trait v0.1.58
[INFO] [stderr]     Checking borrown v0.1.0
[INFO] [stderr]     Checking itertools v0.10.5
[INFO] [stderr]    Compiling aho-corasick v0.7.19
[INFO] [stderr]    Compiling regex-syntax v0.6.28
[INFO] [stderr]    Compiling byteorder v1.4.3
[INFO] [stderr]    Compiling crunchy v0.2.2
[INFO] [stderr]     Checking percent-encoding v2.2.0
[INFO] [stderr]     Checking form_urlencoded v1.1.0
[INFO] [stderr]     Checking tinyvec_macros v0.1.0
[INFO] [stderr]     Checking time v0.1.44
[INFO] [stderr]     Checking unicode-bidi v0.3.8
[INFO] [stderr]     Checking tinyvec v1.6.0
[INFO] [stderr]     Checking iana-time-zone v0.1.53
[INFO] [stderr]    Compiling convert_case v0.4.0
[INFO] [stderr]    Compiling proc-macro-error-attr v1.0.4
[INFO] [stderr]    Compiling synstructure v0.12.6
[INFO] [stderr]    Compiling regex v1.7.0
[INFO] [stderr]     Checking mime v0.3.16
[INFO] [stderr]     Checking unicode-normalization v0.1.22
[INFO] [stderr]    Compiling proc-macro-error v1.0.4
[INFO] [stderr]     Checking idna v0.3.0
[INFO] [stderr]     Checking digest v0.9.0
[INFO] [stderr]    Compiling heck v0.4.0
[INFO] [stderr]    Compiling Inflector v0.11.4
[INFO] [stderr]    Compiling strsim v0.10.0
[INFO] [stderr]    Compiling ident_case v1.0.1
[INFO] [stderr]     Checking fastrand v1.8.0
[INFO] [stderr]    Compiling rustls v0.20.7
[INFO] [stderr]    Compiling proc-macro-hack v0.5.19
[INFO] [stderr]    Compiling siphasher v0.3.10
[INFO] [stderr]     Checking fuel-storage v0.3.0
[INFO] [stderr]     Checking block-padding v0.2.1
[INFO] [stderr]     Checking block-buffer v0.9.0
[INFO] [stderr]    Compiling rustversion v1.0.9
[INFO] [stderr]    Compiling scopeguard v1.1.0
[INFO] [stderr]    Compiling semver v1.0.14
[INFO] [stderr]    Compiling encoding_rs v0.8.31
[INFO] [stderr]     Checking fuel-storage v0.2.0
[INFO] [stderr]    Compiling camino v1.1.1
[INFO] [stderr]     Checking sha2 v0.9.9
[INFO] [stderr]    Compiling uncased v0.9.7
[INFO] [stderr]     Checking arrayvec v0.7.2
[INFO] [stderr]     Checking cipher v0.3.0
[INFO] [stderr]    Compiling standback v0.2.17
[INFO] [stderr]     Checking try-lock v0.2.3
[INFO] [stderr]     Checking byte-slice-cast v1.2.2
[INFO] [stderr]     Checking cache-padded v1.2.0
[INFO] [stderr]    Compiling rustc-hex v2.1.0
[INFO] [stderr]     Checking waker-fn v1.1.0
[INFO] [stderr]    Compiling thiserror-impl v1.0.37
[INFO] [stderr]    Compiling ctor v0.1.26
[INFO] [stderr]    Compiling zeroize_derive v1.3.2
[INFO] [stderr]    Compiling tokio-macros v1.8.0
[INFO] [stderr]    Compiling futures-macro v0.3.25
[INFO] [stderr]    Compiling tracing-attributes v0.1.23
[INFO] [stderr]     Checking zeroize v1.5.7
[INFO] [stderr]     Checking der v0.6.0
[INFO] [stderr]     Checking crypto-bigint v0.4.9
[INFO] [stderr]     Checking mio v0.8.5
[INFO] [stderr]    Compiling impl-trait-for-tuples v0.2.2
[INFO] [stderr]    Compiling pin-project-internal v1.0.12
[INFO] [stderr]     Checking rfc6979 v0.3.1
[INFO] [stderr]     Checking spki v0.6.0
[INFO] [stderr]    Compiling derive_more v0.99.17
[INFO] [stderr]     Checking pkcs8 v0.9.0
[INFO] [stderr]     Checking sec1 v0.3.0
[INFO] [stderr]     Checking tracing v0.1.37
[INFO] [stderr]     Checking elliptic-curve v0.12.3
[INFO] [stderr]     Checking ecdsa v0.14.8
[INFO] [stderr]     Checking k256 v0.11.6
[INFO] [stderr]    Compiling derivative v2.2.0
[INFO] [stderr]     Checking pin-project v1.0.12
[INFO] [stderr]    Compiling strum_macros v0.24.3
[INFO] [stderr]     Checking futures-executor v0.3.25
[INFO] [stderr]    Compiling rust_decimal v1.26.1
[INFO] [stderr]     Checking futures v0.3.25
[INFO] [stderr]     Checking parking v2.0.0
[INFO] [stderr]     Checking futures-lite v1.12.0
[INFO] [stderr]     Checking want v0.3.0
[INFO] [stderr]    Compiling auto_impl v1.0.1
[INFO] [stderr]     Checking concurrent-queue v1.2.4
[INFO] [stderr]     Checking fixed-hash v0.7.0
[INFO] [stderr]    Compiling darling_core v0.13.4
[INFO] [stderr]     Checking webpki v0.22.0
[INFO] [stderr]    Compiling static_assertions v1.1.0
[INFO] [stderr]    Compiling spin v0.5.2
[INFO] [stderr]     Checking httpdate v1.0.2
[INFO] [stderr]    Compiling untrusted v0.7.1
[INFO] [stderr]     Checking tiny-keccak v2.0.2
[INFO] [stderr]     Checking sct v0.7.0
[INFO] [stderr]     Checking cipher v0.2.5
[INFO] [stderr]    Compiling polling v2.4.0
[INFO] [stderr]    Compiling crossbeam-utils v0.8.12
[INFO] [stderr]    Compiling rlp-derive v0.1.0
[INFO] [stderr]     Checking bytes v1.2.1
[INFO] [stderr]     Checking hex v0.4.3
[INFO] [stderr]     Checking coins-core v0.7.0
[INFO] [stderr]     Checking bincode v1.3.3
[INFO] [stderr]     Checking fuel-types v0.5.3
[INFO] [stderr]    Compiling toml v0.5.9
[INFO] [stderr]     Checking coins-bip32 v0.7.0
[INFO] [stderr]     Checking tai64 v4.0.0
[INFO] [stderr]     Checking http v0.2.8
[INFO] [stderr]     Checking coins-bip39 v0.7.0
[INFO] [stderr]     Checking chrono v0.4.22
[INFO] [stderr]     Checking serde_urlencoded v0.7.1
[INFO] [stderr]     Checking url v2.3.1
[INFO] [stderr]     Checking fuel-asm v0.10.0
[INFO] [stderr]    Compiling proc-macro-crate v1.2.1
[INFO] [stderr]     Checking http-body v0.4.5
[INFO] [stderr]     Checking fuel-merkle v0.4.1
[INFO] [stderr]     Checking fuel-asm v0.8.0
[INFO] [stderr]     Checking uint v0.9.4
[INFO] [stderr]     Checking fuel-merkle v0.3.0
[INFO] [stderr]    Compiling parity-scale-codec-derive v3.1.3
[INFO] [stderr]     Checking rlp v0.5.2
[INFO] [stderr]     Checking impl-rlp v0.3.0
[INFO] [stderr]    Compiling fastrlp-derive v0.1.4
[INFO] [stderr]     Checking impl-serde v0.3.2
[INFO] [stderr]    Compiling darling_macro v0.13.4
[INFO] [stderr]     Checking ethbloom v0.12.1
[INFO] [stderr]     Checking universal-hash v0.4.1
[INFO] [stderr]    Compiling async-io v1.10.0
[INFO] [stderr]     Checking tokio-util v0.7.4
[INFO] [stderr]     Checking async-task v4.3.0
[INFO] [stderr]    Compiling const_fn v0.4.9
[INFO] [stderr]    Compiling pkg-config v0.3.26
[INFO] [stderr]     Checking cpuid-bool v0.2.0
[INFO] [stderr]     Checking polyval v0.4.5
[INFO] [stderr]     Checking h2 v0.3.15
[INFO] [stderr]    Compiling darling v0.13.4
[INFO] [stderr]    Compiling time-macros-impl v0.1.2
[INFO] [stderr]     Checking getrandom v0.1.16
[INFO] [stderr]     Checking aes-soft v0.6.4
[INFO] [stderr]     Checking async-channel v1.7.1
[INFO] [stderr]     Checking parity-scale-codec v3.2.1
[INFO] [stderr]     Checking async-lock v2.6.0
[INFO] [stderr]     Checking crypto-mac v0.10.1
[INFO] [stderr]    Compiling time v0.2.27
[INFO] [stderr]     Checking impl-codec v0.6.0
[INFO] [stderr]    Compiling lexical-core v0.7.6
[INFO] [stderr]     Checking primitive-types v0.11.1
[INFO] [stderr]     Checking atomic-waker v1.0.0
[INFO] [stderr]    Compiling byte-tools v0.3.1
[INFO] [stderr]    Compiling block-padding v0.1.5
[INFO] [stderr]     Checking blocking v1.2.0
[INFO] [stderr]    Compiling unicase v2.6.0
[INFO] [stderr]     Checking hmac v0.10.1
[INFO] [stderr]     Checking time-macros v0.1.1
[INFO] [stderr]    Compiling phf_shared v0.11.1
[INFO] [stderr]     Checking aes v0.6.0
[INFO] [stderr]     Checking ethereum-types v0.13.1
[INFO] [stderr]     Checking rand_core v0.5.1
[INFO] [stderr]     Checking ghash v0.3.1
[INFO] [stderr]     Checking async-executor v1.4.1
[INFO] [stderr]     Checking tokio-rustls v0.23.4
[INFO] [stderr]     Checking cargo-platform v0.1.2
[INFO] [stderr]     Checking ctr v0.6.0
[INFO] [stderr]     Checking strum v0.24.1
[INFO] [stderr]     Checking aead v0.3.2
[INFO] [stderr]    Compiling cookie v0.14.4
[INFO] [stderr]    Compiling nom v5.1.2
[INFO] [stderr]    Compiling eyre v0.6.8
[INFO] [stderr]    Compiling unicode-segmentation v1.10.0
[INFO] [stderr]     Checking hyper v0.14.22
[INFO] [stderr]     Checking arrayvec v0.5.2
[INFO] [stderr]    Compiling heck v0.3.3
[INFO] [stderr]     Checking aes-gcm v0.8.0
[INFO] [stderr]     Checking cargo_metadata v0.15.1
[INFO] [stderr]     Checking fastrlp v0.1.3
[INFO] [stderr]     Checking ethabi v17.2.0
[INFO] [stderr]     Checking async-global-executor v2.3.1
[INFO] [stderr]     Checking rand_chacha v0.2.2
[INFO] [stderr]     Checking hkdf v0.10.0
[INFO] [stderr]     Checking webpki-roots v0.22.5
[INFO] [stderr]     Checking kv-log-macro v1.0.7
[INFO] [stderr]     Checking webpki v0.21.4
[INFO] [stderr]     Checking convert_case v0.5.0
[INFO] [stderr]    Compiling fake-simd v0.1.2
[INFO] [stderr]    Compiling http-types v2.12.0
[INFO] [stderr]    Compiling void v1.0.2
[INFO] [stderr]     Checking tower-layer v0.3.2
[INFO] [stderr]    Compiling crossbeam-queue v0.3.6
[INFO] [stderr]    Compiling opaque-debug v0.2.3
[INFO] [stderr]     Checking ethers-core v0.17.0
[INFO] [stderr]    Compiling unreachable v1.0.0
[INFO] [stderr]     Checking async-std v1.12.0
[INFO] [stderr]     Checking rand v0.7.3
[INFO] [stderr]    Compiling strum_macros v0.21.1
[INFO] [stderr]     Checking hyper-rustls v0.23.0
[INFO] [stderr]    Compiling phf_generator v0.11.1
[INFO] [stderr]     Checking serde_qs v0.8.5
[INFO] [stderr]     Checking uuid v0.8.2
[INFO] [stderr]     Checking secrecy v0.8.0
[INFO] [stderr]     Checking aes v0.7.5
[INFO] [stderr]     Checking simple-mutex v1.1.5
[INFO] [stderr]     Checking sct v0.6.1
[INFO] [stderr]     Checking regex-automata v0.1.10
[INFO] [stderr]     Checking rustls-pemfile v1.0.1
[INFO] [stderr]     Checking atty v0.2.14
[INFO] [stderr]     Checking instant v0.1.12
[INFO] [stderr]    Compiling base58 v0.1.0
[INFO] [stderr]     Checking infer v0.2.3
[INFO] [stderr]     Checking termcolor v1.1.3
[INFO] [stderr]     Checking overload v0.1.1
[INFO] [stderr]    Compiling ascii v0.9.3
[INFO] [stderr]     Checking ipnet v2.5.0
[INFO] [stderr]    Compiling base64 v0.13.1
[INFO] [stderr]     Checking humantime v2.1.0
[INFO] [stderr]     Checking reqwest v0.11.12
[INFO] [stderr]     Checking matchers v0.1.0
[INFO] [stderr]    Compiling combine v3.8.1
[INFO] [stderr]     Checking nu-ansi-term v0.46.0
[INFO] [stderr]    Compiling clang-sys v1.4.0
[INFO] [stderr]     Checking rustls v0.18.1
[INFO] [stderr]     Checking async-dup v1.2.2
[INFO] [stderr]     Checking config v0.10.1
[INFO] [stderr]    Compiling mime_guess v2.0.4
[INFO] [stderr]    Compiling phf_codegen v0.11.1
[INFO] [stderr]     Checking tower v0.4.13
[INFO] [stderr]     Checking webpki-roots v0.20.0
[INFO] [stderr]    Compiling phf v0.11.1
[INFO] [stderr]     Checking tracing-serde v0.1.3
[INFO] [stderr]     Checking tracing-futures v0.2.5
[INFO] [stderr]     Checking tracing-log v0.1.3
[INFO] [stderr]    Compiling parse-zoneinfo v0.3.0
[INFO] [stderr]     Checking sha-1 v0.10.0
[INFO] [stderr]     Checking sharded-slab v0.1.4
[INFO] [stderr]    Compiling openssl-src v111.24.0+1.1.1s
[INFO] [stderr]     Checking dirs-sys v0.3.7
[INFO] [stderr]     Checking thread_local v1.1.4
[INFO] [stderr]    Compiling base64 v0.12.3
[INFO] [stderr]     Checking utf-8 v0.7.6
[INFO] [stderr]    Compiling indenter v0.3.3
[INFO] [stderr]     Checking http-range-header v0.3.0
[INFO] [stderr]     Checking os_str_bytes v6.3.1
[INFO] [stderr]    Compiling parking_lot_core v0.8.5
[INFO] [stderr]     Checking clap_lex v0.2.4
[INFO] [stderr]     Checking tungstenite v0.17.3
[INFO] [stderr]     Checking tracing-subscriber v0.3.16
[INFO] [stderr]    Compiling openssl-sys v0.9.77
[INFO] [stderr]    Compiling graphql-parser v0.3.0
[INFO] [stderr]    Compiling chrono-tz-build v0.0.3
[INFO] [stderr]     Checking async-tls v0.10.0
[INFO] [stderr]     Checking deadpool v0.7.0
[INFO] [stderr]     Checking async-h1 v2.3.3
[INFO] [stderr]    Compiling libz-sys v1.1.8
[INFO] [stderr]    Compiling schemafy_core v0.5.2
[INFO] [stderr]    Compiling clap_derive v3.2.18
[INFO] [stderr]     Checking salsa20 v0.9.0
[INFO] [stderr]    Compiling darling_core v0.14.2
[INFO] [stderr]     Checking dashmap v5.4.0
[INFO] [stderr]     Checking pbkdf2 v0.10.1
[INFO] [stderr]     Checking crypto-mac v0.11.1
[INFO] [stderr]     Checking password-hash v0.3.2
[INFO] [stderr]     Checking fxhash v0.2.1
[INFO] [stderr]    Compiling num-bigint v0.4.3
[INFO] [stderr]     Checking textwrap v0.16.0
[INFO] [stderr]    Compiling dunce v1.0.3
[INFO] [stderr]    Compiling ucd-trie v0.1.5
[INFO] [stderr]    Compiling radium v0.3.0
[INFO] [stderr]    Compiling cynic-codegen v1.0.0
[INFO] [stderr]    Compiling pest v2.4.1
[INFO] [stderr]    Compiling nom v7.1.1
[INFO] [stderr]     Checking scrypt v0.8.1
[INFO] [stderr]    Compiling ethers-contract-abigen v0.17.0
[INFO] [stderr]     Checking clap v3.2.23
[INFO] [stderr]     Checking hashers v1.0.1
[INFO] [stderr]    Compiling darling_macro v0.14.2
[INFO] [stderr]     Checking http-client v6.5.3
[INFO] [stderr]     Checking hmac v0.11.0
[INFO] [stderr]    Compiling schemafy_lib v0.5.2
[INFO] [stderr]    Compiling chrono-tz v0.6.3
[INFO] [stderr]     Checking tokio-tungstenite v0.17.2
[INFO] [stderr]    Compiling serde_with_macros v1.5.2
[INFO] [stderr]    Compiling async-graphql-value v4.0.16
[INFO] [stderr]     Checking ctr v0.8.0
[INFO] [stderr]    Compiling phf_shared v0.10.0
[INFO] [stderr]     Checking password-hash v0.2.3
[INFO] [stderr]    Compiling libloading v0.7.3
[INFO] [stderr]    Compiling multer v2.0.4
[INFO] [stderr]     Checking remove_dir_all v0.5.3
[INFO] [stderr]     Checking bech32 v0.9.1
[INFO] [stderr]    Compiling bindgen v0.60.1
[INFO] [stderr]     Checking sync_wrapper v0.1.1
[INFO] [stderr]     Checking strum v0.21.0
[INFO] [stderr]     Checking futures-timer v3.0.2
[INFO] [stderr]     Checking ethers-providers v0.17.0
[INFO] [stderr]     Checking tempfile v3.3.0
[INFO] [stderr]    Compiling ethers-contract-derive v0.17.0
[INFO] [stderr]     Checking serde_with v1.14.0
[INFO] [stderr]     Checking pbkdf2 v0.8.0
[INFO] [stderr]    Compiling phf_generator v0.10.0
[INFO] [stderr]    Compiling cynic-proc-macros v1.0.0
[INFO] [stderr]    Compiling async-graphql-parser v4.0.16
[INFO] [stderr]     Checking eth-keystore v0.4.2
[INFO] [stderr]    Compiling fuel-gql-client v0.10.1
[INFO] [stderr]     Checking parking_lot v0.11.2
[INFO] [stderr]     Checking surf v2.3.2
[INFO] [stderr]    Compiling darling v0.14.2
[INFO] [stderr]    Compiling cexpr v0.6.0
[INFO] [stderr]     Checking dirs v3.0.2
[INFO] [stderr]    Compiling libssh2-sys v0.2.23
[INFO] [stderr]     Checking serde-aux v3.1.0
[INFO] [stderr]     Checking json-decode v0.6.0
[INFO] [stderr]    Compiling async-stream-impl v0.3.3
[INFO] [stderr]    Compiling extension-trait v1.0.1
[INFO] [stderr]     Checking salsa20 v0.8.1
[INFO] [stderr]     Checking const-oid v0.7.1
[INFO] [stderr]    Compiling peeking_take_while v0.1.2
[INFO] [stderr]    Compiling peg-runtime v0.7.0
[INFO] [stderr]     Checking ascii_utils v0.9.3
[INFO] [stderr]    Compiling shlex v1.1.0
[INFO] [stderr]     Checking spin v0.9.4
[INFO] [stderr]    Compiling lazycell v1.3.0
[INFO] [stderr]    Compiling rustc-hash v1.1.0
[INFO] [stderr]     Checking async-stream v0.3.3
[INFO] [stderr]    Compiling peg-macros v0.7.0
[INFO] [stderr]     Checking fast_chemail v0.9.6
[INFO] [stderr]     Checking der v0.5.1
[INFO] [stderr]    Compiling async-graphql-derive v4.0.16
[INFO] [stderr]     Checking cynic v1.0.0
[INFO] [stderr]     Checking scrypt v0.7.0
[INFO] [stderr]     Checking ethers-etherscan v0.17.0
[INFO] [stderr]     Checking ethers-contract v0.17.0
[INFO] [stderr]     Checking ethers-signers v0.17.0
[INFO] [stderr]    Compiling phf_macros v0.10.0
[INFO] [stderr]     Checking env_logger v0.9.1
[INFO] [stderr]     Checking futures-locks v0.7.0
[INFO] [stderr]     Checking crypto-bigint v0.3.2
[INFO] [stderr]     Checking ctr v0.7.0
[INFO] [stderr]     Checking sha3 v0.9.1
[INFO] [stderr]     Checking bitmaps v2.1.0
[INFO] [stderr]    Compiling im v15.1.0
[INFO] [stderr]    Compiling protobuf v2.28.0
[INFO] [stderr]     Checking peg v0.7.0
[INFO] [stderr]     Checking generational-arena v0.2.8
[INFO] [stderr]     Checking sized-chunks v0.6.5
[INFO] [stderr]     Checking phf v0.10.1
[INFO] [stderr]     Checking elliptic-curve v0.11.12
[INFO] [stderr]     Checking eth-keystore v0.3.0
[INFO] [stderr]     Checking ethers-middleware v0.17.0
[INFO] [stderr]     Checking tower-http v0.2.5
[INFO] [stderr]    Compiling sway-ir-macros v0.30.1
[INFO] [stderr]     Checking humantime-serde v1.1.1
[INFO] [stderr]    Compiling libgit2-sys v0.13.4+1.4.2
[INFO] [stderr]     Checking axum-core v0.1.2
[INFO] [stderr]     Checking filecheck v0.5.0
[INFO] [stderr]     Checking features v0.10.0
[INFO] [stderr]     Checking rand_xoshiro v0.6.0
[INFO] [stderr]     Checking sway-utils v0.30.1
[INFO] [stderr]    Compiling prometheus v0.13.3
[INFO] [stderr]     Checking matchit v0.4.6
[INFO] [stderr]     Checking fixedbitset v0.4.2
[INFO] [stderr]    Compiling opaque-debug v0.3.0
[INFO] [stderr]    Compiling librocksdb-sys v0.8.0+7.4.4
[INFO] [stderr]     Checking petgraph v0.6.2
[INFO] [stderr]     Checking axum v0.4.8
[INFO] [stderr]     Checking tower-http v0.3.4
[INFO] [stderr]     Checking axum-core v0.2.9
[INFO] [stderr]     Checking ron v0.8.0
[INFO] [stderr]     Checking yansi-term v0.1.2
[INFO] [stderr]     Checking async-graphql v4.0.16
[INFO] [stderr]     Checking vec1 v1.10.1
[INFO] [stderr]     Checking matchit v0.5.0
[INFO] [stderr]     Checking forc-tracing v0.30.1
[INFO] [stderr]     Checking annotate-snippets v0.9.1
[INFO] [stderr]    Compiling enum-iterator-derive v1.1.0
[INFO] [stderr]     Checking which v4.3.0
[INFO] [stderr]     Checking portpicker v0.1.1
[INFO] [stderr]     Checking openssl-probe v0.1.5
[INFO] [stderr]     Checking dirs v4.0.0
[INFO] [stderr]     Checking serde_ignored v0.1.5
[INFO] [stderr]     Checking axum v0.5.17
[INFO] [stderr]     Checking filedescriptor v0.8.2
[INFO] [stderr]     Checking uuid v1.2.1
[INFO] [stderr]     Checking gag v1.0.0
[INFO] [stderr]     Checking prelude v0.2.1
[INFO] [stderr]     Checking enum-iterator v1.2.0
[INFO] [stderr]     Checking fuel-metrics v0.14.0
[INFO] [stderr]     Checking secp256k1 v0.24.1
[INFO] [stderr]     Checking fuel-crypto v0.6.2
[INFO] [stderr]     Checking fuel-tx v0.23.1
[INFO] [stderr]     Checking fuel-tx v0.18.0
[INFO] [stderr]     Checking fuel-vm v0.15.0
[INFO] [stderr]     Checking fuel-vm v0.22.4
[INFO] [stderr]     Checking fuel-core-interfaces v0.10.1
[INFO] [stderr]     Checking fuel-core-interfaces v0.14.0
[INFO] [stderr]     Checking sway-types v0.30.1
[INFO] [stderr]     Checking sway-ast v0.30.1
[INFO] [stderr]     Checking fuels-types v0.25.1
[INFO] [stderr]     Checking fuels-core v0.25.1
[INFO] [stderr]     Checking sway-error v0.30.1
[INFO] [stderr]     Checking sway-parse v0.30.1
[INFO] [stderr]     Checking sway-ir v0.30.1
[INFO] [stderr]     Checking fuel-poa-coordinator v0.14.0
[INFO] [stderr]     Checking fuel-relayer v0.10.1
[INFO] [stderr]     Checking fuel-block-executor v0.10.1
[INFO] [stderr]     Checking fuel-block-importer v0.10.1
[INFO] [stderr]     Checking fuel-sync v0.10.1
[INFO] [stderr]     Checking fuel-txpool v0.10.1
[INFO] [stderr]     Checking fuel-block-producer v0.10.1
[INFO] [stderr]     Checking fuel-core-bft v0.10.1
[INFO] [stderr]     Checking fuel-chain-config v0.14.0
[INFO] [stderr]     Checking sway-core v0.30.1
[INFO] [stderr]     Checking fuel-block-producer v0.14.0
[INFO] [stderr]     Checking fuel-sync v0.14.0
[INFO] [stderr]     Checking fuel-core-bft v0.14.0
[INFO] [stderr]     Checking fuel-txpool v0.14.0
[INFO] [stderr]     Checking fuel-block-importer v0.14.0
[INFO] [stderr]     Checking fuel-block-executor v0.14.0
[INFO] [stderr]    Compiling fuels-abigen-macro v0.25.1
[INFO] [stderr]     Checking forc-util v0.30.1
[INFO] [stderr]     Checking fuels-signers v0.25.1
[INFO] [stderr] The following warnings were emitted during compilation:
[INFO] [stderr] 
[INFO] [stderr] warning: librocksdb-sys@0.8.0+7.4.4: c++: fatal error: Killed signal terminated program cc1plus
[INFO] [stderr] warning: librocksdb-sys@0.8.0+7.4.4: compilation terminated.
[INFO] [stderr] warning: librocksdb-sys@0.8.0+7.4.4: c++: fatal error: Killed signal terminated program cc1plus
[INFO] [stderr] warning: librocksdb-sys@0.8.0+7.4.4: compilation terminated.
[INFO] [stderr] warning: librocksdb-sys@0.8.0+7.4.4: c++: fatal error: Killed signal terminated program cc1plus
[INFO] [stderr] warning: librocksdb-sys@0.8.0+7.4.4: compilation terminated.
[INFO] [stderr] warning: librocksdb-sys@0.8.0+7.4.4: c++: fatal error: Killed signal terminated program cc1plus
[INFO] [stderr] warning: librocksdb-sys@0.8.0+7.4.4: compilation terminated.
[INFO] [stderr] 
[INFO] [stderr] error: failed to run custom build command for `librocksdb-sys v0.8.0+7.4.4`
[INFO] [stderr] note: To improve backtraces for build dependencies, set the CARGO_PROFILE_DEV_BUILD_OVERRIDE_DEBUG=true environment variable to enable debug information generation.
[INFO] [stderr] 
[INFO] [stderr] Caused by:
[INFO] [stderr]   process didn't exit successfully: `/opt/rustwide/target/debug/build/librocksdb-sys-8be0422b63b493cc/build-script-build` (exit status: 1)
[INFO] [stderr]   --- stdout
[INFO] [stderr]   cargo:rerun-if-changed=rocksdb/
[INFO] [stderr]   TARGET = Some("x86_64-unknown-linux-gnu")
[INFO] [stderr]   OPT_LEVEL = Some("0")
[INFO] [stderr]   HOST = Some("x86_64-unknown-linux-gnu")
[INFO] [stderr]   cargo:rerun-if-env-changed=CXX_x86_64-unknown-linux-gnu
[INFO] [stderr]   CXX_x86_64-unknown-linux-gnu = None
[INFO] [stderr]   cargo:rerun-if-env-changed=CXX_x86_64_unknown_linux_gnu
[INFO] [stderr]   CXX_x86_64_unknown_linux_gnu = None
[INFO] [stderr]   cargo:rerun-if-env-changed=HOST_CXX
[INFO] [stderr]   HOST_CXX = None
[INFO] [stderr]   cargo:rerun-if-env-changed=CXX
[INFO] [stderr]   CXX = None
[INFO] [stderr]   cargo:rerun-if-env-changed=CXXFLAGS_x86_64-unknown-linux-gnu
[INFO] [stderr]   CXXFLAGS_x86_64-unknown-linux-gnu = None
[INFO] [stderr]   cargo:rerun-if-env-changed=CXXFLAGS_x86_64_unknown_linux_gnu
[INFO] [stderr]   CXXFLAGS_x86_64_unknown_linux_gnu = None
[INFO] [stderr]   cargo:rerun-if-env-changed=HOST_CXXFLAGS
[INFO] [stderr]   HOST_CXXFLAGS = None
[INFO] [stderr]   cargo:rerun-if-env-changed=CXXFLAGS
[INFO] [stderr]   CXXFLAGS = None
[INFO] [stderr]   cargo:rerun-if-env-changed=CRATE_CC_NO_DEFAULTS
[INFO] [stderr]   CRATE_CC_NO_DEFAULTS = None
[INFO] [stderr]   DEBUG = Some("true")
[INFO] [stderr]   CARGO_CFG_TARGET_FEATURE = Some("fxsr,sse,sse2")
[INFO] [stderr]   cargo:rerun-if-env-changed=CXX_x86_64-unknown-linux-gnu
[INFO] [stderr]   CXX_x86_64-unknown-linux-gnu = None
[INFO] [stderr]   cargo:rerun-if-env-changed=CXX_x86_64_unknown_linux_gnu
[INFO] [stderr]   CXX_x86_64_unknown_linux_gnu = None
[INFO] [stderr]   cargo:rerun-if-env-changed=HOST_CXX
[INFO] [stderr]   HOST_CXX = None
[INFO] [stderr]   cargo:rerun-if-env-changed=CXX
[INFO] [stderr]   CXX = None
[INFO] [stderr]   cargo:rerun-if-env-changed=CXXFLAGS_x86_64-unknown-linux-gnu
[INFO] [stderr]   CXXFLAGS_x86_64-unknown-linux-gnu = None
[INFO] [stderr]   cargo:rerun-if-env-changed=CXXFLAGS_x86_64_unknown_linux_gnu
[INFO] [stderr]   CXXFLAGS_x86_64_unknown_linux_gnu = None
[INFO] [stderr]   cargo:rerun-if-env-changed=HOST_CXXFLAGS
[INFO] [stderr]   HOST_CXXFLAGS = None
[INFO] [stderr]   cargo:rerun-if-env-changed=CXXFLAGS
[INFO] [stderr]   CXXFLAGS = None
[INFO] [stderr]   cargo:rerun-if-env-changed=CRATE_CC_NO_DEFAULTS
[INFO] [stderr]   CRATE_CC_NO_DEFAULTS = None
[INFO] [stderr]   CARGO_CFG_TARGET_FEATURE = Some("fxsr,sse,sse2")
[INFO] [stderr]   cargo:rerun-if-env-changed=CXX_x86_64-unknown-linux-gnu
[INFO] [stderr]   CXX_x86_64-unknown-linux-gnu = None
[INFO] [stderr]   cargo:rerun-if-env-changed=CXX_x86_64_unknown_linux_gnu
[INFO] [stderr]   CXX_x86_64_unknown_linux_gnu = None
[INFO] [stderr]   cargo:rerun-if-env-changed=HOST_CXX
[INFO] [stderr]   HOST_CXX = None
[INFO] [stderr]   cargo:rerun-if-env-changed=CXX
[INFO] [stderr]   CXX = None
[INFO] [stderr]   cargo:rerun-if-env-changed=CXXFLAGS_x86_64-unknown-linux-gnu
[INFO] [stderr]   CXXFLAGS_x86_64-unknown-linux-gnu = None
[INFO] [stderr]   cargo:rerun-if-env-changed=CXXFLAGS_x86_64_unknown_linux_gnu
[INFO] [stderr]   CXXFLAGS_x86_64_unknown_linux_gnu = None
[INFO] [stderr]   cargo:rerun-if-env-changed=HOST_CXXFLAGS
[INFO] [stderr]   HOST_CXXFLAGS = None
[INFO] [stderr]   cargo:rerun-if-env-changed=CXXFLAGS
[INFO] [stderr]   CXXFLAGS = None
[INFO] [stderr]   cargo:rerun-if-env-changed=CRATE_CC_NO_DEFAULTS
[INFO] [stderr]   CRATE_CC_NO_DEFAULTS = None
[INFO] [stderr]   CARGO_CFG_TARGET_FEATURE = Some("fxsr,sse,sse2")
[INFO] [stderr]   running: "c++" "-O0" "-ffunction-sections" "-fdata-sections" "-fPIC" "-g" "-fno-omit-frame-pointer" "-m64" "-I" "rocksdb/include/" "-I" "rocksdb/" "-I" "rocksdb/third-party/gtest-1.8.1/fused-src/" "-I" "lz4/lib/" "-I" "." "-Wall" "-Wextra" "-std=c++17" "-Wsign-compare" "-Wshadow" "-Wno-unused-parameter" "-Wno-unused-variable" "-Woverloaded-virtual" "-Wnon-virtual-dtor" "-Wno-missing-field-initializers" "-Wno-strict-aliasing" "-Wno-invalid-offsetof" "-msse2" "-std=c++17" "-DLZ4=1" "-DNDEBUG=1" "-DOS_LINUX" "-DROCKSDB_PLATFORM_POSIX" "-DROCKSDB_LIB_IO_POSIX" "-DROCKSDB_SUPPORT_THREAD_LOCAL" "-DHAVE_UINT128_EXTENSION=1" "-o" "/opt/rustwide/target/debug/build/librocksdb-sys-4512f48bd77f4540/out/rocksdb/cache/cache.o" "-c" "rocksdb/cache/cache.cc"
[INFO] [stderr]   running: "c++" "-O0" "-ffunction-sections" "-fdata-sections" "-fPIC" "-g" "-fno-omit-frame-pointer" "-m64" "-I" "rocksdb/include/" "-I" "rocksdb/" "-I" "rocksdb/third-party/gtest-1.8.1/fused-src/" "-I" "lz4/lib/" "-I" "." "-Wall" "-Wextra" "-std=c++17" "-Wsign-compare" "-Wshadow" "-Wno-unused-parameter" "-Wno-unused-variable" "-Woverloaded-virtual" "-Wnon-virtual-dtor" "-Wno-missing-field-initializers" "-Wno-strict-aliasing" "-Wno-invalid-offsetof" "-msse2" "-std=c++17" "-DLZ4=1" "-DNDEBUG=1" "-DOS_LINUX" "-DROCKSDB_PLATFORM_POSIX" "-DROCKSDB_LIB_IO_POSIX" "-DROCKSDB_SUPPORT_THREAD_LOCAL" "-DHAVE_UINT128_EXTENSION=1" "-o" "/opt/rustwide/target/debug/build/librocksdb-sys-4512f48bd77f4540/out/rocksdb/cache/cache_entry_roles.o" "-c" "rocksdb/cache/cache_entry_roles.cc"
[INFO] [stderr]   running: "c++" "-O0" "-ffunction-sections" "-fdata-sections" "-fPIC" "-g" "-fno-omit-frame-pointer" "-m64" "-I" "rocksdb/include/" "-I" "rocksdb/" "-I" "rocksdb/third-party/gtest-1.8.1/fused-src/" "-I" "lz4/lib/" "-I" "." "-Wall" "-Wextra" "-std=c++17" "-Wsign-compare" "-Wshadow" "-Wno-unused-parameter" "-Wno-unused-variable" "-Woverloaded-virtual" "-Wnon-virtual-dtor" "-Wno-missing-field-initializers" "-Wno-strict-aliasing" "-Wno-invalid-offsetof" "-msse2" "-std=c++17" "-DLZ4=1" "-DNDEBUG=1" "-DOS_LINUX" "-DROCKSDB_PLATFORM_POSIX" "-DROCKSDB_LIB_IO_POSIX" "-DROCKSDB_SUPPORT_THREAD_LOCAL" "-DHAVE_UINT128_EXTENSION=1" "-o" "/opt/rustwide/target/debug/build/librocksdb-sys-4512f48bd77f4540/out/rocksdb/cache/cache_key.o" "-c" "rocksdb/cache/cache_key.cc"
[INFO] [stderr]   exit status: 0
[INFO] [stderr]   exit status: 0
[INFO] [stderr]   exit status: 0
[INFO] [stderr]   running: "c++" "-O0" "-ffunction-sections" "-fdata-sections" "-fPIC" "-g" "-fno-omit-frame-pointer" "-m64" "-I" "rocksdb/include/" "-I" "rocksdb/" "-I" "rocksdb/third-party/gtest-1.8.1/fused-src/" "-I" "lz4/lib/" "-I" "." "-Wall" "-Wextra" "-std=c++17" "-Wsign-compare" "-Wshadow" "-Wno-unused-parameter" "-Wno-unused-variable" "-Woverloaded-virtual" "-Wnon-virtual-dtor" "-Wno-missing-field-initializers" "-Wno-strict-aliasing" "-Wno-invalid-offsetof" "-msse2" "-std=c++17" "-DLZ4=1" "-DNDEBUG=1" "-DOS_LINUX" "-DROCKSDB_PLATFORM_POSIX" "-DROCKSDB_LIB_IO_POSIX" "-DROCKSDB_SUPPORT_THREAD_LOCAL" "-DHAVE_UINT128_EXTENSION=1" "-o" "/opt/rustwide/target/debug/build/librocksdb-sys-4512f48bd77f4540/out/rocksdb/cache/cache_reservation_manager.o" "-c" "rocksdb/cache/cache_reservation_manager.cc"
[INFO] [stderr]   running: "c++" "-O0" "-ffunction-sections" "-fdata-sections" "-fPIC" "-g" "-fno-omit-frame-pointer" "-m64" "-I" "rocksdb/include/" "-I" "rocksdb/" "-I" "rocksdb/third-party/gtest-1.8.1/fused-src/" "-I" "lz4/lib/" "-I" "." "-Wall" "-Wextra" "-std=c++17" "-Wsign-compare" "-Wshadow" "-Wno-unused-parameter" "-Wno-unused-variable" "-Woverloaded-virtual" "-Wnon-virtual-dtor" "-Wno-missing-field-initializers" "-Wno-strict-aliasing" "-Wno-invalid-offsetof" "-msse2" "-std=c++17" "-DLZ4=1" "-DNDEBUG=1" "-DOS_LINUX" "-DROCKSDB_PLATFORM_POSIX" "-DROCKSDB_LIB_IO_POSIX" "-DROCKSDB_SUPPORT_THREAD_LOCAL" "-DHAVE_UINT128_EXTENSION=1" "-o" "/opt/rustwide/target/debug/build/librocksdb-sys-4512f48bd77f4540/out/rocksdb/cache/clock_cache.o" "-c" "rocksdb/cache/clock_cache.cc"
[INFO] [stderr]   running: "c++" "-O0" "-ffunction-sections" "-fdata-sections" "-fPIC" "-g" "-fno-omit-frame-pointer" "-m64" "-I" "rocksdb/include/" "-I" "rocksdb/" "-I" "rocksdb/third-party/gtest-1.8.1/fused-src/" "-I" "lz4/lib/" "-I" "." "-Wall" "-Wextra" "-std=c++17" "-Wsign-compare" "-Wshadow" "-Wno-unused-parameter" "-Wno-unused-variable" "-Woverloaded-virtual" "-Wnon-virtual-dtor" "-Wno-missing-field-initializers" "-Wno-strict-aliasing" "-Wno-invalid-offsetof" "-msse2" "-std=c++17" "-DLZ4=1" "-DNDEBUG=1" "-DOS_LINUX" "-DROCKSDB_PLATFORM_POSIX" "-DROCKSDB_LIB_IO_POSIX" "-DROCKSDB_SUPPORT_THREAD_LOCAL" "-DHAVE_UINT128_EXTENSION=1" "-o" "/opt/rustwide/target/debug/build/librocksdb-sys-4512f48bd77f4540/out/rocksdb/cache/fast_lru_cache.o" "-c" "rocksdb/cache/fast_lru_cache.cc"
[INFO] [stderr]   running: "c++" "-O0" "-ffunction-sections" "-fdata-sections" "-fPIC" "-g" "-fno-omit-frame-pointer" "-m64" "-I" "rocksdb/include/" "-I" "rocksdb/" "-I" "rocksdb/third-party/gtest-1.8.1/fused-src/" "-I" "lz4/lib/" "-I" "." "-Wall" "-Wextra" "-std=c++17" "-Wsign-compare" "-Wshadow" "-Wno-unused-parameter" "-Wno-unused-variable" "-Woverloaded-virtual" "-Wnon-virtual-dtor" "-Wno-missing-field-initializers" "-Wno-strict-aliasing" "-Wno-invalid-offsetof" "-msse2" "-std=c++17" "-DLZ4=1" "-DNDEBUG=1" "-DOS_LINUX" "-DROCKSDB_PLATFORM_POSIX" "-DROCKSDB_LIB_IO_POSIX" "-DROCKSDB_SUPPORT_THREAD_LOCAL" "-DHAVE_UINT128_EXTENSION=1" "-o" "/opt/rustwide/target/debug/build/librocksdb-sys-4512f48bd77f4540/out/rocksdb/cache/lru_cache.o" "-c" "rocksdb/cache/lru_cache.cc"
[INFO] [stderr]   exit status: 0
[INFO] [stderr]   running: "c++" "-O0" "-ffunction-sections" "-fdata-sections" "-fPIC" "-g" "-fno-omit-frame-pointer" "-m64" "-I" "rocksdb/include/" "-I" "rocksdb/" "-I" "rocksdb/third-party/gtest-1.8.1/fused-src/" "-I" "lz4/lib/" "-I" "." "-Wall" "-Wextra" "-std=c++17" "-Wsign-compare" "-Wshadow" "-Wno-unused-parameter" "-Wno-unused-variable" "-Woverloaded-virtual" "-Wnon-virtual-dtor" "-Wno-missing-field-initializers" "-Wno-strict-aliasing" "-Wno-invalid-offsetof" "-msse2" "-std=c++17" "-DLZ4=1" "-DNDEBUG=1" "-DOS_LINUX" "-DROCKSDB_PLATFORM_POSIX" "-DROCKSDB_LIB_IO_POSIX" "-DROCKSDB_SUPPORT_THREAD_LOCAL" "-DHAVE_UINT128_EXTENSION=1" "-o" "/opt/rustwide/target/debug/build/librocksdb-sys-4512f48bd77f4540/out/rocksdb/cache/compressed_secondary_cache.o" "-c" "rocksdb/cache/compressed_secondary_cache.cc"
[INFO] [stderr]   exit status: 0
[INFO] [stderr]   running: "c++" "-O0" "-ffunction-sections" "-fdata-sections" "-fPIC" "-g" "-fno-omit-frame-pointer" "-m64" "-I" "rocksdb/include/" "-I" "rocksdb/" "-I" "rocksdb/third-party/gtest-1.8.1/fused-src/" "-I" "lz4/lib/" "-I" "." "-Wall" "-Wextra" "-std=c++17" "-Wsign-compare" "-Wshadow" "-Wno-unused-parameter" "-Wno-unused-variable" "-Woverloaded-virtual" "-Wnon-virtual-dtor" "-Wno-missing-field-initializers" "-Wno-strict-aliasing" "-Wno-invalid-offsetof" "-msse2" "-std=c++17" "-DLZ4=1" "-DNDEBUG=1" "-DOS_LINUX" "-DROCKSDB_PLATFORM_POSIX" "-DROCKSDB_LIB_IO_POSIX" "-DROCKSDB_SUPPORT_THREAD_LOCAL" "-DHAVE_UINT128_EXTENSION=1" "-o" "/opt/rustwide/target/debug/build/librocksdb-sys-4512f48bd77f4540/out/rocksdb/cache/sharded_cache.o" "-c" "rocksdb/cache/sharded_cache.cc"
[INFO] [stderr]   running: "c++" "-O0" "-ffunction-sections" "-fdata-sections" "-fPIC" "-g" "-fno-omit-frame-pointer" "-m64" "-I" "rocksdb/include/" "-I" "rocksdb/" "-I" "rocksdb/third-party/gtest-1.8.1/fused-src/" "-I" "lz4/lib/" "-I" "." "-Wall" "-Wextra" "-std=c++17" "-Wsign-compare" "-Wshadow" "-Wno-unused-parameter" "-Wno-unused-variable" "-Woverloaded-virtual" "-Wnon-virtual-dtor" "-Wno-missing-field-initializers" "-Wno-strict-aliasing" "-Wno-invalid-offsetof" "-msse2" "-std=c++17" "-DLZ4=1" "-DNDEBUG=1" "-DOS_LINUX" "-DROCKSDB_PLATFORM_POSIX" "-DROCKSDB_LIB_IO_POSIX" "-DROCKSDB_SUPPORT_THREAD_LOCAL" "-DHAVE_UINT128_EXTENSION=1" "-o" "/opt/rustwide/target/debug/build/librocksdb-sys-4512f48bd77f4540/out/rocksdb/db/arena_wrapped_db_iter.o" "-c" "rocksdb/db/arena_wrapped_db_iter.cc"
[INFO] [stderr]   exit status: 0
[INFO] [stderr]   exit status: 0
[INFO] [stderr]   exit status: 0
[INFO] [stderr]   running: "c++" "-O0" "-ffunction-sections" "-fdata-sections" "-fPIC" "-g" "-fno-omit-frame-pointer" "-m64" "-I" "rocksdb/include/" "-I" "rocksdb/" "-I" "rocksdb/third-party/gtest-1.8.1/fused-src/" "-I" "lz4/lib/" "-I" "." "-Wall" "-Wextra" "-std=c++17" "-Wsign-compare" "-Wshadow" "-Wno-unused-parameter" "-Wno-unused-variable" "-Woverloaded-virtual" "-Wnon-virtual-dtor" "-Wno-missing-field-initializers" "-Wno-strict-aliasing" "-Wno-invalid-offsetof" "-msse2" "-std=c++17" "-DLZ4=1" "-DNDEBUG=1" "-DOS_LINUX" "-DROCKSDB_PLATFORM_POSIX" "-DROCKSDB_LIB_IO_POSIX" "-DROCKSDB_SUPPORT_THREAD_LOCAL" "-DHAVE_UINT128_EXTENSION=1" "-o" "/opt/rustwide/target/debug/build/librocksdb-sys-4512f48bd77f4540/out/rocksdb/db/blob/blob_fetcher.o" "-c" "rocksdb/db/blob/blob_fetcher.cc"
[INFO] [stderr]   exit status: 0
[INFO] [stderr]   running: "c++" "-O0" "-ffunction-sections" "-fdata-sections" "-fPIC" "-g" "-fno-omit-frame-pointer" "-m64" "-I" "rocksdb/include/" "-I" "rocksdb/" "-I" "rocksdb/third-party/gtest-1.8.1/fused-src/" "-I" "lz4/lib/" "-I" "." "-Wall" "-Wextra" "-std=c++17" "-Wsign-compare" "-Wshadow" "-Wno-unused-parameter" "-Wno-unused-variable" "-Woverloaded-virtual" "-Wnon-virtual-dtor" "-Wno-missing-field-initializers" "-Wno-strict-aliasing" "-Wno-invalid-offsetof" "-msse2" "-std=c++17" "-DLZ4=1" "-DNDEBUG=1" "-DOS_LINUX" "-DROCKSDB_PLATFORM_POSIX" "-DROCKSDB_LIB_IO_POSIX" "-DROCKSDB_SUPPORT_THREAD_LOCAL" "-DHAVE_UINT128_EXTENSION=1" "-o" "/opt/rustwide/target/debug/build/librocksdb-sys-4512f48bd77f4540/out/rocksdb/db/blob/blob_file_addition.o" "-c" "rocksdb/db/blob/blob_file_addition.cc"
[INFO] [stderr]   running: "c++" "-O0" "-ffunction-sections" "-fdata-sections" "-fPIC" "-g" "-fno-omit-frame-pointer" "-m64" "-I" "rocksdb/include/" "-I" "rocksdb/" "-I" "rocksdb/third-party/gtest-1.8.1/fused-src/" "-I" "lz4/lib/" "-I" "." "-Wall" "-Wextra" "-std=c++17" "-Wsign-compare" "-Wshadow" "-Wno-unused-parameter" "-Wno-unused-variable" "-Woverloaded-virtual" "-Wnon-virtual-dtor" "-Wno-missing-field-initializers" "-Wno-strict-aliasing" "-Wno-invalid-offsetof" "-msse2" "-std=c++17" "-DLZ4=1" "-DNDEBUG=1" "-DOS_LINUX" "-DROCKSDB_PLATFORM_POSIX" "-DROCKSDB_LIB_IO_POSIX" "-DROCKSDB_SUPPORT_THREAD_LOCAL" "-DHAVE_UINT128_EXTENSION=1" "-o" "/opt/rustwide/target/debug/build/librocksdb-sys-4512f48bd77f4540/out/rocksdb/db/blob/blob_file_builder.o" "-c" "rocksdb/db/blob/blob_file_builder.cc"
[INFO] [stderr]   exit status: 0
[INFO] [stderr]   running: "c++" "-O0" "-ffunction-sections" "-fdata-sections" "-fPIC" "-g" "-fno-omit-frame-pointer" "-m64" "-I" "rocksdb/include/" "-I" "rocksdb/" "-I" "rocksdb/third-party/gtest-1.8.1/fused-src/" "-I" "lz4/lib/" "-I" "." "-Wall" "-Wextra" "-std=c++17" "-Wsign-compare" "-Wshadow" "-Wno-unused-parameter" "-Wno-unused-variable" "-Woverloaded-virtual" "-Wnon-virtual-dtor" "-Wno-missing-field-initializers" "-Wno-strict-aliasing" "-Wno-invalid-offsetof" "-msse2" "-std=c++17" "-DLZ4=1" "-DNDEBUG=1" "-DOS_LINUX" "-DROCKSDB_PLATFORM_POSIX" "-DROCKSDB_LIB_IO_POSIX" "-DROCKSDB_SUPPORT_THREAD_LOCAL" "-DHAVE_UINT128_EXTENSION=1" "-o" "/opt/rustwide/target/debug/build/librocksdb-sys-4512f48bd77f4540/out/rocksdb/db/blob/blob_file_cache.o" "-c" "rocksdb/db/blob/blob_file_cache.cc"
[INFO] [stderr]   exit status: 0
[INFO] [stderr]   exit status: 0
[INFO] [stderr]   running: "c++" "-O0" "-ffunction-sections" "-fdata-sections" "-fPIC" "-g" "-fno-omit-frame-pointer" "-m64" "-I" "rocksdb/include/" "-I" "rocksdb/" "-I" "rocksdb/third-party/gtest-1.8.1/fused-src/" "-I" "lz4/lib/" "-I" "." "-Wall" "-Wextra" "-std=c++17" "-Wsign-compare" "-Wshadow" "-Wno-unused-parameter" "-Wno-unused-variable" "-Woverloaded-virtual" "-Wnon-virtual-dtor" "-Wno-missing-field-initializers" "-Wno-strict-aliasing" "-Wno-invalid-offsetof" "-msse2" "-std=c++17" "-DLZ4=1" "-DNDEBUG=1" "-DOS_LINUX" "-DROCKSDB_PLATFORM_POSIX" "-DROCKSDB_LIB_IO_POSIX" "-DROCKSDB_SUPPORT_THREAD_LOCAL" "-DHAVE_UINT128_EXTENSION=1" "-o" "/opt/rustwide/target/debug/build/librocksdb-sys-4512f48bd77f4540/out/rocksdb/db/blob/blob_file_garbage.o" "-c" "rocksdb/db/blob/blob_file_garbage.cc"
[INFO] [stderr]   exit status: 0
[INFO] [stderr]   exit status: 0
[INFO] [stderr]   exit status: 0
[INFO] [stderr]   running: "c++" "-O0" "-ffunction-sections" "-fdata-sections" "-fPIC" "-g" "-fno-omit-frame-pointer" "-m64" "-I" "rocksdb/include/" "-I" "rocksdb/" "-I" "rocksdb/third-party/gtest-1.8.1/fused-src/" "-I" "lz4/lib/" "-I" "." "-Wall" "-Wextra" "-std=c++17" "-Wsign-compare" "-Wshadow" "-Wno-unused-parameter" "-Wno-unused-variable" "-Woverloaded-virtual" "-Wnon-virtual-dtor" "-Wno-missing-field-initializers" "-Wno-strict-aliasing" "-Wno-invalid-offsetof" "-msse2" "-std=c++17" "-DLZ4=1" "-DNDEBUG=1" "-DOS_LINUX" "-DROCKSDB_PLATFORM_POSIX" "-DROCKSDB_LIB_IO_POSIX" "-DROCKSDB_SUPPORT_THREAD_LOCAL" "-DHAVE_UINT128_EXTENSION=1" "-o" "/opt/rustwide/target/debug/build/librocksdb-sys-4512f48bd77f4540/out/rocksdb/db/blob/blob_file_meta.o" "-c" "rocksdb/db/blob/blob_file_meta.cc"
[INFO] [stderr]   exit status: 0
[INFO] [stderr]   running: "c++" "-O0" "-ffunction-sections" "-fdata-sections" "-fPIC" "-g" "-fno-omit-frame-pointer" "-m64" "-I" "rocksdb/include/" "-I" "rocksdb/" "-I" "rocksdb/third-party/gtest-1.8.1/fused-src/" "-I" "lz4/lib/" "-I" "." "-Wall" "-Wextra" "-std=c++17" "-Wsign-compare" "-Wshadow" "-Wno-unused-parameter" "-Wno-unused-variable" "-Woverloaded-virtual" "-Wnon-virtual-dtor" "-Wno-missing-field-initializers" "-Wno-strict-aliasing" "-Wno-invalid-offsetof" "-msse2" "-std=c++17" "-DLZ4=1" "-DNDEBUG=1" "-DOS_LINUX" "-DROCKSDB_PLATFORM_POSIX" "-DROCKSDB_LIB_IO_POSIX" "-DROCKSDB_SUPPORT_THREAD_LOCAL" "-DHAVE_UINT128_EXTENSION=1" "-o" "/opt/rustwide/target/debug/build/librocksdb-sys-4512f48bd77f4540/out/rocksdb/db/blob/blob_file_reader.o" "-c" "rocksdb/db/blob/blob_file_reader.cc"
[INFO] [stderr]   running: "c++" "-O0" "-ffunction-sections" "-fdata-sections" "-fPIC" "-g" "-fno-omit-frame-pointer" "-m64" "-I" "rocksdb/include/" "-I" "rocksdb/" "-I" "rocksdb/third-party/gtest-1.8.1/fused-src/" "-I" "lz4/lib/" "-I" "." "-Wall" "-Wextra" "-std=c++17" "-Wsign-compare" "-Wshadow" "-Wno-unused-parameter" "-Wno-unused-variable" "-Woverloaded-virtual" "-Wnon-virtual-dtor" "-Wno-missing-field-initializers" "-Wno-strict-aliasing" "-Wno-invalid-offsetof" "-msse2" "-std=c++17" "-DLZ4=1" "-DNDEBUG=1" "-DOS_LINUX" "-DROCKSDB_PLATFORM_POSIX" "-DROCKSDB_LIB_IO_POSIX" "-DROCKSDB_SUPPORT_THREAD_LOCAL" "-DHAVE_UINT128_EXTENSION=1" "-o" "/opt/rustwide/target/debug/build/librocksdb-sys-4512f48bd77f4540/out/rocksdb/db/blob/blob_garbage_meter.o" "-c" "rocksdb/db/blob/blob_garbage_meter.cc"
[INFO] [stderr]   running: "c++" "-O0" "-ffunction-sections" "-fdata-sections" "-fPIC" "-g" "-fno-omit-frame-pointer" "-m64" "-I" "rocksdb/include/" "-I" "rocksdb/" "-I" "rocksdb/third-party/gtest-1.8.1/fused-src/" "-I" "lz4/lib/" "-I" "." "-Wall" "-Wextra" "-std=c++17" "-Wsign-compare" "-Wshadow" "-Wno-unused-parameter" "-Wno-unused-variable" "-Woverloaded-virtual" "-Wnon-virtual-dtor" "-Wno-missing-field-initializers" "-Wno-strict-aliasing" "-Wno-invalid-offsetof" "-msse2" "-std=c++17" "-DLZ4=1" "-DNDEBUG=1" "-DOS_LINUX" "-DROCKSDB_PLATFORM_POSIX" "-DROCKSDB_LIB_IO_POSIX" "-DROCKSDB_SUPPORT_THREAD_LOCAL" "-DHAVE_UINT128_EXTENSION=1" "-o" "/opt/rustwide/target/debug/build/librocksdb-sys-4512f48bd77f4540/out/rocksdb/db/blob/blob_log_format.o" "-c" "rocksdb/db/blob/blob_log_format.cc"
[INFO] [stderr]   running: "c++" "-O0" "-ffunction-sections" "-fdata-sections" "-fPIC" "-g" "-fno-omit-frame-pointer" "-m64" "-I" "rocksdb/include/" "-I" "rocksdb/" "-I" "rocksdb/third-party/gtest-1.8.1/fused-src/" "-I" "lz4/lib/" "-I" "." "-Wall" "-Wextra" "-std=c++17" "-Wsign-compare" "-Wshadow" "-Wno-unused-parameter" "-Wno-unused-variable" "-Woverloaded-virtual" "-Wnon-virtual-dtor" "-Wno-missing-field-initializers" "-Wno-strict-aliasing" "-Wno-invalid-offsetof" "-msse2" "-std=c++17" "-DLZ4=1" "-DNDEBUG=1" "-DOS_LINUX" "-DROCKSDB_PLATFORM_POSIX" "-DROCKSDB_LIB_IO_POSIX" "-DROCKSDB_SUPPORT_THREAD_LOCAL" "-DHAVE_UINT128_EXTENSION=1" "-o" "/opt/rustwide/target/debug/build/librocksdb-sys-4512f48bd77f4540/out/rocksdb/db/blob/blob_log_sequential_reader.o" "-c" "rocksdb/db/blob/blob_log_sequential_reader.cc"
[INFO] [stderr]   running: "c++" "-O0" "-ffunction-sections" "-fdata-sections" "-fPIC" "-g" "-fno-omit-frame-pointer" "-m64" "-I" "rocksdb/include/" "-I" "rocksdb/" "-I" "rocksdb/third-party/gtest-1.8.1/fused-src/" "-I" "lz4/lib/" "-I" "." "-Wall" "-Wextra" "-std=c++17" "-Wsign-compare" "-Wshadow" "-Wno-unused-parameter" "-Wno-unused-variable" "-Woverloaded-virtual" "-Wnon-virtual-dtor" "-Wno-missing-field-initializers" "-Wno-strict-aliasing" "-Wno-invalid-offsetof" "-msse2" "-std=c++17" "-DLZ4=1" "-DNDEBUG=1" "-DOS_LINUX" "-DROCKSDB_PLATFORM_POSIX" "-DROCKSDB_LIB_IO_POSIX" "-DROCKSDB_SUPPORT_THREAD_LOCAL" "-DHAVE_UINT128_EXTENSION=1" "-o" "/opt/rustwide/target/debug/build/librocksdb-sys-4512f48bd77f4540/out/rocksdb/db/blob/blob_log_writer.o" "-c" "rocksdb/db/blob/blob_log_writer.cc"
[INFO] [stderr]   running: "c++" "-O0" "-ffunction-sections" "-fdata-sections" "-fPIC" "-g" "-fno-omit-frame-pointer" "-m64" "-I" "rocksdb/include/" "-I" "rocksdb/" "-I" "rocksdb/third-party/gtest-1.8.1/fused-src/" "-I" "lz4/lib/" "-I" "." "-Wall" "-Wextra" "-std=c++17" "-Wsign-compare" "-Wshadow" "-Wno-unused-parameter" "-Wno-unused-variable" "-Woverloaded-virtual" "-Wnon-virtual-dtor" "-Wno-missing-field-initializers" "-Wno-strict-aliasing" "-Wno-invalid-offsetof" "-msse2" "-std=c++17" "-DLZ4=1" "-DNDEBUG=1" "-DOS_LINUX" "-DROCKSDB_PLATFORM_POSIX" "-DROCKSDB_LIB_IO_POSIX" "-DROCKSDB_SUPPORT_THREAD_LOCAL" "-DHAVE_UINT128_EXTENSION=1" "-o" "/opt/rustwide/target/debug/build/librocksdb-sys-4512f48bd77f4540/out/rocksdb/db/blob/blob_source.o" "-c" "rocksdb/db/blob/blob_source.cc"
[INFO] [stderr]   exit status: 0
[INFO] [stderr]   running: "c++" "-O0" "-ffunction-sections" "-fdata-sections" "-fPIC" "-g" "-fno-omit-frame-pointer" "-m64" "-I" "rocksdb/include/" "-I" "rocksdb/" "-I" "rocksdb/third-party/gtest-1.8.1/fused-src/" "-I" "lz4/lib/" "-I" "." "-Wall" "-Wextra" "-std=c++17" "-Wsign-compare" "-Wshadow" "-Wno-unused-parameter" "-Wno-unused-variable" "-Woverloaded-virtual" "-Wnon-virtual-dtor" "-Wno-missing-field-initializers" "-Wno-strict-aliasing" "-Wno-invalid-offsetof" "-msse2" "-std=c++17" "-DLZ4=1" "-DNDEBUG=1" "-DOS_LINUX" "-DROCKSDB_PLATFORM_POSIX" "-DROCKSDB_LIB_IO_POSIX" "-DROCKSDB_SUPPORT_THREAD_LOCAL" "-DHAVE_UINT128_EXTENSION=1" "-o" "/opt/rustwide/target/debug/build/librocksdb-sys-4512f48bd77f4540/out/rocksdb/db/blob/prefetch_buffer_collection.o" "-c" "rocksdb/db/blob/prefetch_buffer_collection.cc"
[INFO] [stderr]   exit status: 0
[INFO] [stderr]   running: "c++" "-O0" "-ffunction-sections" "-fdata-sections" "-fPIC" "-g" "-fno-omit-frame-pointer" "-m64" "-I" "rocksdb/include/" "-I" "rocksdb/" "-I" "rocksdb/third-party/gtest-1.8.1/fused-src/" "-I" "lz4/lib/" "-I" "." "-Wall" "-Wextra" "-std=c++17" "-Wsign-compare" "-Wshadow" "-Wno-unused-parameter" "-Wno-unused-variable" "-Woverloaded-virtual" "-Wnon-virtual-dtor" "-Wno-missing-field-initializers" "-Wno-strict-aliasing" "-Wno-invalid-offsetof" "-msse2" "-std=c++17" "-DLZ4=1" "-DNDEBUG=1" "-DOS_LINUX" "-DROCKSDB_PLATFORM_POSIX" "-DROCKSDB_LIB_IO_POSIX" "-DROCKSDB_SUPPORT_THREAD_LOCAL" "-DHAVE_UINT128_EXTENSION=1" "-o" "/opt/rustwide/target/debug/build/librocksdb-sys-4512f48bd77f4540/out/rocksdb/db/builder.o" "-c" "rocksdb/db/builder.cc"
[INFO] [stderr]   exit status: 0
[INFO] [stderr]   running: "c++" "-O0" "-ffunction-sections" "-fdata-sections" "-fPIC" "-g" "-fno-omit-frame-pointer" "-m64" "-I" "rocksdb/include/" "-I" "rocksdb/" "-I" "rocksdb/third-party/gtest-1.8.1/fused-src/" "-I" "lz4/lib/" "-I" "." "-Wall" "-Wextra" "-std=c++17" "-Wsign-compare" "-Wshadow" "-Wno-unused-parameter" "-Wno-unused-variable" "-Woverloaded-virtual" "-Wnon-virtual-dtor" "-Wno-missing-field-initializers" "-Wno-strict-aliasing" "-Wno-invalid-offsetof" "-msse2" "-std=c++17" "-DLZ4=1" "-DNDEBUG=1" "-DOS_LINUX" "-DROCKSDB_PLATFORM_POSIX" "-DROCKSDB_LIB_IO_POSIX" "-DROCKSDB_SUPPORT_THREAD_LOCAL" "-DHAVE_UINT128_EXTENSION=1" "-o" "/opt/rustwide/target/debug/build/librocksdb-sys-4512f48bd77f4540/out/rocksdb/db/c.o" "-c" "rocksdb/db/c.cc"
[INFO] [stderr]   exit status: 0
[INFO] [stderr]   running: "c++" "-O0" "-ffunction-sections" "-fdata-sections" "-fPIC" "-g" "-fno-omit-frame-pointer" "-m64" "-I" "rocksdb/include/" "-I" "rocksdb/" "-I" "rocksdb/third-party/gtest-1.8.1/fused-src/" "-I" "lz4/lib/" "-I" "." "-Wall" "-Wextra" "-std=c++17" "-Wsign-compare" "-Wshadow" "-Wno-unused-parameter" "-Wno-unused-variable" "-Woverloaded-virtual" "-Wnon-virtual-dtor" "-Wno-missing-field-initializers" "-Wno-strict-aliasing" "-Wno-invalid-offsetof" "-msse2" "-std=c++17" "-DLZ4=1" "-DNDEBUG=1" "-DOS_LINUX" "-DROCKSDB_PLATFORM_POSIX" "-DROCKSDB_LIB_IO_POSIX" "-DROCKSDB_SUPPORT_THREAD_LOCAL" "-DHAVE_UINT128_EXTENSION=1" "-o" "/opt/rustwide/target/debug/build/librocksdb-sys-4512f48bd77f4540/out/rocksdb/db/column_family.o" "-c" "rocksdb/db/column_family.cc"
[INFO] [stderr]   exit status: 0
[INFO] [stderr]   running: "c++" "-O0" "-ffunction-sections" "-fdata-sections" "-fPIC" "-g" "-fno-omit-frame-pointer" "-m64" "-I" "rocksdb/include/" "-I" "rocksdb/" "-I" "rocksdb/third-party/gtest-1.8.1/fused-src/" "-I" "lz4/lib/" "-I" "." "-Wall" "-Wextra" "-std=c++17" "-Wsign-compare" "-Wshadow" "-Wno-unused-parameter" "-Wno-unused-variable" "-Woverloaded-virtual" "-Wnon-virtual-dtor" "-Wno-missing-field-initializers" "-Wno-strict-aliasing" "-Wno-invalid-offsetof" "-msse2" "-std=c++17" "-DLZ4=1" "-DNDEBUG=1" "-DOS_LINUX" "-DROCKSDB_PLATFORM_POSIX" "-DROCKSDB_LIB_IO_POSIX" "-DROCKSDB_SUPPORT_THREAD_LOCAL" "-DHAVE_UINT128_EXTENSION=1" "-o" "/opt/rustwide/target/debug/build/librocksdb-sys-4512f48bd77f4540/out/rocksdb/db/compaction/compaction.o" "-c" "rocksdb/db/compaction/compaction.cc"
[INFO] [stderr]   exit status: 0
[INFO] [stderr]   running: "c++" "-O0" "-ffunction-sections" "-fdata-sections" "-fPIC" "-g" "-fno-omit-frame-pointer" "-m64" "-I" "rocksdb/include/" "-I" "rocksdb/" "-I" "rocksdb/third-party/gtest-1.8.1/fused-src/" "-I" "lz4/lib/" "-I" "." "-Wall" "-Wextra" "-std=c++17" "-Wsign-compare" "-Wshadow" "-Wno-unused-parameter" "-Wno-unused-variable" "-Woverloaded-virtual" "-Wnon-virtual-dtor" "-Wno-missing-field-initializers" "-Wno-strict-aliasing" "-Wno-invalid-offsetof" "-msse2" "-std=c++17" "-DLZ4=1" "-DNDEBUG=1" "-DOS_LINUX" "-DROCKSDB_PLATFORM_POSIX" "-DROCKSDB_LIB_IO_POSIX" "-DROCKSDB_SUPPORT_THREAD_LOCAL" "-DHAVE_UINT128_EXTENSION=1" "-o" "/opt/rustwide/target/debug/build/librocksdb-sys-4512f48bd77f4540/out/rocksdb/db/compaction/compaction_iterator.o" "-c" "rocksdb/db/compaction/compaction_iterator.cc"
[INFO] [stderr]   exit status: 0
[INFO] [stderr]   running: "c++" "-O0" "-ffunction-sections" "-fdata-sections" "-fPIC" "-g" "-fno-omit-frame-pointer" "-m64" "-I" "rocksdb/include/" "-I" "rocksdb/" "-I" "rocksdb/third-party/gtest-1.8.1/fused-src/" "-I" "lz4/lib/" "-I" "." "-Wall" "-Wextra" "-std=c++17" "-Wsign-compare" "-Wshadow" "-Wno-unused-parameter" "-Wno-unused-variable" "-Woverloaded-virtual" "-Wnon-virtual-dtor" "-Wno-missing-field-initializers" "-Wno-strict-aliasing" "-Wno-invalid-offsetof" "-msse2" "-std=c++17" "-DLZ4=1" "-DNDEBUG=1" "-DOS_LINUX" "-DROCKSDB_PLATFORM_POSIX" "-DROCKSDB_LIB_IO_POSIX" "-DROCKSDB_SUPPORT_THREAD_LOCAL" "-DHAVE_UINT128_EXTENSION=1" "-o" "/opt/rustwide/target/debug/build/librocksdb-sys-4512f48bd77f4540/out/rocksdb/db/compaction/compaction_job.o" "-c" "rocksdb/db/compaction/compaction_job.cc"
[INFO] [stderr]   cargo:warning=c++: fatal error: Killed signal terminated program cc1plus
[INFO] [stderr]   cargo:warning=compilation terminated.
[INFO] [stderr]   exit status: 1
[INFO] [stderr]   running: "c++" "-O0" "-ffunction-sections" "-fdata-sections" "-fPIC" "-g" "-fno-omit-frame-pointer" "-m64" "-I" "rocksdb/include/" "-I" "rocksdb/" "-I" "rocksdb/third-party/gtest-1.8.1/fused-src/" "-I" "lz4/lib/" "-I" "." "-Wall" "-Wextra" "-std=c++17" "-Wsign-compare" "-Wshadow" "-Wno-unused-parameter" "-Wno-unused-variable" "-Woverloaded-virtual" "-Wnon-virtual-dtor" "-Wno-missing-field-initializers" "-Wno-strict-aliasing" "-Wno-invalid-offsetof" "-msse2" "-std=c++17" "-DLZ4=1" "-DNDEBUG=1" "-DOS_LINUX" "-DROCKSDB_PLATFORM_POSIX" "-DROCKSDB_LIB_IO_POSIX" "-DROCKSDB_SUPPORT_THREAD_LOCAL" "-DHAVE_UINT128_EXTENSION=1" "-o" "/opt/rustwide/target/debug/build/librocksdb-sys-4512f48bd77f4540/out/rocksdb/db/compaction/compaction_picker.o" "-c" "rocksdb/db/compaction/compaction_picker.cc"
[INFO] [stderr]   cargo:warning=c++: fatal error: Killed signal terminated program cc1plus
[INFO] [stderr]   cargo:warning=compilation terminated.
[INFO] [stderr]   exit status: 1
[INFO] [stderr]   cargo:warning=c++: fatal error: Killed signal terminated program cc1plus
[INFO] [stderr]   cargo:warning=compilation terminated.
[INFO] [stderr]   exit status: 1
[INFO] [stderr]   exit status: 0
[INFO] [stderr]   cargo:warning=c++: fatal error: Killed signal terminated program cc1plus
[INFO] [stderr]   cargo:warning=compilation terminated.
[INFO] [stderr]   exit status: 1
[INFO] [stderr]   exit status: 0
[INFO] [stderr]   exit status: 0
[INFO] [stderr] 
[INFO] [stderr]   --- stderr
[INFO] [stderr]   error: 'rustfmt' is not installed for the toolchain '1.75.0-x86_64-unknown-linux-gnu'
[INFO] [stderr]   To install, run `rustup component add rustfmt --toolchain 1.75.0-x86_64-unknown-linux-gnu`
[INFO] [stderr]   Failed to run rustfmt: Internal rustfmt error (non-fatal, continuing)
[INFO] [stderr] 
[INFO] [stderr] 
[INFO] [stderr]   error occurred: Command "c++" "-O0" "-ffunction-sections" "-fdata-sections" "-fPIC" "-g" "-fno-omit-frame-pointer" "-m64" "-I" "rocksdb/include/" "-I" "rocksdb/" "-I" "rocksdb/third-party/gtest-1.8.1/fused-src/" "-I" "lz4/lib/" "-I" "." "-Wall" "-Wextra" "-std=c++17" "-Wsign-compare" "-Wshadow" "-Wno-unused-parameter" "-Wno-unused-variable" "-Woverloaded-virtual" "-Wnon-virtual-dtor" "-Wno-missing-field-initializers" "-Wno-strict-aliasing" "-Wno-invalid-offsetof" "-msse2" "-std=c++17" "-DLZ4=1" "-DNDEBUG=1" "-DOS_LINUX" "-DROCKSDB_PLATFORM_POSIX" "-DROCKSDB_LIB_IO_POSIX" "-DROCKSDB_SUPPORT_THREAD_LOCAL" "-DHAVE_UINT128_EXTENSION=1" "-o" "/opt/rustwide/target/debug/build/librocksdb-sys-4512f48bd77f4540/out/rocksdb/db/builder.o" "-c" "rocksdb/db/builder.cc" with args "c++" did not execute successfully (status code exit status: 1).
[INFO] [stderr] 
[INFO] [stderr] 
[INFO] [stderr] warning: build failed, waiting for other jobs to finish...
[INFO] [stdout] error[E0433]: failed to resolve: use of undeclared crate or module `ethers`
[INFO] [stdout]  --> /opt/rustwide/cargo-home/registry/src/index.crates.io-6f17d22bba15001f/fuel-relayer-0.10.1/src/abi.rs:4:5
[INFO] [stdout]   |
[INFO] [stdout] 4 |     super::abigen!(Fuel, "abi/Fuel.json");
[INFO] [stdout]   |     ^^^^^^^^^^^^^^^^^^^^^^^^^^^^^^^^^^^^^ use of undeclared crate or module `ethers`
[INFO] [stdout]   |
[INFO] [stdout]   = note: this error originates in the macro `super::abigen` (in Nightly builds, run with -Z macro-backtrace for more info)
[INFO] [stdout] 
[INFO] [stdout] 
[INFO] [stdout] error[E0433]: failed to resolve: use of undeclared crate or module `ethers`
[INFO] [stdout]  --> /opt/rustwide/cargo-home/registry/src/index.crates.io-6f17d22bba15001f/fuel-relayer-0.10.1/src/abi.rs:7:5
[INFO] [stdout]   |
[INFO] [stdout] 7 |     super::abigen!(ValidatorSet, "abi/ValidatorSet.json");
[INFO] [stdout]   |     ^^^^^^^^^^^^^^^^^^^^^^^^^^^^^^^^^^^^^^^^^^^^^^^^^^^^^ use of undeclared crate or module `ethers`
[INFO] [stdout]   |
[INFO] [stdout]   = note: this error originates in the macro `super::abigen` (in Nightly builds, run with -Z macro-backtrace for more info)
[INFO] [stdout] 
[INFO] [stdout] 
[INFO] [stdout] error[E0433]: failed to resolve: use of undeclared crate or module `ethers`
[INFO] [stdout]   --> /opt/rustwide/cargo-home/registry/src/index.crates.io-6f17d22bba15001f/fuel-relayer-0.10.1/src/abi.rs:11:5
[INFO] [stdout]    |
[INFO] [stdout] 11 |     super::abigen!(Message, "abi/IFuelMessageOutbox.json");
[INFO] [stdout]    |     ^^^^^^^^^^^^^^^^^^^^^^^^^^^^^^^^^^^^^^^^^^^^^^^^^^^^^^ use of undeclared crate or module `ethers`
[INFO] [stdout]    |
[INFO] [stdout]    = note: this error originates in the macro `super::abigen` (in Nightly builds, run with -Z macro-backtrace for more info)
[INFO] [stdout] 
[INFO] [stdout] 
[INFO] [stdout] error: cannot find attribute `ethevent` in this scope
[INFO] [stdout]  --> /opt/rustwide/cargo-home/registry/src/index.crates.io-6f17d22bba15001f/fuel-relayer-0.10.1/src/abi.rs:4:5
[INFO] [stdout]   |
[INFO] [stdout] 4 |     super::abigen!(Fuel, "abi/Fuel.json");
[INFO] [stdout]   |     ^^^^^^^^^^^^^^^^^^^^^^^^^^^^^^^^^^^^^
[INFO] [stdout]   |
[INFO] [stdout]   = note: this error originates in the macro `super::abigen` (in Nightly builds, run with -Z macro-backtrace for more info)
[INFO] [stdout] 
[INFO] [stdout] 
[INFO] [stdout] error: cannot find attribute `ethcall` in this scope
[INFO] [stdout]  --> /opt/rustwide/cargo-home/registry/src/index.crates.io-6f17d22bba15001f/fuel-relayer-0.10.1/src/abi.rs:4:5
[INFO] [stdout]   |
[INFO] [stdout] 4 |     super::abigen!(Fuel, "abi/Fuel.json");
[INFO] [stdout]   |     ^^^^^^^^^^^^^^^^^^^^^^^^^^^^^^^^^^^^^
[INFO] [stdout]   |
[INFO] [stdout]   = note: this error originates in the macro `super::abigen` (in Nightly builds, run with -Z macro-backtrace for more info)
[INFO] [stdout] 
[INFO] [stdout] 
[INFO] [stdout] error: cannot find attribute `ethevent` in this scope
[INFO] [stdout]  --> /opt/rustwide/cargo-home/registry/src/index.crates.io-6f17d22bba15001f/fuel-relayer-0.10.1/src/abi.rs:7:5
[INFO] [stdout]   |
[INFO] [stdout] 7 |     super::abigen!(ValidatorSet, "abi/ValidatorSet.json");
[INFO] [stdout]   |     ^^^^^^^^^^^^^^^^^^^^^^^^^^^^^^^^^^^^^^^^^^^^^^^^^^^^^
[INFO] [stdout]   |
[INFO] [stdout]   = note: this error originates in the macro `super::abigen` (in Nightly builds, run with -Z macro-backtrace for more info)
[INFO] [stdout] 
[INFO] [stdout] 
[INFO] [stdout] error: cannot find attribute `ethcall` in this scope
[INFO] [stdout]  --> /opt/rustwide/cargo-home/registry/src/index.crates.io-6f17d22bba15001f/fuel-relayer-0.10.1/src/abi.rs:7:5
[INFO] [stdout]   |
[INFO] [stdout] 7 |     super::abigen!(ValidatorSet, "abi/ValidatorSet.json");
[INFO] [stdout]   |     ^^^^^^^^^^^^^^^^^^^^^^^^^^^^^^^^^^^^^^^^^^^^^^^^^^^^^
[INFO] [stdout]   |
[INFO] [stdout]   = note: this error originates in the macro `super::abigen` (in Nightly builds, run with -Z macro-backtrace for more info)
[INFO] [stdout] 
[INFO] [stdout] 
[INFO] [stdout] error: cannot find attribute `ethevent` in this scope
[INFO] [stdout]   --> /opt/rustwide/cargo-home/registry/src/index.crates.io-6f17d22bba15001f/fuel-relayer-0.10.1/src/abi.rs:11:5
[INFO] [stdout]    |
[INFO] [stdout] 11 |     super::abigen!(Message, "abi/IFuelMessageOutbox.json");
[INFO] [stdout]    |     ^^^^^^^^^^^^^^^^^^^^^^^^^^^^^^^^^^^^^^^^^^^^^^^^^^^^^^
[INFO] [stdout]    |
[INFO] [stdout]    = note: this error originates in the macro `super::abigen` (in Nightly builds, run with -Z macro-backtrace for more info)
[INFO] [stdout] 
[INFO] [stdout] 
[INFO] [stdout] error: cannot find attribute `ethcall` in this scope
[INFO] [stdout]   --> /opt/rustwide/cargo-home/registry/src/index.crates.io-6f17d22bba15001f/fuel-relayer-0.10.1/src/abi.rs:11:5
[INFO] [stdout]    |
[INFO] [stdout] 11 |     super::abigen!(Message, "abi/IFuelMessageOutbox.json");
[INFO] [stdout]    |     ^^^^^^^^^^^^^^^^^^^^^^^^^^^^^^^^^^^^^^^^^^^^^^^^^^^^^^
[INFO] [stdout]    |
[INFO] [stdout]    = note: this error originates in the macro `super::abigen` (in Nightly builds, run with -Z macro-backtrace for more info)
[INFO] [stdout] 
[INFO] [stdout] 
[INFO] [stdout] error[E0433]: failed to resolve: use of undeclared crate or module `ethers`
[INFO] [stdout]  --> /opt/rustwide/cargo-home/registry/src/index.crates.io-6f17d22bba15001f/fuel-relayer-0.10.1/src/abi.rs:4:5
[INFO] [stdout]   |
[INFO] [stdout] 4 |     super::abigen!(Fuel, "abi/Fuel.json");
[INFO] [stdout]   |     ^^^^^^^^^^^^^^^^^^^^^^^^^^^^^^^^^^^^^ use of undeclared crate or module `ethers`
[INFO] [stdout]   |
[INFO] [stdout]   = help: consider importing this module:
[INFO] [stdout]           ethers_core::abi
[INFO] [stdout]   = note: this error originates in the macro `super::abigen` (in Nightly builds, run with -Z macro-backtrace for more info)
[INFO] [stdout] 
[INFO] [stdout] 
[INFO] [stdout] error[E0433]: failed to resolve: use of undeclared crate or module `ethers`
[INFO] [stdout]  --> /opt/rustwide/cargo-home/registry/src/index.crates.io-6f17d22bba15001f/fuel-relayer-0.10.1/src/abi.rs:4:5
[INFO] [stdout]   |
[INFO] [stdout] 4 |     super::abigen!(Fuel, "abi/Fuel.json");
[INFO] [stdout]   |     ^^^^^^^^^^^^^^^^^^^^^^^^^^^^^^^^^^^^^ use of undeclared crate or module `ethers`
[INFO] [stdout]   |
[INFO] [stdout]   = help: consider importing one of these items:
[INFO] [stdout]           ethers_contract::Lazy
[INFO] [stdout]           futures::future::Lazy
[INFO] [stdout]           once_cell::sync::Lazy
[INFO] [stdout]           once_cell::unsync::Lazy
[INFO] [stdout]   = note: this error originates in the macro `super::abigen` (in Nightly builds, run with -Z macro-backtrace for more info)
[INFO] [stdout] 
[INFO] [stdout] 
[INFO] [stdout] error[E0433]: failed to resolve: use of undeclared crate or module `ethers`
[INFO] [stdout]  --> /opt/rustwide/cargo-home/registry/src/index.crates.io-6f17d22bba15001f/fuel-relayer-0.10.1/src/abi.rs:4:5
[INFO] [stdout]   |
[INFO] [stdout] 4 |     super::abigen!(Fuel, "abi/Fuel.json");
[INFO] [stdout]   |     ^^^^^^^^^^^^^^^^^^^^^^^^^^^^^^^^^^^^^ use of undeclared crate or module `ethers`
[INFO] [stdout]   |
[INFO] [stdout]   = help: consider importing this module:
[INFO] [stdout]           ethers_core::utils::__serde_json
[INFO] [stdout]   = note: this error originates in the macro `super::abigen` (in Nightly builds, run with -Z macro-backtrace for more info)
[INFO] [stdout] 
[INFO] [stdout] 
[INFO] [stdout] error[E0433]: failed to resolve: use of undeclared crate or module `ethers`
[INFO] [stdout]  --> /opt/rustwide/cargo-home/registry/src/index.crates.io-6f17d22bba15001f/fuel-relayer-0.10.1/src/abi.rs:4:5
[INFO] [stdout]   |
[INFO] [stdout] 4 |     super::abigen!(Fuel, "abi/Fuel.json");
[INFO] [stdout]   |     ^^^^^^^^^^^^^^^^^^^^^^^^^^^^^^^^^^^^^ use of undeclared crate or module `ethers`
[INFO] [stdout]   |
[INFO] [stdout]   = help: consider importing this module:
[INFO] [stdout]           ethers_core::types
[INFO] [stdout]   = note: this error originates in the macro `super::abigen` (in Nightly builds, run with -Z macro-backtrace for more info)
[INFO] [stdout] 
[INFO] [stdout] 
[INFO] [stdout] error[E0433]: failed to resolve: use of undeclared crate or module `ethers`
[INFO] [stdout]  --> /opt/rustwide/cargo-home/registry/src/index.crates.io-6f17d22bba15001f/fuel-relayer-0.10.1/src/abi.rs:4:5
[INFO] [stdout]   |
[INFO] [stdout] 4 |     super::abigen!(Fuel, "abi/Fuel.json");
[INFO] [stdout]   |     ^^^^^^^^^^^^^^^^^^^^^^^^^^^^^^^^^^^^^ use of undeclared crate or module `ethers`
[INFO] [stdout]   |
[INFO] [stdout]   = help: consider importing one of these items:
[INFO] [stdout]           ethers_contract::Contract
[INFO] [stdout]           ethers_core::abi::Contract
[INFO] [stdout]   = note: this error originates in the macro `super::abigen` (in Nightly builds, run with -Z macro-backtrace for more info)
[INFO] [stdout] 
[INFO] [stdout] 
[INFO] [stdout] error[E0433]: failed to resolve: use of undeclared crate or module `ethers`
[INFO] [stdout]  --> /opt/rustwide/cargo-home/registry/src/index.crates.io-6f17d22bba15001f/fuel-relayer-0.10.1/src/abi.rs:4:5
[INFO] [stdout]   |
[INFO] [stdout] 4 |     super::abigen!(Fuel, "abi/Fuel.json");
[INFO] [stdout]   |     ^^^^^^^^^^^^^^^^^^^^^^^^^^^^^^^^^^^^^ use of undeclared crate or module `ethers`
[INFO] [stdout]   |
[INFO] [stdout]   = help: consider importing this module:
[INFO] [stdout]           ethers_contract::builders
[INFO] [stdout]   = note: this error originates in the macro `super::abigen` (in Nightly builds, run with -Z macro-backtrace for more info)
[INFO] [stdout] 
[INFO] [stdout] 
[INFO] [stdout] error[E0433]: failed to resolve: use of undeclared crate or module `ethers`
[INFO] [stdout]  --> /opt/rustwide/cargo-home/registry/src/index.crates.io-6f17d22bba15001f/fuel-relayer-0.10.1/src/abi.rs:4:5
[INFO] [stdout]   |
[INFO] [stdout] 4 |     super::abigen!(Fuel, "abi/Fuel.json");
[INFO] [stdout]   |     ^^^^^^^^^^^^^^^^^^^^^^^^^^^^^^^^^^^^^ use of undeclared crate or module `ethers`
[INFO] [stdout]   |
[INFO] [stdout]   = help: consider importing one of these items:
[INFO] [stdout]           anyhow::Error
[INFO] [stdout]           ethers_core::abi::Error
[INFO] [stdout]           ethers_core::utils::__serde_json::Error
[INFO] [stdout]           fuel_core_interfaces::db::Error
[INFO] [stdout]           fuel_core_interfaces::txpool::Error
[INFO] [stdout]           futures::io::Error
[INFO] [stdout]           serde::__private::doc::Error
[INFO] [stdout]           serde::__private::fmt::Error
[INFO] [stdout]           serde::de::Error
[INFO] [stdout]           serde::de::value::Error
[INFO] [stdout]           serde::ser::Error
[INFO] [stdout]           serde_json::Error
[INFO] [stdout]           std::error::Error
[INFO] [stdout]           std::fmt::Error
[INFO] [stdout]           std::io::Error
[INFO] [stdout]           tokio::io::Error
[INFO] [stdout]           tokio::time::error::Error
[INFO] [stdout]           tracing::log::kv::Error
[INFO] [stdout]           tracing_subscriber::reload::Error
[INFO] [stdout]           core::error::Error
[INFO] [stdout]           core::fmt::Error
[INFO] [stdout]   = note: this error originates in the macro `super::abigen` (in Nightly builds, run with -Z macro-backtrace for more info)
[INFO] [stdout] 
[INFO] [stdout] 
[INFO] [stdout] error[E0433]: failed to resolve: use of undeclared crate or module `ethers`
[INFO] [stdout]  --> /opt/rustwide/cargo-home/registry/src/index.crates.io-6f17d22bba15001f/fuel-relayer-0.10.1/src/abi.rs:7:5
[INFO] [stdout]   |
[INFO] [stdout] 7 |     super::abigen!(ValidatorSet, "abi/ValidatorSet.json");
[INFO] [stdout]   |     ^^^^^^^^^^^^^^^^^^^^^^^^^^^^^^^^^^^^^^^^^^^^^^^^^^^^^ use of undeclared crate or module `ethers`
[INFO] [stdout]   |
[INFO] [stdout]   = help: consider importing this module:
[INFO] [stdout]           ethers_core::abi
[INFO] [stdout]   = note: this error originates in the macro `super::abigen` (in Nightly builds, run with -Z macro-backtrace for more info)
[INFO] [stdout] 
[INFO] [stdout] 
[INFO] [stdout] error[E0433]: failed to resolve: use of undeclared crate or module `ethers`
[INFO] [stdout]  --> /opt/rustwide/cargo-home/registry/src/index.crates.io-6f17d22bba15001f/fuel-relayer-0.10.1/src/abi.rs:7:5
[INFO] [stdout]   |
[INFO] [stdout] 7 |     super::abigen!(ValidatorSet, "abi/ValidatorSet.json");
[INFO] [stdout]   |     ^^^^^^^^^^^^^^^^^^^^^^^^^^^^^^^^^^^^^^^^^^^^^^^^^^^^^ use of undeclared crate or module `ethers`
[INFO] [stdout]   |
[INFO] [stdout]   = help: consider importing one of these items:
[INFO] [stdout]           ethers_contract::Lazy
[INFO] [stdout]           futures::future::Lazy
[INFO] [stdout]           once_cell::sync::Lazy
[INFO] [stdout]           once_cell::unsync::Lazy
[INFO] [stdout]   = note: this error originates in the macro `super::abigen` (in Nightly builds, run with -Z macro-backtrace for more info)
[INFO] [stdout] 
[INFO] [stdout] 
[INFO] [stdout] error[E0433]: failed to resolve: use of undeclared crate or module `ethers`
[INFO] [stdout]  --> /opt/rustwide/cargo-home/registry/src/index.crates.io-6f17d22bba15001f/fuel-relayer-0.10.1/src/abi.rs:7:5
[INFO] [stdout]   |
[INFO] [stdout] 7 |     super::abigen!(ValidatorSet, "abi/ValidatorSet.json");
[INFO] [stdout]   |     ^^^^^^^^^^^^^^^^^^^^^^^^^^^^^^^^^^^^^^^^^^^^^^^^^^^^^ use of undeclared crate or module `ethers`
[INFO] [stdout]   |
[INFO] [stdout]   = help: consider importing this module:
[INFO] [stdout]           ethers_core::utils::__serde_json
[INFO] [stdout]   = note: this error originates in the macro `super::abigen` (in Nightly builds, run with -Z macro-backtrace for more info)
[INFO] [stdout] 
[INFO] [stdout] 
[INFO] [stdout] error[E0433]: failed to resolve: use of undeclared crate or module `ethers`
[INFO] [stdout]  --> /opt/rustwide/cargo-home/registry/src/index.crates.io-6f17d22bba15001f/fuel-relayer-0.10.1/src/abi.rs:7:5
[INFO] [stdout]   |
[INFO] [stdout] 7 |     super::abigen!(ValidatorSet, "abi/ValidatorSet.json");
[INFO] [stdout]   |     ^^^^^^^^^^^^^^^^^^^^^^^^^^^^^^^^^^^^^^^^^^^^^^^^^^^^^ use of undeclared crate or module `ethers`
[INFO] [stdout]   |
[INFO] [stdout]   = help: consider importing this module:
[INFO] [stdout]           ethers_core::types
[INFO] [stdout]   = note: this error originates in the macro `super::abigen` (in Nightly builds, run with -Z macro-backtrace for more info)
[INFO] [stdout] 
[INFO] [stdout] 
[INFO] [stdout] error[E0433]: failed to resolve: use of undeclared crate or module `ethers`
[INFO] [stdout]  --> /opt/rustwide/cargo-home/registry/src/index.crates.io-6f17d22bba15001f/fuel-relayer-0.10.1/src/abi.rs:7:5
[INFO] [stdout]   |
[INFO] [stdout] 7 |     super::abigen!(ValidatorSet, "abi/ValidatorSet.json");
[INFO] [stdout]   |     ^^^^^^^^^^^^^^^^^^^^^^^^^^^^^^^^^^^^^^^^^^^^^^^^^^^^^ use of undeclared crate or module `ethers`
[INFO] [stdout]   |
[INFO] [stdout]   = help: consider importing one of these items:
[INFO] [stdout]           ethers_contract::Contract
[INFO] [stdout]           ethers_core::abi::Contract
[INFO] [stdout]   = note: this error originates in the macro `super::abigen` (in Nightly builds, run with -Z macro-backtrace for more info)
[INFO] [stdout] 
[INFO] [stdout] 
[INFO] [stdout] error[E0433]: failed to resolve: use of undeclared crate or module `ethers`
[INFO] [stdout]  --> /opt/rustwide/cargo-home/registry/src/index.crates.io-6f17d22bba15001f/fuel-relayer-0.10.1/src/abi.rs:7:5
[INFO] [stdout]   |
[INFO] [stdout] 7 |     super::abigen!(ValidatorSet, "abi/ValidatorSet.json");
[INFO] [stdout]   |     ^^^^^^^^^^^^^^^^^^^^^^^^^^^^^^^^^^^^^^^^^^^^^^^^^^^^^ use of undeclared crate or module `ethers`
[INFO] [stdout]   |
[INFO] [stdout]   = help: consider importing this module:
[INFO] [stdout]           ethers_contract::builders
[INFO] [stdout]   = note: this error originates in the macro `super::abigen` (in Nightly builds, run with -Z macro-backtrace for more info)
[INFO] [stdout] 
[INFO] [stdout] 
[INFO] [stdout] error[E0433]: failed to resolve: use of undeclared crate or module `ethers`
[INFO] [stdout]  --> /opt/rustwide/cargo-home/registry/src/index.crates.io-6f17d22bba15001f/fuel-relayer-0.10.1/src/abi.rs:7:5
[INFO] [stdout]   |
[INFO] [stdout] 7 |     super::abigen!(ValidatorSet, "abi/ValidatorSet.json");
[INFO] [stdout]   |     ^^^^^^^^^^^^^^^^^^^^^^^^^^^^^^^^^^^^^^^^^^^^^^^^^^^^^ use of undeclared crate or module `ethers`
[INFO] [stdout]   |
[INFO] [stdout]   = help: consider importing one of these items:
[INFO] [stdout]           anyhow::Error
[INFO] [stdout]           ethers_core::abi::Error
[INFO] [stdout]           ethers_core::utils::__serde_json::Error
[INFO] [stdout]           fuel_core_interfaces::db::Error
[INFO] [stdout]           fuel_core_interfaces::txpool::Error
[INFO] [stdout]           futures::io::Error
[INFO] [stdout]           serde::__private::doc::Error
[INFO] [stdout]           serde::__private::fmt::Error
[INFO] [stdout]           serde::de::Error
[INFO] [stdout]           serde::de::value::Error
[INFO] [stdout]           serde::ser::Error
[INFO] [stdout]           serde_json::Error
[INFO] [stdout]           std::error::Error
[INFO] [stdout]           std::fmt::Error
[INFO] [stdout]           std::io::Error
[INFO] [stdout]           tokio::io::Error
[INFO] [stdout]           tokio::time::error::Error
[INFO] [stdout]           tracing::log::kv::Error
[INFO] [stdout]           tracing_subscriber::reload::Error
[INFO] [stdout]           core::error::Error
[INFO] [stdout]           core::fmt::Error
[INFO] [stdout]   = note: this error originates in the macro `super::abigen` (in Nightly builds, run with -Z macro-backtrace for more info)
[INFO] [stdout] 
[INFO] [stdout] 
[INFO] [stdout] error[E0433]: failed to resolve: use of undeclared crate or module `ethers`
[INFO] [stdout]   --> /opt/rustwide/cargo-home/registry/src/index.crates.io-6f17d22bba15001f/fuel-relayer-0.10.1/src/abi.rs:11:5
[INFO] [stdout]    |
[INFO] [stdout] 11 |     super::abigen!(Message, "abi/IFuelMessageOutbox.json");
[INFO] [stdout]    |     ^^^^^^^^^^^^^^^^^^^^^^^^^^^^^^^^^^^^^^^^^^^^^^^^^^^^^^ use of undeclared crate or module `ethers`
[INFO] [stdout]    |
[INFO] [stdout]    = help: consider importing this module:
[INFO] [stdout]            ethers_core::abi
[INFO] [stdout]    = note: this error originates in the macro `super::abigen` (in Nightly builds, run with -Z macro-backtrace for more info)
[INFO] [stdout] 
[INFO] [stdout] 
[INFO] [stdout] error[E0433]: failed to resolve: use of undeclared crate or module `ethers`
[INFO] [stdout]   --> /opt/rustwide/cargo-home/registry/src/index.crates.io-6f17d22bba15001f/fuel-relayer-0.10.1/src/abi.rs:11:5
[INFO] [stdout]    |
[INFO] [stdout] 11 |     super::abigen!(Message, "abi/IFuelMessageOutbox.json");
[INFO] [stdout]    |     ^^^^^^^^^^^^^^^^^^^^^^^^^^^^^^^^^^^^^^^^^^^^^^^^^^^^^^ use of undeclared crate or module `ethers`
[INFO] [stdout]    |
[INFO] [stdout]    = help: consider importing one of these items:
[INFO] [stdout]            ethers_contract::Lazy
[INFO] [stdout]            futures::future::Lazy
[INFO] [stdout]            once_cell::sync::Lazy
[INFO] [stdout]            once_cell::unsync::Lazy
[INFO] [stdout]    = note: this error originates in the macro `super::abigen` (in Nightly builds, run with -Z macro-backtrace for more info)
[INFO] [stdout] 
[INFO] [stdout] 
[INFO] [stdout] error[E0433]: failed to resolve: use of undeclared crate or module `ethers`
[INFO] [stdout]   --> /opt/rustwide/cargo-home/registry/src/index.crates.io-6f17d22bba15001f/fuel-relayer-0.10.1/src/abi.rs:11:5
[INFO] [stdout]    |
[INFO] [stdout] 11 |     super::abigen!(Message, "abi/IFuelMessageOutbox.json");
[INFO] [stdout]    |     ^^^^^^^^^^^^^^^^^^^^^^^^^^^^^^^^^^^^^^^^^^^^^^^^^^^^^^ use of undeclared crate or module `ethers`
[INFO] [stdout]    |
[INFO] [stdout]    = help: consider importing this module:
[INFO] [stdout]            ethers_core::utils::__serde_json
[INFO] [stdout]    = note: this error originates in the macro `super::abigen` (in Nightly builds, run with -Z macro-backtrace for more info)
[INFO] [stdout] 
[INFO] [stdout] 
[INFO] [stdout] error[E0433]: failed to resolve: use of undeclared crate or module `ethers`
[INFO] [stdout]   --> /opt/rustwide/cargo-home/registry/src/index.crates.io-6f17d22bba15001f/fuel-relayer-0.10.1/src/abi.rs:11:5
[INFO] [stdout]    |
[INFO] [stdout] 11 |     super::abigen!(Message, "abi/IFuelMessageOutbox.json");
[INFO] [stdout]    |     ^^^^^^^^^^^^^^^^^^^^^^^^^^^^^^^^^^^^^^^^^^^^^^^^^^^^^^ use of undeclared crate or module `ethers`
[INFO] [stdout]    |
[INFO] [stdout]    = help: consider importing this module:
[INFO] [stdout]            ethers_core::types
[INFO] [stdout]    = note: this error originates in the macro `super::abigen` (in Nightly builds, run with -Z macro-backtrace for more info)
[INFO] [stdout] 
[INFO] [stdout] 
[INFO] [stdout] error[E0433]: failed to resolve: use of undeclared crate or module `ethers`
[INFO] [stdout]   --> /opt/rustwide/cargo-home/registry/src/index.crates.io-6f17d22bba15001f/fuel-relayer-0.10.1/src/abi.rs:11:5
[INFO] [stdout]    |
[INFO] [stdout] 11 |     super::abigen!(Message, "abi/IFuelMessageOutbox.json");
[INFO] [stdout]    |     ^^^^^^^^^^^^^^^^^^^^^^^^^^^^^^^^^^^^^^^^^^^^^^^^^^^^^^ use of undeclared crate or module `ethers`
[INFO] [stdout]    |
[INFO] [stdout]    = help: consider importing one of these items:
[INFO] [stdout]            ethers_contract::Contract
[INFO] [stdout]            ethers_core::abi::Contract
[INFO] [stdout]    = note: this error originates in the macro `super::abigen` (in Nightly builds, run with -Z macro-backtrace for more info)
[INFO] [stdout] 
[INFO] [stdout] 
[INFO] [stdout] error[E0433]: failed to resolve: use of undeclared crate or module `ethers`
[INFO] [stdout]   --> /opt/rustwide/cargo-home/registry/src/index.crates.io-6f17d22bba15001f/fuel-relayer-0.10.1/src/abi.rs:11:5
[INFO] [stdout]    |
[INFO] [stdout] 11 |     super::abigen!(Message, "abi/IFuelMessageOutbox.json");
[INFO] [stdout]    |     ^^^^^^^^^^^^^^^^^^^^^^^^^^^^^^^^^^^^^^^^^^^^^^^^^^^^^^ use of undeclared crate or module `ethers`
[INFO] [stdout]    |
[INFO] [stdout]    = help: consider importing this module:
[INFO] [stdout]            ethers_contract::builders
[INFO] [stdout]    = note: this error originates in the macro `super::abigen` (in Nightly builds, run with -Z macro-backtrace for more info)
[INFO] [stdout] 
[INFO] [stdout] 
[INFO] [stdout] error[E0433]: failed to resolve: use of undeclared crate or module `ethers`
[INFO] [stdout]   --> /opt/rustwide/cargo-home/registry/src/index.crates.io-6f17d22bba15001f/fuel-relayer-0.10.1/src/abi.rs:11:5
[INFO] [stdout]    |
[INFO] [stdout] 11 |     super::abigen!(Message, "abi/IFuelMessageOutbox.json");
[INFO] [stdout]    |     ^^^^^^^^^^^^^^^^^^^^^^^^^^^^^^^^^^^^^^^^^^^^^^^^^^^^^^ use of undeclared crate or module `ethers`
[INFO] [stdout]    |
[INFO] [stdout]    = help: consider importing one of these items:
[INFO] [stdout]            anyhow::Error
[INFO] [stdout]            ethers_core::abi::Error
[INFO] [stdout]            ethers_core::utils::__serde_json::Error
[INFO] [stdout]            fuel_core_interfaces::db::Error
[INFO] [stdout]            fuel_core_interfaces::txpool::Error
[INFO] [stdout]            futures::io::Error
[INFO] [stdout]            serde::__private::doc::Error
[INFO] [stdout]            serde::__private::fmt::Error
[INFO] [stdout]            serde::de::Error
[INFO] [stdout]            serde::de::value::Error
[INFO] [stdout]            serde::ser::Error
[INFO] [stdout]            serde_json::Error
[INFO] [stdout]            std::error::Error
[INFO] [stdout]            std::fmt::Error
[INFO] [stdout]            std::io::Error
[INFO] [stdout]            tokio::io::Error
[INFO] [stdout]            tokio::time::error::Error
[INFO] [stdout]            tracing::log::kv::Error
[INFO] [stdout]            tracing_subscriber::reload::Error
[INFO] [stdout]            core::error::Error
[INFO] [stdout]            core::fmt::Error
[INFO] [stdout]    = note: this error originates in the macro `super::abigen` (in Nightly builds, run with -Z macro-backtrace for more info)
[INFO] [stdout] 
[INFO] [stdout] 
[INFO] [stdout] error: aborting due to 30 previous errors
[INFO] [stdout] 
[INFO] [stdout] 
[INFO] [stdout] For more information about this error, try `rustc --explain E0433`.
[INFO] [stdout] 
[INFO] [stderr] error: could not compile `fuel-relayer` (lib) due to 31 previous errors
[INFO] running `Command { std: "docker" "inspect" "5cba8eef03021e9390f7a7f8e774fd873a5b5fd11ff5fc7df0d56dd94a7df710", kill_on_drop: false }`
[INFO] running `Command { std: "docker" "rm" "-f" "5cba8eef03021e9390f7a7f8e774fd873a5b5fd11ff5fc7df0d56dd94a7df710", kill_on_drop: false }`
[INFO] [stdout] 5cba8eef03021e9390f7a7f8e774fd873a5b5fd11ff5fc7df0d56dd94a7df710
[INFO] documenting Walter-Phillips/Sail_v0 against beta-2023-12-22 for beta-1.76-rustdoc-1
[INFO] running `Command { std: "git" "clone" "/workspace/cache/git-repos/https%3A%2F%2Fgithub.com%2FWalter-Phillips%2FSail_v0" "/workspace/builds/worker-1-tc2/source", kill_on_drop: false }`
[INFO] [stderr] Cloning into '/workspace/builds/worker-1-tc2/source'...
[INFO] [stderr] done.
[INFO] validating manifest of git repo https://github.com/Walter-Phillips/Sail_v0 on toolchain beta-2023-12-22
[INFO] running `Command { std: CARGO_HOME="/workspace/cargo-home" RUSTUP_HOME="/workspace/rustup-home" "/workspace/cargo-home/bin/cargo" "+beta-2023-12-22" "metadata" "--manifest-path" "Cargo.toml" "--no-deps", kill_on_drop: false }`
[INFO] started tweaking git repo https://github.com/Walter-Phillips/Sail_v0
[INFO] finished tweaking git repo https://github.com/Walter-Phillips/Sail_v0
[INFO] tweaked toml for git repo https://github.com/Walter-Phillips/Sail_v0 written to /workspace/builds/worker-1-tc2/source/Cargo.toml
[INFO] crate git repo https://github.com/Walter-Phillips/Sail_v0 already has a lockfile, it will not be regenerated
[INFO] running `Command { std: CARGO_HOME="/workspace/cargo-home" RUSTUP_HOME="/workspace/rustup-home" "/workspace/cargo-home/bin/cargo" "+beta-2023-12-22" "fetch" "--manifest-path" "Cargo.toml", kill_on_drop: false }`
[INFO] [stderr] warning: virtual workspace defaulting to `resolver = "1"` despite one or more workspace members being on edition 2021 which implies `resolver = "2"`
[INFO] [stderr] note: to keep the current resolver, specify `workspace.resolver = "1"` in the workspace root's manifest
[INFO] [stderr] note: to use the edition 2021 resolver, specify `workspace.resolver = "2"` in the workspace root's manifest
[INFO] [stderr] note: for more details see https://doc.rust-lang.org/cargo/reference/resolver.html#resolver-versions
[INFO] running `Command { std: "docker" "create" "-v" "/var/lib/crater-agent-workspace/builds/worker-1-tc2/target:/opt/rustwide/target:rw,Z" "-v" "/var/lib/crater-agent-workspace/builds/worker-1-tc2/source:/opt/rustwide/workdir:ro,Z" "-v" "/var/lib/crater-agent-workspace/cargo-home:/opt/rustwide/cargo-home:ro,Z" "-v" "/var/lib/crater-agent-workspace/rustup-home:/opt/rustwide/rustup-home:ro,Z" "-e" "SOURCE_DIR=/opt/rustwide/workdir" "-e" "CARGO_TARGET_DIR=/opt/rustwide/target" "-e" "CARGO_HOME=/opt/rustwide/cargo-home" "-e" "RUSTUP_HOME=/opt/rustwide/rustup-home" "-w" "/opt/rustwide/workdir" "-m" "1610612736" "--user" "0:0" "--network" "none" "ghcr.io/rust-lang/crates-build-env/linux@sha256:2788e3201cd34a07e3172128adcd8b3090168a8e3bcc40d7c032b9dda1df7d1c" "/opt/rustwide/cargo-home/bin/cargo" "+beta-2023-12-22" "metadata" "--no-deps" "--format-version=1", kill_on_drop: false }`
[INFO] [stdout] 68e315927dc74d4e247bfeb045221056a8d65c6263cfc30c88f3894241ec51f5
[INFO] running `Command { std: "docker" "start" "-a" "68e315927dc74d4e247bfeb045221056a8d65c6263cfc30c88f3894241ec51f5", kill_on_drop: false }`
[INFO] running `Command { std: "docker" "inspect" "68e315927dc74d4e247bfeb045221056a8d65c6263cfc30c88f3894241ec51f5", kill_on_drop: false }`
[INFO] running `Command { std: "docker" "rm" "-f" "68e315927dc74d4e247bfeb045221056a8d65c6263cfc30c88f3894241ec51f5", kill_on_drop: false }`
[INFO] [stdout] 68e315927dc74d4e247bfeb045221056a8d65c6263cfc30c88f3894241ec51f5
[INFO] running `Command { std: "docker" "create" "-v" "/var/lib/crater-agent-workspace/builds/worker-1-tc2/target:/opt/rustwide/target:rw,Z" "-v" "/var/lib/crater-agent-workspace/builds/worker-1-tc2/source:/opt/rustwide/workdir:ro,Z" "-v" "/var/lib/crater-agent-workspace/cargo-home:/opt/rustwide/cargo-home:ro,Z" "-v" "/var/lib/crater-agent-workspace/rustup-home:/opt/rustwide/rustup-home:ro,Z" "-e" "SOURCE_DIR=/opt/rustwide/workdir" "-e" "CARGO_TARGET_DIR=/opt/rustwide/target" "-e" "CARGO_INCREMENTAL=0" "-e" "RUST_BACKTRACE=full" "-e" "RUSTFLAGS=--cap-lints=warn" "-e" "RUSTDOCFLAGS=--cap-lints=warn" "-e" "CARGO_HOME=/opt/rustwide/cargo-home" "-e" "RUSTUP_HOME=/opt/rustwide/rustup-home" "-w" "/opt/rustwide/workdir" "-m" "1610612736" "--user" "0:0" "--network" "none" "ghcr.io/rust-lang/crates-build-env/linux@sha256:2788e3201cd34a07e3172128adcd8b3090168a8e3bcc40d7c032b9dda1df7d1c" "/opt/rustwide/cargo-home/bin/cargo" "+beta-2023-12-22" "doc" "--frozen" "--no-deps" "--document-private-items" "--message-format=json", kill_on_drop: false }`
[INFO] [stdout] 42810c1f18b00e2774c950a1f71638e72a0daf1ecfb40024f8704e8a6e92f278
[INFO] running `Command { std: "docker" "start" "-a" "42810c1f18b00e2774c950a1f71638e72a0daf1ecfb40024f8704e8a6e92f278", kill_on_drop: false }`
[INFO] [stderr] warning: virtual workspace defaulting to `resolver = "1"` despite one or more workspace members being on edition 2021 which implies `resolver = "2"`
[INFO] [stderr] note: to keep the current resolver, specify `workspace.resolver = "1"` in the workspace root's manifest
[INFO] [stderr] note: to use the edition 2021 resolver, specify `workspace.resolver = "2"` in the workspace root's manifest
[INFO] [stderr] note: for more details see https://doc.rust-lang.org/cargo/reference/resolver.html#resolver-versions
[INFO] [stderr]    Compiling proc-macro2 v1.0.47
[INFO] [stderr]    Compiling quote v1.0.21
[INFO] [stderr]    Compiling unicode-ident v1.0.5
[INFO] [stderr]    Compiling syn v1.0.103
[INFO] [stderr]    Compiling libc v0.2.137
[INFO] [stderr]    Compiling serde_derive v1.0.147
[INFO] [stderr]    Compiling serde v1.0.147
[INFO] [stderr]    Compiling typenum v1.15.0
[INFO] [stderr]    Compiling memchr v2.5.0
[INFO] [stderr]    Compiling thiserror v1.0.37
[INFO] [stderr]     Checking once_cell v1.16.0
[INFO] [stderr]    Compiling value-bag v1.0.0-alpha.9
[INFO] [stderr]     Checking subtle v2.4.1
[INFO] [stderr]    Compiling log v0.4.17
[INFO] [stderr]    Compiling futures-core v0.3.25
[INFO] [stderr]    Compiling serde_json v1.0.87
[INFO] [stderr]     Checking pin-project-lite v0.2.9
[INFO] [stderr]     Checking itoa v1.0.4
[INFO] [stderr]    Compiling lock_api v0.4.9
[INFO] [stderr]    Compiling parking_lot_core v0.9.4
[INFO] [stderr]    Compiling jobserver v0.1.25
[INFO] [stderr]     Checking getrandom v0.2.8
[INFO] [stderr]    Compiling cc v1.0.74
[INFO] [stderr]     Checking rand_core v0.6.4
[INFO] [stderr]    Compiling slab v0.4.7
[INFO] [stderr]     Checking rand_chacha v0.3.1
[INFO] [stderr]    Compiling num-traits v0.2.15
[INFO] [stderr]     Checking ahash v0.7.6
[INFO] [stderr]    Compiling tokio v1.21.2
[INFO] [stderr]     Checking rand v0.8.5
[INFO] [stderr]     Checking ryu v1.0.11
[INFO] [stderr]     Checking base64ct v1.0.1
[INFO] [stderr]     Checking generic-array v0.14.6
[INFO] [stderr]     Checking hashbrown v0.12.3
[INFO] [stderr]    Compiling futures-channel v0.3.25
[INFO] [stderr]    Compiling futures-task v0.3.25
[INFO] [stderr]     Checking futures-io v0.3.25
[INFO] [stderr]     Checking smallvec v1.10.0
[INFO] [stderr]    Compiling num-integer v0.1.45
[INFO] [stderr]    Compiling futures-util v0.3.25
[INFO] [stderr]     Checking crypto-common v0.1.6
[INFO] [stderr]     Checking block-buffer v0.10.3
[INFO] [stderr]     Checking socket2 v0.4.7
[INFO] [stderr]     Checking keccak v0.1.2
[INFO] [stderr]     Checking digest v0.10.5
[INFO] [stderr]     Checking const-oid v0.9.0
[INFO] [stderr]     Checking futures-sink v0.3.25
[INFO] [stderr]     Checking base16ct v0.1.1
[INFO] [stderr]     Checking sha2 v0.10.6
[INFO] [stderr]     Checking hmac v0.12.1
[INFO] [stderr]     Checking sha3 v0.10.6
[INFO] [stderr]     Checking ff v0.12.1
[INFO] [stderr]     Checking tracing-core v0.1.30
[INFO] [stderr]     Checking parking_lot v0.12.1
[INFO] [stderr]     Checking group v0.12.1
[INFO] [stderr]     Checking signature v1.6.4
[INFO] [stderr]     Checking num_cpus v1.14.0
[INFO] [stderr]     Checking signal-hook-registry v1.4.0
[INFO] [stderr]    Compiling secp256k1-sys v0.6.1
[INFO] [stderr]     Checking generic-array v0.12.4
[INFO] [stderr]     Checking either v1.8.0
[INFO] [stderr]     Checking blake2 v0.10.4
[INFO] [stderr]     Checking ripemd v0.1.3
[INFO] [stderr]     Checking password-hash v0.4.2
[INFO] [stderr]     Checking block-buffer v0.7.3
[INFO] [stderr]     Checking digest v0.8.1
[INFO] [stderr]     Checking sha2 v0.8.2
[INFO] [stderr]     Checking bech32 v0.7.3
[INFO] [stderr]     Checking pbkdf2 v0.11.0
[INFO] [stderr]     Checking bs58 v0.4.0
[INFO] [stderr]     Checking base58check v0.1.0
[INFO] [stderr]     Checking bitvec v0.17.4
[INFO] [stderr]    Compiling ring v0.16.20
[INFO] [stderr]    Compiling anyhow v1.0.66
[INFO] [stderr]    Compiling indexmap v1.9.1
[INFO] [stderr]    Compiling async-trait v0.1.58
[INFO] [stderr]     Checking borrown v0.1.0
[INFO] [stderr]     Checking itertools v0.10.5
[INFO] [stderr]    Compiling aho-corasick v0.7.19
[INFO] [stderr]    Compiling regex-syntax v0.6.28
[INFO] [stderr]    Compiling byteorder v1.4.3
[INFO] [stderr]    Compiling crunchy v0.2.2
[INFO] [stderr]     Checking percent-encoding v2.2.0
[INFO] [stderr]     Checking form_urlencoded v1.1.0
[INFO] [stderr]     Checking tinyvec_macros v0.1.0
[INFO] [stderr]     Checking time v0.1.44
[INFO] [stderr]     Checking tinyvec v1.6.0
[INFO] [stderr]     Checking unicode-bidi v0.3.8
[INFO] [stderr]    Compiling convert_case v0.4.0
[INFO] [stderr]     Checking iana-time-zone v0.1.53
[INFO] [stderr]    Compiling proc-macro-error-attr v1.0.4
[INFO] [stderr]    Compiling synstructure v0.12.6
[INFO] [stderr]     Checking unicode-normalization v0.1.22
[INFO] [stderr]     Checking mime v0.3.16
[INFO] [stderr]    Compiling proc-macro-error v1.0.4
[INFO] [stderr]    Compiling regex v1.7.0
[INFO] [stderr]     Checking digest v0.9.0
[INFO] [stderr]     Checking idna v0.3.0
[INFO] [stderr]    Compiling heck v0.4.0
[INFO] [stderr]    Compiling ident_case v1.0.1
[INFO] [stderr]    Compiling proc-macro-hack v0.5.19
[INFO] [stderr]    Compiling strsim v0.10.0
[INFO] [stderr]    Compiling rustls v0.20.7
[INFO] [stderr]    Compiling Inflector v0.11.4
[INFO] [stderr]     Checking fastrand v1.8.0
[INFO] [stderr]     Checking fuel-storage v0.3.0
[INFO] [stderr]     Checking block-padding v0.2.1
[INFO] [stderr]    Compiling siphasher v0.3.10
[INFO] [stderr]     Checking block-buffer v0.9.0
[INFO] [stderr]    Compiling rustversion v1.0.9
[INFO] [stderr]    Compiling semver v1.0.14
[INFO] [stderr]    Compiling scopeguard v1.1.0
[INFO] [stderr]    Compiling camino v1.1.1
[INFO] [stderr]    Compiling encoding_rs v0.8.31
[INFO] [stderr]     Checking fuel-storage v0.2.0
[INFO] [stderr]     Checking sha2 v0.9.9
[INFO] [stderr]    Compiling uncased v0.9.7
[INFO] [stderr]     Checking arrayvec v0.7.2
[INFO] [stderr]     Checking cipher v0.3.0
[INFO] [stderr]    Compiling standback v0.2.17
[INFO] [stderr]    Compiling thiserror-impl v1.0.37
[INFO] [stderr]    Compiling ctor v0.1.26
[INFO] [stderr]    Compiling zeroize_derive v1.3.2
[INFO] [stderr]    Compiling tokio-macros v1.8.0
[INFO] [stderr]    Compiling futures-macro v0.3.25
[INFO] [stderr]    Compiling tracing-attributes v0.1.23
[INFO] [stderr]     Checking zeroize v1.5.7
[INFO] [stderr]     Checking der v0.6.0
[INFO] [stderr]     Checking crypto-bigint v0.4.9
[INFO] [stderr]     Checking mio v0.8.5
[INFO] [stderr]    Compiling impl-trait-for-tuples v0.2.2
[INFO] [stderr]     Checking rfc6979 v0.3.1
[INFO] [stderr]     Checking spki v0.6.0
[INFO] [stderr]     Checking pkcs8 v0.9.0
[INFO] [stderr]    Compiling derive_more v0.99.17
[INFO] [stderr]    Compiling pin-project-internal v1.0.12
[INFO] [stderr]     Checking sec1 v0.3.0
[INFO] [stderr]     Checking elliptic-curve v0.12.3
[INFO] [stderr]     Checking ecdsa v0.14.8
[INFO] [stderr]     Checking tracing v0.1.37
[INFO] [stderr]     Checking k256 v0.11.6
[INFO] [stderr]    Compiling derivative v2.2.0
[INFO] [stderr]     Checking pin-project v1.0.12
[INFO] [stderr]    Compiling strum_macros v0.24.3
[INFO] [stderr]     Checking futures-executor v0.3.25
[INFO] [stderr]     Checking futures v0.3.25
[INFO] [stderr]    Compiling rust_decimal v1.26.1
[INFO] [stderr]     Checking waker-fn v1.1.0
[INFO] [stderr]     Checking parking v2.0.0
[INFO] [stderr]     Checking cache-padded v1.2.0
[INFO] [stderr]    Compiling rustc-hex v2.1.0
[INFO] [stderr]     Checking byte-slice-cast v1.2.2
[INFO] [stderr]     Checking try-lock v0.2.3
[INFO] [stderr]     Checking want v0.3.0
[INFO] [stderr]     Checking concurrent-queue v1.2.4
[INFO] [stderr]     Checking futures-lite v1.12.0
[INFO] [stderr]    Compiling auto_impl v1.0.1
[INFO] [stderr]     Checking fixed-hash v0.7.0
[INFO] [stderr]     Checking webpki v0.22.0
[INFO] [stderr]    Compiling darling_core v0.13.4
[INFO] [stderr]    Compiling untrusted v0.7.1
[INFO] [stderr]     Checking httpdate v1.0.2
[INFO] [stderr]    Compiling spin v0.5.2
[INFO] [stderr]    Compiling static_assertions v1.1.0
[INFO] [stderr]     Checking tiny-keccak v2.0.2
[INFO] [stderr]     Checking sct v0.7.0
[INFO] [stderr]     Checking cipher v0.2.5
[INFO] [stderr]    Compiling polling v2.4.0
[INFO] [stderr]    Compiling crossbeam-utils v0.8.12
[INFO] [stderr]     Checking bytes v1.2.1
[INFO] [stderr]     Checking hex v0.4.3
[INFO] [stderr]     Checking bincode v1.3.3
[INFO] [stderr]     Checking coins-core v0.7.0
[INFO] [stderr]     Checking fuel-types v0.5.3
[INFO] [stderr]     Checking coins-bip32 v0.7.0
[INFO] [stderr]    Compiling toml v0.5.9
[INFO] [stderr]     Checking coins-bip39 v0.7.0
[INFO] [stderr]     Checking tai64 v4.0.0
[INFO] [stderr]     Checking http v0.2.8
[INFO] [stderr]     Checking chrono v0.4.22
[INFO] [stderr]     Checking url v2.3.1
[INFO] [stderr]     Checking serde_urlencoded v0.7.1
[INFO] [stderr]     Checking http-body v0.4.5
[INFO] [stderr]    Compiling proc-macro-crate v1.2.1
[INFO] [stderr]     Checking fuel-asm v0.10.0
[INFO] [stderr]     Checking fuel-merkle v0.4.1
[INFO] [stderr]     Checking fuel-asm v0.8.0
[INFO] [stderr]     Checking fuel-merkle v0.3.0
[INFO] [stderr]     Checking uint v0.9.4
[INFO] [stderr]     Checking rlp v0.5.2
[INFO] [stderr]    Compiling fastrlp-derive v0.1.4
[INFO] [stderr]    Compiling parity-scale-codec-derive v3.1.3
[INFO] [stderr]     Checking impl-rlp v0.3.0
[INFO] [stderr]     Checking impl-serde v0.3.2
[INFO] [stderr]    Compiling darling_macro v0.13.4
[INFO] [stderr]     Checking ethbloom v0.12.1
[INFO] [stderr]    Compiling rlp-derive v0.1.0
[INFO] [stderr]    Compiling darling v0.13.4
[INFO] [stderr]     Checking universal-hash v0.4.1
[INFO] [stderr]     Checking tokio-util v0.7.4
[INFO] [stderr]    Compiling async-io v1.10.0
[INFO] [stderr]    Compiling pkg-config v0.3.26
[INFO] [stderr]    Compiling const_fn v0.4.9
[INFO] [stderr]     Checking async-task v4.3.0
[INFO] [stderr]     Checking cpuid-bool v0.2.0
[INFO] [stderr]     Checking h2 v0.3.15
[INFO] [stderr]     Checking polyval v0.4.5
[INFO] [stderr]    Compiling time-macros-impl v0.1.2
[INFO] [stderr]     Checking parity-scale-codec v3.2.1
[INFO] [stderr]     Checking getrandom v0.1.16
[INFO] [stderr]     Checking aes-soft v0.6.4
[INFO] [stderr]    Compiling impl-codec v0.6.0
[INFO] [stderr]     Checking async-lock v2.6.0
[INFO] [stderr]     Checking primitive-types v0.11.1
[INFO] [stderr]     Checking async-channel v1.7.1
[INFO] [stderr]     Checking crypto-mac v0.10.1
[INFO] [stderr]    Compiling time v0.2.27
[INFO] [stderr]     Checking atomic-waker v1.0.0
[INFO] [stderr]    Compiling lexical-core v0.7.6
[INFO] [stderr]    Compiling byte-tools v0.3.1
[INFO] [stderr]    Compiling block-padding v0.1.5
[INFO] [stderr]     Checking blocking v1.2.0
[INFO] [stderr]    Compiling unicase v2.6.0
[INFO] [stderr]     Checking hmac v0.10.1
[INFO] [stderr]     Checking ethereum-types v0.13.1
[INFO] [stderr]    Compiling phf_shared v0.11.1
[INFO] [stderr]     Checking aes v0.6.0
[INFO] [stderr]     Checking rand_core v0.5.1
[INFO] [stderr]     Checking time-macros v0.1.1
[INFO] [stderr]     Checking ghash v0.3.1
[INFO] [stderr]     Checking async-executor v1.4.1
[INFO] [stderr]     Checking hyper v0.14.22
[INFO] [stderr]     Checking tokio-rustls v0.23.4
[INFO] [stderr]     Checking cargo-platform v0.1.2
[INFO] [stderr]     Checking ctr v0.6.0
[INFO] [stderr]     Checking strum v0.24.1
[INFO] [stderr]     Checking aead v0.3.2
[INFO] [stderr]    Compiling cookie v0.14.4
[INFO] [stderr]    Compiling nom v5.1.2
[INFO] [stderr]     Checking arrayvec v0.5.2
[INFO] [stderr]    Compiling unicode-segmentation v1.10.0
[INFO] [stderr]    Compiling eyre v0.6.8
[INFO] [stderr]    Compiling heck v0.3.3
[INFO] [stderr]     Checking aes-gcm v0.8.0
[INFO] [stderr]     Checking cargo_metadata v0.15.1
[INFO] [stderr]     Checking async-global-executor v2.3.1
[INFO] [stderr]     Checking rand_chacha v0.2.2
[INFO] [stderr]     Checking ethabi v17.2.0
[INFO] [stderr]     Checking fastrlp v0.1.3
[INFO] [stderr]     Checking hkdf v0.10.0
[INFO] [stderr]     Checking webpki-roots v0.22.5
[INFO] [stderr]     Checking kv-log-macro v1.0.7
[INFO] [stderr]     Checking webpki v0.21.4
[INFO] [stderr]    Compiling void v1.0.2
[INFO] [stderr]    Compiling fake-simd v0.1.2
[INFO] [stderr]    Compiling http-types v2.12.0
[INFO] [stderr]    Compiling opaque-debug v0.2.3
[INFO] [stderr]     Checking convert_case v0.5.0
[INFO] [stderr]    Compiling crossbeam-queue v0.3.6
[INFO] [stderr]     Checking tower-layer v0.3.2
[INFO] [stderr]     Checking ethers-core v0.17.0
[INFO] [stderr]    Compiling unreachable v1.0.0
[INFO] [stderr]     Checking async-std v1.12.0
[INFO] [stderr]     Checking hyper-rustls v0.23.0
[INFO] [stderr]     Checking rand v0.7.3
[INFO] [stderr]    Compiling strum_macros v0.21.1
[INFO] [stderr]    Compiling phf_generator v0.11.1
[INFO] [stderr]     Checking serde_qs v0.8.5
[INFO] [stderr]     Checking uuid v0.8.2
[INFO] [stderr]     Checking secrecy v0.8.0
[INFO] [stderr]     Checking aes v0.7.5
[INFO] [stderr]     Checking simple-mutex v1.1.5
[INFO] [stderr]     Checking sct v0.6.1
[INFO] [stderr]     Checking regex-automata v0.1.10
[INFO] [stderr]     Checking rustls-pemfile v1.0.1
[INFO] [stderr]     Checking atty v0.2.14
[INFO] [stderr]     Checking instant v0.1.12
[INFO] [stderr]    Compiling base64 v0.13.1
[INFO] [stderr]    Compiling ascii v0.9.3
[INFO] [stderr]    Compiling base58 v0.1.0
[INFO] [stderr]     Checking termcolor v1.1.3
[INFO] [stderr]     Checking ipnet v2.5.0
[INFO] [stderr]     Checking infer v0.2.3
[INFO] [stderr]     Checking overload v0.1.1
[INFO] [stderr]     Checking humantime v2.1.0
[INFO] [stderr]     Checking nu-ansi-term v0.46.0
[INFO] [stderr]     Checking reqwest v0.11.12
[INFO] [stderr]    Compiling combine v3.8.1
[INFO] [stderr]    Compiling clang-sys v1.4.0
[INFO] [stderr]     Checking matchers v0.1.0
[INFO] [stderr]     Checking config v0.10.1
[INFO] [stderr]     Checking rustls v0.18.1
[INFO] [stderr]     Checking async-dup v1.2.2
[INFO] [stderr]    Compiling mime_guess v2.0.4
[INFO] [stderr]    Compiling phf_codegen v0.11.1
[INFO] [stderr]     Checking tower v0.4.13
[INFO] [stderr]     Checking webpki-roots v0.20.0
[INFO] [stderr]    Compiling phf v0.11.1
[INFO] [stderr]     Checking tracing-serde v0.1.3
[INFO] [stderr]     Checking tracing-futures v0.2.5
[INFO] [stderr]     Checking tracing-log v0.1.3
[INFO] [stderr]    Compiling parse-zoneinfo v0.3.0
[INFO] [stderr]     Checking sha-1 v0.10.0
[INFO] [stderr]     Checking sharded-slab v0.1.4
[INFO] [stderr]    Compiling openssl-src v111.24.0+1.1.1s
[INFO] [stderr]     Checking dirs-sys v0.3.7
[INFO] [stderr]     Checking thread_local v1.1.4
[INFO] [stderr]    Compiling parking_lot_core v0.8.5
[INFO] [stderr]     Checking os_str_bytes v6.3.1
[INFO] [stderr]    Compiling indenter v0.3.3
[INFO] [stderr]     Checking utf-8 v0.7.6
[INFO] [stderr]    Compiling base64 v0.12.3
[INFO] [stderr]     Checking http-range-header v0.3.0
[INFO] [stderr]     Checking tungstenite v0.17.3
[INFO] [stderr]     Checking clap_lex v0.2.4
[INFO] [stderr]    Compiling graphql-parser v0.3.0
[INFO] [stderr]     Checking tracing-subscriber v0.3.16
[INFO] [stderr]    Compiling openssl-sys v0.9.77
[INFO] [stderr]    Compiling chrono-tz-build v0.0.3
[INFO] [stderr]     Checking async-tls v0.10.0
[INFO] [stderr]     Checking deadpool v0.7.0
[INFO] [stderr]     Checking async-h1 v2.3.3
[INFO] [stderr]    Compiling libz-sys v1.1.8
[INFO] [stderr]    Compiling schemafy_core v0.5.2
[INFO] [stderr]     Checking salsa20 v0.9.0
[INFO] [stderr]    Compiling clap_derive v3.2.18
[INFO] [stderr]    Compiling darling_core v0.14.2
[INFO] [stderr]     Checking dashmap v5.4.0
[INFO] [stderr]     Checking pbkdf2 v0.10.1
[INFO] [stderr]     Checking crypto-mac v0.11.1
[INFO] [stderr]     Checking password-hash v0.3.2
[INFO] [stderr]     Checking fxhash v0.2.1
[INFO] [stderr]    Compiling num-bigint v0.4.3
[INFO] [stderr]    Compiling ucd-trie v0.1.5
[INFO] [stderr]     Checking textwrap v0.16.0
[INFO] [stderr]    Compiling radium v0.3.0
[INFO] [stderr]    Compiling dunce v1.0.3
[INFO] [stderr]    Compiling pest v2.4.1
[INFO] [stderr]    Compiling nom v7.1.1
[INFO] [stderr]     Checking scrypt v0.8.1
[INFO] [stderr]     Checking hashers v1.0.1
[INFO] [stderr]    Compiling cynic-codegen v1.0.0
[INFO] [stderr]     Checking http-client v6.5.3
[INFO] [stderr]     Checking hmac v0.11.0
[INFO] [stderr]    Compiling ethers-contract-abigen v0.17.0
[INFO] [stderr]    Compiling darling_macro v0.14.2
[INFO] [stderr]    Compiling schemafy_lib v0.5.2
[INFO] [stderr]     Checking clap v3.2.23
[INFO] [stderr]    Compiling chrono-tz v0.6.3
[INFO] [stderr]     Checking tokio-tungstenite v0.17.2
[INFO] [stderr]    Compiling serde_with_macros v1.5.2
[INFO] [stderr]    Compiling async-graphql-value v4.0.16
[INFO] [stderr]     Checking ctr v0.8.0
[INFO] [stderr]    Compiling phf_shared v0.10.0
[INFO] [stderr]     Checking password-hash v0.2.3
[INFO] [stderr]    Compiling libloading v0.7.3
[INFO] [stderr]    Compiling multer v2.0.4
[INFO] [stderr]     Checking bech32 v0.9.1
[INFO] [stderr]     Checking strum v0.21.0
[INFO] [stderr]     Checking futures-timer v3.0.2
[INFO] [stderr]     Checking remove_dir_all v0.5.3
[INFO] [stderr]     Checking sync_wrapper v0.1.1
[INFO] [stderr]    Compiling bindgen v0.60.1
[INFO] [stderr]     Checking tempfile v3.3.0
[INFO] [stderr]     Checking ethers-providers v0.17.0
[INFO] [stderr]    Compiling ethers-contract-derive v0.17.0
[INFO] [stderr]     Checking serde_with v1.14.0
[INFO] [stderr]     Checking pbkdf2 v0.8.0
[INFO] [stderr]    Compiling phf_generator v0.10.0
[INFO] [stderr]    Compiling async-graphql-parser v4.0.16
[INFO] [stderr]     Checking eth-keystore v0.4.2
[INFO] [stderr]     Checking parking_lot v0.11.2
[INFO] [stderr]    Compiling fuel-gql-client v0.10.1
[INFO] [stderr]    Compiling darling v0.14.2
[INFO] [stderr]     Checking surf v2.3.2
[INFO] [stderr]    Compiling cynic-proc-macros v1.0.0
[INFO] [stderr]    Compiling cexpr v0.6.0
[INFO] [stderr]     Checking dirs v3.0.2
[INFO] [stderr]    Compiling libssh2-sys v0.2.23
[INFO] [stderr]     Checking serde-aux v3.1.0
[INFO] [stderr]     Checking json-decode v0.6.0
[INFO] [stderr]     Checking salsa20 v0.8.1
[INFO] [stderr]    Compiling extension-trait v1.0.1
[INFO] [stderr]    Compiling async-stream-impl v0.3.3
[INFO] [stderr]    Compiling lazycell v1.3.0
[INFO] [stderr]    Compiling rustc-hash v1.1.0
[INFO] [stderr]    Compiling shlex v1.1.0
[INFO] [stderr]     Checking const-oid v0.7.1
[INFO] [stderr]    Compiling peeking_take_while v0.1.2
[INFO] [stderr]     Checking ascii_utils v0.9.3
[INFO] [stderr]    Compiling peg-runtime v0.7.0
[INFO] [stderr]     Checking spin v0.9.4
[INFO] [stderr]     Checking fast_chemail v0.9.6
[INFO] [stderr]    Compiling peg-macros v0.7.0
[INFO] [stderr]     Checking der v0.5.1
[INFO] [stderr]    Compiling async-graphql-derive v4.0.16
[INFO] [stderr]     Checking async-stream v0.3.3
[INFO] [stderr]     Checking cynic v1.0.0
[INFO] [stderr]     Checking scrypt v0.7.0
[INFO] [stderr]     Checking ethers-etherscan v0.17.0
[INFO] [stderr]     Checking ethers-contract v0.17.0
[INFO] [stderr]     Checking ethers-signers v0.17.0
[INFO] [stderr]    Compiling phf_macros v0.10.0
[INFO] [stderr]     Checking env_logger v0.9.1
[INFO] [stderr]     Checking futures-locks v0.7.0
[INFO] [stderr]     Checking crypto-bigint v0.3.2
[INFO] [stderr]     Checking ctr v0.7.0
[INFO] [stderr]     Checking sha3 v0.9.1
[INFO] [stderr]     Checking bitmaps v2.1.0
[INFO] [stderr]    Compiling im v15.1.0
[INFO] [stderr]    Compiling protobuf v2.28.0
[INFO] [stderr]     Checking generational-arena v0.2.8
[INFO] [stderr]     Checking sized-chunks v0.6.5
[INFO] [stderr]     Checking peg v0.7.0
[INFO] [stderr]     Checking phf v0.10.1
[INFO] [stderr]     Checking elliptic-curve v0.11.12
[INFO] [stderr]     Checking eth-keystore v0.3.0
[INFO] [stderr]     Checking ethers-middleware v0.17.0
[INFO] [stderr]     Checking tower-http v0.2.5
[INFO] [stderr]    Compiling sway-ir-macros v0.30.1
[INFO] [stderr]     Checking humantime-serde v1.1.1
[INFO] [stderr]    Compiling libgit2-sys v0.13.4+1.4.2
[INFO] [stderr]     Checking axum-core v0.1.2
[INFO] [stderr]     Checking filecheck v0.5.0
[INFO] [stderr]     Checking features v0.10.0
[INFO] [stderr]     Checking rand_xoshiro v0.6.0
[INFO] [stderr]     Checking matchit v0.4.6
[INFO] [stderr]    Compiling prometheus v0.13.3
[INFO] [stderr]     Checking sway-utils v0.30.1
[INFO] [stderr]     Checking fixedbitset v0.4.2
[INFO] [stderr]    Compiling opaque-debug v0.3.0
[INFO] [stderr]     Checking axum v0.4.8
[INFO] [stderr]     Checking petgraph v0.6.2
[INFO] [stderr]    Compiling librocksdb-sys v0.8.0+7.4.4
[INFO] [stderr]     Checking tower-http v0.3.4
[INFO] [stderr]     Checking axum-core v0.2.9
[INFO] [stderr]     Checking async-graphql v4.0.16
[INFO] [stderr]     Checking ron v0.8.0
[INFO] [stderr]     Checking vec1 v1.10.1
[INFO] [stderr]     Checking yansi-term v0.1.2
[INFO] [stderr]     Checking matchit v0.5.0
[INFO] [stderr]     Checking annotate-snippets v0.9.1
[INFO] [stderr]     Checking forc-tracing v0.30.1
[INFO] [stderr]    Compiling enum-iterator-derive v1.1.0
[INFO] [stderr]     Checking which v4.3.0
[INFO] [stderr]     Checking portpicker v0.1.1
[INFO] [stderr]     Checking openssl-probe v0.1.5
[INFO] [stderr]     Checking dirs v4.0.0
[INFO] [stderr]     Checking serde_ignored v0.1.5
[INFO] [stderr]     Checking filedescriptor v0.8.2
[INFO] [stderr]     Checking uuid v1.2.1
[INFO] [stderr]     Checking gag v1.0.0
[INFO] [stderr]     Checking prelude v0.2.1
[INFO] [stderr]     Checking axum v0.5.17
[INFO] [stderr]     Checking enum-iterator v1.2.0
[INFO] [stderr]     Checking fuel-metrics v0.14.0
[INFO] [stderr]     Checking secp256k1 v0.24.1
[INFO] [stderr]     Checking fuel-crypto v0.6.2
[INFO] [stderr]     Checking fuel-tx v0.23.1
[INFO] [stderr]     Checking fuel-tx v0.18.0
[INFO] [stderr]     Checking fuel-vm v0.15.0
[INFO] [stderr]     Checking fuel-vm v0.22.4
[INFO] [stderr]     Checking sway-types v0.30.1
[INFO] [stderr]     Checking sway-ast v0.30.1
[INFO] [stderr]     Checking fuel-core-interfaces v0.10.1
[INFO] [stderr]     Checking fuel-core-interfaces v0.14.0
[INFO] [stderr]     Checking fuels-types v0.25.1
[INFO] [stderr]     Checking sway-error v0.30.1
[INFO] [stderr]     Checking fuels-core v0.25.1
[INFO] [stderr]     Checking fuel-poa-coordinator v0.14.0
[INFO] [stderr]     Checking sway-parse v0.30.1
[INFO] [stderr]     Checking fuel-relayer v0.10.1
[INFO] [stderr]     Checking fuel-sync v0.10.1
[INFO] [stderr]     Checking fuel-block-executor v0.10.1
[INFO] [stderr]     Checking fuel-txpool v0.10.1
[INFO] [stderr]     Checking fuel-block-importer v0.10.1
[INFO] [stderr]     Checking fuel-block-producer v0.10.1
[INFO] [stderr]     Checking fuel-core-bft v0.10.1
[INFO] [stderr]     Checking sway-ir v0.30.1
[INFO] [stderr]     Checking fuel-chain-config v0.14.0
[INFO] [stderr]     Checking fuel-txpool v0.14.0
[INFO] [stderr]     Checking fuel-block-importer v0.14.0
[INFO] [stderr]     Checking sway-core v0.30.1
[INFO] [stderr]     Checking fuel-block-executor v0.14.0
[INFO] [stderr]     Checking fuel-sync v0.14.0
[INFO] [stderr]     Checking fuel-core-bft v0.14.0
[INFO] [stderr]     Checking fuel-block-producer v0.14.0
[INFO] [stderr]    Compiling fuels-abigen-macro v0.25.1
[INFO] [stderr]     Checking forc-util v0.30.1
[INFO] [stderr]     Checking fuels-signers v0.25.1
[INFO] [stderr]     Checking fuels-contract v0.25.1
[INFO] [stderr] The following warnings were emitted during compilation:
[INFO] [stderr] 
[INFO] [stderr] warning: librocksdb-sys@0.8.0+7.4.4: c++: fatal error: Killed signal terminated program cc1plus
[INFO] [stderr] warning: librocksdb-sys@0.8.0+7.4.4: compilation terminated.
[INFO] [stderr] 
[INFO] [stderr] error: failed to run custom build command for `librocksdb-sys v0.8.0+7.4.4`
[INFO] [stderr] note: To improve backtraces for build dependencies, set the CARGO_PROFILE_DEV_BUILD_OVERRIDE_DEBUG=true environment variable to enable debug information generation.
[INFO] [stderr] 
[INFO] [stderr] Caused by:
[INFO] [stderr]   process didn't exit successfully: `/opt/rustwide/target/debug/build/librocksdb-sys-6d727362b2765684/build-script-build` (exit status: 1)
[INFO] [stderr]   --- stdout
[INFO] [stderr]   cargo:rerun-if-changed=rocksdb/
[INFO] [stderr]   TARGET = Some("x86_64-unknown-linux-gnu")
[INFO] [stderr]   OPT_LEVEL = Some("0")
[INFO] [stderr]   HOST = Some("x86_64-unknown-linux-gnu")
[INFO] [stderr]   cargo:rerun-if-env-changed=CXX_x86_64-unknown-linux-gnu
[INFO] [stderr]   CXX_x86_64-unknown-linux-gnu = None
[INFO] [stderr]   cargo:rerun-if-env-changed=CXX_x86_64_unknown_linux_gnu
[INFO] [stderr]   CXX_x86_64_unknown_linux_gnu = None
[INFO] [stderr]   cargo:rerun-if-env-changed=HOST_CXX
[INFO] [stderr]   HOST_CXX = None
[INFO] [stderr]   cargo:rerun-if-env-changed=CXX
[INFO] [stderr]   CXX = None
[INFO] [stderr]   cargo:rerun-if-env-changed=CXXFLAGS_x86_64-unknown-linux-gnu
[INFO] [stderr]   CXXFLAGS_x86_64-unknown-linux-gnu = None
[INFO] [stderr]   cargo:rerun-if-env-changed=CXXFLAGS_x86_64_unknown_linux_gnu
[INFO] [stderr]   CXXFLAGS_x86_64_unknown_linux_gnu = None
[INFO] [stderr]   cargo:rerun-if-env-changed=HOST_CXXFLAGS
[INFO] [stderr]   HOST_CXXFLAGS = None
[INFO] [stderr]   cargo:rerun-if-env-changed=CXXFLAGS
[INFO] [stderr]   CXXFLAGS = None
[INFO] [stderr]   cargo:rerun-if-env-changed=CRATE_CC_NO_DEFAULTS
[INFO] [stderr]   CRATE_CC_NO_DEFAULTS = None
[INFO] [stderr]   DEBUG = Some("true")
[INFO] [stderr]   CARGO_CFG_TARGET_FEATURE = Some("fxsr,sse,sse2")
[INFO] [stderr]   cargo:rerun-if-env-changed=CXX_x86_64-unknown-linux-gnu
[INFO] [stderr]   CXX_x86_64-unknown-linux-gnu = None
[INFO] [stderr]   cargo:rerun-if-env-changed=CXX_x86_64_unknown_linux_gnu
[INFO] [stderr]   CXX_x86_64_unknown_linux_gnu = None
[INFO] [stderr]   cargo:rerun-if-env-changed=HOST_CXX
[INFO] [stderr]   HOST_CXX = None
[INFO] [stderr]   cargo:rerun-if-env-changed=CXX
[INFO] [stderr]   CXX = None
[INFO] [stderr]   cargo:rerun-if-env-changed=CXXFLAGS_x86_64-unknown-linux-gnu
[INFO] [stderr]   CXXFLAGS_x86_64-unknown-linux-gnu = None
[INFO] [stderr]   cargo:rerun-if-env-changed=CXXFLAGS_x86_64_unknown_linux_gnu
[INFO] [stderr]   CXXFLAGS_x86_64_unknown_linux_gnu = None
[INFO] [stderr]   cargo:rerun-if-env-changed=HOST_CXXFLAGS
[INFO] [stderr]   HOST_CXXFLAGS = None
[INFO] [stderr]   cargo:rerun-if-env-changed=CXXFLAGS
[INFO] [stderr]   CXXFLAGS = None
[INFO] [stderr]   cargo:rerun-if-env-changed=CRATE_CC_NO_DEFAULTS
[INFO] [stderr]   CRATE_CC_NO_DEFAULTS = None
[INFO] [stderr]   CARGO_CFG_TARGET_FEATURE = Some("fxsr,sse,sse2")
[INFO] [stderr]   cargo:rerun-if-env-changed=CXX_x86_64-unknown-linux-gnu
[INFO] [stderr]   CXX_x86_64-unknown-linux-gnu = None
[INFO] [stderr]   cargo:rerun-if-env-changed=CXX_x86_64_unknown_linux_gnu
[INFO] [stderr]   CXX_x86_64_unknown_linux_gnu = None
[INFO] [stderr]   cargo:rerun-if-env-changed=HOST_CXX
[INFO] [stderr]   HOST_CXX = None
[INFO] [stderr]   cargo:rerun-if-env-changed=CXX
[INFO] [stderr]   CXX = None
[INFO] [stderr]   cargo:rerun-if-env-changed=CXXFLAGS_x86_64-unknown-linux-gnu
[INFO] [stderr]   CXXFLAGS_x86_64-unknown-linux-gnu = None
[INFO] [stderr]   cargo:rerun-if-env-changed=CXXFLAGS_x86_64_unknown_linux_gnu
[INFO] [stderr]   CXXFLAGS_x86_64_unknown_linux_gnu = None
[INFO] [stderr]   cargo:rerun-if-env-changed=HOST_CXXFLAGS
[INFO] [stderr]   HOST_CXXFLAGS = None
[INFO] [stderr]   cargo:rerun-if-env-changed=CXXFLAGS
[INFO] [stderr]   CXXFLAGS = None
[INFO] [stderr]   cargo:rerun-if-env-changed=CRATE_CC_NO_DEFAULTS
[INFO] [stderr]   CRATE_CC_NO_DEFAULTS = None
[INFO] [stderr]   CARGO_CFG_TARGET_FEATURE = Some("fxsr,sse,sse2")
[INFO] [stderr]   running: "c++" "-O0" "-ffunction-sections" "-fdata-sections" "-fPIC" "-g" "-fno-omit-frame-pointer" "-m64" "-I" "rocksdb/include/" "-I" "rocksdb/" "-I" "rocksdb/third-party/gtest-1.8.1/fused-src/" "-I" "lz4/lib/" "-I" "." "-Wall" "-Wextra" "-std=c++17" "-Wsign-compare" "-Wshadow" "-Wno-unused-parameter" "-Wno-unused-variable" "-Woverloaded-virtual" "-Wnon-virtual-dtor" "-Wno-missing-field-initializers" "-Wno-strict-aliasing" "-Wno-invalid-offsetof" "-msse2" "-std=c++17" "-DLZ4=1" "-DNDEBUG=1" "-DOS_LINUX" "-DROCKSDB_PLATFORM_POSIX" "-DROCKSDB_LIB_IO_POSIX" "-DROCKSDB_SUPPORT_THREAD_LOCAL" "-DHAVE_UINT128_EXTENSION=1" "-o" "/opt/rustwide/target/debug/build/librocksdb-sys-8075a01925232b27/out/rocksdb/cache/cache.o" "-c" "rocksdb/cache/cache.cc"
[INFO] [stderr]   running: "c++" "-O0" "-ffunction-sections" "-fdata-sections" "-fPIC" "-g" "-fno-omit-frame-pointer" "-m64" "-I" "rocksdb/include/" "-I" "rocksdb/" "-I" "rocksdb/third-party/gtest-1.8.1/fused-src/" "-I" "lz4/lib/" "-I" "." "-Wall" "-Wextra" "-std=c++17" "-Wsign-compare" "-Wshadow" "-Wno-unused-parameter" "-Wno-unused-variable" "-Woverloaded-virtual" "-Wnon-virtual-dtor" "-Wno-missing-field-initializers" "-Wno-strict-aliasing" "-Wno-invalid-offsetof" "-msse2" "-std=c++17" "-DLZ4=1" "-DNDEBUG=1" "-DOS_LINUX" "-DROCKSDB_PLATFORM_POSIX" "-DROCKSDB_LIB_IO_POSIX" "-DROCKSDB_SUPPORT_THREAD_LOCAL" "-DHAVE_UINT128_EXTENSION=1" "-o" "/opt/rustwide/target/debug/build/librocksdb-sys-8075a01925232b27/out/rocksdb/cache/cache_entry_roles.o" "-c" "rocksdb/cache/cache_entry_roles.cc"
[INFO] [stderr]   running: "c++" "-O0" "-ffunction-sections" "-fdata-sections" "-fPIC" "-g" "-fno-omit-frame-pointer" "-m64" "-I" "rocksdb/include/" "-I" "rocksdb/" "-I" "rocksdb/third-party/gtest-1.8.1/fused-src/" "-I" "lz4/lib/" "-I" "." "-Wall" "-Wextra" "-std=c++17" "-Wsign-compare" "-Wshadow" "-Wno-unused-parameter" "-Wno-unused-variable" "-Woverloaded-virtual" "-Wnon-virtual-dtor" "-Wno-missing-field-initializers" "-Wno-strict-aliasing" "-Wno-invalid-offsetof" "-msse2" "-std=c++17" "-DLZ4=1" "-DNDEBUG=1" "-DOS_LINUX" "-DROCKSDB_PLATFORM_POSIX" "-DROCKSDB_LIB_IO_POSIX" "-DROCKSDB_SUPPORT_THREAD_LOCAL" "-DHAVE_UINT128_EXTENSION=1" "-o" "/opt/rustwide/target/debug/build/librocksdb-sys-8075a01925232b27/out/rocksdb/cache/cache_key.o" "-c" "rocksdb/cache/cache_key.cc"
[INFO] [stderr]   running: "c++" "-O0" "-ffunction-sections" "-fdata-sections" "-fPIC" "-g" "-fno-omit-frame-pointer" "-m64" "-I" "rocksdb/include/" "-I" "rocksdb/" "-I" "rocksdb/third-party/gtest-1.8.1/fused-src/" "-I" "lz4/lib/" "-I" "." "-Wall" "-Wextra" "-std=c++17" "-Wsign-compare" "-Wshadow" "-Wno-unused-parameter" "-Wno-unused-variable" "-Woverloaded-virtual" "-Wnon-virtual-dtor" "-Wno-missing-field-initializers" "-Wno-strict-aliasing" "-Wno-invalid-offsetof" "-msse2" "-std=c++17" "-DLZ4=1" "-DNDEBUG=1" "-DOS_LINUX" "-DROCKSDB_PLATFORM_POSIX" "-DROCKSDB_LIB_IO_POSIX" "-DROCKSDB_SUPPORT_THREAD_LOCAL" "-DHAVE_UINT128_EXTENSION=1" "-o" "/opt/rustwide/target/debug/build/librocksdb-sys-8075a01925232b27/out/rocksdb/cache/cache_reservation_manager.o" "-c" "rocksdb/cache/cache_reservation_manager.cc"
[INFO] [stderr]   running: "c++" "-O0" "-ffunction-sections" "-fdata-sections" "-fPIC" "-g" "-fno-omit-frame-pointer" "-m64" "-I" "rocksdb/include/" "-I" "rocksdb/" "-I" "rocksdb/third-party/gtest-1.8.1/fused-src/" "-I" "lz4/lib/" "-I" "." "-Wall" "-Wextra" "-std=c++17" "-Wsign-compare" "-Wshadow" "-Wno-unused-parameter" "-Wno-unused-variable" "-Woverloaded-virtual" "-Wnon-virtual-dtor" "-Wno-missing-field-initializers" "-Wno-strict-aliasing" "-Wno-invalid-offsetof" "-msse2" "-std=c++17" "-DLZ4=1" "-DNDEBUG=1" "-DOS_LINUX" "-DROCKSDB_PLATFORM_POSIX" "-DROCKSDB_LIB_IO_POSIX" "-DROCKSDB_SUPPORT_THREAD_LOCAL" "-DHAVE_UINT128_EXTENSION=1" "-o" "/opt/rustwide/target/debug/build/librocksdb-sys-8075a01925232b27/out/rocksdb/cache/clock_cache.o" "-c" "rocksdb/cache/clock_cache.cc"
[INFO] [stderr]   exit status: 0
[INFO] [stderr]   exit status: 0
[INFO] [stderr]   exit status: 0
[INFO] [stderr]   running: "c++" "-O0" "-ffunction-sections" "-fdata-sections" "-fPIC" "-g" "-fno-omit-frame-pointer" "-m64" "-I" "rocksdb/include/" "-I" "rocksdb/" "-I" "rocksdb/third-party/gtest-1.8.1/fused-src/" "-I" "lz4/lib/" "-I" "." "-Wall" "-Wextra" "-std=c++17" "-Wsign-compare" "-Wshadow" "-Wno-unused-parameter" "-Wno-unused-variable" "-Woverloaded-virtual" "-Wnon-virtual-dtor" "-Wno-missing-field-initializers" "-Wno-strict-aliasing" "-Wno-invalid-offsetof" "-msse2" "-std=c++17" "-DLZ4=1" "-DNDEBUG=1" "-DOS_LINUX" "-DROCKSDB_PLATFORM_POSIX" "-DROCKSDB_LIB_IO_POSIX" "-DROCKSDB_SUPPORT_THREAD_LOCAL" "-DHAVE_UINT128_EXTENSION=1" "-o" "/opt/rustwide/target/debug/build/librocksdb-sys-8075a01925232b27/out/rocksdb/cache/fast_lru_cache.o" "-c" "rocksdb/cache/fast_lru_cache.cc"
[INFO] [stderr]   exit status: 0
[INFO] [stderr]   exit status: 0
[INFO] [stderr]   running: "c++" "-O0" "-ffunction-sections" "-fdata-sections" "-fPIC" "-g" "-fno-omit-frame-pointer" "-m64" "-I" "rocksdb/include/" "-I" "rocksdb/" "-I" "rocksdb/third-party/gtest-1.8.1/fused-src/" "-I" "lz4/lib/" "-I" "." "-Wall" "-Wextra" "-std=c++17" "-Wsign-compare" "-Wshadow" "-Wno-unused-parameter" "-Wno-unused-variable" "-Woverloaded-virtual" "-Wnon-virtual-dtor" "-Wno-missing-field-initializers" "-Wno-strict-aliasing" "-Wno-invalid-offsetof" "-msse2" "-std=c++17" "-DLZ4=1" "-DNDEBUG=1" "-DOS_LINUX" "-DROCKSDB_PLATFORM_POSIX" "-DROCKSDB_LIB_IO_POSIX" "-DROCKSDB_SUPPORT_THREAD_LOCAL" "-DHAVE_UINT128_EXTENSION=1" "-o" "/opt/rustwide/target/debug/build/librocksdb-sys-8075a01925232b27/out/rocksdb/cache/lru_cache.o" "-c" "rocksdb/cache/lru_cache.cc"
[INFO] [stderr]   exit status: 0
[INFO] [stderr]   running: "c++" "-O0" "-ffunction-sections" "-fdata-sections" "-fPIC" "-g" "-fno-omit-frame-pointer" "-m64" "-I" "rocksdb/include/" "-I" "rocksdb/" "-I" "rocksdb/third-party/gtest-1.8.1/fused-src/" "-I" "lz4/lib/" "-I" "." "-Wall" "-Wextra" "-std=c++17" "-Wsign-compare" "-Wshadow" "-Wno-unused-parameter" "-Wno-unused-variable" "-Woverloaded-virtual" "-Wnon-virtual-dtor" "-Wno-missing-field-initializers" "-Wno-strict-aliasing" "-Wno-invalid-offsetof" "-msse2" "-std=c++17" "-DLZ4=1" "-DNDEBUG=1" "-DOS_LINUX" "-DROCKSDB_PLATFORM_POSIX" "-DROCKSDB_LIB_IO_POSIX" "-DROCKSDB_SUPPORT_THREAD_LOCAL" "-DHAVE_UINT128_EXTENSION=1" "-o" "/opt/rustwide/target/debug/build/librocksdb-sys-8075a01925232b27/out/rocksdb/cache/compressed_secondary_cache.o" "-c" "rocksdb/cache/compressed_secondary_cache.cc"
[INFO] [stderr]   exit status: 0
[INFO] [stderr]   exit status: 0
[INFO] [stderr]   running: "c++" "-O0" "-ffunction-sections" "-fdata-sections" "-fPIC" "-g" "-fno-omit-frame-pointer" "-m64" "-I" "rocksdb/include/" "-I" "rocksdb/" "-I" "rocksdb/third-party/gtest-1.8.1/fused-src/" "-I" "lz4/lib/" "-I" "." "-Wall" "-Wextra" "-std=c++17" "-Wsign-compare" "-Wshadow" "-Wno-unused-parameter" "-Wno-unused-variable" "-Woverloaded-virtual" "-Wnon-virtual-dtor" "-Wno-missing-field-initializers" "-Wno-strict-aliasing" "-Wno-invalid-offsetof" "-msse2" "-std=c++17" "-DLZ4=1" "-DNDEBUG=1" "-DOS_LINUX" "-DROCKSDB_PLATFORM_POSIX" "-DROCKSDB_LIB_IO_POSIX" "-DROCKSDB_SUPPORT_THREAD_LOCAL" "-DHAVE_UINT128_EXTENSION=1" "-o" "/opt/rustwide/target/debug/build/librocksdb-sys-8075a01925232b27/out/rocksdb/cache/sharded_cache.o" "-c" "rocksdb/cache/sharded_cache.cc"
[INFO] [stderr]   running: "c++" "-O0" "-ffunction-sections" "-fdata-sections" "-fPIC" "-g" "-fno-omit-frame-pointer" "-m64" "-I" "rocksdb/include/" "-I" "rocksdb/" "-I" "rocksdb/third-party/gtest-1.8.1/fused-src/" "-I" "lz4/lib/" "-I" "." "-Wall" "-Wextra" "-std=c++17" "-Wsign-compare" "-Wshadow" "-Wno-unused-parameter" "-Wno-unused-variable" "-Woverloaded-virtual" "-Wnon-virtual-dtor" "-Wno-missing-field-initializers" "-Wno-strict-aliasing" "-Wno-invalid-offsetof" "-msse2" "-std=c++17" "-DLZ4=1" "-DNDEBUG=1" "-DOS_LINUX" "-DROCKSDB_PLATFORM_POSIX" "-DROCKSDB_LIB_IO_POSIX" "-DROCKSDB_SUPPORT_THREAD_LOCAL" "-DHAVE_UINT128_EXTENSION=1" "-o" "/opt/rustwide/target/debug/build/librocksdb-sys-8075a01925232b27/out/rocksdb/db/arena_wrapped_db_iter.o" "-c" "rocksdb/db/arena_wrapped_db_iter.cc"
[INFO] [stderr]   exit status: 0
[INFO] [stderr]   running: "c++" "-O0" "-ffunction-sections" "-fdata-sections" "-fPIC" "-g" "-fno-omit-frame-pointer" "-m64" "-I" "rocksdb/include/" "-I" "rocksdb/" "-I" "rocksdb/third-party/gtest-1.8.1/fused-src/" "-I" "lz4/lib/" "-I" "." "-Wall" "-Wextra" "-std=c++17" "-Wsign-compare" "-Wshadow" "-Wno-unused-parameter" "-Wno-unused-variable" "-Woverloaded-virtual" "-Wnon-virtual-dtor" "-Wno-missing-field-initializers" "-Wno-strict-aliasing" "-Wno-invalid-offsetof" "-msse2" "-std=c++17" "-DLZ4=1" "-DNDEBUG=1" "-DOS_LINUX" "-DROCKSDB_PLATFORM_POSIX" "-DROCKSDB_LIB_IO_POSIX" "-DROCKSDB_SUPPORT_THREAD_LOCAL" "-DHAVE_UINT128_EXTENSION=1" "-o" "/opt/rustwide/target/debug/build/librocksdb-sys-8075a01925232b27/out/rocksdb/db/blob/blob_fetcher.o" "-c" "rocksdb/db/blob/blob_fetcher.cc"
[INFO] [stderr]   running: "c++" "-O0" "-ffunction-sections" "-fdata-sections" "-fPIC" "-g" "-fno-omit-frame-pointer" "-m64" "-I" "rocksdb/include/" "-I" "rocksdb/" "-I" "rocksdb/third-party/gtest-1.8.1/fused-src/" "-I" "lz4/lib/" "-I" "." "-Wall" "-Wextra" "-std=c++17" "-Wsign-compare" "-Wshadow" "-Wno-unused-parameter" "-Wno-unused-variable" "-Woverloaded-virtual" "-Wnon-virtual-dtor" "-Wno-missing-field-initializers" "-Wno-strict-aliasing" "-Wno-invalid-offsetof" "-msse2" "-std=c++17" "-DLZ4=1" "-DNDEBUG=1" "-DOS_LINUX" "-DROCKSDB_PLATFORM_POSIX" "-DROCKSDB_LIB_IO_POSIX" "-DROCKSDB_SUPPORT_THREAD_LOCAL" "-DHAVE_UINT128_EXTENSION=1" "-o" "/opt/rustwide/target/debug/build/librocksdb-sys-8075a01925232b27/out/rocksdb/db/blob/blob_file_addition.o" "-c" "rocksdb/db/blob/blob_file_addition.cc"
[INFO] [stderr]   exit status: 0
[INFO] [stderr]   running: "c++" "-O0" "-ffunction-sections" "-fdata-sections" "-fPIC" "-g" "-fno-omit-frame-pointer" "-m64" "-I" "rocksdb/include/" "-I" "rocksdb/" "-I" "rocksdb/third-party/gtest-1.8.1/fused-src/" "-I" "lz4/lib/" "-I" "." "-Wall" "-Wextra" "-std=c++17" "-Wsign-compare" "-Wshadow" "-Wno-unused-parameter" "-Wno-unused-variable" "-Woverloaded-virtual" "-Wnon-virtual-dtor" "-Wno-missing-field-initializers" "-Wno-strict-aliasing" "-Wno-invalid-offsetof" "-msse2" "-std=c++17" "-DLZ4=1" "-DNDEBUG=1" "-DOS_LINUX" "-DROCKSDB_PLATFORM_POSIX" "-DROCKSDB_LIB_IO_POSIX" "-DROCKSDB_SUPPORT_THREAD_LOCAL" "-DHAVE_UINT128_EXTENSION=1" "-o" "/opt/rustwide/target/debug/build/librocksdb-sys-8075a01925232b27/out/rocksdb/db/blob/blob_file_builder.o" "-c" "rocksdb/db/blob/blob_file_builder.cc"
[INFO] [stderr]   cargo:warning=c++: fatal error: Killed signal terminated program cc1plus
[INFO] [stderr]   cargo:warning=compilation terminated.
[INFO] [stderr]   exit status: 1
[INFO] [stderr]   running: "c++" "-O0" "-ffunction-sections" "-fdata-sections" "-fPIC" "-g" "-fno-omit-frame-pointer" "-m64" "-I" "rocksdb/include/" "-I" "rocksdb/" "-I" "rocksdb/third-party/gtest-1.8.1/fused-src/" "-I" "lz4/lib/" "-I" "." "-Wall" "-Wextra" "-std=c++17" "-Wsign-compare" "-Wshadow" "-Wno-unused-parameter" "-Wno-unused-variable" "-Woverloaded-virtual" "-Wnon-virtual-dtor" "-Wno-missing-field-initializers" "-Wno-strict-aliasing" "-Wno-invalid-offsetof" "-msse2" "-std=c++17" "-DLZ4=1" "-DNDEBUG=1" "-DOS_LINUX" "-DROCKSDB_PLATFORM_POSIX" "-DROCKSDB_LIB_IO_POSIX" "-DROCKSDB_SUPPORT_THREAD_LOCAL" "-DHAVE_UINT128_EXTENSION=1" "-o" "/opt/rustwide/target/debug/build/librocksdb-sys-8075a01925232b27/out/rocksdb/db/blob/blob_file_cache.o" "-c" "rocksdb/db/blob/blob_file_cache.cc"
[INFO] [stderr]   exit status: 0
[INFO] [stderr]   exit status: 0
[INFO] [stderr]   exit status: 0
[INFO] [stderr] 
[INFO] [stderr]   --- stderr
[INFO] [stderr]   error: 'rustfmt' is not installed for the toolchain 'beta-2023-12-22-x86_64-unknown-linux-gnu'
[INFO] [stderr]   To install, run `rustup component add rustfmt --toolchain beta-2023-12-22-x86_64-unknown-linux-gnu`
[INFO] [stderr]   Failed to run rustfmt: Internal rustfmt error (non-fatal, continuing)
[INFO] [stderr] 
[INFO] [stderr] 
[INFO] [stderr]   error occurred: Command "c++" "-O0" "-ffunction-sections" "-fdata-sections" "-fPIC" "-g" "-fno-omit-frame-pointer" "-m64" "-I" "rocksdb/include/" "-I" "rocksdb/" "-I" "rocksdb/third-party/gtest-1.8.1/fused-src/" "-I" "lz4/lib/" "-I" "." "-Wall" "-Wextra" "-std=c++17" "-Wsign-compare" "-Wshadow" "-Wno-unused-parameter" "-Wno-unused-variable" "-Woverloaded-virtual" "-Wnon-virtual-dtor" "-Wno-missing-field-initializers" "-Wno-strict-aliasing" "-Wno-invalid-offsetof" "-msse2" "-std=c++17" "-DLZ4=1" "-DNDEBUG=1" "-DOS_LINUX" "-DROCKSDB_PLATFORM_POSIX" "-DROCKSDB_LIB_IO_POSIX" "-DROCKSDB_SUPPORT_THREAD_LOCAL" "-DHAVE_UINT128_EXTENSION=1" "-o" "/opt/rustwide/target/debug/build/librocksdb-sys-8075a01925232b27/out/rocksdb/db/arena_wrapped_db_iter.o" "-c" "rocksdb/db/arena_wrapped_db_iter.cc" with args "c++" did not execute successfully (status code exit status: 1).
[INFO] [stderr] 
[INFO] [stderr] 
[INFO] [stderr] warning: build failed, waiting for other jobs to finish...
[INFO] [stdout] error[E0433]: failed to resolve: use of undeclared crate or module `ethers`
[INFO] [stdout]  --> /opt/rustwide/cargo-home/registry/src/index.crates.io-6f17d22bba15001f/fuel-relayer-0.10.1/src/abi.rs:4:5
[INFO] [stdout]   |
[INFO] [stdout] 4 |     super::abigen!(Fuel, "abi/Fuel.json");
[INFO] [stdout]   |     ^^^^^^^^^^^^^^^^^^^^^^^^^^^^^^^^^^^^^ use of undeclared crate or module `ethers`
[INFO] [stdout]   |
[INFO] [stdout]   = note: this error originates in the macro `super::abigen` (in Nightly builds, run with -Z macro-backtrace for more info)
[INFO] [stdout] 
[INFO] [stdout] 
[INFO] [stdout] error[E0433]: failed to resolve: use of undeclared crate or module `ethers`
[INFO] [stdout]  --> /opt/rustwide/cargo-home/registry/src/index.crates.io-6f17d22bba15001f/fuel-relayer-0.10.1/src/abi.rs:7:5
[INFO] [stdout]   |
[INFO] [stdout] 7 |     super::abigen!(ValidatorSet, "abi/ValidatorSet.json");
[INFO] [stdout]   |     ^^^^^^^^^^^^^^^^^^^^^^^^^^^^^^^^^^^^^^^^^^^^^^^^^^^^^ use of undeclared crate or module `ethers`
[INFO] [stdout]   |
[INFO] [stdout]   = note: this error originates in the macro `super::abigen` (in Nightly builds, run with -Z macro-backtrace for more info)
[INFO] [stdout] 
[INFO] [stdout] 
[INFO] [stdout] error[E0433]: failed to resolve: use of undeclared crate or module `ethers`
[INFO] [stdout]   --> /opt/rustwide/cargo-home/registry/src/index.crates.io-6f17d22bba15001f/fuel-relayer-0.10.1/src/abi.rs:11:5
[INFO] [stdout]    |
[INFO] [stdout] 11 |     super::abigen!(Message, "abi/IFuelMessageOutbox.json");
[INFO] [stdout]    |     ^^^^^^^^^^^^^^^^^^^^^^^^^^^^^^^^^^^^^^^^^^^^^^^^^^^^^^ use of undeclared crate or module `ethers`
[INFO] [stdout]    |
[INFO] [stdout]    = note: this error originates in the macro `super::abigen` (in Nightly builds, run with -Z macro-backtrace for more info)
[INFO] [stdout] 
[INFO] [stdout] 
[INFO] [stdout] error: cannot find attribute `ethevent` in this scope
[INFO] [stdout]  --> /opt/rustwide/cargo-home/registry/src/index.crates.io-6f17d22bba15001f/fuel-relayer-0.10.1/src/abi.rs:4:5
[INFO] [stdout]   |
[INFO] [stdout] 4 |     super::abigen!(Fuel, "abi/Fuel.json");
[INFO] [stdout]   |     ^^^^^^^^^^^^^^^^^^^^^^^^^^^^^^^^^^^^^
[INFO] [stdout]   |
[INFO] [stdout]   = note: this error originates in the macro `super::abigen` (in Nightly builds, run with -Z macro-backtrace for more info)
[INFO] [stdout] 
[INFO] [stdout] 
[INFO] [stdout] error: cannot find attribute `ethcall` in this scope
[INFO] [stdout]  --> /opt/rustwide/cargo-home/registry/src/index.crates.io-6f17d22bba15001f/fuel-relayer-0.10.1/src/abi.rs:4:5
[INFO] [stdout]   |
[INFO] [stdout] 4 |     super::abigen!(Fuel, "abi/Fuel.json");
[INFO] [stdout]   |     ^^^^^^^^^^^^^^^^^^^^^^^^^^^^^^^^^^^^^
[INFO] [stdout]   |
[INFO] [stdout]   = note: this error originates in the macro `super::abigen` (in Nightly builds, run with -Z macro-backtrace for more info)
[INFO] [stdout] 
[INFO] [stdout] 
[INFO] [stdout] error: cannot find attribute `ethevent` in this scope
[INFO] [stdout]  --> /opt/rustwide/cargo-home/registry/src/index.crates.io-6f17d22bba15001f/fuel-relayer-0.10.1/src/abi.rs:7:5
[INFO] [stdout]   |
[INFO] [stdout] 7 |     super::abigen!(ValidatorSet, "abi/ValidatorSet.json");
[INFO] [stdout]   |     ^^^^^^^^^^^^^^^^^^^^^^^^^^^^^^^^^^^^^^^^^^^^^^^^^^^^^
[INFO] [stdout]   |
[INFO] [stdout]   = note: this error originates in the macro `super::abigen` (in Nightly builds, run with -Z macro-backtrace for more info)
[INFO] [stdout] 
[INFO] [stdout] 
[INFO] [stdout] error: cannot find attribute `ethcall` in this scope
[INFO] [stdout]  --> /opt/rustwide/cargo-home/registry/src/index.crates.io-6f17d22bba15001f/fuel-relayer-0.10.1/src/abi.rs:7:5
[INFO] [stdout]   |
[INFO] [stdout] 7 |     super::abigen!(ValidatorSet, "abi/ValidatorSet.json");
[INFO] [stdout]   |     ^^^^^^^^^^^^^^^^^^^^^^^^^^^^^^^^^^^^^^^^^^^^^^^^^^^^^
[INFO] [stdout]   |
[INFO] [stdout]   = note: this error originates in the macro `super::abigen` (in Nightly builds, run with -Z macro-backtrace for more info)
[INFO] [stdout] 
[INFO] [stdout] 
[INFO] [stdout] error: cannot find attribute `ethevent` in this scope
[INFO] [stdout]   --> /opt/rustwide/cargo-home/registry/src/index.crates.io-6f17d22bba15001f/fuel-relayer-0.10.1/src/abi.rs:11:5
[INFO] [stdout]    |
[INFO] [stdout] 11 |     super::abigen!(Message, "abi/IFuelMessageOutbox.json");
[INFO] [stdout]    |     ^^^^^^^^^^^^^^^^^^^^^^^^^^^^^^^^^^^^^^^^^^^^^^^^^^^^^^
[INFO] [stdout]    |
[INFO] [stdout]    = note: this error originates in the macro `super::abigen` (in Nightly builds, run with -Z macro-backtrace for more info)
[INFO] [stdout] 
[INFO] [stdout] 
[INFO] [stdout] error: cannot find attribute `ethcall` in this scope
[INFO] [stdout]   --> /opt/rustwide/cargo-home/registry/src/index.crates.io-6f17d22bba15001f/fuel-relayer-0.10.1/src/abi.rs:11:5
[INFO] [stdout]    |
[INFO] [stdout] 11 |     super::abigen!(Message, "abi/IFuelMessageOutbox.json");
[INFO] [stdout]    |     ^^^^^^^^^^^^^^^^^^^^^^^^^^^^^^^^^^^^^^^^^^^^^^^^^^^^^^
[INFO] [stdout]    |
[INFO] [stdout]    = note: this error originates in the macro `super::abigen` (in Nightly builds, run with -Z macro-backtrace for more info)
[INFO] [stdout] 
[INFO] [stdout] 
[INFO] [stdout] error[E0433]: failed to resolve: use of undeclared crate or module `ethers`
[INFO] [stdout]  --> /opt/rustwide/cargo-home/registry/src/index.crates.io-6f17d22bba15001f/fuel-relayer-0.10.1/src/abi.rs:4:5
[INFO] [stdout]   |
[INFO] [stdout] 4 |     super::abigen!(Fuel, "abi/Fuel.json");
[INFO] [stdout]   |     ^^^^^^^^^^^^^^^^^^^^^^^^^^^^^^^^^^^^^ use of undeclared crate or module `ethers`
[INFO] [stdout]   |
[INFO] [stdout]   = help: consider importing this module:
[INFO] [stdout]           ethers_core::abi
[INFO] [stdout]   = note: this error originates in the macro `super::abigen` (in Nightly builds, run with -Z macro-backtrace for more info)
[INFO] [stdout] 
[INFO] [stdout] 
[INFO] [stdout] error[E0433]: failed to resolve: use of undeclared crate or module `ethers`
[INFO] [stdout]  --> /opt/rustwide/cargo-home/registry/src/index.crates.io-6f17d22bba15001f/fuel-relayer-0.10.1/src/abi.rs:4:5
[INFO] [stdout]   |
[INFO] [stdout] 4 |     super::abigen!(Fuel, "abi/Fuel.json");
[INFO] [stdout]   |     ^^^^^^^^^^^^^^^^^^^^^^^^^^^^^^^^^^^^^ use of undeclared crate or module `ethers`
[INFO] [stdout]   |
[INFO] [stdout]   = help: consider importing one of these items:
[INFO] [stdout]           ethers_contract::Lazy
[INFO] [stdout]           futures::future::Lazy
[INFO] [stdout]           once_cell::sync::Lazy
[INFO] [stdout]           once_cell::unsync::Lazy
[INFO] [stdout]   = note: this error originates in the macro `super::abigen` (in Nightly builds, run with -Z macro-backtrace for more info)
[INFO] [stdout] 
[INFO] [stdout] 
[INFO] [stdout] error[E0433]: failed to resolve: use of undeclared crate or module `ethers`
[INFO] [stdout]  --> /opt/rustwide/cargo-home/registry/src/index.crates.io-6f17d22bba15001f/fuel-relayer-0.10.1/src/abi.rs:4:5
[INFO] [stdout]   |
[INFO] [stdout] 4 |     super::abigen!(Fuel, "abi/Fuel.json");
[INFO] [stdout]   |     ^^^^^^^^^^^^^^^^^^^^^^^^^^^^^^^^^^^^^ use of undeclared crate or module `ethers`
[INFO] [stdout]   |
[INFO] [stdout]   = help: consider importing this module:
[INFO] [stdout]           ethers_core::utils::__serde_json
[INFO] [stdout]   = note: this error originates in the macro `super::abigen` (in Nightly builds, run with -Z macro-backtrace for more info)
[INFO] [stdout] 
[INFO] [stdout] 
[INFO] [stdout] error[E0433]: failed to resolve: use of undeclared crate or module `ethers`
[INFO] [stdout]  --> /opt/rustwide/cargo-home/registry/src/index.crates.io-6f17d22bba15001f/fuel-relayer-0.10.1/src/abi.rs:4:5
[INFO] [stdout]   |
[INFO] [stdout] 4 |     super::abigen!(Fuel, "abi/Fuel.json");
[INFO] [stdout]   |     ^^^^^^^^^^^^^^^^^^^^^^^^^^^^^^^^^^^^^ use of undeclared crate or module `ethers`
[INFO] [stdout]   |
[INFO] [stdout]   = help: consider importing this module:
[INFO] [stdout]           ethers_core::types
[INFO] [stdout]   = note: this error originates in the macro `super::abigen` (in Nightly builds, run with -Z macro-backtrace for more info)
[INFO] [stdout] 
[INFO] [stdout] 
[INFO] [stdout] error[E0433]: failed to resolve: use of undeclared crate or module `ethers`
[INFO] [stdout]  --> /opt/rustwide/cargo-home/registry/src/index.crates.io-6f17d22bba15001f/fuel-relayer-0.10.1/src/abi.rs:4:5
[INFO] [stdout]   |
[INFO] [stdout] 4 |     super::abigen!(Fuel, "abi/Fuel.json");
[INFO] [stdout]   |     ^^^^^^^^^^^^^^^^^^^^^^^^^^^^^^^^^^^^^ use of undeclared crate or module `ethers`
[INFO] [stdout]   |
[INFO] [stdout]   = help: consider importing one of these items:
[INFO] [stdout]           ethers_contract::Contract
[INFO] [stdout]           ethers_core::abi::Contract
[INFO] [stdout]   = note: this error originates in the macro `super::abigen` (in Nightly builds, run with -Z macro-backtrace for more info)
[INFO] [stdout] 
[INFO] [stdout] 
[INFO] [stdout] error[E0433]: failed to resolve: use of undeclared crate or module `ethers`
[INFO] [stdout]  --> /opt/rustwide/cargo-home/registry/src/index.crates.io-6f17d22bba15001f/fuel-relayer-0.10.1/src/abi.rs:4:5
[INFO] [stdout]   |
[INFO] [stdout] 4 |     super::abigen!(Fuel, "abi/Fuel.json");
[INFO] [stdout]   |     ^^^^^^^^^^^^^^^^^^^^^^^^^^^^^^^^^^^^^ use of undeclared crate or module `ethers`
[INFO] [stdout]   |
[INFO] [stdout]   = help: consider importing this module:
[INFO] [stdout]           ethers_contract::builders
[INFO] [stdout]   = note: this error originates in the macro `super::abigen` (in Nightly builds, run with -Z macro-backtrace for more info)
[INFO] [stdout] 
[INFO] [stdout] 
[INFO] [stdout] error[E0433]: failed to resolve: use of undeclared crate or module `ethers`
[INFO] [stdout]  --> /opt/rustwide/cargo-home/registry/src/index.crates.io-6f17d22bba15001f/fuel-relayer-0.10.1/src/abi.rs:4:5
[INFO] [stdout]   |
[INFO] [stdout] 4 |     super::abigen!(Fuel, "abi/Fuel.json");
[INFO] [stdout]   |     ^^^^^^^^^^^^^^^^^^^^^^^^^^^^^^^^^^^^^ use of undeclared crate or module `ethers`
[INFO] [stdout]   |
[INFO] [stdout]   = help: consider importing one of these items:
[INFO] [stdout]           anyhow::Error
[INFO] [stdout]           core::error::Error
[INFO] [stdout]           core::fmt::Error
[INFO] [stdout]           ethers_core::abi::Error
[INFO] [stdout]           ethers_core::utils::__serde_json::Error
[INFO] [stdout]           fuel_core_interfaces::db::Error
[INFO] [stdout]           fuel_core_interfaces::txpool::Error
[INFO] [stdout]           futures::io::Error
[INFO] [stdout]           serde::__private::doc::Error
[INFO] [stdout]           serde::__private::fmt::Error
[INFO] [stdout]           serde::de::Error
[INFO] [stdout]           serde::de::value::Error
[INFO] [stdout]           serde::ser::Error
[INFO] [stdout]           serde_json::Error
[INFO] [stdout]           std::error::Error
[INFO] [stdout]           std::fmt::Error
[INFO] [stdout]           std::io::Error
[INFO] [stdout]           tokio::io::Error
[INFO] [stdout]           tokio::time::error::Error
[INFO] [stdout]           tracing::log::kv::Error
[INFO] [stdout]           tracing_subscriber::reload::Error
[INFO] [stdout]   = note: this error originates in the macro `super::abigen` (in Nightly builds, run with -Z macro-backtrace for more info)
[INFO] [stdout] 
[INFO] [stdout] 
[INFO] [stdout] error[E0433]: failed to resolve: use of undeclared crate or module `ethers`
[INFO] [stdout]  --> /opt/rustwide/cargo-home/registry/src/index.crates.io-6f17d22bba15001f/fuel-relayer-0.10.1/src/abi.rs:7:5
[INFO] [stdout]   |
[INFO] [stdout] 7 |     super::abigen!(ValidatorSet, "abi/ValidatorSet.json");
[INFO] [stdout]   |     ^^^^^^^^^^^^^^^^^^^^^^^^^^^^^^^^^^^^^^^^^^^^^^^^^^^^^ use of undeclared crate or module `ethers`
[INFO] [stdout]   |
[INFO] [stdout]   = help: consider importing this module:
[INFO] [stdout]           ethers_core::abi
[INFO] [stdout]   = note: this error originates in the macro `super::abigen` (in Nightly builds, run with -Z macro-backtrace for more info)
[INFO] [stdout] 
[INFO] [stdout] 
[INFO] [stdout] error[E0433]: failed to resolve: use of undeclared crate or module `ethers`
[INFO] [stdout]  --> /opt/rustwide/cargo-home/registry/src/index.crates.io-6f17d22bba15001f/fuel-relayer-0.10.1/src/abi.rs:7:5
[INFO] [stdout]   |
[INFO] [stdout] 7 |     super::abigen!(ValidatorSet, "abi/ValidatorSet.json");
[INFO] [stdout]   |     ^^^^^^^^^^^^^^^^^^^^^^^^^^^^^^^^^^^^^^^^^^^^^^^^^^^^^ use of undeclared crate or module `ethers`
[INFO] [stdout]   |
[INFO] [stdout]   = help: consider importing one of these items:
[INFO] [stdout]           ethers_contract::Lazy
[INFO] [stdout]           futures::future::Lazy
[INFO] [stdout]           once_cell::sync::Lazy
[INFO] [stdout]           once_cell::unsync::Lazy
[INFO] [stdout]   = note: this error originates in the macro `super::abigen` (in Nightly builds, run with -Z macro-backtrace for more info)
[INFO] [stdout] 
[INFO] [stdout] 
[INFO] [stdout] error[E0433]: failed to resolve: use of undeclared crate or module `ethers`
[INFO] [stdout]  --> /opt/rustwide/cargo-home/registry/src/index.crates.io-6f17d22bba15001f/fuel-relayer-0.10.1/src/abi.rs:7:5
[INFO] [stdout]   |
[INFO] [stdout] 7 |     super::abigen!(ValidatorSet, "abi/ValidatorSet.json");
[INFO] [stdout]   |     ^^^^^^^^^^^^^^^^^^^^^^^^^^^^^^^^^^^^^^^^^^^^^^^^^^^^^ use of undeclared crate or module `ethers`
[INFO] [stdout]   |
[INFO] [stdout]   = help: consider importing this module:
[INFO] [stdout]           ethers_core::utils::__serde_json
[INFO] [stdout]   = note: this error originates in the macro `super::abigen` (in Nightly builds, run with -Z macro-backtrace for more info)
[INFO] [stdout] 
[INFO] [stdout] 
[INFO] [stdout] error[E0433]: failed to resolve: use of undeclared crate or module `ethers`
[INFO] [stdout]  --> /opt/rustwide/cargo-home/registry/src/index.crates.io-6f17d22bba15001f/fuel-relayer-0.10.1/src/abi.rs:7:5
[INFO] [stdout]   |
[INFO] [stdout] 7 |     super::abigen!(ValidatorSet, "abi/ValidatorSet.json");
[INFO] [stdout]   |     ^^^^^^^^^^^^^^^^^^^^^^^^^^^^^^^^^^^^^^^^^^^^^^^^^^^^^ use of undeclared crate or module `ethers`
[INFO] [stdout]   |
[INFO] [stdout]   = help: consider importing this module:
[INFO] [stdout]           ethers_core::types
[INFO] [stdout]   = note: this error originates in the macro `super::abigen` (in Nightly builds, run with -Z macro-backtrace for more info)
[INFO] [stdout] 
[INFO] [stdout] 
[INFO] [stdout] error[E0433]: failed to resolve: use of undeclared crate or module `ethers`
[INFO] [stdout]  --> /opt/rustwide/cargo-home/registry/src/index.crates.io-6f17d22bba15001f/fuel-relayer-0.10.1/src/abi.rs:7:5
[INFO] [stdout]   |
[INFO] [stdout] 7 |     super::abigen!(ValidatorSet, "abi/ValidatorSet.json");
[INFO] [stdout]   |     ^^^^^^^^^^^^^^^^^^^^^^^^^^^^^^^^^^^^^^^^^^^^^^^^^^^^^ use of undeclared crate or module `ethers`
[INFO] [stdout]   |
[INFO] [stdout]   = help: consider importing one of these items:
[INFO] [stdout]           ethers_contract::Contract
[INFO] [stdout]           ethers_core::abi::Contract
[INFO] [stdout]   = note: this error originates in the macro `super::abigen` (in Nightly builds, run with -Z macro-backtrace for more info)
[INFO] [stdout] 
[INFO] [stdout] 
[INFO] [stdout] error[E0433]: failed to resolve: use of undeclared crate or module `ethers`
[INFO] [stdout]  --> /opt/rustwide/cargo-home/registry/src/index.crates.io-6f17d22bba15001f/fuel-relayer-0.10.1/src/abi.rs:7:5
[INFO] [stdout]   |
[INFO] [stdout] 7 |     super::abigen!(ValidatorSet, "abi/ValidatorSet.json");
[INFO] [stdout]   |     ^^^^^^^^^^^^^^^^^^^^^^^^^^^^^^^^^^^^^^^^^^^^^^^^^^^^^ use of undeclared crate or module `ethers`
[INFO] [stdout]   |
[INFO] [stdout]   = help: consider importing this module:
[INFO] [stdout]           ethers_contract::builders
[INFO] [stdout]   = note: this error originates in the macro `super::abigen` (in Nightly builds, run with -Z macro-backtrace for more info)
[INFO] [stdout] 
[INFO] [stdout] 
[INFO] [stdout] error[E0433]: failed to resolve: use of undeclared crate or module `ethers`
[INFO] [stdout]  --> /opt/rustwide/cargo-home/registry/src/index.crates.io-6f17d22bba15001f/fuel-relayer-0.10.1/src/abi.rs:7:5
[INFO] [stdout]   |
[INFO] [stdout] 7 |     super::abigen!(ValidatorSet, "abi/ValidatorSet.json");
[INFO] [stdout]   |     ^^^^^^^^^^^^^^^^^^^^^^^^^^^^^^^^^^^^^^^^^^^^^^^^^^^^^ use of undeclared crate or module `ethers`
[INFO] [stdout]   |
[INFO] [stdout]   = help: consider importing one of these items:
[INFO] [stdout]           anyhow::Error
[INFO] [stdout]           core::error::Error
[INFO] [stdout]           core::fmt::Error
[INFO] [stdout]           ethers_core::abi::Error
[INFO] [stdout]           ethers_core::utils::__serde_json::Error
[INFO] [stdout]           fuel_core_interfaces::db::Error
[INFO] [stdout]           fuel_core_interfaces::txpool::Error
[INFO] [stdout]           futures::io::Error
[INFO] [stdout]           serde::__private::doc::Error
[INFO] [stdout]           serde::__private::fmt::Error
[INFO] [stdout]           serde::de::Error
[INFO] [stdout]           serde::de::value::Error
[INFO] [stdout]           serde::ser::Error
[INFO] [stdout]           serde_json::Error
[INFO] [stdout]           std::error::Error
[INFO] [stdout]           std::fmt::Error
[INFO] [stdout]           std::io::Error
[INFO] [stdout]           tokio::io::Error
[INFO] [stdout]           tokio::time::error::Error
[INFO] [stdout]           tracing::log::kv::Error
[INFO] [stdout]           tracing_subscriber::reload::Error
[INFO] [stdout]   = note: this error originates in the macro `super::abigen` (in Nightly builds, run with -Z macro-backtrace for more info)
[INFO] [stdout] 
[INFO] [stdout] 
[INFO] [stdout] error[E0433]: failed to resolve: use of undeclared crate or module `ethers`
[INFO] [stdout]   --> /opt/rustwide/cargo-home/registry/src/index.crates.io-6f17d22bba15001f/fuel-relayer-0.10.1/src/abi.rs:11:5
[INFO] [stdout]    |
[INFO] [stdout] 11 |     super::abigen!(Message, "abi/IFuelMessageOutbox.json");
[INFO] [stdout]    |     ^^^^^^^^^^^^^^^^^^^^^^^^^^^^^^^^^^^^^^^^^^^^^^^^^^^^^^ use of undeclared crate or module `ethers`
[INFO] [stdout]    |
[INFO] [stdout]    = help: consider importing this module:
[INFO] [stdout]            ethers_core::abi
[INFO] [stdout]    = note: this error originates in the macro `super::abigen` (in Nightly builds, run with -Z macro-backtrace for more info)
[INFO] [stdout] 
[INFO] [stdout] 
[INFO] [stdout] error[E0433]: failed to resolve: use of undeclared crate or module `ethers`
[INFO] [stdout]   --> /opt/rustwide/cargo-home/registry/src/index.crates.io-6f17d22bba15001f/fuel-relayer-0.10.1/src/abi.rs:11:5
[INFO] [stdout]    |
[INFO] [stdout] 11 |     super::abigen!(Message, "abi/IFuelMessageOutbox.json");
[INFO] [stdout]    |     ^^^^^^^^^^^^^^^^^^^^^^^^^^^^^^^^^^^^^^^^^^^^^^^^^^^^^^ use of undeclared crate or module `ethers`
[INFO] [stdout]    |
[INFO] [stdout]    = help: consider importing one of these items:
[INFO] [stdout]            ethers_contract::Lazy
[INFO] [stdout]            futures::future::Lazy
[INFO] [stdout]            once_cell::sync::Lazy
[INFO] [stdout]            once_cell::unsync::Lazy
[INFO] [stdout]    = note: this error originates in the macro `super::abigen` (in Nightly builds, run with -Z macro-backtrace for more info)
[INFO] [stdout] 
[INFO] [stdout] 
[INFO] [stdout] error[E0433]: failed to resolve: use of undeclared crate or module `ethers`
[INFO] [stdout]   --> /opt/rustwide/cargo-home/registry/src/index.crates.io-6f17d22bba15001f/fuel-relayer-0.10.1/src/abi.rs:11:5
[INFO] [stdout]    |
[INFO] [stdout] 11 |     super::abigen!(Message, "abi/IFuelMessageOutbox.json");
[INFO] [stdout]    |     ^^^^^^^^^^^^^^^^^^^^^^^^^^^^^^^^^^^^^^^^^^^^^^^^^^^^^^ use of undeclared crate or module `ethers`
[INFO] [stdout]    |
[INFO] [stdout]    = help: consider importing this module:
[INFO] [stdout]            ethers_core::utils::__serde_json
[INFO] [stdout]    = note: this error originates in the macro `super::abigen` (in Nightly builds, run with -Z macro-backtrace for more info)
[INFO] [stdout] 
[INFO] [stdout] 
[INFO] [stdout] error[E0433]: failed to resolve: use of undeclared crate or module `ethers`
[INFO] [stdout]   --> /opt/rustwide/cargo-home/registry/src/index.crates.io-6f17d22bba15001f/fuel-relayer-0.10.1/src/abi.rs:11:5
[INFO] [stdout]    |
[INFO] [stdout] 11 |     super::abigen!(Message, "abi/IFuelMessageOutbox.json");
[INFO] [stdout]    |     ^^^^^^^^^^^^^^^^^^^^^^^^^^^^^^^^^^^^^^^^^^^^^^^^^^^^^^ use of undeclared crate or module `ethers`
[INFO] [stdout]    |
[INFO] [stdout]    = help: consider importing this module:
[INFO] [stdout]            ethers_core::types
[INFO] [stdout]    = note: this error originates in the macro `super::abigen` (in Nightly builds, run with -Z macro-backtrace for more info)
[INFO] [stdout] 
[INFO] [stdout] 
[INFO] [stdout] error[E0433]: failed to resolve: use of undeclared crate or module `ethers`
[INFO] [stdout]   --> /opt/rustwide/cargo-home/registry/src/index.crates.io-6f17d22bba15001f/fuel-relayer-0.10.1/src/abi.rs:11:5
[INFO] [stdout]    |
[INFO] [stdout] 11 |     super::abigen!(Message, "abi/IFuelMessageOutbox.json");
[INFO] [stdout]    |     ^^^^^^^^^^^^^^^^^^^^^^^^^^^^^^^^^^^^^^^^^^^^^^^^^^^^^^ use of undeclared crate or module `ethers`
[INFO] [stdout]    |
[INFO] [stdout]    = help: consider importing one of these items:
[INFO] [stdout]            ethers_contract::Contract
[INFO] [stdout]            ethers_core::abi::Contract
[INFO] [stdout]    = note: this error originates in the macro `super::abigen` (in Nightly builds, run with -Z macro-backtrace for more info)
[INFO] [stdout] 
[INFO] [stdout] 
[INFO] [stdout] error[E0433]: failed to resolve: use of undeclared crate or module `ethers`
[INFO] [stdout]   --> /opt/rustwide/cargo-home/registry/src/index.crates.io-6f17d22bba15001f/fuel-relayer-0.10.1/src/abi.rs:11:5
[INFO] [stdout]    |
[INFO] [stdout] 11 |     super::abigen!(Message, "abi/IFuelMessageOutbox.json");
[INFO] [stdout]    |     ^^^^^^^^^^^^^^^^^^^^^^^^^^^^^^^^^^^^^^^^^^^^^^^^^^^^^^ use of undeclared crate or module `ethers`
[INFO] [stdout]    |
[INFO] [stdout]    = help: consider importing this module:
[INFO] [stdout]            ethers_contract::builders
[INFO] [stdout]    = note: this error originates in the macro `super::abigen` (in Nightly builds, run with -Z macro-backtrace for more info)
[INFO] [stdout] 
[INFO] [stdout] 
[INFO] [stdout] error[E0433]: failed to resolve: use of undeclared crate or module `ethers`
[INFO] [stdout]   --> /opt/rustwide/cargo-home/registry/src/index.crates.io-6f17d22bba15001f/fuel-relayer-0.10.1/src/abi.rs:11:5
[INFO] [stdout]    |
[INFO] [stdout] 11 |     super::abigen!(Message, "abi/IFuelMessageOutbox.json");
[INFO] [stdout]    |     ^^^^^^^^^^^^^^^^^^^^^^^^^^^^^^^^^^^^^^^^^^^^^^^^^^^^^^ use of undeclared crate or module `ethers`
[INFO] [stdout]    |
[INFO] [stdout]    = help: consider importing one of these items:
[INFO] [stdout]            anyhow::Error
[INFO] [stdout]            core::error::Error
[INFO] [stdout]            core::fmt::Error
[INFO] [stdout]            ethers_core::abi::Error
[INFO] [stdout]            ethers_core::utils::__serde_json::Error
[INFO] [stdout]            fuel_core_interfaces::db::Error
[INFO] [stdout]            fuel_core_interfaces::txpool::Error
[INFO] [stdout]            futures::io::Error
[INFO] [stdout]            serde::__private::doc::Error
[INFO] [stdout]            serde::__private::fmt::Error
[INFO] [stdout]            serde::de::Error
[INFO] [stdout]            serde::de::value::Error
[INFO] [stdout]            serde::ser::Error
[INFO] [stdout]            serde_json::Error
[INFO] [stdout]            std::error::Error
[INFO] [stdout]            std::fmt::Error
[INFO] [stdout]            std::io::Error
[INFO] [stdout]            tokio::io::Error
[INFO] [stdout]            tokio::time::error::Error
[INFO] [stdout]            tracing::log::kv::Error
[INFO] [stdout]            tracing_subscriber::reload::Error
[INFO] [stdout]    = note: this error originates in the macro `super::abigen` (in Nightly builds, run with -Z macro-backtrace for more info)
[INFO] [stdout] 
[INFO] [stdout] 
[INFO] [stdout] error: aborting due to 30 previous errors
[INFO] [stdout] 
[INFO] [stdout] 
[INFO] [stdout] For more information about this error, try `rustc --explain E0433`.
[INFO] [stdout] 
[INFO] [stderr] error: could not compile `fuel-relayer` (lib) due to 31 previous errors
[INFO] running `Command { std: "docker" "inspect" "42810c1f18b00e2774c950a1f71638e72a0daf1ecfb40024f8704e8a6e92f278", kill_on_drop: false }`
[INFO] running `Command { std: "docker" "rm" "-f" "42810c1f18b00e2774c950a1f71638e72a0daf1ecfb40024f8704e8a6e92f278", kill_on_drop: false }`
[INFO] [stdout] 42810c1f18b00e2774c950a1f71638e72a0daf1ecfb40024f8704e8a6e92f278
