[INFO] cloning repository https://github.com/WJKPK/thermo-esp
[INFO] running `Command { std: "git" "-c" "credential.helper=" "-c" "credential.helper=/workspace/cargo-home/bin/git-credential-null" "clone" "--bare" "https://github.com/WJKPK/thermo-esp" "/workspace/cache/git-repos/https%3A%2F%2Fgithub.com%2FWJKPK%2Fthermo-esp", kill_on_drop: false }`
[INFO] [stderr] Cloning into bare repository '/workspace/cache/git-repos/https%3A%2F%2Fgithub.com%2FWJKPK%2Fthermo-esp'...
[INFO] running `Command { std: "git" "rev-parse" "HEAD", kill_on_drop: false }`
[INFO] [stdout] 11ff9b89431b4905fa428781e3ce725d4387071a
[INFO] documenting WJKPK/thermo-esp against 1.75.0 for beta-1.76-rustdoc-1
[INFO] running `Command { std: "git" "clone" "/workspace/cache/git-repos/https%3A%2F%2Fgithub.com%2FWJKPK%2Fthermo-esp" "/workspace/builds/worker-2-tc1/source", kill_on_drop: false }`
[INFO] [stderr] Cloning into '/workspace/builds/worker-2-tc1/source'...
[INFO] [stderr] done.
[INFO] validating manifest of git repo https://github.com/WJKPK/thermo-esp on toolchain 1.75.0
[INFO] running `Command { std: CARGO_HOME="/workspace/cargo-home" RUSTUP_HOME="/workspace/rustup-home" "/workspace/cargo-home/bin/cargo" "+1.75.0" "metadata" "--manifest-path" "Cargo.toml" "--no-deps", kill_on_drop: false }`
[INFO] removed /workspace/builds/worker-2-tc1/source/.cargo/config.toml
[INFO] removed /workspace/builds/worker-2-tc1/source/rust-toolchain.toml
[INFO] started tweaking git repo https://github.com/WJKPK/thermo-esp
[INFO] finished tweaking git repo https://github.com/WJKPK/thermo-esp
[INFO] tweaked toml for git repo https://github.com/WJKPK/thermo-esp written to /workspace/builds/worker-2-tc1/source/Cargo.toml
[INFO] crate git repo https://github.com/WJKPK/thermo-esp already has a lockfile, it will not be regenerated
[INFO] running `Command { std: CARGO_HOME="/workspace/cargo-home" RUSTUP_HOME="/workspace/rustup-home" "/workspace/cargo-home/bin/cargo" "+1.75.0" "fetch" "--manifest-path" "Cargo.toml", kill_on_drop: false }`
[INFO] [stderr]     Updating git repository `https://github.com/bjoernQ/bleps`
[INFO] [stderr]     Updating crates.io index
[INFO] [stderr]     Updating git repository `https://github.com/esp-rs/esp-wifi`
[INFO] [stderr]  Downloading crates ...
[INFO] [stderr]   Downloaded xtensa-lx-rt-proc-macros v0.2.0
[INFO] [stderr]   Downloaded static_cell v1.1.0
[INFO] [stderr]   Downloaded xtensa-atomic-emulation-trap v0.4.0
[INFO] [stderr]   Downloaded minijinja v0.15.0
[INFO] [stderr]   Downloaded esp-hal-procmacros v0.6.0
[INFO] [stderr]   Downloaded esp32c3-hal v0.10.0
[INFO] [stderr]   Downloaded embedded-can v0.4.1
[INFO] [stderr]   Downloaded esp32s2-hal v0.10.0
[INFO] [stderr]   Downloaded esp-println v0.5.0
[INFO] [stderr]   Downloaded xtensa-lx-rt v0.15.0
[INFO] [stderr]   Downloaded embedded-hal v1.0.0-alpha.10
[INFO] [stderr]   Downloaded core-isa-parser v0.2.0
[INFO] [stderr]   Downloaded esp32s3 v0.19.0
[INFO] [stderr]   Downloaded smoltcp v0.10.0
[INFO] [stderr]   Downloaded esp-hal-common v0.10.0
[INFO] [stderr]   Downloaded esp32-hal v0.13.0
[INFO] [stderr]   Downloaded esp32c2-hal v0.8.0
[INFO] [stderr]   Downloaded esp32c6-hal v0.3.0
[INFO] [stderr]   Downloaded embassy-executor v0.2.0
[INFO] [stderr]   Downloaded embassy-time v0.1.1
[INFO] [stderr]   Downloaded embassy-futures v0.1.0
[INFO] [stderr]   Downloaded riscv-atomic-emulation-trap v0.4.0
[INFO] [stderr]   Downloaded embassy-macros v0.2.0
[INFO] [stderr]   Downloaded embassy-sync v0.2.0
[INFO] [stderr]   Downloaded embedded-hal-async v0.2.0-alpha.1
[INFO] [stderr]   Downloaded esp32s3-hal v0.10.0
[INFO] [stderr]   Downloaded esp-backtrace v0.7.0
[INFO] [stderr]   Downloaded embedded-hal-nb v1.0.0-alpha.2
[INFO] [stderr]   Downloaded esp-synopsys-usb-otg v0.3.1
[INFO] [stderr]   Downloaded esp-riscv-rt v0.3.0
[INFO] [stderr]   Downloaded esp32 v0.24.0
[INFO] [stderr]   Downloaded esp32c6 v0.5.0
[INFO] [stderr]   Downloaded esp32c3 v0.15.0
[INFO] [stderr]   Downloaded esp32s2 v0.15.0
[INFO] [stderr]   Downloaded esp32c2 v0.12.0
[INFO] running `Command { std: "docker" "create" "-v" "/var/lib/crater-agent-workspace/builds/worker-2-tc1/target:/opt/rustwide/target:rw,Z" "-v" "/var/lib/crater-agent-workspace/builds/worker-2-tc1/source:/opt/rustwide/workdir:ro,Z" "-v" "/var/lib/crater-agent-workspace/cargo-home:/opt/rustwide/cargo-home:ro,Z" "-v" "/var/lib/crater-agent-workspace/rustup-home:/opt/rustwide/rustup-home:ro,Z" "-e" "SOURCE_DIR=/opt/rustwide/workdir" "-e" "CARGO_TARGET_DIR=/opt/rustwide/target" "-e" "CARGO_HOME=/opt/rustwide/cargo-home" "-e" "RUSTUP_HOME=/opt/rustwide/rustup-home" "-w" "/opt/rustwide/workdir" "-m" "1610612736" "--user" "0:0" "--network" "none" "ghcr.io/rust-lang/crates-build-env/linux@sha256:2788e3201cd34a07e3172128adcd8b3090168a8e3bcc40d7c032b9dda1df7d1c" "/opt/rustwide/cargo-home/bin/cargo" "+1.75.0" "metadata" "--no-deps" "--format-version=1", kill_on_drop: false }`
[INFO] [stdout] f6617015009d63772c50db275799da627b2f6f2097d6574323a6daa23446367d
[INFO] running `Command { std: "docker" "start" "-a" "f6617015009d63772c50db275799da627b2f6f2097d6574323a6daa23446367d", kill_on_drop: false }`
[INFO] running `Command { std: "docker" "inspect" "f6617015009d63772c50db275799da627b2f6f2097d6574323a6daa23446367d", kill_on_drop: false }`
[INFO] running `Command { std: "docker" "rm" "-f" "f6617015009d63772c50db275799da627b2f6f2097d6574323a6daa23446367d", kill_on_drop: false }`
[INFO] [stdout] f6617015009d63772c50db275799da627b2f6f2097d6574323a6daa23446367d
[INFO] running `Command { std: "docker" "create" "-v" "/var/lib/crater-agent-workspace/builds/worker-2-tc1/target:/opt/rustwide/target:rw,Z" "-v" "/var/lib/crater-agent-workspace/builds/worker-2-tc1/source:/opt/rustwide/workdir:ro,Z" "-v" "/var/lib/crater-agent-workspace/cargo-home:/opt/rustwide/cargo-home:ro,Z" "-v" "/var/lib/crater-agent-workspace/rustup-home:/opt/rustwide/rustup-home:ro,Z" "-e" "SOURCE_DIR=/opt/rustwide/workdir" "-e" "CARGO_TARGET_DIR=/opt/rustwide/target" "-e" "CARGO_INCREMENTAL=0" "-e" "RUST_BACKTRACE=full" "-e" "RUSTFLAGS=--cap-lints=warn" "-e" "RUSTDOCFLAGS=--cap-lints=warn" "-e" "CARGO_HOME=/opt/rustwide/cargo-home" "-e" "RUSTUP_HOME=/opt/rustwide/rustup-home" "-w" "/opt/rustwide/workdir" "-m" "1610612736" "--user" "0:0" "--network" "none" "ghcr.io/rust-lang/crates-build-env/linux@sha256:2788e3201cd34a07e3172128adcd8b3090168a8e3bcc40d7c032b9dda1df7d1c" "/opt/rustwide/cargo-home/bin/cargo" "+1.75.0" "doc" "--frozen" "--no-deps" "--document-private-items" "--message-format=json", kill_on_drop: false }`
[INFO] [stdout] b4de0a5eeab8b58a466d9a548eb152e01c230f6187166f1b898cc76096b3f70c
[INFO] running `Command { std: "docker" "start" "-a" "b4de0a5eeab8b58a466d9a548eb152e01c230f6187166f1b898cc76096b3f70c", kill_on_drop: false }`
[INFO] [stderr]    Compiling proc-macro2 v1.0.66
[INFO] [stderr]    Compiling unicode-ident v1.0.9
[INFO] [stderr]    Compiling quote v1.0.28
[INFO] [stderr]    Compiling syn v1.0.109
[INFO] [stderr]     Checking critical-section v1.1.1
[INFO] [stderr]    Compiling semver v1.0.17
[INFO] [stderr]    Compiling futures-core v0.3.28
[INFO] [stderr]    Compiling fnv v1.0.7
[INFO] [stderr]    Compiling strsim v0.10.0
[INFO] [stderr]    Compiling ident_case v1.0.1
[INFO] [stderr]    Compiling futures-task v0.3.28
[INFO] [stderr]     Checking nb v1.1.0
[INFO] [stderr]     Checking scopeguard v1.1.0
[INFO] [stderr]     Checking futures-sink v0.3.28
[INFO] [stderr]    Compiling lock_api v0.4.10
[INFO] [stderr]    Compiling futures-util v0.3.28
[INFO] [stderr]     Checking stable_deref_trait v1.2.0
[INFO] [stderr]     Checking byteorder v1.4.3
[INFO] [stderr]     Checking pin-project-lite v0.2.9
[INFO] [stderr]     Checking nb v0.1.3
[INFO] [stderr]    Compiling atomic-polyfill v1.0.2
[INFO] [stderr]    Compiling serde v1.0.164
[INFO] [stderr]     Checking void v1.0.2
[INFO] [stderr]    Compiling log v0.4.18
[INFO] [stderr]    Compiling indexmap v1.9.3
[INFO] [stderr]     Checking embedded-hal v1.0.0-alpha.10
[INFO] [stderr]    Compiling hashbrown v0.12.3
[INFO] [stderr]     Checking embedded-hal v0.2.7
[INFO] [stderr]     Checking hash32 v0.2.1
[INFO] [stderr]    Compiling rustversion v1.0.12
[INFO] [stderr]    Compiling winnow v0.4.7
[INFO] [stderr]    Compiling riscv v0.10.1
[INFO] [stderr]    Compiling toml_datetime v0.6.2
[INFO] [stderr]     Checking embedded-hal-async v0.2.0-alpha.1
[INFO] [stderr]    Compiling anyhow v1.0.71
[INFO] [stderr]     Checking embedded-io v0.4.0
[INFO] [stdout] error[E0554]: `#![feature]` may not be used on the stable release channel
[INFO] [stdout]  --> /opt/rustwide/cargo-home/registry/src/index.crates.io-6f17d22bba15001f/embedded-hal-async-0.2.0-alpha.1/src/lib.rs:5:1
[INFO] [stdout]   |
[INFO] [stdout] 5 | #![feature(async_fn_in_trait, impl_trait_projections)]
[INFO] [stdout]   | ^^^^^^^^^^^^^^^^^^^^^^^^^^^^^^^^^^^^^^^^^^^^^^^^^^^^^^ help: remove the attribute
[INFO] [stdout]   |
[INFO] [stdout]   = help: the feature `impl_trait_projections` has been stable since `1.74.0` and no longer requires an attribute to enable
[INFO] [stdout]   = help: the feature `impl_trait_projections` has been stable since `1.74.0` and no longer requires an attribute to enable
[INFO] [stdout] 
[INFO] [stdout] 
[INFO] [stderr]    Compiling once_cell v1.18.0
[INFO] [stdout] error[E0554]: `#![feature]` may not be used on the stable release channel
[INFO] [stdout]  --> /opt/rustwide/cargo-home/registry/src/index.crates.io-6f17d22bba15001f/embedded-io-0.4.0/src/lib.rs:2:32
[INFO] [stdout]   |
[INFO] [stdout] 2 | #![cfg_attr(feature = "async", feature(async_fn_in_trait, impl_trait_projections))]
[INFO] [stdout]   |                                ^^^^^^^^^^^^^^^^^^^^^^^^^^^^^^^^^^^^^^^^^^^^^^^^^^ help: remove the attribute
[INFO] [stdout]   |
[INFO] [stdout]   = help: the feature `impl_trait_projections` has been stable since `1.74.0` and no longer requires an attribute to enable
[INFO] [stdout]   = help: the feature `impl_trait_projections` has been stable since `1.74.0` and no longer requires an attribute to enable
[INFO] [stdout] 
[INFO] [stdout] 
[INFO] [stderr]    Compiling esp-riscv-rt v0.3.0
[INFO] [stderr]    Compiling embassy-sync v0.2.0
[INFO] [stderr]    Compiling paste v1.0.12
[INFO] [stdout] error: aborting due to previous error
[INFO] [stdout] 
[INFO] [stdout] 
[INFO] [stdout] For more information about this error, try `rustc --explain E0554`.
[INFO] [stdout] 
[INFO] [stderr] error: could not compile `embedded-io` (lib) due to 2 previous errors
[INFO] [stderr] warning: build failed, waiting for other jobs to finish...
[INFO] [stdout] error: aborting due to previous error
[INFO] [stdout] 
[INFO] [stdout] 
[INFO] [stdout] For more information about this error, try `rustc --explain E0554`.
[INFO] [stdout] 
[INFO] [stderr] error: could not compile `embedded-hal-async` (lib) due to 2 previous errors
[INFO] running `Command { std: "docker" "inspect" "b4de0a5eeab8b58a466d9a548eb152e01c230f6187166f1b898cc76096b3f70c", kill_on_drop: false }`
[INFO] running `Command { std: "docker" "rm" "-f" "b4de0a5eeab8b58a466d9a548eb152e01c230f6187166f1b898cc76096b3f70c", kill_on_drop: false }`
[INFO] [stdout] b4de0a5eeab8b58a466d9a548eb152e01c230f6187166f1b898cc76096b3f70c
[INFO] documenting WJKPK/thermo-esp against beta-2023-12-22 for beta-1.76-rustdoc-1
[INFO] running `Command { std: "git" "clone" "/workspace/cache/git-repos/https%3A%2F%2Fgithub.com%2FWJKPK%2Fthermo-esp" "/workspace/builds/worker-2-tc2/source", kill_on_drop: false }`
[INFO] [stderr] Cloning into '/workspace/builds/worker-2-tc2/source'...
[INFO] [stderr] done.
[INFO] validating manifest of git repo https://github.com/WJKPK/thermo-esp on toolchain beta-2023-12-22
[INFO] running `Command { std: CARGO_HOME="/workspace/cargo-home" RUSTUP_HOME="/workspace/rustup-home" "/workspace/cargo-home/bin/cargo" "+beta-2023-12-22" "metadata" "--manifest-path" "Cargo.toml" "--no-deps", kill_on_drop: false }`
[INFO] removed /workspace/builds/worker-2-tc2/source/.cargo/config.toml
[INFO] removed /workspace/builds/worker-2-tc2/source/rust-toolchain.toml
[INFO] started tweaking git repo https://github.com/WJKPK/thermo-esp
[INFO] finished tweaking git repo https://github.com/WJKPK/thermo-esp
[INFO] tweaked toml for git repo https://github.com/WJKPK/thermo-esp written to /workspace/builds/worker-2-tc2/source/Cargo.toml
[INFO] crate git repo https://github.com/WJKPK/thermo-esp already has a lockfile, it will not be regenerated
[INFO] running `Command { std: CARGO_HOME="/workspace/cargo-home" RUSTUP_HOME="/workspace/rustup-home" "/workspace/cargo-home/bin/cargo" "+beta-2023-12-22" "fetch" "--manifest-path" "Cargo.toml", kill_on_drop: false }`
[INFO] running `Command { std: "docker" "create" "-v" "/var/lib/crater-agent-workspace/builds/worker-2-tc2/target:/opt/rustwide/target:rw,Z" "-v" "/var/lib/crater-agent-workspace/builds/worker-2-tc2/source:/opt/rustwide/workdir:ro,Z" "-v" "/var/lib/crater-agent-workspace/cargo-home:/opt/rustwide/cargo-home:ro,Z" "-v" "/var/lib/crater-agent-workspace/rustup-home:/opt/rustwide/rustup-home:ro,Z" "-e" "SOURCE_DIR=/opt/rustwide/workdir" "-e" "CARGO_TARGET_DIR=/opt/rustwide/target" "-e" "CARGO_HOME=/opt/rustwide/cargo-home" "-e" "RUSTUP_HOME=/opt/rustwide/rustup-home" "-w" "/opt/rustwide/workdir" "-m" "1610612736" "--user" "0:0" "--network" "none" "ghcr.io/rust-lang/crates-build-env/linux@sha256:2788e3201cd34a07e3172128adcd8b3090168a8e3bcc40d7c032b9dda1df7d1c" "/opt/rustwide/cargo-home/bin/cargo" "+beta-2023-12-22" "metadata" "--no-deps" "--format-version=1", kill_on_drop: false }`
[INFO] [stdout] 441f712ecf1d7ea1212688ab7ebed1834654386e7a503d47e5697e9706d9c408
[INFO] running `Command { std: "docker" "start" "-a" "441f712ecf1d7ea1212688ab7ebed1834654386e7a503d47e5697e9706d9c408", kill_on_drop: false }`
[INFO] running `Command { std: "docker" "inspect" "441f712ecf1d7ea1212688ab7ebed1834654386e7a503d47e5697e9706d9c408", kill_on_drop: false }`
[INFO] running `Command { std: "docker" "rm" "-f" "441f712ecf1d7ea1212688ab7ebed1834654386e7a503d47e5697e9706d9c408", kill_on_drop: false }`
[INFO] [stdout] 441f712ecf1d7ea1212688ab7ebed1834654386e7a503d47e5697e9706d9c408
[INFO] running `Command { std: "docker" "create" "-v" "/var/lib/crater-agent-workspace/builds/worker-2-tc2/target:/opt/rustwide/target:rw,Z" "-v" "/var/lib/crater-agent-workspace/builds/worker-2-tc2/source:/opt/rustwide/workdir:ro,Z" "-v" "/var/lib/crater-agent-workspace/cargo-home:/opt/rustwide/cargo-home:ro,Z" "-v" "/var/lib/crater-agent-workspace/rustup-home:/opt/rustwide/rustup-home:ro,Z" "-e" "SOURCE_DIR=/opt/rustwide/workdir" "-e" "CARGO_TARGET_DIR=/opt/rustwide/target" "-e" "CARGO_INCREMENTAL=0" "-e" "RUST_BACKTRACE=full" "-e" "RUSTFLAGS=--cap-lints=warn" "-e" "RUSTDOCFLAGS=--cap-lints=warn" "-e" "CARGO_HOME=/opt/rustwide/cargo-home" "-e" "RUSTUP_HOME=/opt/rustwide/rustup-home" "-w" "/opt/rustwide/workdir" "-m" "1610612736" "--user" "0:0" "--network" "none" "ghcr.io/rust-lang/crates-build-env/linux@sha256:2788e3201cd34a07e3172128adcd8b3090168a8e3bcc40d7c032b9dda1df7d1c" "/opt/rustwide/cargo-home/bin/cargo" "+beta-2023-12-22" "doc" "--frozen" "--no-deps" "--document-private-items" "--message-format=json", kill_on_drop: false }`
[INFO] [stdout] f4f0b2fc1989f334153b38d80bdfee42fbad7328c403fd018991c208e6f9930f
[INFO] running `Command { std: "docker" "start" "-a" "f4f0b2fc1989f334153b38d80bdfee42fbad7328c403fd018991c208e6f9930f", kill_on_drop: false }`
[INFO] [stderr]    Compiling proc-macro2 v1.0.66
[INFO] [stderr]    Compiling unicode-ident v1.0.9
[INFO] [stderr]    Compiling quote v1.0.28
[INFO] [stderr]    Compiling syn v1.0.109
[INFO] [stderr]     Checking critical-section v1.1.1
[INFO] [stderr]    Compiling semver v1.0.17
[INFO] [stderr]    Compiling ident_case v1.0.1
[INFO] [stderr]    Compiling fnv v1.0.7
[INFO] [stderr]    Compiling futures-core v0.3.28
[INFO] [stderr]    Compiling strsim v0.10.0
[INFO] [stderr]     Checking nb v1.1.0
[INFO] [stderr]    Compiling futures-task v0.3.28
[INFO] [stderr]     Checking futures-sink v0.3.28
[INFO] [stderr]     Checking scopeguard v1.1.0
[INFO] [stderr]    Compiling lock_api v0.4.10
[INFO] [stderr]    Compiling futures-util v0.3.28
[INFO] [stderr]     Checking stable_deref_trait v1.2.0
[INFO] [stderr]     Checking byteorder v1.4.3
[INFO] [stderr]     Checking pin-project-lite v0.2.9
[INFO] [stderr]     Checking nb v0.1.3
[INFO] [stderr]    Compiling atomic-polyfill v1.0.2
[INFO] [stderr]    Compiling log v0.4.18
[INFO] [stderr]    Compiling serde v1.0.164
[INFO] [stderr]     Checking void v1.0.2
[INFO] [stderr]    Compiling indexmap v1.9.3
[INFO] [stderr]    Compiling hashbrown v0.12.3
[INFO] [stderr]     Checking embedded-hal v1.0.0-alpha.10
[INFO] [stderr]     Checking embedded-hal v0.2.7
[INFO] [stderr]     Checking hash32 v0.2.1
[INFO] [stderr]    Compiling rustversion v1.0.12
[INFO] [stderr]    Compiling riscv v0.10.1
[INFO] [stderr]    Compiling toml_datetime v0.6.2
[INFO] [stderr]    Compiling winnow v0.4.7
[INFO] [stderr]     Checking embedded-hal-async v0.2.0-alpha.1
[INFO] [stderr]    Compiling paste v1.0.12
[INFO] [stderr]    Compiling esp32c3 v0.15.0
[INFO] [stdout] error[E0554]: `#![feature]` may not be used on the beta release channel
[INFO] [stdout]  --> /opt/rustwide/cargo-home/registry/src/index.crates.io-6f17d22bba15001f/embedded-hal-async-0.2.0-alpha.1/src/lib.rs:5:1
[INFO] [stdout]   |
[INFO] [stdout] 5 | #![feature(async_fn_in_trait, impl_trait_projections)]
[INFO] [stdout]   | ^^^^^^^^^^^^^^^^^^^^^^^^^^^^^^^^^^^^^^^^^^^^^^^^^^^^^^ help: remove the attribute
[INFO] [stdout]   |
[INFO] [stdout]   = help: the feature `impl_trait_projections` has been stable since `1.74.0` and no longer requires an attribute to enable
[INFO] [stdout]   = help: the feature `impl_trait_projections` has been stable since `1.74.0` and no longer requires an attribute to enable
[INFO] [stdout] 
[INFO] [stdout] 
[INFO] [stderr]    Compiling once_cell v1.18.0
[INFO] [stderr]     Checking bit_field v0.10.2
[INFO] [stderr]    Compiling embassy-sync v0.2.0
[INFO] [stderr]     Checking embedded-io v0.4.0
[INFO] [stderr]    Compiling anyhow v1.0.71
[INFO] [stdout] error[E0554]: `#![feature]` may not be used on the beta release channel
[INFO] [stdout]  --> /opt/rustwide/cargo-home/registry/src/index.crates.io-6f17d22bba15001f/embedded-io-0.4.0/src/lib.rs:2:32
[INFO] [stdout]   |
[INFO] [stdout] 2 | #![cfg_attr(feature = "async", feature(async_fn_in_trait, impl_trait_projections))]
[INFO] [stdout]   |                                ^^^^^^^^^^^^^^^^^^^^^^^^^^^^^^^^^^^^^^^^^^^^^^^^^^ help: remove the attribute
[INFO] [stdout]   |
[INFO] [stdout]   = help: the feature `impl_trait_projections` has been stable since `1.74.0` and no longer requires an attribute to enable
[INFO] [stdout]   = help: the feature `impl_trait_projections` has been stable since `1.74.0` and no longer requires an attribute to enable
[INFO] [stdout] 
[INFO] [stdout] 
[INFO] [stdout] error: aborting due to 1 previous error
[INFO] [stdout] 
[INFO] [stdout] 
[INFO] [stdout] For more information about this error, try `rustc --explain E0554`.
[INFO] [stdout] 
[INFO] [stderr]    Compiling esp-riscv-rt v0.3.0
[INFO] [stderr] error: could not compile `embedded-hal-async` (lib) due to 2 previous errors
[INFO] [stderr] warning: build failed, waiting for other jobs to finish...
[INFO] [stdout] error: aborting due to 1 previous error
[INFO] [stdout] 
[INFO] [stdout] 
[INFO] [stdout] For more information about this error, try `rustc --explain E0554`.
[INFO] [stdout] 
[INFO] [stderr] error: could not compile `embedded-io` (lib) due to 2 previous errors
[INFO] running `Command { std: "docker" "inspect" "f4f0b2fc1989f334153b38d80bdfee42fbad7328c403fd018991c208e6f9930f", kill_on_drop: false }`
[INFO] running `Command { std: "docker" "rm" "-f" "f4f0b2fc1989f334153b38d80bdfee42fbad7328c403fd018991c208e6f9930f", kill_on_drop: false }`
[INFO] [stdout] f4f0b2fc1989f334153b38d80bdfee42fbad7328c403fd018991c208e6f9930f
