[INFO] cloning repository https://github.com/Vourhey/sds011_rust_driver
[INFO] running `Command { std: "git" "-c" "credential.helper=" "-c" "credential.helper=/workspace/cargo-home/bin/git-credential-null" "clone" "--bare" "https://github.com/Vourhey/sds011_rust_driver" "/workspace/cache/git-repos/https%3A%2F%2Fgithub.com%2FVourhey%2Fsds011_rust_driver", kill_on_drop: false }`
[INFO] [stderr] Cloning into bare repository '/workspace/cache/git-repos/https%3A%2F%2Fgithub.com%2FVourhey%2Fsds011_rust_driver'...
[INFO] running `Command { std: "git" "rev-parse" "HEAD", kill_on_drop: false }`
[INFO] [stdout] e1ee6b7271aaab57886c13a29c2275e625f70a2f
[INFO] documenting Vourhey/sds011_rust_driver against 1.75.0 for beta-1.76-rustdoc-1
[INFO] running `Command { std: "git" "clone" "/workspace/cache/git-repos/https%3A%2F%2Fgithub.com%2FVourhey%2Fsds011_rust_driver" "/workspace/builds/worker-1-tc1/source", kill_on_drop: false }`
[INFO] [stderr] Cloning into '/workspace/builds/worker-1-tc1/source'...
[INFO] [stderr] done.
[INFO] validating manifest of git repo https://github.com/Vourhey/sds011_rust_driver on toolchain 1.75.0
[INFO] running `Command { std: CARGO_HOME="/workspace/cargo-home" RUSTUP_HOME="/workspace/rustup-home" "/workspace/cargo-home/bin/cargo" "+1.75.0" "metadata" "--manifest-path" "Cargo.toml" "--no-deps", kill_on_drop: false }`
[INFO] started tweaking git repo https://github.com/Vourhey/sds011_rust_driver
[INFO] finished tweaking git repo https://github.com/Vourhey/sds011_rust_driver
[INFO] tweaked toml for git repo https://github.com/Vourhey/sds011_rust_driver written to /workspace/builds/worker-1-tc1/source/Cargo.toml
[INFO] crate git repo https://github.com/Vourhey/sds011_rust_driver already has a lockfile, it will not be regenerated
[INFO] running `Command { std: CARGO_HOME="/workspace/cargo-home" RUSTUP_HOME="/workspace/rustup-home" "/workspace/cargo-home/bin/cargo" "+1.75.0" "fetch" "--manifest-path" "Cargo.toml", kill_on_drop: false }`
[INFO] [stderr]     Updating crates.io index
[INFO] [stderr]     Updating git repository `https://github.com/airalab/robonomics`
[INFO] [stderr]  Downloading crates ...
[INFO] [stderr]   Downloaded chacha20-poly1305-aead v0.1.2
[INFO] [stderr]   Downloaded parity-scale-codec-derive v1.2.0
[INFO] [stderr]   Downloaded frame-support-procedural-tools-derive v2.0.0-alpha.5
[INFO] [stderr]   Downloaded data-encoding v2.2.0
[INFO] [stderr]   Downloaded substrate-bip39 v0.4.1
[INFO] [stderr]   Downloaded frame-support-procedural v2.0.0-alpha.5
[INFO] [stderr]   Downloaded frame-support-procedural-tools v2.0.0-alpha.5
[INFO] [stderr]   Downloaded unsigned-varint v0.3.2
[INFO] [stderr]   Downloaded sp-externalities v0.8.0-alpha.5
[INFO] [stderr]   Downloaded sp-inherents v2.0.0-alpha.5
[INFO] [stderr]   Downloaded sp-api-proc-macro v2.0.0-alpha.5
[INFO] [stderr]   Downloaded sp-wasm-interface v2.0.0-alpha.5
[INFO] [stderr]   Downloaded sp-keyring v2.0.0-alpha.5
[INFO] [stderr]   Downloaded libp2p-floodsub v0.17.0
[INFO] [stderr]   Downloaded sp-panic-handler v2.0.0-alpha.5
[INFO] [stderr]   Downloaded sp-debug-derive v2.0.0-alpha.5
[INFO] [stderr]   Downloaded sp-storage v2.0.0-alpha.5
[INFO] [stderr]   Downloaded async-tls v0.6.0
[INFO] [stderr]   Downloaded common-multipart-rfc7578 v0.2.0-rc
[INFO] [stderr]   Downloaded parity-multiaddr v0.8.0
[INFO] [stderr]   Downloaded sp-runtime-interface v2.0.0-alpha.5
[INFO] [stderr]   Downloaded parity-multiaddr v0.7.3
[INFO] [stderr]   Downloaded sp-runtime-interface-proc-macro v2.0.0-alpha.5
[INFO] [stderr]   Downloaded sp-arithmetic v2.0.0-alpha.5
[INFO] [stderr]   Downloaded ipfs-api v0.7.1
[INFO] [stderr]   Downloaded bstr v0.2.12
[INFO] [stderr]   Downloaded frame-system v2.0.0-alpha.5
[INFO] [stderr]   Downloaded libp2p-kad v0.17.0
[INFO] [stderr]   Downloaded jsonrpsee v0.1.0
[INFO] [stderr]   Downloaded sp-core v2.0.0-alpha.5
[INFO] [stderr]   Downloaded sp-runtime v2.0.0-alpha.5
[INFO] [stderr]   Downloaded soketto v0.3.2
[INFO] [stderr]   Downloaded frame-support v2.0.0-alpha.5
[INFO] [stderr]   Downloaded trie-db v0.20.0
[INFO] [stderr]   Downloaded yamux v0.4.5
[INFO] [stderr]   Downloaded impl-serde v0.3.0
[INFO] [stderr]   Downloaded parity-scale-codec v1.3.0
[INFO] [stderr]   Downloaded sp-io v2.0.0-alpha.5
[INFO] [stderr]   Downloaded multistream-select v0.8.0
[INFO] [stderr]   Downloaded sp-trie v2.0.0-alpha.5
[INFO] [stderr]   Downloaded fixed-hash v0.6.0
[INFO] [stderr]   Downloaded hyper-multipart-rfc7578 v0.4.0-rc
[INFO] [stderr]   Downloaded sp-std v2.0.0-alpha.5
[INFO] [stderr]   Downloaded parity-util-mem v0.6.0
[INFO] [stderr]   Downloaded frame-metadata v11.0.0-alpha.5
[INFO] [stderr]   Downloaded sp-rpc v2.0.0-alpha.5
[INFO] [stderr]   Downloaded sp-api v2.0.0-alpha.5
[INFO] [stderr]   Downloaded parity-multihash v0.2.3
[INFO] [stderr]   Downloaded sp-transaction-pool v2.0.0-alpha.5
[INFO] [stderr]   Downloaded libp2p-deflate v0.17.0
[INFO] [stderr]   Downloaded memory-db v0.20.0
[INFO] [stderr]   Downloaded primitive-types v0.7.0
[INFO] [stderr]   Downloaded libp2p-uds v0.17.0
[INFO] [stderr]   Downloaded libp2p-tcp v0.17.0
[INFO] [stderr]   Downloaded libp2p-yamux v0.17.0
[INFO] [stderr]   Downloaded libp2p-mplex v0.17.0
[INFO] [stderr]   Downloaded libp2p-websocket v0.17.0
[INFO] [stderr]   Downloaded pinata-sdk v0.1.1
[INFO] [stderr]   Downloaded libp2p-core-derive v0.17.0
[INFO] [stderr]   Downloaded libp2p-identify v0.17.0
[INFO] [stderr]   Downloaded jsonrpsee-proc-macros v0.1.0
[INFO] [stderr]   Downloaded libp2p-ping v0.17.0
[INFO] [stderr]   Downloaded libp2p-plaintext v0.17.0
[INFO] [stderr]   Downloaded libp2p-noise v0.17.0
[INFO] [stderr]   Downloaded libp2p-wasm-ext v0.17.0
[INFO] [stderr]   Downloaded pallet-indices v2.0.0-alpha.5
[INFO] [stderr]   Downloaded libp2p-pnet v0.17.0
[INFO] [stderr]   Downloaded libp2p-dns v0.17.0
[INFO] [stderr]   Downloaded sp-version v2.0.0-alpha.5
[INFO] [stderr]   Downloaded sp-application-crypto v2.0.0-alpha.5
[INFO] [stderr]   Downloaded libp2p-mdns v0.17.0
[INFO] [stderr]   Downloaded sp-state-machine v0.8.0-alpha.5
[INFO] [stderr]   Downloaded libp2p-swarm v0.17.0
[INFO] [stderr]   Downloaded substrate-subxt v0.5.0
[INFO] [stderr]   Downloaded libp2p-secio v0.17.0
[INFO] [stderr]   Downloaded libp2p v0.17.0
[INFO] [stderr]   Downloaded libp2p-gossipsub v0.17.0
[INFO] [stderr]   Downloaded libp2p-core v0.17.1
[INFO] running `Command { std: "docker" "create" "-v" "/var/lib/crater-agent-workspace/builds/worker-1-tc1/target:/opt/rustwide/target:rw,Z" "-v" "/var/lib/crater-agent-workspace/builds/worker-1-tc1/source:/opt/rustwide/workdir:ro,Z" "-v" "/var/lib/crater-agent-workspace/cargo-home:/opt/rustwide/cargo-home:ro,Z" "-v" "/var/lib/crater-agent-workspace/rustup-home:/opt/rustwide/rustup-home:ro,Z" "-e" "SOURCE_DIR=/opt/rustwide/workdir" "-e" "CARGO_TARGET_DIR=/opt/rustwide/target" "-e" "CARGO_HOME=/opt/rustwide/cargo-home" "-e" "RUSTUP_HOME=/opt/rustwide/rustup-home" "-w" "/opt/rustwide/workdir" "-m" "1610612736" "--user" "0:0" "--network" "none" "ghcr.io/rust-lang/crates-build-env/linux@sha256:2788e3201cd34a07e3172128adcd8b3090168a8e3bcc40d7c032b9dda1df7d1c" "/opt/rustwide/cargo-home/bin/cargo" "+1.75.0" "metadata" "--no-deps" "--format-version=1", kill_on_drop: false }`
[INFO] [stdout] f096bee75e69c69c8623edb6cd66507b0c68877a246026793e324d6c5dea074d
[INFO] running `Command { std: "docker" "start" "-a" "f096bee75e69c69c8623edb6cd66507b0c68877a246026793e324d6c5dea074d", kill_on_drop: false }`
[INFO] running `Command { std: "docker" "inspect" "f096bee75e69c69c8623edb6cd66507b0c68877a246026793e324d6c5dea074d", kill_on_drop: false }`
[INFO] running `Command { std: "docker" "rm" "-f" "f096bee75e69c69c8623edb6cd66507b0c68877a246026793e324d6c5dea074d", kill_on_drop: false }`
[INFO] [stdout] f096bee75e69c69c8623edb6cd66507b0c68877a246026793e324d6c5dea074d
[INFO] running `Command { std: "docker" "create" "-v" "/var/lib/crater-agent-workspace/builds/worker-1-tc1/target:/opt/rustwide/target:rw,Z" "-v" "/var/lib/crater-agent-workspace/builds/worker-1-tc1/source:/opt/rustwide/workdir:ro,Z" "-v" "/var/lib/crater-agent-workspace/cargo-home:/opt/rustwide/cargo-home:ro,Z" "-v" "/var/lib/crater-agent-workspace/rustup-home:/opt/rustwide/rustup-home:ro,Z" "-e" "SOURCE_DIR=/opt/rustwide/workdir" "-e" "CARGO_TARGET_DIR=/opt/rustwide/target" "-e" "CARGO_INCREMENTAL=0" "-e" "RUST_BACKTRACE=full" "-e" "RUSTFLAGS=--cap-lints=warn" "-e" "RUSTDOCFLAGS=--cap-lints=warn" "-e" "CARGO_HOME=/opt/rustwide/cargo-home" "-e" "RUSTUP_HOME=/opt/rustwide/rustup-home" "-w" "/opt/rustwide/workdir" "-m" "1610612736" "--user" "0:0" "--network" "none" "ghcr.io/rust-lang/crates-build-env/linux@sha256:2788e3201cd34a07e3172128adcd8b3090168a8e3bcc40d7c032b9dda1df7d1c" "/opt/rustwide/cargo-home/bin/cargo" "+1.75.0" "doc" "--frozen" "--no-deps" "--document-private-items" "--message-format=json", kill_on_drop: false }`
[INFO] [stdout] 35fdb0a03dda63b1c095ea150e9a799f95357a143dfd29b9ef6f30a8bbfd7c00
[INFO] running `Command { std: "docker" "start" "-a" "35fdb0a03dda63b1c095ea150e9a799f95357a143dfd29b9ef6f30a8bbfd7c00", kill_on_drop: false }`
[INFO] [stderr]    Compiling libc v0.2.68
[INFO] [stderr]    Compiling proc-macro2 v1.0.10
[INFO] [stderr]    Compiling unicode-xid v0.2.0
[INFO] [stderr]    Compiling syn v1.0.17
[INFO] [stderr]     Checking cfg-if v0.1.10
[INFO] [stderr]    Compiling autocfg v1.0.0
[INFO] [stderr]    Compiling getrandom v0.1.14
[INFO] [stderr]    Compiling log v0.4.8
[INFO] [stderr]    Compiling cc v1.0.50
[INFO] [stderr]    Compiling memchr v2.3.3
[INFO] [stderr]    Compiling byteorder v1.3.4
[INFO] [stderr]    Compiling proc-macro-hack v0.5.15
[INFO] [stderr]    Compiling typenum v1.11.2
[INFO] [stderr]    Compiling serde v1.0.106
[INFO] [stderr]     Checking slab v0.4.2
[INFO] [stderr]     Checking futures-core v0.3.4
[INFO] [stderr]     Checking futures-sink v0.3.4
[INFO] [stderr]    Compiling proc-macro-nested v0.1.4
[INFO] [stderr]     Checking pin-utils v0.1.0-alpha.4
[INFO] [stderr]     Checking futures-io v0.3.4
[INFO] [stderr]     Checking futures-channel v0.3.4
[INFO] [stderr]     Checking futures-task v0.3.4
[INFO] [stderr]     Checking ppv-lite86 v0.2.6
[INFO] [stderr]     Checking smallvec v1.3.0
[INFO] [stderr]     Checking opaque-debug v0.2.3
[INFO] [stderr]     Checking byte-tools v0.3.1
[INFO] [stderr]     Checking arrayvec v0.5.1
[INFO] [stderr]    Compiling indexmap v1.3.2
[INFO] [stderr]     Checking static_assertions v1.1.0
[INFO] [stderr]     Checking block-padding v0.1.5
[INFO] [stderr]     Checking scopeguard v1.1.0
[INFO] [stderr]     Checking fake-simd v0.1.2
[INFO] [stderr]     Checking subtle v1.0.0
[INFO] [stderr]     Checking unicode-normalization v0.1.12
[INFO] [stderr]     Checking arrayref v0.3.6
[INFO] [stderr]     Checking lock_api v0.3.4
[INFO] [stderr]     Checking keccak v0.1.0
[INFO] [stderr]    Compiling crunchy v0.2.2
[INFO] [stderr]     Checking either v1.5.3
[INFO] [stderr]     Checking bytes v0.5.4
[INFO] [stderr]     Checking subtle v2.2.2
[INFO] [stderr]     Checking constant_time_eq v0.1.5
[INFO] [stderr]    Compiling semver-parser v0.7.0
[INFO] [stderr]    Compiling anyhow v1.0.28
[INFO] [stderr]    Compiling unicode-segmentation v1.6.0
[INFO] [stderr]    Compiling maybe-uninit v2.0.0
[INFO] [stderr]    Compiling quote v1.0.3
[INFO] [stderr]     Checking num_cpus v1.12.0
[INFO] [stderr]    Compiling semver v0.9.0
[INFO] [stderr]     Checking parking_lot_core v0.7.1
[INFO] [stderr]    Compiling itertools v0.8.2
[INFO] [stderr]    Compiling heck v0.3.1
[INFO] [stderr]    Compiling rand_core v0.5.1
[INFO] [stderr]    Compiling clear_on_drop v0.2.3
[INFO] [stderr]    Compiling which v3.1.1
[INFO] [stderr]    Compiling rustc_version v0.2.3
[INFO] [stderr]    Compiling fixedbitset v0.2.0
[INFO] [stderr]     Checking fnv v1.0.6
[INFO] [stderr]     Checking parking_lot v0.10.2
[INFO] [stderr]     Checking rand_chacha v0.2.2
[INFO] [stderr]    Compiling remove_dir_all v0.5.2
[INFO] [stderr]    Compiling multimap v0.8.1
[INFO] [stderr]    Compiling prost-build v0.6.1
[INFO] [stderr]     Checking smallvec v0.6.13
[INFO] [stderr]    Compiling ring v0.16.12
[INFO] [stderr]    Compiling lazy_static v1.4.0
[INFO] [stderr]     Checking generic-array v0.12.3
[INFO] [stderr]     Checking unicode-bidi v0.3.4
[INFO] [stderr]     Checking rand v0.7.3
[INFO] [stderr]     Checking spin v0.5.2
[INFO] [stderr]    Compiling parking_lot_core v0.6.2
[INFO] [stderr]    Compiling parking_lot v0.9.0
[INFO] [stderr]     Checking untrusted v0.7.0
[INFO] [stderr]    Compiling pkg-config v0.3.17
[INFO] [stderr]    Compiling petgraph v0.5.0
[INFO] [stderr]     Checking digest v0.8.1
[INFO] [stderr]     Checking block-buffer v0.7.3
[INFO] [stderr]     Checking crypto-mac v0.7.0
[INFO] [stderr]     Checking idna v0.2.0
[INFO] [stderr]    Compiling backtrace-sys v0.1.35
[INFO] [stderr]    Compiling num-traits v0.2.11
[INFO] [stderr]     Checking radium v0.3.0
[INFO] [stderr]     Checking sha2 v0.8.1
[INFO] [stderr]     Checking hmac v0.7.1
[INFO] [stderr]     Checking sha3 v0.8.2
[INFO] [stderr]    Compiling arrayvec v0.4.12
[INFO] [stderr]     Checking hmac-drbg v0.2.0
[INFO] [stderr]     Checking rustc-hex v2.1.0
[INFO] [stderr]     Checking bitvec v0.17.4
[INFO] [stderr]     Checking sha-1 v0.8.2
[INFO] [stderr]     Checking byte-slice-cast v0.3.5
[INFO] [stderr]     Checking bs58 v0.3.0
[INFO] [stderr]    Compiling const-random-macro v0.1.8
[INFO] [stderr]    Compiling num-integer v0.1.42
[INFO] [stderr]     Checking rustc-demangle v0.1.16
[INFO] [stderr]     Checking uint v0.8.2
[INFO] [stderr]    Compiling thread_local v1.0.1
[INFO] [stderr]     Checking once_cell v1.3.1
[INFO] [stderr]     Checking url v2.1.1
[INFO] [stderr]    Compiling num-bigint v0.2.6
[INFO] [stderr]    Compiling aho-corasick v0.7.10
[INFO] [stderr]     Checking libsecp256k1 v0.3.5
[INFO] [stderr]     Checking data-encoding v2.2.0
[INFO] [stderr]    Compiling failure_derive v0.1.7
[INFO] [stderr]    Compiling tempfile v3.1.0
[INFO] [stderr]    Compiling regex-syntax v0.6.17
[INFO] [stderr]     Checking const-random v0.1.8
[INFO] [stderr]     Checking blake2b_simd v0.5.10
[INFO] [stderr]     Checking blake2s_simd v0.5.10
[INFO] [stderr]    Compiling num-rational v0.2.4
[INFO] [stderr]     Checking sp-std v2.0.0-alpha.5
[INFO] [stderr]     Checking void v1.0.2
[INFO] [stderr]     Checking futures-timer v3.0.2
[INFO] [stderr]     Checking nodrop v0.1.14
[INFO] [stderr]     Checking fixed-hash v0.6.0
[INFO] [stderr]    Compiling autocfg v0.1.7
[INFO] [stderr]     Checking parity-wasm v0.41.0
[INFO] [stderr]     Checking itoa v0.4.5
[INFO] [stderr]     Checking pin-project-lite v0.1.4
[INFO] [stderr]     Checking iovec v0.1.4
[INFO] [stderr]     Checking net2 v0.2.33
[INFO] [stderr]     Checking blake2-rfc v0.2.18
[INFO] [stderr]     Checking memory_units v0.3.0
[INFO] [stderr]     Checking hash-db v0.15.2
[INFO] [stderr]     Checking ahash v0.2.18
[INFO] [stderr]    Compiling hashbrown v0.6.3
[INFO] [stderr]     Checking pbkdf2 v0.3.0
[INFO] [stderr]     Checking environmental v1.1.1
[INFO] [stderr]     Checking mio v0.6.21
[INFO] [stderr]    Compiling tiny-keccak v2.0.2
[INFO] [stderr]     Checking rustc-hash v1.1.0
[INFO] [stderr]     Checking backtrace v0.3.46
[INFO] [stderr]     Checking twox-hash v1.5.0
[INFO] [stderr]     Checking hash256-std-hasher v0.15.2
[INFO] [stderr]     Checking hex v0.4.2
[INFO] [stderr]     Checking base58 v0.1.0
[INFO] [stderr]     Checking http v0.2.1
[INFO] [stderr]     Checking arc-swap v0.4.5
[INFO] [stderr]     Checking trie-root v0.16.0
[INFO] [stderr]    Compiling ryu v1.0.3
[INFO] [stderr]    Compiling httparse v1.3.4
[INFO] [stderr]     Checking sp-panic-handler v2.0.0-alpha.5
[INFO] [stderr]     Checking signal-hook-registry v1.2.0
[INFO] [stderr]    Compiling crossbeam-utils v0.7.2
[INFO] [stderr]    Compiling memoffset v0.5.4
[INFO] [stderr]    Compiling bitflags v1.2.1
[INFO] [stderr]    Compiling version_check v0.9.1
[INFO] [stderr]     Checking mio-uds v0.6.7
[INFO] [stderr]    Compiling openssl-sys v0.9.55
[INFO] [stderr]     Checking wasmi-validation v0.3.0
[INFO] [stderr]     Checking trie-db v0.20.0
[INFO] [stderr]    Compiling crossbeam-epoch v0.8.2
[INFO] [stderr]     Checking integer-sqrt v0.1.3
[INFO] [stderr]    Compiling wasm-bindgen-shared v0.2.60
[INFO] [stderr]    Compiling unicase v2.6.0
[INFO] [stderr]    Compiling libz-sys v1.0.25
[INFO] [stderr]     Checking try-lock v0.2.2
[INFO] [stderr]    Compiling crc32fast v1.2.0
[INFO] [stderr]     Checking want v0.3.0
[INFO] [stderr]     Checking wasmi v0.6.2
[INFO] [stderr]     Checking time v0.1.42
[INFO] [stderr]     Checking adler32 v1.0.4
[INFO] [stderr]    Compiling bumpalo v3.2.1
[INFO] [stderr]    Compiling regex v1.3.6
[INFO] [stderr]     Checking tower-service v0.3.0
[INFO] [stderr]     Checking base64 v0.11.0
[INFO] [stderr]     Checking miniz_oxide v0.3.6
[INFO] [stderr]     Checking crossbeam-deque v0.7.3
[INFO] [stderr] The following warnings were emitted during compilation:
[INFO] [stderr] 
[INFO] [stderr] warning: openssl-sys@0.9.55: build/expando.c:4:24: error: pasting "RUST_VERSION_OPENSSL_" and "(" does not give a valid preprocessing token
[INFO] [stderr] warning: openssl-sys@0.9.55:     4 | #define VERSION2(n, v) RUST_VERSION_##n##_##v
[INFO] [stderr] warning: openssl-sys@0.9.55:       |                        ^~~~~~~~~~~~~
[INFO] [stderr] warning: openssl-sys@0.9.55: build/expando.c:5:23: note: in expansion of macro 'VERSION2'
[INFO] [stderr] warning: openssl-sys@0.9.55:     5 | #define VERSION(n, v) VERSION2(n, v)
[INFO] [stderr] warning: openssl-sys@0.9.55:       |                       ^~~~~~~~
[INFO] [stderr] warning: openssl-sys@0.9.55: build/expando.c:10:1: note: in expansion of macro 'VERSION'
[INFO] [stderr] warning: openssl-sys@0.9.55:    10 | VERSION(OPENSSL, OPENSSL_VERSION_NUMBER)
[INFO] [stderr] warning: openssl-sys@0.9.55:       | ^~~~~~~
[INFO] [stderr] 
[INFO] [stderr] error: failed to run custom build command for `openssl-sys v0.9.55`
[INFO] [stderr] note: To improve backtraces for build dependencies, set the CARGO_PROFILE_DEV_BUILD_OVERRIDE_DEBUG=true environment variable to enable debug information generation.
[INFO] [stderr] 
[INFO] [stderr] Caused by:
[INFO] [stderr]   process didn't exit successfully: `/opt/rustwide/target/debug/build/openssl-sys-b3b0360680ee13c8/build-script-main` (exit status: 101)
[INFO] [stderr]   --- stdout
[INFO] [stderr]   cargo:rustc-cfg=const_fn
[INFO] [stderr]   cargo:rerun-if-env-changed=X86_64_UNKNOWN_LINUX_GNU_OPENSSL_LIB_DIR
[INFO] [stderr]   X86_64_UNKNOWN_LINUX_GNU_OPENSSL_LIB_DIR unset
[INFO] [stderr]   cargo:rerun-if-env-changed=OPENSSL_LIB_DIR
[INFO] [stderr]   OPENSSL_LIB_DIR unset
[INFO] [stderr]   cargo:rerun-if-env-changed=X86_64_UNKNOWN_LINUX_GNU_OPENSSL_INCLUDE_DIR
[INFO] [stderr]   X86_64_UNKNOWN_LINUX_GNU_OPENSSL_INCLUDE_DIR unset
[INFO] [stderr]   cargo:rerun-if-env-changed=OPENSSL_INCLUDE_DIR
[INFO] [stderr]   OPENSSL_INCLUDE_DIR unset
[INFO] [stderr]   cargo:rerun-if-env-changed=X86_64_UNKNOWN_LINUX_GNU_OPENSSL_DIR
[INFO] [stderr]   X86_64_UNKNOWN_LINUX_GNU_OPENSSL_DIR unset
[INFO] [stderr]   cargo:rerun-if-env-changed=OPENSSL_DIR
[INFO] [stderr]   OPENSSL_DIR unset
[INFO] [stderr]   cargo:rustc-link-lib=ssl
[INFO] [stderr]   cargo:rustc-link-lib=crypto
[INFO] [stderr]   OPT_LEVEL = Some("0")
[INFO] [stderr]   TARGET = Some("x86_64-unknown-linux-gnu")
[INFO] [stderr]   HOST = Some("x86_64-unknown-linux-gnu")
[INFO] [stderr]   CC_x86_64-unknown-linux-gnu = None
[INFO] [stderr]   CC_x86_64_unknown_linux_gnu = None
[INFO] [stderr]   HOST_CC = None
[INFO] [stderr]   CC = None
[INFO] [stderr]   CFLAGS_x86_64-unknown-linux-gnu = None
[INFO] [stderr]   CFLAGS_x86_64_unknown_linux_gnu = None
[INFO] [stderr]   HOST_CFLAGS = None
[INFO] [stderr]   CFLAGS = None
[INFO] [stderr]   CRATE_CC_NO_DEFAULTS = None
[INFO] [stderr]   DEBUG = Some("true")
[INFO] [stderr]   CARGO_CFG_TARGET_FEATURE = Some("fxsr,sse,sse2")
[INFO] [stderr]   running: "cc" "-O0" "-ffunction-sections" "-fdata-sections" "-fPIC" "-g" "-fno-omit-frame-pointer" "-m64" "-I" "/usr/include" "-Wall" "-Wextra" "-E" "build/expando.c"
[INFO] [stderr]   cargo:warning=build/expando.c:4:24: error: pasting "RUST_VERSION_OPENSSL_" and "(" does not give a valid preprocessing token
[INFO] [stderr]   cargo:warning=    4 | #define VERSION2(n, v) RUST_VERSION_##n##_##v
[INFO] [stderr]   cargo:warning=      |                        ^~~~~~~~~~~~~
[INFO] [stderr]   cargo:warning=build/expando.c:5:23: note: in expansion of macro 'VERSION2'
[INFO] [stderr]   cargo:warning=    5 | #define VERSION(n, v) VERSION2(n, v)
[INFO] [stderr]   cargo:warning=      |                       ^~~~~~~~
[INFO] [stderr]   cargo:warning=build/expando.c:10:1: note: in expansion of macro 'VERSION'
[INFO] [stderr]   cargo:warning=   10 | VERSION(OPENSSL, OPENSSL_VERSION_NUMBER)
[INFO] [stderr]   cargo:warning=      | ^~~~~~~
[INFO] [stderr]   exit status: 1
[INFO] [stderr] 
[INFO] [stderr]   --- stderr
[INFO] [stderr]   thread 'main' panicked at /opt/rustwide/cargo-home/registry/src/index.crates.io-6f17d22bba15001f/openssl-sys-0.9.55/build/main.rs:138:13:
[INFO] [stderr] 
[INFO] [stderr]   Header expansion error:
[INFO] [stderr]   Error { kind: ToolExecError, message: "Command \"cc\" \"-O0\" \"-ffunction-sections\" \"-fdata-sections\" \"-fPIC\" \"-g\" \"-fno-omit-frame-pointer\" \"-m64\" \"-I\" \"/usr/include\" \"-Wall\" \"-Wextra\" \"-E\" \"build/expando.c\" with args \"cc\" did not execute successfully (status code exit status: 1)." }
[INFO] [stderr] 
[INFO] [stderr]   Failed to find OpenSSL development headers.
[INFO] [stderr] 
[INFO] [stderr]   You can try fixing this setting the `OPENSSL_DIR` environment variable
[INFO] [stderr]   pointing to your OpenSSL installation or installing OpenSSL headers package
[INFO] [stderr]   specific to your distribution:
[INFO] [stderr] 
[INFO] [stderr]       # On Ubuntu
[INFO] [stderr]       sudo apt-get install libssl-dev
[INFO] [stderr]       # On Arch Linux
[INFO] [stderr]       sudo pacman -S openssl
[INFO] [stderr]       # On Fedora
[INFO] [stderr]       sudo dnf install openssl-devel
[INFO] [stderr] 
[INFO] [stderr]   See rust-openssl README for more information:
[INFO] [stderr] 
[INFO] [stderr]       https://github.com/sfackler/rust-openssl#linux
[INFO] [stderr] 
[INFO] [stderr]   stack backtrace:
[INFO] [stderr]      0:     0x55982526768c - std::backtrace_rs::backtrace::libunwind::trace::ha637c64ce894333a
[INFO] [stderr]                                  at /rustc/82e1608dfa6e0b5569232559e3d385fea5a93112/library/std/src/../../backtrace/src/backtrace/libunwind.rs:104:5
[INFO] [stderr]      1:     0x55982526768c - std::backtrace_rs::backtrace::trace_unsynchronized::h47f62dea28e0c88d
[INFO] [stderr]                                  at /rustc/82e1608dfa6e0b5569232559e3d385fea5a93112/library/std/src/../../backtrace/src/backtrace/mod.rs:66:5
[INFO] [stderr]      2:     0x55982526768c - std::sys_common::backtrace::_print_fmt::h9eef0abe20ede486
[INFO] [stderr]                                  at /rustc/82e1608dfa6e0b5569232559e3d385fea5a93112/library/std/src/sys_common/backtrace.rs:67:5
[INFO] [stderr]      3:     0x55982526768c - <std::sys_common::backtrace::_print::DisplayBacktrace as core::fmt::Display>::fmt::hed7f999df88cc644
[INFO] [stderr]                                  at /rustc/82e1608dfa6e0b5569232559e3d385fea5a93112/library/std/src/sys_common/backtrace.rs:44:22
[INFO] [stderr]      4:     0x55982528d7f0 - core::fmt::rt::Argument::fmt::h1539a9308b8d058d
[INFO] [stderr]                                  at /rustc/82e1608dfa6e0b5569232559e3d385fea5a93112/library/core/src/fmt/rt.rs:142:9
[INFO] [stderr]      5:     0x55982528d7f0 - core::fmt::write::h3a39390d8560d9c9
[INFO] [stderr]                                  at /rustc/82e1608dfa6e0b5569232559e3d385fea5a93112/library/core/src/fmt/mod.rs:1120:17
[INFO] [stderr]      6:     0x55982526508f - std::io::Write::write_fmt::h5fc9997dfe05f882
[INFO] [stderr]                                  at /rustc/82e1608dfa6e0b5569232559e3d385fea5a93112/library/std/src/io/mod.rs:1762:15
[INFO] [stderr]      7:     0x559825267474 - std::sys_common::backtrace::_print::h894006fb5c6f3d45
[INFO] [stderr]                                  at /rustc/82e1608dfa6e0b5569232559e3d385fea5a93112/library/std/src/sys_common/backtrace.rs:47:5
[INFO] [stderr]      8:     0x559825267474 - std::sys_common::backtrace::print::h23a2d212c6fff936
[INFO] [stderr]                                  at /rustc/82e1608dfa6e0b5569232559e3d385fea5a93112/library/std/src/sys_common/backtrace.rs:34:9
[INFO] [stderr]      9:     0x559825268c87 - std::panicking::default_hook::{{closure}}::h8a1d2ee00185001a
[INFO] [stderr]     10:     0x5598252689ef - std::panicking::default_hook::h6038f2eba384e475
[INFO] [stderr]                                  at /rustc/82e1608dfa6e0b5569232559e3d385fea5a93112/library/std/src/panicking.rs:292:9
[INFO] [stderr]     11:     0x559825269108 - std::panicking::rust_panic_with_hook::h2b5517d590cab22e
[INFO] [stderr]                                  at /rustc/82e1608dfa6e0b5569232559e3d385fea5a93112/library/std/src/panicking.rs:779:13
[INFO] [stderr]     12:     0x559825268fee - std::panicking::begin_panic_handler::{{closure}}::h233112c06e0ef43e
[INFO] [stderr]                                  at /rustc/82e1608dfa6e0b5569232559e3d385fea5a93112/library/std/src/panicking.rs:657:13
[INFO] [stderr]     13:     0x559825267b56 - std::sys_common::backtrace::__rust_end_short_backtrace::h6e893f24d7ebbff8
[INFO] [stderr]                                  at /rustc/82e1608dfa6e0b5569232559e3d385fea5a93112/library/std/src/sys_common/backtrace.rs:170:18
[INFO] [stderr]     14:     0x559825268d52 - rust_begin_unwind
[INFO] [stderr]                                  at /rustc/82e1608dfa6e0b5569232559e3d385fea5a93112/library/std/src/panicking.rs:645:5
[INFO] [stderr]     15:     0x5598251d9685 - core::panicking::panic_fmt::hbf0e066aabfa482c
[INFO] [stderr]                                  at /rustc/82e1608dfa6e0b5569232559e3d385fea5a93112/library/core/src/panicking.rs:72:14
[INFO] [stderr]     16:     0x5598251e14f0 - build_script_main::validate_headers::hc1e159d48a757ae3
[INFO] [stderr]     17:     0x5598251de1e2 - build_script_main::find_normal::try_pkg_config::h21263257b960a8f4
[INFO] [stderr]     18:     0x5598251dd014 - build_script_main::find_normal::find_openssl_dir::h10f7c498150e2d04
[INFO] [stderr]     19:     0x5598251dceb2 - build_script_main::find_normal::get_openssl::{{closure}}::h2c14ee607ca6d823
[INFO] [stderr]     20:     0x5598251e4799 - core::option::Option<T>::unwrap_or_else::hf1e1bf2d029aabe1
[INFO] [stderr]     21:     0x5598251dccb1 - build_script_main::find_normal::get_openssl::h2fc227f501c21b0b
[INFO] [stderr]     22:     0x5598251deead - build_script_main::find_openssl::h63451fc0da39007e
[INFO] [stderr]     23:     0x5598251def85 - build_script_main::main::h9027df4329e40bd4
[INFO] [stderr]     24:     0x5598251e3393 - core::ops::function::FnOnce::call_once::hbee699f937a9bbac
[INFO] [stderr]     25:     0x5598251e2a86 - std::sys_common::backtrace::__rust_begin_short_backtrace::h5847791b341d2b56
[INFO] [stderr]     26:     0x5598251e2bc9 - std::rt::lang_start::{{closure}}::hf009a05b33af140f
[INFO] [stderr]     27:     0x559825261417 - core::ops::function::impls::<impl core::ops::function::FnOnce<A> for &F>::call_once::hd95060ecd5e1ca24
[INFO] [stderr]                                  at /rustc/82e1608dfa6e0b5569232559e3d385fea5a93112/library/core/src/ops/function.rs:284:13
[INFO] [stderr]     28:     0x559825261417 - std::panicking::try::do_call::h6e8cf51db32a6e4b
[INFO] [stderr]                                  at /rustc/82e1608dfa6e0b5569232559e3d385fea5a93112/library/std/src/panicking.rs:552:40
[INFO] [stderr]     29:     0x559825261417 - std::panicking::try::h3a52eefe24fe3c29
[INFO] [stderr]                                  at /rustc/82e1608dfa6e0b5569232559e3d385fea5a93112/library/std/src/panicking.rs:516:19
[INFO] [stderr]     30:     0x559825261417 - std::panic::catch_unwind::h24c28c23c02c3841
[INFO] [stderr]                                  at /rustc/82e1608dfa6e0b5569232559e3d385fea5a93112/library/std/src/panic.rs:142:14
[INFO] [stderr]     31:     0x559825261417 - std::rt::lang_start_internal::{{closure}}::h705d3c9cbc06ef47
[INFO] [stderr]                                  at /rustc/82e1608dfa6e0b5569232559e3d385fea5a93112/library/std/src/rt.rs:148:48
[INFO] [stderr]     32:     0x559825261417 - std::panicking::try::do_call::ha21f52ba13158470
[INFO] [stderr]                                  at /rustc/82e1608dfa6e0b5569232559e3d385fea5a93112/library/std/src/panicking.rs:552:40
[INFO] [stderr]     33:     0x559825261417 - std::panicking::try::h5581346bf6aeb1f8
[INFO] [stderr]                                  at /rustc/82e1608dfa6e0b5569232559e3d385fea5a93112/library/std/src/panicking.rs:516:19
[INFO] [stderr]     34:     0x559825261417 - std::panic::catch_unwind::h7919645a6b72e25b
[INFO] [stderr]                                  at /rustc/82e1608dfa6e0b5569232559e3d385fea5a93112/library/std/src/panic.rs:142:14
[INFO] [stderr]     35:     0x559825261417 - std::rt::lang_start_internal::h12de51168669836e
[INFO] [stderr]                                  at /rustc/82e1608dfa6e0b5569232559e3d385fea5a93112/library/std/src/rt.rs:148:20
[INFO] [stderr]     36:     0x5598251e2ba7 - std::rt::lang_start::h537af9d230b800f4
[INFO] [stderr]     37:     0x5598251e2225 - main
[INFO] [stderr]     38:     0x7ff54db0cd90 - <unknown>
[INFO] [stderr]     39:     0x7ff54db0ce40 - __libc_start_main
[INFO] [stderr]     40:     0x5598251d9e95 - _start
[INFO] [stderr]     41:                0x0 - <unknown>
[INFO] [stderr] warning: build failed, waiting for other jobs to finish...
[INFO] running `Command { std: "docker" "inspect" "35fdb0a03dda63b1c095ea150e9a799f95357a143dfd29b9ef6f30a8bbfd7c00", kill_on_drop: false }`
[INFO] running `Command { std: "docker" "rm" "-f" "35fdb0a03dda63b1c095ea150e9a799f95357a143dfd29b9ef6f30a8bbfd7c00", kill_on_drop: false }`
[INFO] [stdout] 35fdb0a03dda63b1c095ea150e9a799f95357a143dfd29b9ef6f30a8bbfd7c00
[INFO] documenting Vourhey/sds011_rust_driver against beta-2023-12-22 for beta-1.76-rustdoc-1
[INFO] running `Command { std: "git" "clone" "/workspace/cache/git-repos/https%3A%2F%2Fgithub.com%2FVourhey%2Fsds011_rust_driver" "/workspace/builds/worker-1-tc2/source", kill_on_drop: false }`
[INFO] [stderr] Cloning into '/workspace/builds/worker-1-tc2/source'...
[INFO] [stderr] done.
[INFO] validating manifest of git repo https://github.com/Vourhey/sds011_rust_driver on toolchain beta-2023-12-22
[INFO] running `Command { std: CARGO_HOME="/workspace/cargo-home" RUSTUP_HOME="/workspace/rustup-home" "/workspace/cargo-home/bin/cargo" "+beta-2023-12-22" "metadata" "--manifest-path" "Cargo.toml" "--no-deps", kill_on_drop: false }`
[INFO] started tweaking git repo https://github.com/Vourhey/sds011_rust_driver
[INFO] finished tweaking git repo https://github.com/Vourhey/sds011_rust_driver
[INFO] tweaked toml for git repo https://github.com/Vourhey/sds011_rust_driver written to /workspace/builds/worker-1-tc2/source/Cargo.toml
[INFO] crate git repo https://github.com/Vourhey/sds011_rust_driver already has a lockfile, it will not be regenerated
[INFO] running `Command { std: CARGO_HOME="/workspace/cargo-home" RUSTUP_HOME="/workspace/rustup-home" "/workspace/cargo-home/bin/cargo" "+beta-2023-12-22" "fetch" "--manifest-path" "Cargo.toml", kill_on_drop: false }`
[INFO] running `Command { std: "docker" "create" "-v" "/var/lib/crater-agent-workspace/builds/worker-1-tc2/target:/opt/rustwide/target:rw,Z" "-v" "/var/lib/crater-agent-workspace/builds/worker-1-tc2/source:/opt/rustwide/workdir:ro,Z" "-v" "/var/lib/crater-agent-workspace/cargo-home:/opt/rustwide/cargo-home:ro,Z" "-v" "/var/lib/crater-agent-workspace/rustup-home:/opt/rustwide/rustup-home:ro,Z" "-e" "SOURCE_DIR=/opt/rustwide/workdir" "-e" "CARGO_TARGET_DIR=/opt/rustwide/target" "-e" "CARGO_HOME=/opt/rustwide/cargo-home" "-e" "RUSTUP_HOME=/opt/rustwide/rustup-home" "-w" "/opt/rustwide/workdir" "-m" "1610612736" "--user" "0:0" "--network" "none" "ghcr.io/rust-lang/crates-build-env/linux@sha256:2788e3201cd34a07e3172128adcd8b3090168a8e3bcc40d7c032b9dda1df7d1c" "/opt/rustwide/cargo-home/bin/cargo" "+beta-2023-12-22" "metadata" "--no-deps" "--format-version=1", kill_on_drop: false }`
[INFO] [stdout] 9d08267bddbc6f5822d94ef57137508551534ebec9ec98a23c7728d121e293db
[INFO] running `Command { std: "docker" "start" "-a" "9d08267bddbc6f5822d94ef57137508551534ebec9ec98a23c7728d121e293db", kill_on_drop: false }`
[INFO] running `Command { std: "docker" "inspect" "9d08267bddbc6f5822d94ef57137508551534ebec9ec98a23c7728d121e293db", kill_on_drop: false }`
[INFO] running `Command { std: "docker" "rm" "-f" "9d08267bddbc6f5822d94ef57137508551534ebec9ec98a23c7728d121e293db", kill_on_drop: false }`
[INFO] [stdout] 9d08267bddbc6f5822d94ef57137508551534ebec9ec98a23c7728d121e293db
[INFO] running `Command { std: "docker" "create" "-v" "/var/lib/crater-agent-workspace/builds/worker-1-tc2/target:/opt/rustwide/target:rw,Z" "-v" "/var/lib/crater-agent-workspace/builds/worker-1-tc2/source:/opt/rustwide/workdir:ro,Z" "-v" "/var/lib/crater-agent-workspace/cargo-home:/opt/rustwide/cargo-home:ro,Z" "-v" "/var/lib/crater-agent-workspace/rustup-home:/opt/rustwide/rustup-home:ro,Z" "-e" "SOURCE_DIR=/opt/rustwide/workdir" "-e" "CARGO_TARGET_DIR=/opt/rustwide/target" "-e" "CARGO_INCREMENTAL=0" "-e" "RUST_BACKTRACE=full" "-e" "RUSTFLAGS=--cap-lints=warn" "-e" "RUSTDOCFLAGS=--cap-lints=warn" "-e" "CARGO_HOME=/opt/rustwide/cargo-home" "-e" "RUSTUP_HOME=/opt/rustwide/rustup-home" "-w" "/opt/rustwide/workdir" "-m" "1610612736" "--user" "0:0" "--network" "none" "ghcr.io/rust-lang/crates-build-env/linux@sha256:2788e3201cd34a07e3172128adcd8b3090168a8e3bcc40d7c032b9dda1df7d1c" "/opt/rustwide/cargo-home/bin/cargo" "+beta-2023-12-22" "doc" "--frozen" "--no-deps" "--document-private-items" "--message-format=json", kill_on_drop: false }`
[INFO] [stdout] 05cfe1f42d062cb871072183422e16cdae23bbc5d19f1897b23c4513f0ccb533
[INFO] running `Command { std: "docker" "start" "-a" "05cfe1f42d062cb871072183422e16cdae23bbc5d19f1897b23c4513f0ccb533", kill_on_drop: false }`
[INFO] [stderr]    Compiling libc v0.2.68
[INFO] [stderr]    Compiling proc-macro2 v1.0.10
[INFO] [stderr]    Compiling unicode-xid v0.2.0
[INFO] [stderr]    Compiling syn v1.0.17
[INFO] [stderr]     Checking cfg-if v0.1.10
[INFO] [stderr]    Compiling autocfg v1.0.0
[INFO] [stderr]    Compiling getrandom v0.1.14
[INFO] [stderr]    Compiling log v0.4.8
[INFO] [stderr]    Compiling memchr v2.3.3
[INFO] [stderr]    Compiling cc v1.0.50
[INFO] [stderr]    Compiling byteorder v1.3.4
[INFO] [stderr]    Compiling proc-macro-hack v0.5.15
[INFO] [stderr]    Compiling typenum v1.11.2
[INFO] [stderr]    Compiling serde v1.0.106
[INFO] [stderr]     Checking slab v0.4.2
[INFO] [stderr]     Checking futures-core v0.3.4
[INFO] [stderr]     Checking futures-sink v0.3.4
[INFO] [stderr]    Compiling proc-macro-nested v0.1.4
[INFO] [stderr]     Checking futures-io v0.3.4
[INFO] [stderr]     Checking pin-utils v0.1.0-alpha.4
[INFO] [stderr]     Checking futures-channel v0.3.4
[INFO] [stderr]     Checking futures-task v0.3.4
[INFO] [stderr]     Checking ppv-lite86 v0.2.6
[INFO] [stderr]     Checking opaque-debug v0.2.3
[INFO] [stderr]     Checking smallvec v1.3.0
[INFO] [stderr]     Checking byte-tools v0.3.1
[INFO] [stderr]     Checking arrayvec v0.5.1
[INFO] [stderr]     Checking scopeguard v1.1.0
[INFO] [stderr]    Compiling indexmap v1.3.2
[INFO] [stderr]     Checking block-padding v0.1.5
[INFO] [stderr]     Checking fake-simd v0.1.2
[INFO] [stderr]     Checking static_assertions v1.1.0
[INFO] [stderr]     Checking subtle v1.0.0
[INFO] [stderr]     Checking unicode-normalization v0.1.12
[INFO] [stderr]     Checking lock_api v0.3.4
[INFO] [stderr]     Checking arrayref v0.3.6
[INFO] [stderr]     Checking keccak v0.1.0
[INFO] [stderr]    Compiling crunchy v0.2.2
[INFO] [stderr]     Checking either v1.5.3
[INFO] [stderr]     Checking bytes v0.5.4
[INFO] [stderr]    Compiling semver-parser v0.7.0
[INFO] [stderr]     Checking constant_time_eq v0.1.5
[INFO] [stderr]     Checking subtle v2.2.2
[INFO] [stderr]    Compiling anyhow v1.0.28
[INFO] [stderr]    Compiling semver v0.9.0
[INFO] [stderr]    Compiling unicode-segmentation v1.6.0
[INFO] [stderr]    Compiling quote v1.0.3
[INFO] [stderr]     Checking num_cpus v1.12.0
[INFO] [stderr]     Checking parking_lot_core v0.7.1
[INFO] [stderr]    Compiling rustc_version v0.2.3
[INFO] [stderr]    Compiling itertools v0.8.2
[INFO] [stderr]    Compiling rand_core v0.5.1
[INFO] [stderr]    Compiling maybe-uninit v2.0.0
[INFO] [stderr]    Compiling which v3.1.1
[INFO] [stderr]    Compiling heck v0.3.1
[INFO] [stderr]     Checking parking_lot v0.10.2
[INFO] [stderr]    Compiling rand_chacha v0.2.2
[INFO] [stderr]    Compiling clear_on_drop v0.2.3
[INFO] [stderr]    Compiling fixedbitset v0.2.0
[INFO] [stderr]     Checking fnv v1.0.6
[INFO] [stderr]    Compiling remove_dir_all v0.5.2
[INFO] [stderr]    Compiling prost-build v0.6.1
[INFO] [stderr]    Compiling multimap v0.8.1
[INFO] [stderr]     Checking generic-array v0.12.3
[INFO] [stderr]    Compiling parking_lot_core v0.6.2
[INFO] [stderr]    Compiling parking_lot v0.9.0
[INFO] [stderr]    Compiling ring v0.16.12
[INFO] [stderr]    Compiling lazy_static v1.4.0
[INFO] [stderr]    Compiling rand v0.7.3
[INFO] [stderr]     Checking unicode-bidi v0.3.4
[INFO] [stderr]     Checking untrusted v0.7.0
[INFO] [stderr]     Checking smallvec v0.6.13
[INFO] [stderr]     Checking digest v0.8.1
[INFO] [stderr]     Checking block-buffer v0.7.3
[INFO] [stderr]     Checking crypto-mac v0.7.0
[INFO] [stderr]    Compiling petgraph v0.5.0
[INFO] [stderr]     Checking spin v0.5.2
[INFO] [stderr]    Compiling pkg-config v0.3.17
[INFO] [stderr]    Compiling backtrace-sys v0.1.35
[INFO] [stderr]     Checking sha2 v0.8.1
[INFO] [stderr]     Checking hmac v0.7.1
[INFO] [stderr]     Checking idna v0.2.0
[INFO] [stderr]     Checking sha3 v0.8.2
[INFO] [stderr]    Compiling num-traits v0.2.11
[INFO] [stderr]     Checking rustc-hex v2.1.0
[INFO] [stderr]     Checking hmac-drbg v0.2.0
[INFO] [stderr]    Compiling arrayvec v0.4.12
[INFO] [stderr]     Checking radium v0.3.0
[INFO] [stderr]     Checking sha-1 v0.8.2
[INFO] [stderr]     Checking bs58 v0.3.0
[INFO] [stderr]     Checking byte-slice-cast v0.3.5
[INFO] [stderr]    Compiling const-random-macro v0.1.8
[INFO] [stderr]    Compiling num-integer v0.1.42
[INFO] [stderr]     Checking bitvec v0.17.4
[INFO] [stderr]     Checking once_cell v1.3.1
[INFO] [stderr]     Checking url v2.1.1
[INFO] [stderr]     Checking rustc-demangle v0.1.16
[INFO] [stderr]     Checking uint v0.8.2
[INFO] [stderr]    Compiling thread_local v1.0.1
[INFO] [stderr]    Compiling num-bigint v0.2.6
[INFO] [stderr]    Compiling aho-corasick v0.7.10
[INFO] [stderr]    Compiling regex-syntax v0.6.17
[INFO] [stderr]     Checking libsecp256k1 v0.3.5
[INFO] [stderr]    Compiling tempfile v3.1.0
[INFO] [stderr]     Checking data-encoding v2.2.0
[INFO] [stderr]     Checking const-random v0.1.8
[INFO] [stderr]    Compiling failure_derive v0.1.7
[INFO] [stderr]     Checking blake2b_simd v0.5.10
[INFO] [stderr]     Checking blake2s_simd v0.5.10
[INFO] [stderr]    Compiling num-rational v0.2.4
[INFO] [stderr]     Checking void v1.0.2
[INFO] [stderr]     Checking sp-std v2.0.0-alpha.5
[INFO] [stderr]     Checking futures-timer v3.0.2
[INFO] [stderr]     Checking nodrop v0.1.14
[INFO] [stderr]     Checking fixed-hash v0.6.0
[INFO] [stderr]     Checking parity-wasm v0.41.0
[INFO] [stderr]     Checking pin-project-lite v0.1.4
[INFO] [stderr]    Compiling autocfg v0.1.7
[INFO] [stderr]     Checking itoa v0.4.5
[INFO] [stderr]     Checking net2 v0.2.33
[INFO] [stderr]     Checking backtrace v0.3.46
[INFO] [stderr]     Checking iovec v0.1.4
[INFO] [stderr]     Checking blake2-rfc v0.2.18
[INFO] [stderr]     Checking hash-db v0.15.2
[INFO] [stderr]     Checking memory_units v0.3.0
[INFO] [stderr]     Checking mio v0.6.21
[INFO] [stderr]     Checking ahash v0.2.18
[INFO] [stderr]     Checking pbkdf2 v0.3.0
[INFO] [stderr]    Compiling hashbrown v0.6.3
[INFO] [stderr]     Checking environmental v1.1.1
[INFO] [stderr]    Compiling tiny-keccak v2.0.2
[INFO] [stderr]     Checking rustc-hash v1.1.0
[INFO] [stderr]     Checking twox-hash v1.5.0
[INFO] [stderr]     Checking hash256-std-hasher v0.15.2
[INFO] [stderr]     Checking hex v0.4.2
[INFO] [stderr]     Checking base58 v0.1.0
[INFO] [stderr]     Checking http v0.2.1
[INFO] [stderr]     Checking arc-swap v0.4.5
[INFO] [stderr]     Checking trie-root v0.16.0
[INFO] [stderr]     Checking signal-hook-registry v1.2.0
[INFO] [stderr]    Compiling ryu v1.0.3
[INFO] [stderr]    Compiling httparse v1.3.4
[INFO] [stderr]     Checking sp-panic-handler v2.0.0-alpha.5
[INFO] [stderr]     Checking mio-uds v0.6.7
[INFO] [stderr]    Compiling crossbeam-utils v0.7.2
[INFO] [stderr]    Compiling memoffset v0.5.4
[INFO] [stderr]    Compiling version_check v0.9.1
[INFO] [stderr]    Compiling bitflags v1.2.1
[INFO] [stderr]    Compiling openssl-sys v0.9.55
[INFO] [stderr]     Checking wasmi-validation v0.3.0
[INFO] [stderr]     Checking trie-db v0.20.0
[INFO] [stderr]    Compiling crossbeam-epoch v0.8.2
[INFO] [stderr]    Compiling unicase v2.6.0
[INFO] [stderr]     Checking integer-sqrt v0.1.3
[INFO] [stderr]    Compiling wasm-bindgen-shared v0.2.60
[INFO] [stderr]    Compiling libz-sys v1.0.25
[INFO] [stderr]    Compiling crc32fast v1.2.0
[INFO] [stderr]    Compiling regex v1.3.6
[INFO] [stderr]     Checking wasmi v0.6.2
[INFO] [stderr]     Checking try-lock v0.2.2
[INFO] [stderr] The following warnings were emitted during compilation:
[INFO] [stderr] 
[INFO] [stderr] warning: openssl-sys@0.9.55: build/expando.c:4:24: error: pasting "RUST_VERSION_OPENSSL_" and "(" does not give a valid preprocessing token
[INFO] [stderr] warning: openssl-sys@0.9.55:     4 | #define VERSION2(n, v) RUST_VERSION_##n##_##v
[INFO] [stderr] warning: openssl-sys@0.9.55:       |                        ^~~~~~~~~~~~~
[INFO] [stderr] warning: openssl-sys@0.9.55: build/expando.c:5:23: note: in expansion of macro 'VERSION2'
[INFO] [stderr] warning: openssl-sys@0.9.55:     5 | #define VERSION(n, v) VERSION2(n, v)
[INFO] [stderr] warning: openssl-sys@0.9.55:       |                       ^~~~~~~~
[INFO] [stderr] warning: openssl-sys@0.9.55: build/expando.c:10:1: note: in expansion of macro 'VERSION'
[INFO] [stderr] warning: openssl-sys@0.9.55:    10 | VERSION(OPENSSL, OPENSSL_VERSION_NUMBER)
[INFO] [stderr] warning: openssl-sys@0.9.55:       | ^~~~~~~
[INFO] [stderr] 
[INFO] [stderr] error: failed to run custom build command for `openssl-sys v0.9.55`
[INFO] [stderr] note: To improve backtraces for build dependencies, set the CARGO_PROFILE_DEV_BUILD_OVERRIDE_DEBUG=true environment variable to enable debug information generation.
[INFO] [stderr] 
[INFO] [stderr] Caused by:
[INFO] [stderr]   process didn't exit successfully: `/opt/rustwide/target/debug/build/openssl-sys-2a424c0246680eb5/build-script-main` (exit status: 101)
[INFO] [stderr]   --- stdout
[INFO] [stderr]   cargo:rustc-cfg=const_fn
[INFO] [stderr]   cargo:rerun-if-env-changed=X86_64_UNKNOWN_LINUX_GNU_OPENSSL_LIB_DIR
[INFO] [stderr]   X86_64_UNKNOWN_LINUX_GNU_OPENSSL_LIB_DIR unset
[INFO] [stderr]   cargo:rerun-if-env-changed=OPENSSL_LIB_DIR
[INFO] [stderr]   OPENSSL_LIB_DIR unset
[INFO] [stderr]   cargo:rerun-if-env-changed=X86_64_UNKNOWN_LINUX_GNU_OPENSSL_INCLUDE_DIR
[INFO] [stderr]   X86_64_UNKNOWN_LINUX_GNU_OPENSSL_INCLUDE_DIR unset
[INFO] [stderr]   cargo:rerun-if-env-changed=OPENSSL_INCLUDE_DIR
[INFO] [stderr]   OPENSSL_INCLUDE_DIR unset
[INFO] [stderr]   cargo:rerun-if-env-changed=X86_64_UNKNOWN_LINUX_GNU_OPENSSL_DIR
[INFO] [stderr]   X86_64_UNKNOWN_LINUX_GNU_OPENSSL_DIR unset
[INFO] [stderr]   cargo:rerun-if-env-changed=OPENSSL_DIR
[INFO] [stderr]   OPENSSL_DIR unset
[INFO] [stderr]   cargo:rustc-link-lib=ssl
[INFO] [stderr]   cargo:rustc-link-lib=crypto
[INFO] [stderr]   OPT_LEVEL = Some("0")
[INFO] [stderr]   TARGET = Some("x86_64-unknown-linux-gnu")
[INFO] [stderr]   HOST = Some("x86_64-unknown-linux-gnu")
[INFO] [stderr]   CC_x86_64-unknown-linux-gnu = None
[INFO] [stderr]   CC_x86_64_unknown_linux_gnu = None
[INFO] [stderr]   HOST_CC = None
[INFO] [stderr]   CC = None
[INFO] [stderr]   CFLAGS_x86_64-unknown-linux-gnu = None
[INFO] [stderr]   CFLAGS_x86_64_unknown_linux_gnu = None
[INFO] [stderr]   HOST_CFLAGS = None
[INFO] [stderr]   CFLAGS = None
[INFO] [stderr]   CRATE_CC_NO_DEFAULTS = None
[INFO] [stderr]   DEBUG = Some("true")
[INFO] [stderr]   CARGO_CFG_TARGET_FEATURE = Some("fxsr,sse,sse2")
[INFO] [stderr]   running: "cc" "-O0" "-ffunction-sections" "-fdata-sections" "-fPIC" "-g" "-fno-omit-frame-pointer" "-m64" "-I" "/usr/include" "-Wall" "-Wextra" "-E" "build/expando.c"
[INFO] [stderr]   cargo:warning=build/expando.c:4:24: error: pasting "RUST_VERSION_OPENSSL_" and "(" does not give a valid preprocessing token
[INFO] [stderr]   cargo:warning=    4 | #define VERSION2(n, v) RUST_VERSION_##n##_##v
[INFO] [stderr]   cargo:warning=      |                        ^~~~~~~~~~~~~
[INFO] [stderr]   cargo:warning=build/expando.c:5:23: note: in expansion of macro 'VERSION2'
[INFO] [stderr]   cargo:warning=    5 | #define VERSION(n, v) VERSION2(n, v)
[INFO] [stderr]   cargo:warning=      |                       ^~~~~~~~
[INFO] [stderr]   cargo:warning=build/expando.c:10:1: note: in expansion of macro 'VERSION'
[INFO] [stderr]   cargo:warning=   10 | VERSION(OPENSSL, OPENSSL_VERSION_NUMBER)
[INFO] [stderr]   cargo:warning=      | ^~~~~~~
[INFO] [stderr]   exit status: 1
[INFO] [stderr] 
[INFO] [stderr]   --- stderr
[INFO] [stderr]   thread 'main' panicked at /opt/rustwide/cargo-home/registry/src/index.crates.io-6f17d22bba15001f/openssl-sys-0.9.55/build/main.rs:138:13:
[INFO] [stderr] 
[INFO] [stderr]   Header expansion error:
[INFO] [stderr]   Error { kind: ToolExecError, message: "Command \"cc\" \"-O0\" \"-ffunction-sections\" \"-fdata-sections\" \"-fPIC\" \"-g\" \"-fno-omit-frame-pointer\" \"-m64\" \"-I\" \"/usr/include\" \"-Wall\" \"-Wextra\" \"-E\" \"build/expando.c\" with args \"cc\" did not execute successfully (status code exit status: 1)." }
[INFO] [stderr] 
[INFO] [stderr]   Failed to find OpenSSL development headers.
[INFO] [stderr] 
[INFO] [stderr]   You can try fixing this setting the `OPENSSL_DIR` environment variable
[INFO] [stderr]   pointing to your OpenSSL installation or installing OpenSSL headers package
[INFO] [stderr]   specific to your distribution:
[INFO] [stderr] 
[INFO] [stderr]       # On Ubuntu
[INFO] [stderr]       sudo apt-get install libssl-dev
[INFO] [stderr]       # On Arch Linux
[INFO] [stderr]       sudo pacman -S openssl
[INFO] [stderr]       # On Fedora
[INFO] [stderr]       sudo dnf install openssl-devel
[INFO] [stderr] 
[INFO] [stderr]   See rust-openssl README for more information:
[INFO] [stderr] 
[INFO] [stderr]       https://github.com/sfackler/rust-openssl#linux
[INFO] [stderr] 
[INFO] [stderr]   stack backtrace:
[INFO] [stderr]      0:     0x556af2942496 - std::backtrace_rs::backtrace::libunwind::trace::h261606ad26a499c1
[INFO] [stderr]                                  at /rustc/0e09125c6c3c2fd70d7de961bcf0e51575235fad/library/std/src/../../backtrace/src/backtrace/libunwind.rs:104:5
[INFO] [stderr]      1:     0x556af2942496 - std::backtrace_rs::backtrace::trace_unsynchronized::hd183f0625477fb28
[INFO] [stderr]                                  at /rustc/0e09125c6c3c2fd70d7de961bcf0e51575235fad/library/std/src/../../backtrace/src/backtrace/mod.rs:66:5
[INFO] [stderr]      2:     0x556af2942496 - std::sys_common::backtrace::_print_fmt::hd7f8fef21b4eda67
[INFO] [stderr]                                  at /rustc/0e09125c6c3c2fd70d7de961bcf0e51575235fad/library/std/src/sys_common/backtrace.rs:68:5
[INFO] [stderr]      3:     0x556af2942496 - <std::sys_common::backtrace::_print::DisplayBacktrace as core::fmt::Display>::fmt::h623d9b51f2f453f1
[INFO] [stderr]                                  at /rustc/0e09125c6c3c2fd70d7de961bcf0e51575235fad/library/std/src/sys_common/backtrace.rs:44:22
[INFO] [stderr]      4:     0x556af29679e0 - core::fmt::rt::Argument::fmt::h9f417ac76a86f368
[INFO] [stderr]                                  at /rustc/0e09125c6c3c2fd70d7de961bcf0e51575235fad/library/core/src/fmt/rt.rs:142:9
[INFO] [stderr]      5:     0x556af29679e0 - core::fmt::write::hc9b6faf4ac2aeff7
[INFO] [stderr]                                  at /rustc/0e09125c6c3c2fd70d7de961bcf0e51575235fad/library/core/src/fmt/mod.rs:1120:17
[INFO] [stderr]      6:     0x556af293ffbf - std::io::Write::write_fmt::hfead1eee52c2e65e
[INFO] [stderr]                                  at /rustc/0e09125c6c3c2fd70d7de961bcf0e51575235fad/library/std/src/io/mod.rs:1810:15
[INFO] [stderr]      7:     0x556af2942274 - std::sys_common::backtrace::_print::hd5d66399c7df88a2
[INFO] [stderr]                                  at /rustc/0e09125c6c3c2fd70d7de961bcf0e51575235fad/library/std/src/sys_common/backtrace.rs:47:5
[INFO] [stderr]      8:     0x556af2942274 - std::sys_common::backtrace::print::he81ed2da642d37e5
[INFO] [stderr]                                  at /rustc/0e09125c6c3c2fd70d7de961bcf0e51575235fad/library/std/src/sys_common/backtrace.rs:34:9
[INFO] [stderr]      9:     0x556af2943b57 - std::panicking::default_hook::{{closure}}::h85773f4fa117163d
[INFO] [stderr]     10:     0x556af29438b9 - std::panicking::default_hook::h6a1694a91d09b278
[INFO] [stderr]                                  at /rustc/0e09125c6c3c2fd70d7de961bcf0e51575235fad/library/std/src/panicking.rs:292:9
[INFO] [stderr]     11:     0x556af2943fe8 - std::panicking::rust_panic_with_hook::h0a7ad96e90f7145b
[INFO] [stderr]                                  at /rustc/0e09125c6c3c2fd70d7de961bcf0e51575235fad/library/std/src/panicking.rs:779:13
[INFO] [stderr]     12:     0x556af2943ec2 - std::panicking::begin_panic_handler::{{closure}}::h7919090525c6485e
[INFO] [stderr]                                  at /rustc/0e09125c6c3c2fd70d7de961bcf0e51575235fad/library/std/src/panicking.rs:657:13
[INFO] [stderr]     13:     0x556af2942996 - std::sys_common::backtrace::__rust_end_short_backtrace::hf3289479464f7dfe
[INFO] [stderr]                                  at /rustc/0e09125c6c3c2fd70d7de961bcf0e51575235fad/library/std/src/sys_common/backtrace.rs:171:18
[INFO] [stderr]     14:     0x556af2943c20 - rust_begin_unwind
[INFO] [stderr]                                  at /rustc/0e09125c6c3c2fd70d7de961bcf0e51575235fad/library/std/src/panicking.rs:645:5
[INFO] [stderr]     15:     0x556af28b2685 - core::panicking::panic_fmt::hcc9f77c5c132af55
[INFO] [stderr]                                  at /rustc/0e09125c6c3c2fd70d7de961bcf0e51575235fad/library/core/src/panicking.rs:72:14
[INFO] [stderr]     16:     0x556af28ba9a0 - build_script_main::validate_headers::h8765003fdf70a3d1
[INFO] [stderr]     17:     0x556af28b7658 - build_script_main::find_normal::try_pkg_config::h2160902abf2f2e73
[INFO] [stderr]     18:     0x556af28b6474 - build_script_main::find_normal::find_openssl_dir::h1d63ac7e7d0c9831
[INFO] [stderr]     19:     0x556af28b6312 - build_script_main::find_normal::get_openssl::{{closure}}::hb19e919eda7407f4
[INFO] [stderr]     20:     0x556af28bd54f - core::option::Option<T>::unwrap_or_else::h63044fd696d1e51d
[INFO] [stderr]     21:     0x556af28b610f - build_script_main::find_normal::get_openssl::hf64e65e160de61ab
[INFO] [stderr]     22:     0x556af28b834d - build_script_main::find_openssl::hfd6d3bf2ffd7ccdb
[INFO] [stderr]     23:     0x556af28b8425 - build_script_main::main::hf0e610f896dbb312
[INFO] [stderr]     24:     0x556af28bc5e3 - core::ops::function::FnOnce::call_once::hae0ae162570cda9b
[INFO] [stderr]     25:     0x556af28bbe06 - std::sys_common::backtrace::__rust_begin_short_backtrace::hf5a113262c5f9560
[INFO] [stderr]     26:     0x556af28bbe69 - std::rt::lang_start::{{closure}}::h2198f99612dee57b
[INFO] [stderr]     27:     0x556af293c0f1 - core::ops::function::impls::<impl core::ops::function::FnOnce<A> for &F>::call_once::h4eb4c5e1620f29b0
[INFO] [stderr]                                  at /rustc/0e09125c6c3c2fd70d7de961bcf0e51575235fad/library/core/src/ops/function.rs:284:13
[INFO] [stderr]     28:     0x556af293c0f1 - std::panicking::try::do_call::h73fd26535faffcdf
[INFO] [stderr]                                  at /rustc/0e09125c6c3c2fd70d7de961bcf0e51575235fad/library/std/src/panicking.rs:552:40
[INFO] [stderr]     29:     0x556af293c0f1 - std::panicking::try::h77ff1d98f0fb9f39
[INFO] [stderr]                                  at /rustc/0e09125c6c3c2fd70d7de961bcf0e51575235fad/library/std/src/panicking.rs:516:19
[INFO] [stderr]     30:     0x556af293c0f1 - std::panic::catch_unwind::hab3caf2448b95e37
[INFO] [stderr]                                  at /rustc/0e09125c6c3c2fd70d7de961bcf0e51575235fad/library/std/src/panic.rs:142:14
[INFO] [stderr]     31:     0x556af293c0f1 - std::rt::lang_start_internal::{{closure}}::h8086711f9c783f78
[INFO] [stderr]                                  at /rustc/0e09125c6c3c2fd70d7de961bcf0e51575235fad/library/std/src/rt.rs:148:48
[INFO] [stderr]     32:     0x556af293c0f1 - std::panicking::try::do_call::hf920d4dc291cd6ca
[INFO] [stderr]                                  at /rustc/0e09125c6c3c2fd70d7de961bcf0e51575235fad/library/std/src/panicking.rs:552:40
[INFO] [stderr]     33:     0x556af293c0f1 - std::panicking::try::h2b806ccc0a85db74
[INFO] [stderr]                                  at /rustc/0e09125c6c3c2fd70d7de961bcf0e51575235fad/library/std/src/panicking.rs:516:19
[INFO] [stderr]     34:     0x556af293c0f1 - std::panic::catch_unwind::h038489539c507df2
[INFO] [stderr]                                  at /rustc/0e09125c6c3c2fd70d7de961bcf0e51575235fad/library/std/src/panic.rs:142:14
[INFO] [stderr]     35:     0x556af293c0f1 - std::rt::lang_start_internal::h28503b88912e8a5c
[INFO] [stderr]                                  at /rustc/0e09125c6c3c2fd70d7de961bcf0e51575235fad/library/std/src/rt.rs:148:20
[INFO] [stderr]     36:     0x556af28bbe47 - std::rt::lang_start::h60b4690d41d90a91
[INFO] [stderr]     37:     0x556af28bb6d5 - main
[INFO] [stderr]     38:     0x7fea12abcd90 - <unknown>
[INFO] [stderr]     39:     0x7fea12abce40 - __libc_start_main
[INFO] [stderr]     40:     0x556af28b2ea5 - _start
[INFO] [stderr]     41:                0x0 - <unknown>
[INFO] [stderr] warning: build failed, waiting for other jobs to finish...
[INFO] running `Command { std: "docker" "inspect" "05cfe1f42d062cb871072183422e16cdae23bbc5d19f1897b23c4513f0ccb533", kill_on_drop: false }`
[INFO] running `Command { std: "docker" "rm" "-f" "05cfe1f42d062cb871072183422e16cdae23bbc5d19f1897b23c4513f0ccb533", kill_on_drop: false }`
[INFO] [stdout] 05cfe1f42d062cb871072183422e16cdae23bbc5d19f1897b23c4513f0ccb533
