[INFO] cloning repository https://github.com/Voronar/uniffi_external_trait_interface
[INFO] running `Command { std: "git" "-c" "credential.helper=" "-c" "credential.helper=/workspace/cargo-home/bin/git-credential-null" "clone" "--bare" "https://github.com/Voronar/uniffi_external_trait_interface" "/workspace/cache/git-repos/https%3A%2F%2Fgithub.com%2FVoronar%2Funiffi_external_trait_interface", kill_on_drop: false }`
[INFO] [stderr] Cloning into bare repository '/workspace/cache/git-repos/https%3A%2F%2Fgithub.com%2FVoronar%2Funiffi_external_trait_interface'...
[INFO] running `Command { std: "git" "rev-parse" "HEAD", kill_on_drop: false }`
[INFO] [stdout] 8cb7f92586cf4bf39280e2cae6b6abbb2baaaaff
[INFO] documenting Voronar/uniffi_external_trait_interface against 1.75.0 for beta-1.76-rustdoc-1
[INFO] running `Command { std: "git" "clone" "/workspace/cache/git-repos/https%3A%2F%2Fgithub.com%2FVoronar%2Funiffi_external_trait_interface" "/workspace/builds/worker-6-tc1/source", kill_on_drop: false }`
[INFO] [stderr] Cloning into '/workspace/builds/worker-6-tc1/source'...
[INFO] [stderr] done.
[INFO] validating manifest of git repo https://github.com/Voronar/uniffi_external_trait_interface on toolchain 1.75.0
[INFO] running `Command { std: CARGO_HOME="/workspace/cargo-home" RUSTUP_HOME="/workspace/rustup-home" "/workspace/cargo-home/bin/cargo" "+1.75.0" "metadata" "--manifest-path" "Cargo.toml" "--no-deps", kill_on_drop: false }`
[INFO] started tweaking git repo https://github.com/Voronar/uniffi_external_trait_interface
[INFO] finished tweaking git repo https://github.com/Voronar/uniffi_external_trait_interface
[INFO] tweaked toml for git repo https://github.com/Voronar/uniffi_external_trait_interface written to /workspace/builds/worker-6-tc1/source/Cargo.toml
[INFO] crate git repo https://github.com/Voronar/uniffi_external_trait_interface already has a lockfile, it will not be regenerated
[INFO] running `Command { std: CARGO_HOME="/workspace/cargo-home" RUSTUP_HOME="/workspace/rustup-home" "/workspace/cargo-home/bin/cargo" "+1.75.0" "fetch" "--manifest-path" "Cargo.toml", kill_on_drop: false }`
[INFO] [stderr]     Updating git repository `https://github.com/mozilla/uniffi-rs`
[INFO] running `Command { std: "docker" "create" "-v" "/var/lib/crater-agent-workspace/builds/worker-6-tc1/target:/opt/rustwide/target:rw,Z" "-v" "/var/lib/crater-agent-workspace/builds/worker-6-tc1/source:/opt/rustwide/workdir:ro,Z" "-v" "/var/lib/crater-agent-workspace/cargo-home:/opt/rustwide/cargo-home:ro,Z" "-v" "/var/lib/crater-agent-workspace/rustup-home:/opt/rustwide/rustup-home:ro,Z" "-e" "SOURCE_DIR=/opt/rustwide/workdir" "-e" "CARGO_TARGET_DIR=/opt/rustwide/target" "-e" "CARGO_HOME=/opt/rustwide/cargo-home" "-e" "RUSTUP_HOME=/opt/rustwide/rustup-home" "-w" "/opt/rustwide/workdir" "-m" "1610612736" "--user" "0:0" "--network" "none" "ghcr.io/rust-lang/crates-build-env/linux@sha256:2788e3201cd34a07e3172128adcd8b3090168a8e3bcc40d7c032b9dda1df7d1c" "/opt/rustwide/cargo-home/bin/cargo" "+1.75.0" "metadata" "--no-deps" "--format-version=1", kill_on_drop: false }`
[INFO] [stdout] a44368a6cee498c41d1f7aa389d24545486a68ea2455ec7793d87fb1f66106f5
[INFO] running `Command { std: "docker" "start" "-a" "a44368a6cee498c41d1f7aa389d24545486a68ea2455ec7793d87fb1f66106f5", kill_on_drop: false }`
[INFO] running `Command { std: "docker" "inspect" "a44368a6cee498c41d1f7aa389d24545486a68ea2455ec7793d87fb1f66106f5", kill_on_drop: false }`
[INFO] running `Command { std: "docker" "rm" "-f" "a44368a6cee498c41d1f7aa389d24545486a68ea2455ec7793d87fb1f66106f5", kill_on_drop: false }`
[INFO] [stdout] a44368a6cee498c41d1f7aa389d24545486a68ea2455ec7793d87fb1f66106f5
[INFO] running `Command { std: "docker" "create" "-v" "/var/lib/crater-agent-workspace/builds/worker-6-tc1/target:/opt/rustwide/target:rw,Z" "-v" "/var/lib/crater-agent-workspace/builds/worker-6-tc1/source:/opt/rustwide/workdir:ro,Z" "-v" "/var/lib/crater-agent-workspace/cargo-home:/opt/rustwide/cargo-home:ro,Z" "-v" "/var/lib/crater-agent-workspace/rustup-home:/opt/rustwide/rustup-home:ro,Z" "-e" "SOURCE_DIR=/opt/rustwide/workdir" "-e" "CARGO_TARGET_DIR=/opt/rustwide/target" "-e" "CARGO_INCREMENTAL=0" "-e" "RUST_BACKTRACE=full" "-e" "RUSTFLAGS=--cap-lints=warn" "-e" "RUSTDOCFLAGS=--cap-lints=warn" "-e" "CARGO_HOME=/opt/rustwide/cargo-home" "-e" "RUSTUP_HOME=/opt/rustwide/rustup-home" "-w" "/opt/rustwide/workdir" "-m" "1610612736" "--user" "0:0" "--network" "none" "ghcr.io/rust-lang/crates-build-env/linux@sha256:2788e3201cd34a07e3172128adcd8b3090168a8e3bcc40d7c032b9dda1df7d1c" "/opt/rustwide/cargo-home/bin/cargo" "+1.75.0" "doc" "--frozen" "--no-deps" "--document-private-items" "--message-format=json", kill_on_drop: false }`
[INFO] [stdout] d51585a6188af2902a83d3894965d40cbb6c681b44c893a0417b587d0d75ce91
[INFO] running `Command { std: "docker" "start" "-a" "d51585a6188af2902a83d3894965d40cbb6c681b44c893a0417b587d0d75ce91", kill_on_drop: false }`
[INFO] [stderr]    Compiling proc-macro2 v1.0.69
[INFO] [stderr]    Compiling unicode-ident v1.0.12
[INFO] [stderr]    Compiling serde v1.0.190
[INFO] [stderr]    Compiling anyhow v1.0.75
[INFO] [stderr]    Compiling minimal-lexical v0.2.1
[INFO] [stderr]    Compiling memchr v2.6.4
[INFO] [stderr]    Compiling camino v1.1.6
[INFO] [stderr]    Compiling unicase v2.7.0
[INFO] [stderr]    Compiling semver v1.0.20
[INFO] [stderr]    Compiling serde_json v1.0.108
[INFO] [stderr]    Compiling thiserror v1.0.50
[INFO] [stderr]    Compiling itoa v1.0.9
[INFO] [stderr]    Compiling ryu v1.0.15
[INFO] [stderr]    Compiling paste v1.0.14
[INFO] [stderr]    Compiling mime_guess v2.0.4
[INFO] [stderr]    Compiling mime v0.3.17
[INFO] [stderr]    Compiling nom v7.1.3
[INFO] [stderr]    Compiling once_cell v1.18.0
[INFO] [stderr]    Compiling bytes v1.5.0
[INFO] [stderr]    Compiling fs-err v2.9.0
[INFO] [stderr]    Compiling quote v1.0.33
[INFO] [stderr]    Compiling log v0.4.20
[INFO] [stderr]    Compiling siphasher v0.3.11
[INFO] [stderr]    Compiling syn v2.0.38
[INFO] [stderr]    Compiling askama_escape v0.10.3
[INFO] [stderr]    Compiling plain v0.2.3
[INFO] [stderr]    Compiling glob v0.3.1
[INFO] [stderr]    Compiling heck v0.4.1
[INFO] [stderr]    Compiling oneshot v0.1.6
[INFO] [stderr]    Compiling static_assertions v1.1.0
[INFO] [stderr]     Checking uniffi_core v0.25.0 (https://github.com/mozilla/uniffi-rs?branch=main#10caead4)
[INFO] [stderr]    Compiling askama_parser v0.1.1
[INFO] [stderr]    Compiling weedle2 v4.0.0 (https://github.com/mozilla/uniffi-rs?branch=main#10caead4)
[INFO] [stderr]    Compiling serde_derive v1.0.190
[INFO] [stderr]    Compiling thiserror-impl v1.0.50
[INFO] [stderr]    Compiling uniffi_checksum_derive v0.25.0 (https://github.com/mozilla/uniffi-rs?branch=main#10caead4)
[INFO] [stderr]    Compiling scroll_derive v0.11.1
[INFO] [stderr]    Compiling uniffi_meta v0.25.0 (https://github.com/mozilla/uniffi-rs?branch=main#10caead4)
[INFO] [stderr]    Compiling scroll v0.11.0
[INFO] [stderr]    Compiling goblin v0.6.1
[INFO] [stderr]    Compiling cargo-platform v0.1.4
[INFO] [stderr]    Compiling basic-toml v0.1.7
[INFO] [stderr]    Compiling toml v0.5.11
[INFO] [stderr]    Compiling bincode v1.3.3
[INFO] [stderr]    Compiling askama_derive v0.12.2
[INFO] [stderr]    Compiling cargo_metadata v0.15.4
[INFO] [stderr]    Compiling uniffi_testing v0.25.0 (https://github.com/mozilla/uniffi-rs?branch=main#10caead4)
[INFO] [stderr]    Compiling uniffi_udl v0.25.0 (https://github.com/mozilla/uniffi-rs?branch=main#10caead4)
[INFO] [stderr]    Compiling askama v0.12.1
[INFO] [stderr]    Compiling uniffi_bindgen v0.25.0 (https://github.com/mozilla/uniffi-rs?branch=main#10caead4)
[INFO] [stderr]    Compiling uniffi_build v0.25.0 (https://github.com/mozilla/uniffi-rs?branch=main#10caead4)
[INFO] [stderr]    Compiling uniffi_macros v0.25.0 (https://github.com/mozilla/uniffi-rs?branch=main#10caead4)
[INFO] [stderr]    Compiling uniffi v0.25.0 (https://github.com/mozilla/uniffi-rs?branch=main#10caead4)
[INFO] [stderr]    Compiling shared_lib v0.1.0 (/opt/rustwide/workdir/shared_lib)
[INFO] [stderr]    Compiling main_lib v0.1.0 (/opt/rustwide/workdir/main_lib)
[INFO] [stderr]  Documenting shared_lib v0.1.0 (/opt/rustwide/workdir/shared_lib)
[INFO] [stderr]  Documenting main_lib v0.1.0 (/opt/rustwide/workdir/main_lib)
[INFO] [stdout] error[E0283]: type annotations needed: cannot satisfy `(dyn shared_lib::CommonTrait + 'static): uniffi::FfiConverterArc<UniFfiTag>`
[INFO] [stdout]   --> /opt/rustwide/target/debug/build/main_lib-bfe6a9dabb4eef5c/out/main_lib.uniffi.rs:32:1
[INFO] [stdout]    |
[INFO] [stdout] 32 | #[::uniffi::export_for_udl]
[INFO] [stdout]    | ^^^^^^^^^^^^^^^^^^^^^^^^^^^
[INFO] [stdout]    |
[INFO] [stdout] note: multiple `impl`s satisfying `(dyn shared_lib::CommonTrait + 'static): uniffi::FfiConverterArc<UniFfiTag>` found
[INFO] [stdout]   --> /opt/rustwide/target/debug/build/main_lib-bfe6a9dabb4eef5c/out/main_lib.uniffi.rs:53:1
[INFO] [stdout]    |
[INFO] [stdout] 53 | ::uniffi::ffi_converter_arc_forward!(r#CommonTrait, ::r#shared_lib::UniFfiTag, crate::UniFfiTag);
[INFO] [stdout]    | ^^^^^^^^^^^^^^^^^^^^^^^^^^^^^^^^^^^^^^^^^^^^^^^^^^^^^^^^^^^^^^^^^^^^^^^^^^^^^^^^^^^^^^^^^^^^^^^^
[INFO] [stdout]    = note: and another `impl` found in the `shared_lib` crate: `impl<T> uniffi::FfiConverterArc<T> for (dyn shared_lib::CommonTrait + 'static);`
[INFO] [stdout]    = note: required for `std::sync::Arc<(dyn shared_lib::CommonTrait + 'static)>` to implement `uniffi::FfiConverter<UniFfiTag>`
[INFO] [stdout]    = note: this error originates in the attribute macro `::uniffi::export_for_udl` which comes from the expansion of the macro `::uniffi::ffi_converter_arc_forward` (in Nightly builds, run with -Z macro-backtrace for more info)
[INFO] [stdout] 
[INFO] [stdout] 
[INFO] [stdout] error[E0283]: type annotations needed: cannot satisfy `(dyn shared_lib::CommonTrait + 'static): uniffi::FfiConverterArc<UniFfiTag>`
[INFO] [stdout]   --> /opt/rustwide/target/debug/build/main_lib-bfe6a9dabb4eef5c/out/main_lib.uniffi.rs:53:38
[INFO] [stdout]    |
[INFO] [stdout] 53 | ::uniffi::ffi_converter_arc_forward!(r#CommonTrait, ::r#shared_lib::UniFfiTag, crate::UniFfiTag);
[INFO] [stdout]    |                                      ^^^^^^^^^^^^^
[INFO] [stdout]    |
[INFO] [stdout] note: multiple `impl`s satisfying `(dyn shared_lib::CommonTrait + 'static): uniffi::FfiConverterArc<UniFfiTag>` found
[INFO] [stdout]   --> /opt/rustwide/target/debug/build/main_lib-bfe6a9dabb4eef5c/out/main_lib.uniffi.rs:53:1
[INFO] [stdout]    |
[INFO] [stdout] 53 | ::uniffi::ffi_converter_arc_forward!(r#CommonTrait, ::r#shared_lib::UniFfiTag, crate::UniFfiTag);
[INFO] [stdout]    | ^^^^^^^^^^^^^^^^^^^^^^^^^^^^^^^^^^^^^^^^^^^^^^^^^^^^^^^^^^^^^^^^^^^^^^^^^^^^^^^^^^^^^^^^^^^^^^^^
[INFO] [stdout]    = note: and another `impl` found in the `shared_lib` crate: `impl<T> uniffi::FfiConverterArc<T> for (dyn shared_lib::CommonTrait + 'static);`
[INFO] [stdout]    = note: this error originates in the macro `::uniffi::do_ffi_converter_forward` which comes from the expansion of the macro `::uniffi::ffi_converter_arc_forward` (in Nightly builds, run with -Z macro-backtrace for more info)
[INFO] [stdout] 
[INFO] [stdout] 
[INFO] [stdout] error[E0284]: type annotations needed
[INFO] [stdout]   --> /opt/rustwide/target/debug/build/main_lib-bfe6a9dabb4eef5c/out/main_lib.uniffi.rs:53:1
[INFO] [stdout]    |
[INFO] [stdout] 53 | ::uniffi::ffi_converter_arc_forward!(r#CommonTrait, ::r#shared_lib::UniFfiTag, crate::UniFfiTag);
[INFO] [stdout]    | ^^^^^^^^^^^^^^^^^^^^^^^^^^^^^^^^^^^^^^^^^^^^^^^^^^^^^^^^^^^^^^^^^^^^^^^^^^^^^^^^^^^^^^^^^^^^^^^^ cannot infer type
[INFO] [stdout]    |
[INFO] [stdout]    = note: cannot satisfy `<(dyn shared_lib::CommonTrait + 'static) as uniffi::FfiConverterArc<UniFfiTag>>::FfiType == _`
[INFO] [stdout]    = note: this error originates in the macro `::uniffi::do_ffi_converter_forward` which comes from the expansion of the macro `::uniffi::ffi_converter_arc_forward` (in Nightly builds, run with -Z macro-backtrace for more info)
[INFO] [stdout] 
[INFO] [stdout] 
[INFO] [stdout] error[E0284]: type annotations needed
[INFO] [stdout]   --> /opt/rustwide/target/debug/build/main_lib-bfe6a9dabb4eef5c/out/main_lib.uniffi.rs:53:1
[INFO] [stdout]    |
[INFO] [stdout] 53 | ::uniffi::ffi_converter_arc_forward!(r#CommonTrait, ::r#shared_lib::UniFfiTag, crate::UniFfiTag);
[INFO] [stdout]    | ^^^^^^^^^^^^^^^^^^^^^^^^^^^^^^^^^^^^^^^^^^^^^^^^^^^^^^^^^^^^^^^^^^^^^^^^^^^^^^^^^^^^^^^^^^^^^^^^ cannot infer type
[INFO] [stdout]    |
[INFO] [stdout]    = note: cannot satisfy `<(dyn shared_lib::CommonTrait + 'static) as uniffi::FfiConverterArc<UniFfiTag>>::FfiType == _`
[INFO] [stdout]    = note: this error originates in the macro `::uniffi::do_ffi_converter_forward` which comes from the expansion of the macro `::uniffi::ffi_converter_arc_forward` (in Nightly builds, run with -Z macro-backtrace for more info)
[INFO] [stdout] 
[INFO] [stdout] 
[INFO] [stdout] error[E0284]: type annotations needed
[INFO] [stdout]   --> /opt/rustwide/target/debug/build/main_lib-bfe6a9dabb4eef5c/out/main_lib.uniffi.rs:53:1
[INFO] [stdout]    |
[INFO] [stdout] 53 | ::uniffi::ffi_converter_arc_forward!(r#CommonTrait, ::r#shared_lib::UniFfiTag, crate::UniFfiTag);
[INFO] [stdout]    | ^^^^^^^^^^^^^^^^^^^^^^^^^^^^^^^^^^^^^^^^^^^^^^^^^^^^^^^^^^^^^^^^^^^^^^^^^^^^^^^^^^^^^^^^^^^^^^^^ cannot infer type
[INFO] [stdout]    |
[INFO] [stdout]    = note: cannot satisfy `<(dyn shared_lib::CommonTrait + 'static) as uniffi::FfiConverterArc<UniFfiTag>>::FfiType == _`
[INFO] [stdout]    = note: this error originates in the macro `::uniffi::do_ffi_converter_forward` which comes from the expansion of the macro `::uniffi::ffi_converter_arc_forward` (in Nightly builds, run with -Z macro-backtrace for more info)
[INFO] [stdout] 
[INFO] [stdout] 
[INFO] [stdout] error[E0119]: conflicting implementations of trait `uniffi::FfiConverterArc<UniFfiTag>` for type `(dyn shared_lib::CommonTrait + 'static)`
[INFO] [stdout]   --> /opt/rustwide/target/debug/build/main_lib-bfe6a9dabb4eef5c/out/main_lib.uniffi.rs:53:1
[INFO] [stdout]    |
[INFO] [stdout] 53 | ::uniffi::ffi_converter_arc_forward!(r#CommonTrait, ::r#shared_lib::UniFfiTag, crate::UniFfiTag);
[INFO] [stdout]    | ^^^^^^^^^^^^^^^^^^^^^^^^^^^^^^^^^^^^^^^^^^^^^^^^^^^^^^^^^^^^^^^^^^^^^^^^^^^^^^^^^^^^^^^^^^^^^^^^
[INFO] [stdout]    |
[INFO] [stdout]    = note: conflicting implementation in crate `shared_lib`:
[INFO] [stdout]            - impl<T> uniffi::FfiConverterArc<T> for (dyn shared_lib::CommonTrait + 'static);
[INFO] [stdout]    = note: this error originates in the macro `::uniffi::do_ffi_converter_forward` which comes from the expansion of the macro `::uniffi::ffi_converter_arc_forward` (in Nightly builds, run with -Z macro-backtrace for more info)
[INFO] [stdout] 
[INFO] [stdout] 
[INFO] [stdout] error[E0284]: type annotations needed
[INFO] [stdout]   --> /opt/rustwide/target/debug/build/main_lib-bfe6a9dabb4eef5c/out/main_lib.uniffi.rs:53:1
[INFO] [stdout]    |
[INFO] [stdout] 53 | ::uniffi::ffi_converter_arc_forward!(r#CommonTrait, ::r#shared_lib::UniFfiTag, crate::UniFfiTag);
[INFO] [stdout]    | ^^^^^^^^^^^^^^^^^^^^^^^^^^^^^^^^^^^^^^^^^^^^^^^^^^^^^^^^^^^^^^^^^^^^^^^^^^^^^^^^^^^^^^^^^^^^^^^^ cannot infer type
[INFO] [stdout]    |
[INFO] [stdout]    = note: cannot satisfy `<(dyn shared_lib::CommonTrait + 'static) as uniffi::FfiConverterArc<UniFfiTag>>::FfiType == _`
[INFO] [stdout]    = note: this error originates in the macro `::uniffi::do_ffi_converter_forward` which comes from the expansion of the macro `::uniffi::ffi_converter_arc_forward` (in Nightly builds, run with -Z macro-backtrace for more info)
[INFO] [stdout] 
[INFO] [stdout] 
[INFO] [stdout] error[E0284]: type annotations needed
[INFO] [stdout]   --> /opt/rustwide/target/debug/build/main_lib-bfe6a9dabb4eef5c/out/main_lib.uniffi.rs:53:1
[INFO] [stdout]    |
[INFO] [stdout] 53 | ::uniffi::ffi_converter_arc_forward!(r#CommonTrait, ::r#shared_lib::UniFfiTag, crate::UniFfiTag);
[INFO] [stdout]    | ^^^^^^^^^^^^^^^^^^^^^^^^^^^^^^^^^^^^^^^^^^^^^^^^^^^^^^^^^^^^^^^^^^^^^^^^^^^^^^^^^^^^^^^^^^^^^^^^ cannot infer type
[INFO] [stdout]    |
[INFO] [stdout]    = note: cannot satisfy `<(dyn shared_lib::CommonTrait + 'static) as uniffi::FfiConverterArc<UniFfiTag>>::FfiType == _`
[INFO] [stdout]    = note: this error originates in the macro `::uniffi::do_ffi_converter_forward` which comes from the expansion of the macro `::uniffi::ffi_converter_arc_forward` (in Nightly builds, run with -Z macro-backtrace for more info)
[INFO] [stdout] 
[INFO] [stdout] 
[INFO] [stdout] error[E0782]: trait objects must include the `dyn` keyword
[INFO] [stdout]   --> /opt/rustwide/target/debug/build/main_lib-bfe6a9dabb4eef5c/out/main_lib.uniffi.rs:34:38
[INFO] [stdout]    |
[INFO] [stdout] 34 |     r#common_trait: ::std::sync::Arc<r#CommonTrait>,
[INFO] [stdout]    |                                      ^^^^^^^^^^^^^
[INFO] [stdout]    |
[INFO] [stdout] help: add `dyn` keyword before this trait
[INFO] [stdout]    |
[INFO] [stdout] 34 |     r#common_trait: ::std::sync::Arc<dyn r#CommonTrait>,
[INFO] [stdout]    |                                      +++
[INFO] [stdout] 
[INFO] [stdout] 
[INFO] [stdout] error[E0782]: trait objects must include the `dyn` keyword
[INFO] [stdout]   --> /opt/rustwide/target/debug/build/main_lib-bfe6a9dabb4eef5c/out/main_lib.uniffi.rs:53:38
[INFO] [stdout]    |
[INFO] [stdout] 53 | ::uniffi::ffi_converter_arc_forward!(r#CommonTrait, ::r#shared_lib::UniFfiTag, crate::UniFfiTag);
[INFO] [stdout]    |                                      ^^^^^^^^^^^^^
[INFO] [stdout]    |
[INFO] [stdout] help: add `dyn` keyword before this trait
[INFO] [stdout]    |
[INFO] [stdout] 53 | ::uniffi::ffi_converter_arc_forward!(dyn r#CommonTrait, ::r#shared_lib::UniFfiTag, crate::UniFfiTag);
[INFO] [stdout]    |                                      +++
[INFO] [stdout] 
[INFO] [stdout] 
[INFO] [stdout] error: aborting due to 10 previous errors
[INFO] [stdout] 
[INFO] [stdout] 
[INFO] [stdout] Some errors have detailed explanations: E0119, E0283, E0284, E0782.
[INFO] [stdout] 
[INFO] [stdout] For more information about an error, try `rustc --explain E0119`.
[INFO] [stdout] 
[INFO] [stderr] error: could not document `main_lib`
[INFO] [stderr] 
[INFO] [stderr] Caused by:
[INFO] [stderr]   process didn't exit successfully: `/opt/rustwide/rustup-home/toolchains/1.75.0-x86_64-unknown-linux-gnu/bin/rustdoc --edition=2021 --crate-type lib --crate-name main_lib main_lib/src/lib.rs -o /opt/rustwide/target/doc --error-format=json --json=diagnostic-rendered-ansi,artifacts,future-incompat --document-private-items -C metadata=0c81b88ef7a4091f -L dependency=/opt/rustwide/target/debug/deps --extern shared_lib=/opt/rustwide/target/debug/deps/libshared_lib-9066c8f3a91a97eb.rmeta --extern uniffi=/opt/rustwide/target/debug/deps/libuniffi-98e52e22fc909a00.rmeta --cap-lints=warn --crate-version 0.1.0` (exit status: 1)
[INFO] [stderr] warning: build failed, waiting for other jobs to finish...
[INFO] running `Command { std: "docker" "inspect" "d51585a6188af2902a83d3894965d40cbb6c681b44c893a0417b587d0d75ce91", kill_on_drop: false }`
[INFO] running `Command { std: "docker" "rm" "-f" "d51585a6188af2902a83d3894965d40cbb6c681b44c893a0417b587d0d75ce91", kill_on_drop: false }`
[INFO] [stdout] d51585a6188af2902a83d3894965d40cbb6c681b44c893a0417b587d0d75ce91
[INFO] documenting Voronar/uniffi_external_trait_interface against beta-2023-12-22 for beta-1.76-rustdoc-1
[INFO] running `Command { std: "git" "clone" "/workspace/cache/git-repos/https%3A%2F%2Fgithub.com%2FVoronar%2Funiffi_external_trait_interface" "/workspace/builds/worker-6-tc2/source", kill_on_drop: false }`
[INFO] [stderr] Cloning into '/workspace/builds/worker-6-tc2/source'...
[INFO] [stderr] done.
[INFO] validating manifest of git repo https://github.com/Voronar/uniffi_external_trait_interface on toolchain beta-2023-12-22
[INFO] running `Command { std: CARGO_HOME="/workspace/cargo-home" RUSTUP_HOME="/workspace/rustup-home" "/workspace/cargo-home/bin/cargo" "+beta-2023-12-22" "metadata" "--manifest-path" "Cargo.toml" "--no-deps", kill_on_drop: false }`
[INFO] started tweaking git repo https://github.com/Voronar/uniffi_external_trait_interface
[INFO] finished tweaking git repo https://github.com/Voronar/uniffi_external_trait_interface
[INFO] tweaked toml for git repo https://github.com/Voronar/uniffi_external_trait_interface written to /workspace/builds/worker-6-tc2/source/Cargo.toml
[INFO] crate git repo https://github.com/Voronar/uniffi_external_trait_interface already has a lockfile, it will not be regenerated
[INFO] running `Command { std: CARGO_HOME="/workspace/cargo-home" RUSTUP_HOME="/workspace/rustup-home" "/workspace/cargo-home/bin/cargo" "+beta-2023-12-22" "fetch" "--manifest-path" "Cargo.toml", kill_on_drop: false }`
[INFO] running `Command { std: "docker" "create" "-v" "/var/lib/crater-agent-workspace/builds/worker-6-tc2/target:/opt/rustwide/target:rw,Z" "-v" "/var/lib/crater-agent-workspace/builds/worker-6-tc2/source:/opt/rustwide/workdir:ro,Z" "-v" "/var/lib/crater-agent-workspace/cargo-home:/opt/rustwide/cargo-home:ro,Z" "-v" "/var/lib/crater-agent-workspace/rustup-home:/opt/rustwide/rustup-home:ro,Z" "-e" "SOURCE_DIR=/opt/rustwide/workdir" "-e" "CARGO_TARGET_DIR=/opt/rustwide/target" "-e" "CARGO_HOME=/opt/rustwide/cargo-home" "-e" "RUSTUP_HOME=/opt/rustwide/rustup-home" "-w" "/opt/rustwide/workdir" "-m" "1610612736" "--user" "0:0" "--network" "none" "ghcr.io/rust-lang/crates-build-env/linux@sha256:2788e3201cd34a07e3172128adcd8b3090168a8e3bcc40d7c032b9dda1df7d1c" "/opt/rustwide/cargo-home/bin/cargo" "+beta-2023-12-22" "metadata" "--no-deps" "--format-version=1", kill_on_drop: false }`
[INFO] [stdout] 4a59ffb9fff7046b7e82bbb60d50094aa1fc898913f2936fff721d8e3f18bd41
[INFO] running `Command { std: "docker" "start" "-a" "4a59ffb9fff7046b7e82bbb60d50094aa1fc898913f2936fff721d8e3f18bd41", kill_on_drop: false }`
[INFO] running `Command { std: "docker" "inspect" "4a59ffb9fff7046b7e82bbb60d50094aa1fc898913f2936fff721d8e3f18bd41", kill_on_drop: false }`
[INFO] running `Command { std: "docker" "rm" "-f" "4a59ffb9fff7046b7e82bbb60d50094aa1fc898913f2936fff721d8e3f18bd41", kill_on_drop: false }`
[INFO] [stdout] 4a59ffb9fff7046b7e82bbb60d50094aa1fc898913f2936fff721d8e3f18bd41
[INFO] running `Command { std: "docker" "create" "-v" "/var/lib/crater-agent-workspace/builds/worker-6-tc2/target:/opt/rustwide/target:rw,Z" "-v" "/var/lib/crater-agent-workspace/builds/worker-6-tc2/source:/opt/rustwide/workdir:ro,Z" "-v" "/var/lib/crater-agent-workspace/cargo-home:/opt/rustwide/cargo-home:ro,Z" "-v" "/var/lib/crater-agent-workspace/rustup-home:/opt/rustwide/rustup-home:ro,Z" "-e" "SOURCE_DIR=/opt/rustwide/workdir" "-e" "CARGO_TARGET_DIR=/opt/rustwide/target" "-e" "CARGO_INCREMENTAL=0" "-e" "RUST_BACKTRACE=full" "-e" "RUSTFLAGS=--cap-lints=warn" "-e" "RUSTDOCFLAGS=--cap-lints=warn" "-e" "CARGO_HOME=/opt/rustwide/cargo-home" "-e" "RUSTUP_HOME=/opt/rustwide/rustup-home" "-w" "/opt/rustwide/workdir" "-m" "1610612736" "--user" "0:0" "--network" "none" "ghcr.io/rust-lang/crates-build-env/linux@sha256:2788e3201cd34a07e3172128adcd8b3090168a8e3bcc40d7c032b9dda1df7d1c" "/opt/rustwide/cargo-home/bin/cargo" "+beta-2023-12-22" "doc" "--frozen" "--no-deps" "--document-private-items" "--message-format=json", kill_on_drop: false }`
[INFO] [stdout] 8988c807fb2835d624615039958f6890d553488acc03a04e4b7ecf784008c613
[INFO] running `Command { std: "docker" "start" "-a" "8988c807fb2835d624615039958f6890d553488acc03a04e4b7ecf784008c613", kill_on_drop: false }`
[INFO] [stderr]    Compiling proc-macro2 v1.0.69
[INFO] [stderr]    Compiling unicode-ident v1.0.12
[INFO] [stderr]    Compiling serde v1.0.190
[INFO] [stderr]    Compiling anyhow v1.0.75
[INFO] [stderr]    Compiling camino v1.1.6
[INFO] [stderr]    Compiling minimal-lexical v0.2.1
[INFO] [stderr]    Compiling memchr v2.6.4
[INFO] [stderr]    Compiling unicase v2.7.0
[INFO] [stderr]    Compiling semver v1.0.20
[INFO] [stderr]    Compiling serde_json v1.0.108
[INFO] [stderr]    Compiling thiserror v1.0.50
[INFO] [stderr]    Compiling ryu v1.0.15
[INFO] [stderr]    Compiling paste v1.0.14
[INFO] [stderr]    Compiling itoa v1.0.9
[INFO] [stderr]    Compiling mime_guess v2.0.4
[INFO] [stderr]    Compiling once_cell v1.18.0
[INFO] [stderr]    Compiling nom v7.1.3
[INFO] [stderr]    Compiling bytes v1.5.0
[INFO] [stderr]    Compiling mime v0.3.17
[INFO] [stderr]    Compiling siphasher v0.3.11
[INFO] [stderr]    Compiling quote v1.0.33
[INFO] [stderr]    Compiling fs-err v2.9.0
[INFO] [stderr]    Compiling log v0.4.20
[INFO] [stderr]    Compiling syn v2.0.38
[INFO] [stderr]    Compiling askama_escape v0.10.3
[INFO] [stderr]    Compiling plain v0.2.3
[INFO] [stderr]    Compiling heck v0.4.1
[INFO] [stderr]    Compiling glob v0.3.1
[INFO] [stderr]    Compiling static_assertions v1.1.0
[INFO] [stderr]    Compiling oneshot v0.1.6
[INFO] [stderr]     Checking uniffi_core v0.25.0 (https://github.com/mozilla/uniffi-rs?branch=main#10caead4)
[INFO] [stderr]    Compiling askama_parser v0.1.1
[INFO] [stderr]    Compiling weedle2 v4.0.0 (https://github.com/mozilla/uniffi-rs?branch=main#10caead4)
[INFO] [stderr]    Compiling serde_derive v1.0.190
[INFO] [stderr]    Compiling thiserror-impl v1.0.50
[INFO] [stderr]    Compiling uniffi_checksum_derive v0.25.0 (https://github.com/mozilla/uniffi-rs?branch=main#10caead4)
[INFO] [stderr]    Compiling scroll_derive v0.11.1
[INFO] [stderr]    Compiling uniffi_meta v0.25.0 (https://github.com/mozilla/uniffi-rs?branch=main#10caead4)
[INFO] [stderr]    Compiling scroll v0.11.0
[INFO] [stderr]    Compiling goblin v0.6.1
[INFO] [stderr]    Compiling cargo-platform v0.1.4
[INFO] [stderr]    Compiling basic-toml v0.1.7
[INFO] [stderr]    Compiling toml v0.5.11
[INFO] [stderr]    Compiling bincode v1.3.3
[INFO] [stderr]    Compiling askama_derive v0.12.2
[INFO] [stderr]    Compiling cargo_metadata v0.15.4
[INFO] [stderr]    Compiling uniffi_testing v0.25.0 (https://github.com/mozilla/uniffi-rs?branch=main#10caead4)
[INFO] [stderr]    Compiling uniffi_udl v0.25.0 (https://github.com/mozilla/uniffi-rs?branch=main#10caead4)
[INFO] [stderr]    Compiling askama v0.12.1
[INFO] [stderr]    Compiling uniffi_bindgen v0.25.0 (https://github.com/mozilla/uniffi-rs?branch=main#10caead4)
[INFO] [stderr]    Compiling uniffi_build v0.25.0 (https://github.com/mozilla/uniffi-rs?branch=main#10caead4)
[INFO] [stderr]    Compiling uniffi_macros v0.25.0 (https://github.com/mozilla/uniffi-rs?branch=main#10caead4)
[INFO] [stderr]    Compiling uniffi v0.25.0 (https://github.com/mozilla/uniffi-rs?branch=main#10caead4)
[INFO] [stderr]    Compiling shared_lib v0.1.0 (/opt/rustwide/workdir/shared_lib)
[INFO] [stderr]    Compiling main_lib v0.1.0 (/opt/rustwide/workdir/main_lib)
[INFO] [stderr]  Documenting shared_lib v0.1.0 (/opt/rustwide/workdir/shared_lib)
[INFO] [stderr]  Documenting main_lib v0.1.0 (/opt/rustwide/workdir/main_lib)
[INFO] [stdout] error[E0283]: type annotations needed: cannot satisfy `(dyn shared_lib::CommonTrait + 'static): uniffi::FfiConverterArc<UniFfiTag>`
[INFO] [stdout]   --> /opt/rustwide/target/debug/build/main_lib-a65e41936a142b8e/out/main_lib.uniffi.rs:32:1
[INFO] [stdout]    |
[INFO] [stdout] 32 | #[::uniffi::export_for_udl]
[INFO] [stdout]    | ^^^^^^^^^^^^^^^^^^^^^^^^^^^
[INFO] [stdout]    |
[INFO] [stdout] note: multiple `impl`s satisfying `(dyn shared_lib::CommonTrait + 'static): uniffi::FfiConverterArc<UniFfiTag>` found
[INFO] [stdout]   --> /opt/rustwide/target/debug/build/main_lib-a65e41936a142b8e/out/main_lib.uniffi.rs:53:1
[INFO] [stdout]    |
[INFO] [stdout] 53 | ::uniffi::ffi_converter_arc_forward!(r#CommonTrait, ::r#shared_lib::UniFfiTag, crate::UniFfiTag);
[INFO] [stdout]    | ^^^^^^^^^^^^^^^^^^^^^^^^^^^^^^^^^^^^^^^^^^^^^^^^^^^^^^^^^^^^^^^^^^^^^^^^^^^^^^^^^^^^^^^^^^^^^^^^
[INFO] [stdout]    = note: and another `impl` found in the `shared_lib` crate: `impl<T> uniffi::FfiConverterArc<T> for (dyn shared_lib::CommonTrait + 'static);`
[INFO] [stdout]    = note: required for `std::sync::Arc<(dyn shared_lib::CommonTrait + 'static)>` to implement `uniffi::FfiConverter<UniFfiTag>`
[INFO] [stdout]    = note: this error originates in the attribute macro `::uniffi::export_for_udl` which comes from the expansion of the macro `::uniffi::ffi_converter_arc_forward` (in Nightly builds, run with -Z macro-backtrace for more info)
[INFO] [stdout] 
[INFO] [stdout] 
[INFO] [stdout] error[E0283]: type annotations needed: cannot satisfy `(dyn shared_lib::CommonTrait + 'static): uniffi::FfiConverterArc<UniFfiTag>`
[INFO] [stdout]   --> /opt/rustwide/target/debug/build/main_lib-a65e41936a142b8e/out/main_lib.uniffi.rs:53:38
[INFO] [stdout]    |
[INFO] [stdout] 53 | ::uniffi::ffi_converter_arc_forward!(r#CommonTrait, ::r#shared_lib::UniFfiTag, crate::UniFfiTag);
[INFO] [stdout]    |                                      ^^^^^^^^^^^^^
[INFO] [stdout]    |
[INFO] [stdout] note: multiple `impl`s satisfying `(dyn shared_lib::CommonTrait + 'static): uniffi::FfiConverterArc<UniFfiTag>` found
[INFO] [stdout]   --> /opt/rustwide/target/debug/build/main_lib-a65e41936a142b8e/out/main_lib.uniffi.rs:53:1
[INFO] [stdout]    |
[INFO] [stdout] 53 | ::uniffi::ffi_converter_arc_forward!(r#CommonTrait, ::r#shared_lib::UniFfiTag, crate::UniFfiTag);
[INFO] [stdout]    | ^^^^^^^^^^^^^^^^^^^^^^^^^^^^^^^^^^^^^^^^^^^^^^^^^^^^^^^^^^^^^^^^^^^^^^^^^^^^^^^^^^^^^^^^^^^^^^^^
[INFO] [stdout]    = note: and another `impl` found in the `shared_lib` crate: `impl<T> uniffi::FfiConverterArc<T> for (dyn shared_lib::CommonTrait + 'static);`
[INFO] [stdout]    = note: this error originates in the macro `::uniffi::do_ffi_converter_forward` which comes from the expansion of the macro `::uniffi::ffi_converter_arc_forward` (in Nightly builds, run with -Z macro-backtrace for more info)
[INFO] [stdout] 
[INFO] [stdout] 
[INFO] [stdout] error[E0284]: type annotations needed
[INFO] [stdout]   --> /opt/rustwide/target/debug/build/main_lib-a65e41936a142b8e/out/main_lib.uniffi.rs:53:1
[INFO] [stdout]    |
[INFO] [stdout] 53 | ::uniffi::ffi_converter_arc_forward!(r#CommonTrait, ::r#shared_lib::UniFfiTag, crate::UniFfiTag);
[INFO] [stdout]    | ^^^^^^^^^^^^^^^^^^^^^^^^^^^^^^^^^^^^^^^^^^^^^^^^^^^^^^^^^^^^^^^^^^^^^^^^^^^^^^^^^^^^^^^^^^^^^^^^ cannot infer type
[INFO] [stdout]    |
[INFO] [stdout]    = note: cannot satisfy `<(dyn shared_lib::CommonTrait + 'static) as uniffi::FfiConverterArc<UniFfiTag>>::FfiType == _`
[INFO] [stdout]    = note: this error originates in the macro `::uniffi::do_ffi_converter_forward` which comes from the expansion of the macro `::uniffi::ffi_converter_arc_forward` (in Nightly builds, run with -Z macro-backtrace for more info)
[INFO] [stdout] 
[INFO] [stdout] 
[INFO] [stdout] error[E0284]: type annotations needed
[INFO] [stdout]   --> /opt/rustwide/target/debug/build/main_lib-a65e41936a142b8e/out/main_lib.uniffi.rs:53:1
[INFO] [stdout]    |
[INFO] [stdout] 53 | ::uniffi::ffi_converter_arc_forward!(r#CommonTrait, ::r#shared_lib::UniFfiTag, crate::UniFfiTag);
[INFO] [stdout]    | ^^^^^^^^^^^^^^^^^^^^^^^^^^^^^^^^^^^^^^^^^^^^^^^^^^^^^^^^^^^^^^^^^^^^^^^^^^^^^^^^^^^^^^^^^^^^^^^^ cannot infer type
[INFO] [stdout]    |
[INFO] [stdout]    = note: cannot satisfy `<(dyn shared_lib::CommonTrait + 'static) as uniffi::FfiConverterArc<UniFfiTag>>::FfiType == _`
[INFO] [stdout]    = note: this error originates in the macro `::uniffi::do_ffi_converter_forward` which comes from the expansion of the macro `::uniffi::ffi_converter_arc_forward` (in Nightly builds, run with -Z macro-backtrace for more info)
[INFO] [stdout] 
[INFO] [stdout] 
[INFO] [stdout] error[E0284]: type annotations needed
[INFO] [stdout]   --> /opt/rustwide/target/debug/build/main_lib-a65e41936a142b8e/out/main_lib.uniffi.rs:53:1
[INFO] [stdout]    |
[INFO] [stdout] 53 | ::uniffi::ffi_converter_arc_forward!(r#CommonTrait, ::r#shared_lib::UniFfiTag, crate::UniFfiTag);
[INFO] [stdout]    | ^^^^^^^^^^^^^^^^^^^^^^^^^^^^^^^^^^^^^^^^^^^^^^^^^^^^^^^^^^^^^^^^^^^^^^^^^^^^^^^^^^^^^^^^^^^^^^^^ cannot infer type
[INFO] [stdout]    |
[INFO] [stdout]    = note: cannot satisfy `<(dyn shared_lib::CommonTrait + 'static) as uniffi::FfiConverterArc<UniFfiTag>>::FfiType == _`
[INFO] [stdout]    = note: this error originates in the macro `::uniffi::do_ffi_converter_forward` which comes from the expansion of the macro `::uniffi::ffi_converter_arc_forward` (in Nightly builds, run with -Z macro-backtrace for more info)
[INFO] [stdout] 
[INFO] [stdout] 
[INFO] [stdout] error[E0119]: conflicting implementations of trait `uniffi::FfiConverterArc<UniFfiTag>` for type `(dyn shared_lib::CommonTrait + 'static)`
[INFO] [stdout]   --> /opt/rustwide/target/debug/build/main_lib-a65e41936a142b8e/out/main_lib.uniffi.rs:53:1
[INFO] [stdout]    |
[INFO] [stdout] 53 | ::uniffi::ffi_converter_arc_forward!(r#CommonTrait, ::r#shared_lib::UniFfiTag, crate::UniFfiTag);
[INFO] [stdout]    | ^^^^^^^^^^^^^^^^^^^^^^^^^^^^^^^^^^^^^^^^^^^^^^^^^^^^^^^^^^^^^^^^^^^^^^^^^^^^^^^^^^^^^^^^^^^^^^^^
[INFO] [stdout]    |
[INFO] [stdout]    = note: conflicting implementation in crate `shared_lib`:
[INFO] [stdout]            - impl<T> uniffi::FfiConverterArc<T> for (dyn shared_lib::CommonTrait + 'static);
[INFO] [stdout]    = note: this error originates in the macro `::uniffi::do_ffi_converter_forward` which comes from the expansion of the macro `::uniffi::ffi_converter_arc_forward` (in Nightly builds, run with -Z macro-backtrace for more info)
[INFO] [stdout] 
[INFO] [stdout] 
[INFO] [stdout] error[E0284]: type annotations needed
[INFO] [stdout]   --> /opt/rustwide/target/debug/build/main_lib-a65e41936a142b8e/out/main_lib.uniffi.rs:53:1
[INFO] [stdout]    |
[INFO] [stdout] 53 | ::uniffi::ffi_converter_arc_forward!(r#CommonTrait, ::r#shared_lib::UniFfiTag, crate::UniFfiTag);
[INFO] [stdout]    | ^^^^^^^^^^^^^^^^^^^^^^^^^^^^^^^^^^^^^^^^^^^^^^^^^^^^^^^^^^^^^^^^^^^^^^^^^^^^^^^^^^^^^^^^^^^^^^^^ cannot infer type
[INFO] [stdout]    |
[INFO] [stdout]    = note: cannot satisfy `<(dyn shared_lib::CommonTrait + 'static) as uniffi::FfiConverterArc<UniFfiTag>>::FfiType == _`
[INFO] [stdout]    = note: this error originates in the macro `::uniffi::do_ffi_converter_forward` which comes from the expansion of the macro `::uniffi::ffi_converter_arc_forward` (in Nightly builds, run with -Z macro-backtrace for more info)
[INFO] [stdout] 
[INFO] [stdout] 
[INFO] [stdout] error[E0284]: type annotations needed
[INFO] [stdout]   --> /opt/rustwide/target/debug/build/main_lib-a65e41936a142b8e/out/main_lib.uniffi.rs:53:1
[INFO] [stdout]    |
[INFO] [stdout] 53 | ::uniffi::ffi_converter_arc_forward!(r#CommonTrait, ::r#shared_lib::UniFfiTag, crate::UniFfiTag);
[INFO] [stdout]    | ^^^^^^^^^^^^^^^^^^^^^^^^^^^^^^^^^^^^^^^^^^^^^^^^^^^^^^^^^^^^^^^^^^^^^^^^^^^^^^^^^^^^^^^^^^^^^^^^ cannot infer type
[INFO] [stdout]    |
[INFO] [stdout]    = note: cannot satisfy `<(dyn shared_lib::CommonTrait + 'static) as uniffi::FfiConverterArc<UniFfiTag>>::FfiType == _`
[INFO] [stdout]    = note: this error originates in the macro `::uniffi::do_ffi_converter_forward` which comes from the expansion of the macro `::uniffi::ffi_converter_arc_forward` (in Nightly builds, run with -Z macro-backtrace for more info)
[INFO] [stdout] 
[INFO] [stdout] 
[INFO] [stdout] error[E0782]: trait objects must include the `dyn` keyword
[INFO] [stdout]   --> /opt/rustwide/target/debug/build/main_lib-a65e41936a142b8e/out/main_lib.uniffi.rs:34:38
[INFO] [stdout]    |
[INFO] [stdout] 34 |     r#common_trait: ::std::sync::Arc<r#CommonTrait>,
[INFO] [stdout]    |                                      ^^^^^^^^^^^^^
[INFO] [stdout]    |
[INFO] [stdout] help: add `dyn` keyword before this trait
[INFO] [stdout]    |
[INFO] [stdout] 34 |     r#common_trait: ::std::sync::Arc<dyn r#CommonTrait>,
[INFO] [stdout]    |                                      +++
[INFO] [stdout] 
[INFO] [stdout] 
[INFO] [stdout] error[E0782]: trait objects must include the `dyn` keyword
[INFO] [stdout]   --> /opt/rustwide/target/debug/build/main_lib-a65e41936a142b8e/out/main_lib.uniffi.rs:53:38
[INFO] [stdout]    |
[INFO] [stdout] 53 | ::uniffi::ffi_converter_arc_forward!(r#CommonTrait, ::r#shared_lib::UniFfiTag, crate::UniFfiTag);
[INFO] [stdout]    |                                      ^^^^^^^^^^^^^
[INFO] [stdout]    |
[INFO] [stdout] help: add `dyn` keyword before this trait
[INFO] [stdout]    |
[INFO] [stdout] 53 | ::uniffi::ffi_converter_arc_forward!(dyn r#CommonTrait, ::r#shared_lib::UniFfiTag, crate::UniFfiTag);
[INFO] [stdout]    |                                      +++
[INFO] [stdout] 
[INFO] [stdout] 
[INFO] [stdout] error: aborting due to 10 previous errors
[INFO] [stdout] 
[INFO] [stdout] 
[INFO] [stdout] Some errors have detailed explanations: E0119, E0283, E0284, E0782.
[INFO] [stdout] 
[INFO] [stdout] For more information about an error, try `rustc --explain E0119`.
[INFO] [stdout] 
[INFO] [stderr] error: could not document `main_lib`
[INFO] [stderr] 
[INFO] [stderr] Caused by:
[INFO] [stderr]   process didn't exit successfully: `/opt/rustwide/rustup-home/toolchains/beta-2023-12-22-x86_64-unknown-linux-gnu/bin/rustdoc --edition=2021 --crate-type lib --crate-name main_lib main_lib/src/lib.rs -o /opt/rustwide/target/doc --error-format=json --json=diagnostic-rendered-ansi,artifacts,future-incompat --document-private-items -C metadata=b38ac776e1ab27f8 -L dependency=/opt/rustwide/target/debug/deps --extern shared_lib=/opt/rustwide/target/debug/deps/libshared_lib-052db11caa5c7cbe.rmeta --extern uniffi=/opt/rustwide/target/debug/deps/libuniffi-f52be1cc15791e68.rmeta --cap-lints=warn --crate-version 0.1.0` (exit status: 1)
[INFO] [stderr] warning: build failed, waiting for other jobs to finish...
[INFO] running `Command { std: "docker" "inspect" "8988c807fb2835d624615039958f6890d553488acc03a04e4b7ecf784008c613", kill_on_drop: false }`
[INFO] running `Command { std: "docker" "rm" "-f" "8988c807fb2835d624615039958f6890d553488acc03a04e4b7ecf784008c613", kill_on_drop: false }`
[INFO] [stdout] 8988c807fb2835d624615039958f6890d553488acc03a04e4b7ecf784008c613
