[INFO] cloning repository https://github.com/VolanDeVovan/minecraft-bots
[INFO] running `Command { std: "git" "-c" "credential.helper=" "-c" "credential.helper=/workspace/cargo-home/bin/git-credential-null" "clone" "--bare" "https://github.com/VolanDeVovan/minecraft-bots" "/workspace/cache/git-repos/https%3A%2F%2Fgithub.com%2FVolanDeVovan%2Fminecraft-bots", kill_on_drop: false }`
[INFO] [stderr] Cloning into bare repository '/workspace/cache/git-repos/https%3A%2F%2Fgithub.com%2FVolanDeVovan%2Fminecraft-bots'...
[INFO] running `Command { std: "git" "rev-parse" "HEAD", kill_on_drop: false }`
[INFO] [stdout] d91a2f744988ca037a104f3e43036dadd0cb1bd8
[INFO] documenting VolanDeVovan/minecraft-bots against 1.75.0 for beta-1.76-rustdoc-1
[INFO] running `Command { std: "git" "clone" "/workspace/cache/git-repos/https%3A%2F%2Fgithub.com%2FVolanDeVovan%2Fminecraft-bots" "/workspace/builds/worker-0-tc1/source", kill_on_drop: false }`
[INFO] [stderr] Cloning into '/workspace/builds/worker-0-tc1/source'...
[INFO] [stderr] done.
[INFO] validating manifest of git repo https://github.com/VolanDeVovan/minecraft-bots on toolchain 1.75.0
[INFO] running `Command { std: CARGO_HOME="/workspace/cargo-home" RUSTUP_HOME="/workspace/rustup-home" "/workspace/cargo-home/bin/cargo" "+1.75.0" "metadata" "--manifest-path" "Cargo.toml" "--no-deps", kill_on_drop: false }`
[INFO] started tweaking git repo https://github.com/VolanDeVovan/minecraft-bots
[INFO] finished tweaking git repo https://github.com/VolanDeVovan/minecraft-bots
[INFO] tweaked toml for git repo https://github.com/VolanDeVovan/minecraft-bots written to /workspace/builds/worker-0-tc1/source/Cargo.toml
[INFO] crate git repo https://github.com/VolanDeVovan/minecraft-bots already has a lockfile, it will not be regenerated
[INFO] running `Command { std: CARGO_HOME="/workspace/cargo-home" RUSTUP_HOME="/workspace/rustup-home" "/workspace/cargo-home/bin/cargo" "+1.75.0" "fetch" "--manifest-path" "Cargo.toml", kill_on_drop: false }`
[INFO] [stderr]     Updating git repository `https://github.com/mat-1/azalea`
[INFO] [stderr]     Updating crates.io index
[INFO] [stderr]  Downloading crates ...
[INFO] [stderr]   Downloaded ansi-to-tui v2.0.0
[INFO] [stderr]   Downloaded priority-queue v1.3.0
[INFO] [stderr]   Downloaded rsa_public_encrypt_pkcs1 v0.4.0
[INFO] [stderr]   Downloaded typemap_rev v0.2.0
[INFO] [stderr]   Downloaded cfb8 v0.8.1
[INFO] running `Command { std: "docker" "create" "-v" "/var/lib/crater-agent-workspace/builds/worker-0-tc1/target:/opt/rustwide/target:rw,Z" "-v" "/var/lib/crater-agent-workspace/builds/worker-0-tc1/source:/opt/rustwide/workdir:ro,Z" "-v" "/var/lib/crater-agent-workspace/cargo-home:/opt/rustwide/cargo-home:ro,Z" "-v" "/var/lib/crater-agent-workspace/rustup-home:/opt/rustwide/rustup-home:ro,Z" "-e" "SOURCE_DIR=/opt/rustwide/workdir" "-e" "CARGO_TARGET_DIR=/opt/rustwide/target" "-e" "CARGO_HOME=/opt/rustwide/cargo-home" "-e" "RUSTUP_HOME=/opt/rustwide/rustup-home" "-w" "/opt/rustwide/workdir" "-m" "1610612736" "--user" "0:0" "--network" "none" "ghcr.io/rust-lang/crates-build-env/linux@sha256:2788e3201cd34a07e3172128adcd8b3090168a8e3bcc40d7c032b9dda1df7d1c" "/opt/rustwide/cargo-home/bin/cargo" "+1.75.0" "metadata" "--no-deps" "--format-version=1", kill_on_drop: false }`
[INFO] [stdout] ed7162506e91b53820da0302049a6d806bd2703e17ccf5ebd9d82c455339cb72
[INFO] running `Command { std: "docker" "start" "-a" "ed7162506e91b53820da0302049a6d806bd2703e17ccf5ebd9d82c455339cb72", kill_on_drop: false }`
[INFO] running `Command { std: "docker" "inspect" "ed7162506e91b53820da0302049a6d806bd2703e17ccf5ebd9d82c455339cb72", kill_on_drop: false }`
[INFO] running `Command { std: "docker" "rm" "-f" "ed7162506e91b53820da0302049a6d806bd2703e17ccf5ebd9d82c455339cb72", kill_on_drop: false }`
[INFO] [stdout] ed7162506e91b53820da0302049a6d806bd2703e17ccf5ebd9d82c455339cb72
[INFO] running `Command { std: "docker" "create" "-v" "/var/lib/crater-agent-workspace/builds/worker-0-tc1/target:/opt/rustwide/target:rw,Z" "-v" "/var/lib/crater-agent-workspace/builds/worker-0-tc1/source:/opt/rustwide/workdir:ro,Z" "-v" "/var/lib/crater-agent-workspace/cargo-home:/opt/rustwide/cargo-home:ro,Z" "-v" "/var/lib/crater-agent-workspace/rustup-home:/opt/rustwide/rustup-home:ro,Z" "-e" "SOURCE_DIR=/opt/rustwide/workdir" "-e" "CARGO_TARGET_DIR=/opt/rustwide/target" "-e" "CARGO_INCREMENTAL=0" "-e" "RUST_BACKTRACE=full" "-e" "RUSTFLAGS=--cap-lints=warn" "-e" "RUSTDOCFLAGS=--cap-lints=warn" "-e" "CARGO_HOME=/opt/rustwide/cargo-home" "-e" "RUSTUP_HOME=/opt/rustwide/rustup-home" "-w" "/opt/rustwide/workdir" "-m" "1610612736" "--user" "0:0" "--network" "none" "ghcr.io/rust-lang/crates-build-env/linux@sha256:2788e3201cd34a07e3172128adcd8b3090168a8e3bcc40d7c032b9dda1df7d1c" "/opt/rustwide/cargo-home/bin/cargo" "+1.75.0" "doc" "--frozen" "--no-deps" "--document-private-items" "--message-format=json", kill_on_drop: false }`
[INFO] [stdout] 447b561e060dd99018c98470d3b0860cd775c2cc00b496dbf36ac1b83ad9e13d
[INFO] running `Command { std: "docker" "start" "-a" "447b561e060dd99018c98470d3b0860cd775c2cc00b496dbf36ac1b83ad9e13d", kill_on_drop: false }`
[INFO] [stderr]    Compiling syn v1.0.103
[INFO] [stderr]    Compiling libc v0.2.137
[INFO] [stderr]     Checking once_cell v1.16.0
[INFO] [stderr]    Compiling cc v1.0.76
[INFO] [stderr]     Checking bytes v1.2.1
[INFO] [stderr]    Compiling tokio v1.22.0
[INFO] [stderr]    Compiling serde_derive v1.0.147
[INFO] [stderr]    Compiling num-traits v0.2.15
[INFO] [stderr]    Compiling serde v1.0.147
[INFO] [stderr]    Compiling serde_json v1.0.88
[INFO] [stderr]     Checking miniz_oxide v0.5.4
[INFO] [stderr]    Compiling futures-util v0.3.25
[INFO] [stderr]     Checking gimli v0.26.2
[INFO] [stderr]     Checking uuid v1.2.2
[INFO] [stderr]     Checking object v0.29.0
[INFO] [stderr]     Checking fixedbitset v0.4.2
[INFO] [stderr]     Checking tracing-core v0.1.30
[INFO] [stderr]     Checking rustc-demangle v0.1.21
[INFO] [stderr]    Compiling parking_lot_core v0.9.4
[INFO] [stderr]     Checking tinyvec v1.6.0
[INFO] [stderr]     Checking petgraph v0.6.2
[INFO] [stderr]    Compiling num-bigint v0.4.3
[INFO] [stderr]    Compiling openssl v0.10.42
[INFO] [stderr]     Checking unicode-bidi v0.3.8
[INFO] [stderr]     Checking http v0.2.8
[INFO] [stderr]    Compiling ahash v0.8.2
[INFO] [stderr]    Compiling num-iter v0.1.43
[INFO] [stderr]    Compiling num-rational v0.4.1
[INFO] [stderr]     Checking flate2 v1.0.24
[INFO] [stderr]     Checking inout v0.1.3
[INFO] [stderr]     Checking ipnet v2.5.1
[INFO] [stderr]    Compiling encoding_rs v0.8.31
[INFO] [stderr]     Checking cipher v0.4.3
[INFO] [stderr]    Compiling async-trait v0.1.58
[INFO] [stderr]    Compiling signal-hook v0.3.14
[INFO] [stderr]     Checking sha-1 v0.10.0
[INFO] [stderr]     Checking data-encoding v2.3.2
[INFO] [stderr]     Checking cfb8 v0.8.1
[INFO] [stderr]     Checking aes v0.8.2
[INFO] [stderr]     Checking nohash-hasher v0.2.0
[INFO] [stderr]     Checking lru-cache v0.1.2
[INFO] [stderr]    Compiling anyhow v1.0.66
[INFO] [stderr]     Checking aho-corasick v0.7.19
[INFO] [stderr]    Compiling priority-queue v1.3.0
[INFO] [stderr]     Checking mio v0.8.5
[INFO] [stderr]     Checking num_cpus v1.14.0
[INFO] [stderr]     Checking socket2 v0.4.7
[INFO] [stderr]     Checking getrandom v0.2.8
[INFO] [stderr]     Checking thread-id v4.0.0
[INFO] [stderr]     Checking unicode-normalization v0.1.22
[INFO] [stderr]     Checking rand_core v0.6.4
[INFO] [stderr]     Checking num-integer v0.1.45
[INFO] [stderr]     Checking num-complex v0.4.2
[INFO] [stderr]    Compiling openssl-sys v0.9.77
[INFO] [stderr]    Compiling backtrace v0.3.66
[INFO] [stderr]     Checking http-body v0.4.5
[INFO] [stderr]     Checking signal-hook-registry v1.4.0
[INFO] [stderr]     Checking rand_chacha v0.3.1
[INFO] [stderr]     Checking chrono v0.4.23
[INFO] [stderr]     Checking azalea-brigadier v0.4.0 (https://github.com/mat-1/azalea?branch=main#8fd88aea)
[INFO] [stderr]     Checking rand v0.8.5
[INFO] [stderr]     Checking idna v0.3.0
[INFO] [stderr]     Checking idna v0.2.3
[INFO] [stderr]     Checking signal-hook-mio v0.2.3
[INFO] [stderr]     Checking regex v1.7.0
[INFO] [stderr]     Checking cassowary v0.3.0
[INFO] [stderr]     Checking unicode-width v0.1.10
[INFO] [stderr]     Checking typemap_rev v0.2.0
[INFO] [stderr]     Checking os_str_bytes v6.4.1
[INFO] [stderr]     Checking unicode-segmentation v1.10.0
[INFO] [stderr]     Checking nom v7.1.1
[INFO] [stderr]     Checking clap_lex v0.3.0
[INFO] [stderr]    Compiling native-tls v0.2.11
[INFO] [stderr]     Checking atty v0.2.14
[INFO] [stderr]     Checking tracing-log v0.1.3
[INFO] [stderr]     Checking thread_local v1.1.4
[INFO] [stderr]     Checking termcolor v1.1.3
[INFO] [stderr]     Checking url v2.3.1
[INFO] [stderr]     Checking tracing-subscriber v0.3.16
[INFO] [stderr]     Checking addr2line v0.17.0
[INFO] [stderr]     Checking num v0.4.0
[INFO] [stderr]     Checking parking_lot v0.12.1
[INFO] [stderr]     Checking crossterm v0.25.0
[INFO] [stderr]     Checking tui v0.19.0
[INFO] [stderr]    Compiling proc-macro-error v1.0.4
[INFO] [stderr]    Compiling tokio-macros v1.8.0
[INFO] [stderr]    Compiling thiserror-impl v1.0.37
[INFO] [stderr]    Compiling futures-macro v0.3.25
[INFO] [stderr]    Compiling azalea-buf-macros v0.4.0 (https://github.com/mat-1/azalea?branch=main#8fd88aea)
[INFO] [stderr]    Compiling tracing-attributes v0.1.23
[INFO] [stderr]    Compiling openssl-macros v0.1.0
[INFO] [stderr]    Compiling num-derive v0.3.3
[INFO] [stderr]    Compiling enum-as-inner v0.5.1
[INFO] [stderr]    Compiling azalea-block-macros v0.4.0 (https://github.com/mat-1/azalea?branch=main#8fd88aea)
[INFO] [stderr]    Compiling azalea-registry-macros v0.4.0 (https://github.com/mat-1/azalea?branch=main#8fd88aea)
[INFO] [stderr]    Compiling async-recursion v1.0.0
[INFO] [stderr]    Compiling azalea-protocol-macros v0.4.0 (https://github.com/mat-1/azalea?branch=main#8fd88aea)
[INFO] [stderr]    Compiling clap_derive v4.0.21
[INFO] [stderr]     Checking thiserror v1.0.37
[INFO] [stderr]     Checking simple_asn1 v0.5.4
[INFO] [stderr]     Checking ansi-to-tui v2.0.0
[INFO] [stderr]     Checking tracing v0.1.37
[INFO] [stderr]     Checking rsa_public_encrypt_pkcs1 v0.4.0
[INFO] [stderr]     Checking clap v4.0.26
[INFO] [stderr]     Checking futures-executor v0.3.25
[INFO] [stderr]     Checking futures v0.3.25
[INFO] [stderr]     Checking tokio-util v0.7.4
[INFO] [stderr]     Checking tokio-native-tls v0.3.0
[INFO] [stderr]     Checking trust-dns-proto v0.22.0
[INFO] [stderr]     Checking async-compression v0.3.15
[INFO] [stderr]     Checking h2 v0.3.15
[INFO] [stderr]     Checking trust-dns-resolver v0.22.0
[INFO] [stderr]     Checking serde_urlencoded v0.7.1
[INFO] [stderr]     Checking hyper v0.14.23
[INFO] [stderr]     Checking azalea-buf v0.4.0 (https://github.com/mat-1/azalea?branch=main#8fd88aea)
[INFO] [stderr]     Checking azalea-language v0.4.0 (https://github.com/mat-1/azalea?branch=main#8fd88aea)
[INFO] [stdout] error[E0432]: unresolved import `thiserror`
[INFO] [stdout]    --> /opt/rustwide/cargo-home/git/checkouts/azalea-9c98d49f0595c880/8fd88ae/azalea-buf/src/read.rs:10:10
[INFO] [stdout]     |
[INFO] [stdout] 10  | #[derive(Error, Debug)]
[INFO] [stdout]     |          ^^^^^ no `ThiserrorProvide` in `__private`
[INFO] [stdout]     |
[INFO] [stdout] note: found an item that was configured out
[INFO] [stdout]    --> /opt/rustwide/cargo-home/registry/src/index.crates.io-6f17d22bba15001f/thiserror-1.0.37/src/lib.rs:253:29
[INFO] [stdout]     |
[INFO] [stdout] 253 |     pub use crate::provide::ThiserrorProvide;
[INFO] [stdout]     |                             ^^^^^^^^^^^^^^^^
[INFO] [stdout]     = note: this error originates in the derive macro `Error` (in Nightly builds, run with -Z macro-backtrace for more info)
[INFO] [stdout] 
[INFO] [stdout] 
[INFO] [stdout] error[E0412]: cannot find type `Demand` in module `std::any`
[INFO] [stdout]   --> /opt/rustwide/cargo-home/git/checkouts/azalea-9c98d49f0595c880/8fd88ae/azalea-buf/src/read.rs:10:10
[INFO] [stdout]    |
[INFO] [stdout] 10 | #[derive(Error, Debug)]
[INFO] [stdout]    |          ^^^^^ not found in `std::any`
[INFO] [stdout]    |
[INFO] [stdout]    = note: this error originates in the derive macro `Error` (in Nightly builds, run with -Z macro-backtrace for more info)
[INFO] [stdout] 
[INFO] [stdout] 
[INFO] [stdout] error[E0554]: `#![feature]` may not be used on the stable release channel
[INFO] [stdout]  --> /opt/rustwide/cargo-home/git/checkouts/azalea-9c98d49f0595c880/8fd88ae/azalea-buf/src/lib.rs:3:1
[INFO] [stdout]   |
[INFO] [stdout] 3 | #![feature(min_specialization)]
[INFO] [stdout]   | ^^^^^^^^^^^^^^^^^^^^^^^^^^^^^^^
[INFO] [stdout] 
[INFO] [stdout] 
[INFO] [stdout] error[E0554]: `#![feature]` may not be used on the stable release channel
[INFO] [stdout]  --> /opt/rustwide/cargo-home/git/checkouts/azalea-9c98d49f0595c880/8fd88ae/azalea-buf/src/lib.rs:5:1
[INFO] [stdout]   |
[INFO] [stdout] 5 | #![feature(error_generic_member_access)]
[INFO] [stdout]   | ^^^^^^^^^^^^^^^^^^^^^^^^^^^^^^^^^^^^^^^^
[INFO] [stdout] 
[INFO] [stdout] 
[INFO] [stdout] error[E0554]: `#![feature]` may not be used on the stable release channel
[INFO] [stdout]  --> /opt/rustwide/cargo-home/git/checkouts/azalea-9c98d49f0595c880/8fd88ae/azalea-buf/src/lib.rs:6:1
[INFO] [stdout]   |
[INFO] [stdout] 6 | #![feature(provide_any)]
[INFO] [stdout]   | ^^^^^^^^^^^^^^^^^^^^^^^^
[INFO] [stdout] 
[INFO] [stdout] 
[INFO] [stdout] error[E0554]: `#![feature]` may not be used on the stable release channel
[INFO] [stdout]  --> /opt/rustwide/cargo-home/git/checkouts/azalea-9c98d49f0595c880/8fd88ae/azalea-buf/src/lib.rs:5:12
[INFO] [stdout]   |
[INFO] [stdout] 5 | #![feature(error_generic_member_access)]
[INFO] [stdout]   |            ^^^^^^^^^^^^^^^^^^^^^^^^^^^
[INFO] [stdout] 
[INFO] [stdout] 
[INFO] [stdout] error[E0554]: `#![feature]` may not be used on the stable release channel
[INFO] [stdout]  --> /opt/rustwide/cargo-home/git/checkouts/azalea-9c98d49f0595c880/8fd88ae/azalea-buf/src/lib.rs:6:12
[INFO] [stdout]   |
[INFO] [stdout] 6 | #![feature(provide_any)]
[INFO] [stdout]   |            ^^^^^^^^^^^
[INFO] [stdout] 
[INFO] [stdout] 
[INFO] [stdout] error[E0635]: unknown feature `provide_any`
[INFO] [stdout]  --> /opt/rustwide/cargo-home/git/checkouts/azalea-9c98d49f0595c880/8fd88ae/azalea-buf/src/lib.rs:6:12
[INFO] [stdout]   |
[INFO] [stdout] 6 | #![feature(provide_any)]
[INFO] [stdout]   |            ^^^^^^^^^^^
[INFO] [stdout] 
[INFO] [stdout] 
[INFO] [stdout] error[E0599]: no method named `thiserror_provide` found for reference `&std::io::Error` in the current scope
[INFO] [stdout]   --> /opt/rustwide/cargo-home/git/checkouts/azalea-9c98d49f0595c880/8fd88ae/azalea-buf/src/read.rs:20:13
[INFO] [stdout]    |
[INFO] [stdout] 20 |     #[error("{0}")]
[INFO] [stdout]    |             ^^^^^ method not found in `&Error`
[INFO] [stdout] 
[INFO] [stdout] 
[INFO] [stdout] error: aborting due to 9 previous errors
[INFO] [stdout] 
[INFO] [stdout] 
[INFO] [stdout] Some errors have detailed explanations: E0412, E0432, E0554, E0599, E0635.
[INFO] [stdout] 
[INFO] [stdout] For more information about an error, try `rustc --explain E0412`.
[INFO] [stdout] 
[INFO] [stderr] error: could not compile `azalea-buf` (lib) due to 10 previous errors
[INFO] [stderr] warning: build failed, waiting for other jobs to finish...
[INFO] running `Command { std: "docker" "inspect" "447b561e060dd99018c98470d3b0860cd775c2cc00b496dbf36ac1b83ad9e13d", kill_on_drop: false }`
[INFO] running `Command { std: "docker" "rm" "-f" "447b561e060dd99018c98470d3b0860cd775c2cc00b496dbf36ac1b83ad9e13d", kill_on_drop: false }`
[INFO] [stdout] 447b561e060dd99018c98470d3b0860cd775c2cc00b496dbf36ac1b83ad9e13d
[INFO] documenting VolanDeVovan/minecraft-bots against beta-2023-12-22 for beta-1.76-rustdoc-1
[INFO] running `Command { std: "git" "clone" "/workspace/cache/git-repos/https%3A%2F%2Fgithub.com%2FVolanDeVovan%2Fminecraft-bots" "/workspace/builds/worker-0-tc2/source", kill_on_drop: false }`
[INFO] [stderr] Cloning into '/workspace/builds/worker-0-tc2/source'...
[INFO] [stderr] done.
[INFO] validating manifest of git repo https://github.com/VolanDeVovan/minecraft-bots on toolchain beta-2023-12-22
[INFO] running `Command { std: CARGO_HOME="/workspace/cargo-home" RUSTUP_HOME="/workspace/rustup-home" "/workspace/cargo-home/bin/cargo" "+beta-2023-12-22" "metadata" "--manifest-path" "Cargo.toml" "--no-deps", kill_on_drop: false }`
[INFO] started tweaking git repo https://github.com/VolanDeVovan/minecraft-bots
[INFO] finished tweaking git repo https://github.com/VolanDeVovan/minecraft-bots
[INFO] tweaked toml for git repo https://github.com/VolanDeVovan/minecraft-bots written to /workspace/builds/worker-0-tc2/source/Cargo.toml
[INFO] crate git repo https://github.com/VolanDeVovan/minecraft-bots already has a lockfile, it will not be regenerated
[INFO] running `Command { std: CARGO_HOME="/workspace/cargo-home" RUSTUP_HOME="/workspace/rustup-home" "/workspace/cargo-home/bin/cargo" "+beta-2023-12-22" "fetch" "--manifest-path" "Cargo.toml", kill_on_drop: false }`
[INFO] running `Command { std: "docker" "create" "-v" "/var/lib/crater-agent-workspace/builds/worker-0-tc2/target:/opt/rustwide/target:rw,Z" "-v" "/var/lib/crater-agent-workspace/builds/worker-0-tc2/source:/opt/rustwide/workdir:ro,Z" "-v" "/var/lib/crater-agent-workspace/cargo-home:/opt/rustwide/cargo-home:ro,Z" "-v" "/var/lib/crater-agent-workspace/rustup-home:/opt/rustwide/rustup-home:ro,Z" "-e" "SOURCE_DIR=/opt/rustwide/workdir" "-e" "CARGO_TARGET_DIR=/opt/rustwide/target" "-e" "CARGO_HOME=/opt/rustwide/cargo-home" "-e" "RUSTUP_HOME=/opt/rustwide/rustup-home" "-w" "/opt/rustwide/workdir" "-m" "1610612736" "--user" "0:0" "--network" "none" "ghcr.io/rust-lang/crates-build-env/linux@sha256:2788e3201cd34a07e3172128adcd8b3090168a8e3bcc40d7c032b9dda1df7d1c" "/opt/rustwide/cargo-home/bin/cargo" "+beta-2023-12-22" "metadata" "--no-deps" "--format-version=1", kill_on_drop: false }`
[INFO] [stdout] 2a85edc679275b67f59ae922a09c9e2461db301f1035c4e8ab71d91104539f6e
[INFO] running `Command { std: "docker" "start" "-a" "2a85edc679275b67f59ae922a09c9e2461db301f1035c4e8ab71d91104539f6e", kill_on_drop: false }`
[INFO] running `Command { std: "docker" "inspect" "2a85edc679275b67f59ae922a09c9e2461db301f1035c4e8ab71d91104539f6e", kill_on_drop: false }`
[INFO] running `Command { std: "docker" "rm" "-f" "2a85edc679275b67f59ae922a09c9e2461db301f1035c4e8ab71d91104539f6e", kill_on_drop: false }`
[INFO] [stdout] 2a85edc679275b67f59ae922a09c9e2461db301f1035c4e8ab71d91104539f6e
[INFO] running `Command { std: "docker" "create" "-v" "/var/lib/crater-agent-workspace/builds/worker-0-tc2/target:/opt/rustwide/target:rw,Z" "-v" "/var/lib/crater-agent-workspace/builds/worker-0-tc2/source:/opt/rustwide/workdir:ro,Z" "-v" "/var/lib/crater-agent-workspace/cargo-home:/opt/rustwide/cargo-home:ro,Z" "-v" "/var/lib/crater-agent-workspace/rustup-home:/opt/rustwide/rustup-home:ro,Z" "-e" "SOURCE_DIR=/opt/rustwide/workdir" "-e" "CARGO_TARGET_DIR=/opt/rustwide/target" "-e" "CARGO_INCREMENTAL=0" "-e" "RUST_BACKTRACE=full" "-e" "RUSTFLAGS=--cap-lints=warn" "-e" "RUSTDOCFLAGS=--cap-lints=warn" "-e" "CARGO_HOME=/opt/rustwide/cargo-home" "-e" "RUSTUP_HOME=/opt/rustwide/rustup-home" "-w" "/opt/rustwide/workdir" "-m" "1610612736" "--user" "0:0" "--network" "none" "ghcr.io/rust-lang/crates-build-env/linux@sha256:2788e3201cd34a07e3172128adcd8b3090168a8e3bcc40d7c032b9dda1df7d1c" "/opt/rustwide/cargo-home/bin/cargo" "+beta-2023-12-22" "doc" "--frozen" "--no-deps" "--document-private-items" "--message-format=json", kill_on_drop: false }`
[INFO] [stdout] 4d49d49d8390ed72fa45bee091f279c23da26b29c7e23121918bd62fc67128c7
[INFO] running `Command { std: "docker" "start" "-a" "4d49d49d8390ed72fa45bee091f279c23da26b29c7e23121918bd62fc67128c7", kill_on_drop: false }`
[INFO] [stderr]    Compiling syn v1.0.103
[INFO] [stderr]    Compiling libc v0.2.137
[INFO] [stderr]     Checking once_cell v1.16.0
[INFO] [stderr]    Compiling cc v1.0.76
[INFO] [stderr]     Checking bytes v1.2.1
[INFO] [stderr]    Compiling tokio v1.22.0
[INFO] [stderr]    Compiling serde_derive v1.0.147
[INFO] [stderr]    Compiling serde v1.0.147
[INFO] [stderr]    Compiling num-traits v0.2.15
[INFO] [stderr]    Compiling serde_json v1.0.88
[INFO] [stderr]     Checking miniz_oxide v0.5.4
[INFO] [stderr]    Compiling futures-util v0.3.25
[INFO] [stderr]     Checking gimli v0.26.2
[INFO] [stderr]     Checking uuid v1.2.2
[INFO] [stderr]     Checking object v0.29.0
[INFO] [stderr]     Checking rustc-demangle v0.1.21
[INFO] [stderr]     Checking tracing-core v0.1.30
[INFO] [stderr]     Checking fixedbitset v0.4.2
[INFO] [stderr]    Compiling parking_lot_core v0.9.4
[INFO] [stderr]     Checking tinyvec v1.6.0
[INFO] [stderr]    Compiling num-bigint v0.4.3
[INFO] [stderr]    Compiling openssl v0.10.42
[INFO] [stderr]     Checking petgraph v0.6.2
[INFO] [stderr]     Checking unicode-bidi v0.3.8
[INFO] [stderr]    Compiling ahash v0.8.2
[INFO] [stderr]    Compiling num-rational v0.4.1
[INFO] [stderr]     Checking http v0.2.8
[INFO] [stderr]    Compiling num-iter v0.1.43
[INFO] [stderr]     Checking flate2 v1.0.24
[INFO] [stderr]     Checking inout v0.1.3
[INFO] [stderr]    Compiling encoding_rs v0.8.31
[INFO] [stderr]     Checking cipher v0.4.3
[INFO] [stderr]    Compiling async-trait v0.1.58
[INFO] [stderr]     Checking ipnet v2.5.1
[INFO] [stderr]    Compiling signal-hook v0.3.14
[INFO] [stderr]     Checking aes v0.8.2
[INFO] [stderr]     Checking mio v0.8.5
[INFO] [stderr]     Checking num_cpus v1.14.0
[INFO] [stderr]     Checking socket2 v0.4.7
[INFO] [stderr]     Checking getrandom v0.2.8
[INFO] [stderr]     Checking thread-id v4.0.0
[INFO] [stderr]     Checking unicode-normalization v0.1.22
[INFO] [stderr]     Checking signal-hook-registry v1.4.0
[INFO] [stderr]     Checking cfb8 v0.8.1
[INFO] [stderr]     Checking sha-1 v0.10.0
[INFO] [stderr]     Checking http-body v0.4.5
[INFO] [stderr]     Checking data-encoding v2.3.2
[INFO] [stderr]     Checking rand_core v0.6.4
[INFO] [stderr]     Checking num-integer v0.1.45
[INFO] [stderr]     Checking num-complex v0.4.2
[INFO] [stderr]    Compiling backtrace v0.3.66
[INFO] [stderr]    Compiling openssl-sys v0.9.77
[INFO] [stderr]     Checking rand_chacha v0.3.1
[INFO] [stderr]     Checking nohash-hasher v0.2.0
[INFO] [stderr]     Checking lru-cache v0.1.2
[INFO] [stderr]    Compiling anyhow v1.0.66
[INFO] [stderr]     Checking aho-corasick v0.7.19
[INFO] [stderr]    Compiling priority-queue v1.3.0
[INFO] [stderr]     Checking chrono v0.4.23
[INFO] [stderr]     Checking idna v0.3.0
[INFO] [stderr]     Checking rand v0.8.5
[INFO] [stderr]     Checking idna v0.2.3
[INFO] [stderr]     Checking signal-hook-mio v0.2.3
[INFO] [stderr]     Checking azalea-brigadier v0.4.0 (https://github.com/mat-1/azalea?branch=main#8fd88aea)
[INFO] [stderr]     Checking unicode-width v0.1.10
[INFO] [stderr]     Checking typemap_rev v0.2.0
[INFO] [stderr]     Checking os_str_bytes v6.4.1
[INFO] [stderr]     Checking cassowary v0.3.0
[INFO] [stderr]     Checking url v2.3.1
[INFO] [stderr]     Checking unicode-segmentation v1.10.0
[INFO] [stderr]     Checking addr2line v0.17.0
[INFO] [stderr]    Compiling native-tls v0.2.11
[INFO] [stderr]     Checking nom v7.1.1
[INFO] [stderr]     Checking atty v0.2.14
[INFO] [stderr]     Checking clap_lex v0.3.0
[INFO] [stderr]     Checking regex v1.7.0
[INFO] [stderr]     Checking tracing-log v0.1.3
[INFO] [stderr]     Checking thread_local v1.1.4
[INFO] [stderr]     Checking termcolor v1.1.3
[INFO] [stderr]     Checking tracing-subscriber v0.3.16
[INFO] [stderr]     Checking num v0.4.0
[INFO] [stderr]     Checking parking_lot v0.12.1
[INFO] [stderr]     Checking crossterm v0.25.0
[INFO] [stderr]    Compiling proc-macro-error v1.0.4
[INFO] [stderr]     Checking tui v0.19.0
[INFO] [stderr]    Compiling tokio-macros v1.8.0
[INFO] [stderr]    Compiling thiserror-impl v1.0.37
[INFO] [stderr]    Compiling azalea-buf-macros v0.4.0 (https://github.com/mat-1/azalea?branch=main#8fd88aea)
[INFO] [stderr]    Compiling futures-macro v0.3.25
[INFO] [stderr]    Compiling tracing-attributes v0.1.23
[INFO] [stderr]    Compiling openssl-macros v0.1.0
[INFO] [stderr]    Compiling num-derive v0.3.3
[INFO] [stderr]    Compiling enum-as-inner v0.5.1
[INFO] [stderr]    Compiling azalea-block-macros v0.4.0 (https://github.com/mat-1/azalea?branch=main#8fd88aea)
[INFO] [stderr]    Compiling azalea-registry-macros v0.4.0 (https://github.com/mat-1/azalea?branch=main#8fd88aea)
[INFO] [stderr]    Compiling async-recursion v1.0.0
[INFO] [stderr]    Compiling azalea-protocol-macros v0.4.0 (https://github.com/mat-1/azalea?branch=main#8fd88aea)
[INFO] [stderr]    Compiling clap_derive v4.0.21
[INFO] [stderr]     Checking thiserror v1.0.37
[INFO] [stderr]     Checking tracing v0.1.37
[INFO] [stderr]     Checking simple_asn1 v0.5.4
[INFO] [stderr]     Checking ansi-to-tui v2.0.0
[INFO] [stderr]     Checking rsa_public_encrypt_pkcs1 v0.4.0
[INFO] [stderr]     Checking clap v4.0.26
[INFO] [stderr]     Checking futures-executor v0.3.25
[INFO] [stderr]     Checking futures v0.3.25
[INFO] [stderr]     Checking tokio-util v0.7.4
[INFO] [stderr]     Checking tokio-native-tls v0.3.0
[INFO] [stderr]     Checking trust-dns-proto v0.22.0
[INFO] [stderr]     Checking async-compression v0.3.15
[INFO] [stderr]     Checking h2 v0.3.15
[INFO] [stderr]     Checking serde_urlencoded v0.7.1
[INFO] [stderr]     Checking trust-dns-resolver v0.22.0
[INFO] [stderr]     Checking azalea-buf v0.4.0 (https://github.com/mat-1/azalea?branch=main#8fd88aea)
[INFO] [stderr]     Checking azalea-language v0.4.0 (https://github.com/mat-1/azalea?branch=main#8fd88aea)
[INFO] [stdout] error[E0432]: unresolved import `thiserror`
[INFO] [stdout]    --> /opt/rustwide/cargo-home/git/checkouts/azalea-9c98d49f0595c880/8fd88ae/azalea-buf/src/read.rs:10:10
[INFO] [stdout]     |
[INFO] [stdout] 10  | #[derive(Error, Debug)]
[INFO] [stdout]     |          ^^^^^ no `ThiserrorProvide` in `__private`
[INFO] [stdout]     |
[INFO] [stdout] note: found an item that was configured out
[INFO] [stdout]    --> /opt/rustwide/cargo-home/registry/src/index.crates.io-6f17d22bba15001f/thiserror-1.0.37/src/lib.rs:253:29
[INFO] [stdout]     |
[INFO] [stdout] 253 |     pub use crate::provide::ThiserrorProvide;
[INFO] [stdout]     |                             ^^^^^^^^^^^^^^^^
[INFO] [stdout]     = note: this error originates in the derive macro `Error` (in Nightly builds, run with -Z macro-backtrace for more info)
[INFO] [stdout] 
[INFO] [stdout] 
[INFO] [stdout] error[E0412]: cannot find type `Demand` in module `std::any`
[INFO] [stdout]   --> /opt/rustwide/cargo-home/git/checkouts/azalea-9c98d49f0595c880/8fd88ae/azalea-buf/src/read.rs:10:10
[INFO] [stdout]    |
[INFO] [stdout] 10 | #[derive(Error, Debug)]
[INFO] [stdout]    |          ^^^^^ not found in `std::any`
[INFO] [stdout]    |
[INFO] [stdout]    = note: this error originates in the derive macro `Error` (in Nightly builds, run with -Z macro-backtrace for more info)
[INFO] [stdout] 
[INFO] [stdout] 
[INFO] [stdout] error[E0554]: `#![feature]` may not be used on the beta release channel
[INFO] [stdout]  --> /opt/rustwide/cargo-home/git/checkouts/azalea-9c98d49f0595c880/8fd88ae/azalea-buf/src/lib.rs:3:1
[INFO] [stdout]   |
[INFO] [stdout] 3 | #![feature(min_specialization)]
[INFO] [stdout]   | ^^^^^^^^^^^^^^^^^^^^^^^^^^^^^^^
[INFO] [stdout] 
[INFO] [stdout] 
[INFO] [stdout] error[E0554]: `#![feature]` may not be used on the beta release channel
[INFO] [stdout]  --> /opt/rustwide/cargo-home/git/checkouts/azalea-9c98d49f0595c880/8fd88ae/azalea-buf/src/lib.rs:5:1
[INFO] [stdout]   |
[INFO] [stdout] 5 | #![feature(error_generic_member_access)]
[INFO] [stdout]   | ^^^^^^^^^^^^^^^^^^^^^^^^^^^^^^^^^^^^^^^^
[INFO] [stdout] 
[INFO] [stdout] 
[INFO] [stdout] error[E0554]: `#![feature]` may not be used on the beta release channel
[INFO] [stdout]  --> /opt/rustwide/cargo-home/git/checkouts/azalea-9c98d49f0595c880/8fd88ae/azalea-buf/src/lib.rs:6:1
[INFO] [stdout]   |
[INFO] [stdout] 6 | #![feature(provide_any)]
[INFO] [stdout]   | ^^^^^^^^^^^^^^^^^^^^^^^^
[INFO] [stdout] 
[INFO] [stdout] 
[INFO] [stdout] error[E0554]: `#![feature]` may not be used on the beta release channel
[INFO] [stdout]  --> /opt/rustwide/cargo-home/git/checkouts/azalea-9c98d49f0595c880/8fd88ae/azalea-buf/src/lib.rs:5:12
[INFO] [stdout]   |
[INFO] [stdout] 5 | #![feature(error_generic_member_access)]
[INFO] [stdout]   |            ^^^^^^^^^^^^^^^^^^^^^^^^^^^
[INFO] [stdout] 
[INFO] [stdout] 
[INFO] [stdout] error[E0554]: `#![feature]` may not be used on the beta release channel
[INFO] [stdout]  --> /opt/rustwide/cargo-home/git/checkouts/azalea-9c98d49f0595c880/8fd88ae/azalea-buf/src/lib.rs:6:12
[INFO] [stdout]   |
[INFO] [stdout] 6 | #![feature(provide_any)]
[INFO] [stdout]   |            ^^^^^^^^^^^
[INFO] [stdout] 
[INFO] [stdout] 
[INFO] [stdout] error[E0635]: unknown feature `provide_any`
[INFO] [stdout]  --> /opt/rustwide/cargo-home/git/checkouts/azalea-9c98d49f0595c880/8fd88ae/azalea-buf/src/lib.rs:6:12
[INFO] [stdout]   |
[INFO] [stdout] 6 | #![feature(provide_any)]
[INFO] [stdout]   |            ^^^^^^^^^^^
[INFO] [stdout] 
[INFO] [stdout] 
[INFO] [stdout] error[E0599]: no method named `thiserror_provide` found for reference `&std::io::Error` in the current scope
[INFO] [stdout]   --> /opt/rustwide/cargo-home/git/checkouts/azalea-9c98d49f0595c880/8fd88ae/azalea-buf/src/read.rs:20:13
[INFO] [stdout]    |
[INFO] [stdout] 20 |     #[error("{0}")]
[INFO] [stdout]    |             ^^^^^ method not found in `&Error`
[INFO] [stdout] 
[INFO] [stdout] 
[INFO] [stdout] error: aborting due to 9 previous errors
[INFO] [stdout] 
[INFO] [stdout] 
[INFO] [stdout] Some errors have detailed explanations: E0412, E0432, E0554, E0599, E0635.
[INFO] [stdout] 
[INFO] [stdout] For more information about an error, try `rustc --explain E0412`.
[INFO] [stdout] 
[INFO] [stderr] error: could not compile `azalea-buf` (lib) due to 10 previous errors
[INFO] [stderr] warning: build failed, waiting for other jobs to finish...
[INFO] running `Command { std: "docker" "inspect" "4d49d49d8390ed72fa45bee091f279c23da26b29c7e23121918bd62fc67128c7", kill_on_drop: false }`
[INFO] running `Command { std: "docker" "rm" "-f" "4d49d49d8390ed72fa45bee091f279c23da26b29c7e23121918bd62fc67128c7", kill_on_drop: false }`
[INFO] [stdout] 4d49d49d8390ed72fa45bee091f279c23da26b29c7e23121918bd62fc67128c7
