[INFO] cloning repository https://github.com/Vinatorul/Mageon
[INFO] running `Command { std: "git" "-c" "credential.helper=" "-c" "credential.helper=/workspace/cargo-home/bin/git-credential-null" "clone" "--bare" "https://github.com/Vinatorul/Mageon" "/workspace/cache/git-repos/https%3A%2F%2Fgithub.com%2FVinatorul%2FMageon", kill_on_drop: false }`
[INFO] [stderr] Cloning into bare repository '/workspace/cache/git-repos/https%3A%2F%2Fgithub.com%2FVinatorul%2FMageon'...
[INFO] running `Command { std: "git" "rev-parse" "HEAD", kill_on_drop: false }`
[INFO] [stdout] 1ac29318372d667aa3d09800f80ccb8b6234735d
[INFO] documenting Vinatorul/Mageon against 1.75.0 for beta-1.76-rustdoc-1
[INFO] running `Command { std: "git" "clone" "/workspace/cache/git-repos/https%3A%2F%2Fgithub.com%2FVinatorul%2FMageon" "/workspace/builds/worker-4-tc1/source", kill_on_drop: false }`
[INFO] [stderr] Cloning into '/workspace/builds/worker-4-tc1/source'...
[INFO] [stderr] done.
[INFO] validating manifest of git repo https://github.com/Vinatorul/Mageon on toolchain 1.75.0
[INFO] running `Command { std: CARGO_HOME="/workspace/cargo-home" RUSTUP_HOME="/workspace/rustup-home" "/workspace/cargo-home/bin/cargo" "+1.75.0" "metadata" "--manifest-path" "Cargo.toml" "--no-deps", kill_on_drop: false }`
[INFO] started tweaking git repo https://github.com/Vinatorul/Mageon
[INFO] finished tweaking git repo https://github.com/Vinatorul/Mageon
[INFO] tweaked toml for git repo https://github.com/Vinatorul/Mageon written to /workspace/builds/worker-4-tc1/source/Cargo.toml
[INFO] crate git repo https://github.com/Vinatorul/Mageon already has a lockfile, it will not be regenerated
[INFO] running `Command { std: CARGO_HOME="/workspace/cargo-home" RUSTUP_HOME="/workspace/rustup-home" "/workspace/cargo-home/bin/cargo" "+1.75.0" "fetch" "--manifest-path" "Cargo.toml", kill_on_drop: false }`
[INFO] [stderr]     Updating git repository `https://github.com/Vinatorul/dungeon-generator-rs.git`
[INFO] [stderr]     Updating crates.io index
[INFO] [stderr]     Updating git repository `https://github.com/Vinatorul/tileengine-rs`
[INFO] [stderr]  Downloading crates ...
[INFO] [stderr]   Downloaded num v0.1.31
[INFO] [stderr]   Downloaded libc v0.2.8
[INFO] [stderr]   Downloaded winapi v0.2.5
[INFO] [stderr]   Downloaded time v0.1.34
[INFO] [stderr]   Downloaded sdl2-sys v0.8.1
[INFO] [stderr]   Downloaded sdl2 v0.15.0
[INFO] [stderr]   Downloaded chrono v0.2.20
[INFO] [stderr]   Downloaded sdl2_image v1.1.0
[INFO] running `Command { std: "docker" "create" "-v" "/var/lib/crater-agent-workspace/builds/worker-4-tc1/target:/opt/rustwide/target:rw,Z" "-v" "/var/lib/crater-agent-workspace/builds/worker-4-tc1/source:/opt/rustwide/workdir:ro,Z" "-v" "/var/lib/crater-agent-workspace/cargo-home:/opt/rustwide/cargo-home:ro,Z" "-v" "/var/lib/crater-agent-workspace/rustup-home:/opt/rustwide/rustup-home:ro,Z" "-e" "SOURCE_DIR=/opt/rustwide/workdir" "-e" "CARGO_TARGET_DIR=/opt/rustwide/target" "-e" "CARGO_HOME=/opt/rustwide/cargo-home" "-e" "RUSTUP_HOME=/opt/rustwide/rustup-home" "-w" "/opt/rustwide/workdir" "-m" "1610612736" "--user" "0:0" "--network" "none" "ghcr.io/rust-lang/crates-build-env/linux@sha256:2788e3201cd34a07e3172128adcd8b3090168a8e3bcc40d7c032b9dda1df7d1c" "/opt/rustwide/cargo-home/bin/cargo" "+1.75.0" "metadata" "--no-deps" "--format-version=1", kill_on_drop: false }`
[INFO] [stdout] ff2f20a94577909bdb07d83422c18aa6bec9e892d589e7e6eb73aaeb975eb62a
[INFO] running `Command { std: "docker" "start" "-a" "ff2f20a94577909bdb07d83422c18aa6bec9e892d589e7e6eb73aaeb975eb62a", kill_on_drop: false }`
[INFO] running `Command { std: "docker" "inspect" "ff2f20a94577909bdb07d83422c18aa6bec9e892d589e7e6eb73aaeb975eb62a", kill_on_drop: false }`
[INFO] running `Command { std: "docker" "rm" "-f" "ff2f20a94577909bdb07d83422c18aa6bec9e892d589e7e6eb73aaeb975eb62a", kill_on_drop: false }`
[INFO] [stdout] ff2f20a94577909bdb07d83422c18aa6bec9e892d589e7e6eb73aaeb975eb62a
[INFO] running `Command { std: "docker" "create" "-v" "/var/lib/crater-agent-workspace/builds/worker-4-tc1/target:/opt/rustwide/target:rw,Z" "-v" "/var/lib/crater-agent-workspace/builds/worker-4-tc1/source:/opt/rustwide/workdir:ro,Z" "-v" "/var/lib/crater-agent-workspace/cargo-home:/opt/rustwide/cargo-home:ro,Z" "-v" "/var/lib/crater-agent-workspace/rustup-home:/opt/rustwide/rustup-home:ro,Z" "-e" "SOURCE_DIR=/opt/rustwide/workdir" "-e" "CARGO_TARGET_DIR=/opt/rustwide/target" "-e" "CARGO_INCREMENTAL=0" "-e" "RUST_BACKTRACE=full" "-e" "RUSTFLAGS=--cap-lints=warn" "-e" "RUSTDOCFLAGS=--cap-lints=warn" "-e" "CARGO_HOME=/opt/rustwide/cargo-home" "-e" "RUSTUP_HOME=/opt/rustwide/rustup-home" "-w" "/opt/rustwide/workdir" "-m" "1610612736" "--user" "0:0" "--network" "none" "ghcr.io/rust-lang/crates-build-env/linux@sha256:2788e3201cd34a07e3172128adcd8b3090168a8e3bcc40d7c032b9dda1df7d1c" "/opt/rustwide/cargo-home/bin/cargo" "+1.75.0" "doc" "--frozen" "--no-deps" "--document-private-items" "--message-format=json", kill_on_drop: false }`
[INFO] [stdout] c4a144c6e6096dc3cd789693861bf0332b465f02793c9befe1aba8518109f8c1
[INFO] running `Command { std: "docker" "start" "-a" "c4a144c6e6096dc3cd789693861bf0332b465f02793c9befe1aba8518109f8c1", kill_on_drop: false }`
[INFO] [stderr]     Checking libc v0.2.8
[INFO] [stderr]    Compiling winapi-build v0.1.1
[INFO] [stderr]     Checking rustc-serialize v0.3.18
[INFO] [stderr]    Compiling sdl2-sys v0.8.1
[INFO] [stderr]     Checking winapi v0.2.5
[INFO] [stderr]     Checking bitflags v0.3.3
[INFO] [stderr]     Checking lazy_static v0.1.15
[INFO] [stderr]     Checking tile_engine v0.1.0 (https://github.com/Vinatorul/tileengine-rs#d68a728d)
[INFO] [stdout] error[E0642]: patterns aren't allowed in functions without bodies
[INFO] [stdout]    --> /opt/rustwide/cargo-home/registry/src/index.crates.io-6f17d22bba15001f/rustc-serialize-0.3.18/src/serialize.rs:145:45
[INFO] [stdout]     |
[INFO] [stdout] 145 | ...                   &f_name: &str,
[INFO] [stdout]     |                       ^^^^^^^ pattern not allowed in function without body
[INFO] [stdout] 
[INFO] [stdout] 
[INFO] [stderr]    Compiling kernel32-sys v0.2.1
[INFO] [stderr]     Checking rand v0.3.14
[INFO] [stderr]     Checking time v0.1.34
[INFO] [stderr]     Checking dungeon-generator v0.1.0 (https://github.com/Vinatorul/dungeon-generator-rs.git#7ef18084)
[INFO] [stdout] error: aborting due to previous error
[INFO] [stdout] 
[INFO] [stdout] 
[INFO] [stdout] For more information about this error, try `rustc --explain E0642`.
[INFO] [stdout] 
[INFO] [stderr] error: could not compile `rustc-serialize` (lib) due to 2 previous errors; 1 warning emitted
[INFO] running `Command { std: "docker" "inspect" "c4a144c6e6096dc3cd789693861bf0332b465f02793c9befe1aba8518109f8c1", kill_on_drop: false }`
[INFO] running `Command { std: "docker" "rm" "-f" "c4a144c6e6096dc3cd789693861bf0332b465f02793c9befe1aba8518109f8c1", kill_on_drop: false }`
[INFO] [stdout] c4a144c6e6096dc3cd789693861bf0332b465f02793c9befe1aba8518109f8c1
[INFO] documenting Vinatorul/Mageon against beta-2023-12-22 for beta-1.76-rustdoc-1
[INFO] running `Command { std: "git" "clone" "/workspace/cache/git-repos/https%3A%2F%2Fgithub.com%2FVinatorul%2FMageon" "/workspace/builds/worker-4-tc2/source", kill_on_drop: false }`
[INFO] [stderr] Cloning into '/workspace/builds/worker-4-tc2/source'...
[INFO] [stderr] done.
[INFO] validating manifest of git repo https://github.com/Vinatorul/Mageon on toolchain beta-2023-12-22
[INFO] running `Command { std: CARGO_HOME="/workspace/cargo-home" RUSTUP_HOME="/workspace/rustup-home" "/workspace/cargo-home/bin/cargo" "+beta-2023-12-22" "metadata" "--manifest-path" "Cargo.toml" "--no-deps", kill_on_drop: false }`
[INFO] started tweaking git repo https://github.com/Vinatorul/Mageon
[INFO] finished tweaking git repo https://github.com/Vinatorul/Mageon
[INFO] tweaked toml for git repo https://github.com/Vinatorul/Mageon written to /workspace/builds/worker-4-tc2/source/Cargo.toml
[INFO] crate git repo https://github.com/Vinatorul/Mageon already has a lockfile, it will not be regenerated
[INFO] running `Command { std: CARGO_HOME="/workspace/cargo-home" RUSTUP_HOME="/workspace/rustup-home" "/workspace/cargo-home/bin/cargo" "+beta-2023-12-22" "fetch" "--manifest-path" "Cargo.toml", kill_on_drop: false }`
[INFO] running `Command { std: "docker" "create" "-v" "/var/lib/crater-agent-workspace/builds/worker-4-tc2/target:/opt/rustwide/target:rw,Z" "-v" "/var/lib/crater-agent-workspace/builds/worker-4-tc2/source:/opt/rustwide/workdir:ro,Z" "-v" "/var/lib/crater-agent-workspace/cargo-home:/opt/rustwide/cargo-home:ro,Z" "-v" "/var/lib/crater-agent-workspace/rustup-home:/opt/rustwide/rustup-home:ro,Z" "-e" "SOURCE_DIR=/opt/rustwide/workdir" "-e" "CARGO_TARGET_DIR=/opt/rustwide/target" "-e" "CARGO_HOME=/opt/rustwide/cargo-home" "-e" "RUSTUP_HOME=/opt/rustwide/rustup-home" "-w" "/opt/rustwide/workdir" "-m" "1610612736" "--user" "0:0" "--network" "none" "ghcr.io/rust-lang/crates-build-env/linux@sha256:2788e3201cd34a07e3172128adcd8b3090168a8e3bcc40d7c032b9dda1df7d1c" "/opt/rustwide/cargo-home/bin/cargo" "+beta-2023-12-22" "metadata" "--no-deps" "--format-version=1", kill_on_drop: false }`
[INFO] [stdout] 9180f28cdcd198784bf10d29d455a503a9ffccdde51dadeecad8fafd5ff091c7
[INFO] running `Command { std: "docker" "start" "-a" "9180f28cdcd198784bf10d29d455a503a9ffccdde51dadeecad8fafd5ff091c7", kill_on_drop: false }`
[INFO] running `Command { std: "docker" "inspect" "9180f28cdcd198784bf10d29d455a503a9ffccdde51dadeecad8fafd5ff091c7", kill_on_drop: false }`
[INFO] running `Command { std: "docker" "rm" "-f" "9180f28cdcd198784bf10d29d455a503a9ffccdde51dadeecad8fafd5ff091c7", kill_on_drop: false }`
[INFO] [stdout] 9180f28cdcd198784bf10d29d455a503a9ffccdde51dadeecad8fafd5ff091c7
[INFO] running `Command { std: "docker" "create" "-v" "/var/lib/crater-agent-workspace/builds/worker-4-tc2/target:/opt/rustwide/target:rw,Z" "-v" "/var/lib/crater-agent-workspace/builds/worker-4-tc2/source:/opt/rustwide/workdir:ro,Z" "-v" "/var/lib/crater-agent-workspace/cargo-home:/opt/rustwide/cargo-home:ro,Z" "-v" "/var/lib/crater-agent-workspace/rustup-home:/opt/rustwide/rustup-home:ro,Z" "-e" "SOURCE_DIR=/opt/rustwide/workdir" "-e" "CARGO_TARGET_DIR=/opt/rustwide/target" "-e" "CARGO_INCREMENTAL=0" "-e" "RUST_BACKTRACE=full" "-e" "RUSTFLAGS=--cap-lints=warn" "-e" "RUSTDOCFLAGS=--cap-lints=warn" "-e" "CARGO_HOME=/opt/rustwide/cargo-home" "-e" "RUSTUP_HOME=/opt/rustwide/rustup-home" "-w" "/opt/rustwide/workdir" "-m" "1610612736" "--user" "0:0" "--network" "none" "ghcr.io/rust-lang/crates-build-env/linux@sha256:2788e3201cd34a07e3172128adcd8b3090168a8e3bcc40d7c032b9dda1df7d1c" "/opt/rustwide/cargo-home/bin/cargo" "+beta-2023-12-22" "doc" "--frozen" "--no-deps" "--document-private-items" "--message-format=json", kill_on_drop: false }`
[INFO] [stdout] c389c46cbfe8134037311f48566f71d54741f320a05adc02ae9459beb7b1f7a9
[INFO] running `Command { std: "docker" "start" "-a" "c389c46cbfe8134037311f48566f71d54741f320a05adc02ae9459beb7b1f7a9", kill_on_drop: false }`
[INFO] [stderr]     Checking libc v0.2.8
[INFO] [stderr]    Compiling winapi-build v0.1.1
[INFO] [stderr]     Checking rustc-serialize v0.3.18
[INFO] [stderr]    Compiling sdl2-sys v0.8.1
[INFO] [stderr]     Checking winapi v0.2.5
[INFO] [stderr]     Checking bitflags v0.3.3
[INFO] [stderr]     Checking lazy_static v0.1.15
[INFO] [stderr]     Checking tile_engine v0.1.0 (https://github.com/Vinatorul/tileengine-rs#d68a728d)
[INFO] [stdout] error[E0642]: patterns aren't allowed in functions without bodies
[INFO] [stdout]    --> /opt/rustwide/cargo-home/registry/src/index.crates.io-6f17d22bba15001f/rustc-serialize-0.3.18/src/serialize.rs:145:45
[INFO] [stdout]     |
[INFO] [stdout] 145 | ...                   &f_name: &str,
[INFO] [stdout]     |                       ^^^^^^^ pattern not allowed in function without body
[INFO] [stdout] 
[INFO] [stdout] 
[INFO] [stderr]    Compiling kernel32-sys v0.2.1
[INFO] [stderr]     Checking rand v0.3.14
[INFO] [stdout] error[E0310]: the parameter type `T` may not live long enough
[INFO] [stdout]    --> /opt/rustwide/cargo-home/registry/src/index.crates.io-6f17d22bba15001f/rustc-serialize-0.3.18/src/serialize.rs:452:5
[INFO] [stdout]     |
[INFO] [stdout] 452 |     fn decode<D: Decoder>(d: &mut D) -> Result<Cow<'static, T>, D::Error> {
[INFO] [stdout]     |     ^^^^^^^^^^^^^^^^^^^^^^^^^^^^^^^^^^^^^^^^^^^^^^^^^^^^^^^^^^^^^^^^^^^^^
[INFO] [stdout]     |     |
[INFO] [stdout]     |     the parameter type `T` must be valid for the static lifetime...
[INFO] [stdout]     |     ...so that the type `T` will meet its required lifetime bounds...
[INFO] [stdout]     |
[INFO] [stdout] note: ...that is required by this bound
[INFO] [stdout]    --> /rustc/0e09125c6c3c2fd70d7de961bcf0e51575235fad/library/alloc/src/borrow.rs:180:30
[INFO] [stdout] help: consider adding an explicit lifetime bound
[INFO] [stdout]     |
[INFO] [stdout] 448 | impl<'a, T: ?Sized + 'static> Decodable for Cow<'a, T>
[INFO] [stdout]     |                    +++++++++
[INFO] [stdout] 
[INFO] [stdout] 
[INFO] [stderr]     Checking time v0.1.34
[INFO] [stderr]     Checking dungeon-generator v0.1.0 (https://github.com/Vinatorul/dungeon-generator-rs.git#7ef18084)
[INFO] [stdout] error: aborting due to 2 previous errors
[INFO] [stdout] 
[INFO] [stdout] 
[INFO] [stdout] Some errors have detailed explanations: E0310, E0642.
[INFO] [stdout] 
[INFO] [stdout] For more information about an error, try `rustc --explain E0310`.
[INFO] [stdout] 
[INFO] [stderr] error: could not compile `rustc-serialize` (lib) due to 3 previous errors
[INFO] running `Command { std: "docker" "inspect" "c389c46cbfe8134037311f48566f71d54741f320a05adc02ae9459beb7b1f7a9", kill_on_drop: false }`
[INFO] running `Command { std: "docker" "rm" "-f" "c389c46cbfe8134037311f48566f71d54741f320a05adc02ae9459beb7b1f7a9", kill_on_drop: false }`
[INFO] [stdout] c389c46cbfe8134037311f48566f71d54741f320a05adc02ae9459beb7b1f7a9
