[INFO] cloning repository https://github.com/VilotStar/RBX-Print
[INFO] running `Command { std: "git" "-c" "credential.helper=" "-c" "credential.helper=/workspace/cargo-home/bin/git-credential-null" "clone" "--bare" "https://github.com/VilotStar/RBX-Print" "/workspace/cache/git-repos/https%3A%2F%2Fgithub.com%2FVilotStar%2FRBX-Print", kill_on_drop: false }`
[INFO] [stderr] Cloning into bare repository '/workspace/cache/git-repos/https%3A%2F%2Fgithub.com%2FVilotStar%2FRBX-Print'...
[INFO] running `Command { std: "git" "rev-parse" "HEAD", kill_on_drop: false }`
[INFO] [stdout] 722578997a53dfe8597074b38ebe57ab5cf56a26
[INFO] documenting VilotStar/RBX-Print against 1.75.0 for beta-1.76-rustdoc-1
[INFO] running `Command { std: "git" "clone" "/workspace/cache/git-repos/https%3A%2F%2Fgithub.com%2FVilotStar%2FRBX-Print" "/workspace/builds/worker-7-tc1/source", kill_on_drop: false }`
[INFO] [stderr] Cloning into '/workspace/builds/worker-7-tc1/source'...
[INFO] [stderr] done.
[INFO] validating manifest of git repo https://github.com/VilotStar/RBX-Print on toolchain 1.75.0
[INFO] running `Command { std: CARGO_HOME="/workspace/cargo-home" RUSTUP_HOME="/workspace/rustup-home" "/workspace/cargo-home/bin/cargo" "+1.75.0" "metadata" "--manifest-path" "Cargo.toml" "--no-deps", kill_on_drop: false }`
[INFO] removed /workspace/builds/worker-7-tc1/source/.cargo/config.toml
[INFO] started tweaking git repo https://github.com/VilotStar/RBX-Print
[INFO] finished tweaking git repo https://github.com/VilotStar/RBX-Print
[INFO] tweaked toml for git repo https://github.com/VilotStar/RBX-Print written to /workspace/builds/worker-7-tc1/source/Cargo.toml
[INFO] crate git repo https://github.com/VilotStar/RBX-Print already has a lockfile, it will not be regenerated
[INFO] running `Command { std: CARGO_HOME="/workspace/cargo-home" RUSTUP_HOME="/workspace/rustup-home" "/workspace/cargo-home/bin/cargo" "+1.75.0" "fetch" "--manifest-path" "Cargo.toml", kill_on_drop: false }`
[INFO] [stderr]     Updating crates.io index
[INFO] [stderr]  Downloading crates ...
[INFO] [stderr]   Downloaded winnow v0.4.5
[INFO] [stderr]   Downloaded poggers-derive v0.1.4
[INFO] [stderr]   Downloaded poggers v0.4.0
[INFO] running `Command { std: "docker" "create" "-v" "/var/lib/crater-agent-workspace/builds/worker-7-tc1/target:/opt/rustwide/target:rw,Z" "-v" "/var/lib/crater-agent-workspace/builds/worker-7-tc1/source:/opt/rustwide/workdir:ro,Z" "-v" "/var/lib/crater-agent-workspace/cargo-home:/opt/rustwide/cargo-home:ro,Z" "-v" "/var/lib/crater-agent-workspace/rustup-home:/opt/rustwide/rustup-home:ro,Z" "-e" "SOURCE_DIR=/opt/rustwide/workdir" "-e" "CARGO_TARGET_DIR=/opt/rustwide/target" "-e" "CARGO_HOME=/opt/rustwide/cargo-home" "-e" "RUSTUP_HOME=/opt/rustwide/rustup-home" "-w" "/opt/rustwide/workdir" "-m" "1610612736" "--user" "0:0" "--network" "none" "ghcr.io/rust-lang/crates-build-env/linux@sha256:2788e3201cd34a07e3172128adcd8b3090168a8e3bcc40d7c032b9dda1df7d1c" "/opt/rustwide/cargo-home/bin/cargo" "+1.75.0" "metadata" "--no-deps" "--format-version=1", kill_on_drop: false }`
[INFO] [stdout] ed96b38a552f1e709b0675af43a3edb77eb8539c62bec784442e6640634ae758
[INFO] running `Command { std: "docker" "start" "-a" "ed96b38a552f1e709b0675af43a3edb77eb8539c62bec784442e6640634ae758", kill_on_drop: false }`
[INFO] running `Command { std: "docker" "inspect" "ed96b38a552f1e709b0675af43a3edb77eb8539c62bec784442e6640634ae758", kill_on_drop: false }`
[INFO] running `Command { std: "docker" "rm" "-f" "ed96b38a552f1e709b0675af43a3edb77eb8539c62bec784442e6640634ae758", kill_on_drop: false }`
[INFO] [stdout] ed96b38a552f1e709b0675af43a3edb77eb8539c62bec784442e6640634ae758
[INFO] running `Command { std: "docker" "create" "-v" "/var/lib/crater-agent-workspace/builds/worker-7-tc1/target:/opt/rustwide/target:rw,Z" "-v" "/var/lib/crater-agent-workspace/builds/worker-7-tc1/source:/opt/rustwide/workdir:ro,Z" "-v" "/var/lib/crater-agent-workspace/cargo-home:/opt/rustwide/cargo-home:ro,Z" "-v" "/var/lib/crater-agent-workspace/rustup-home:/opt/rustwide/rustup-home:ro,Z" "-e" "SOURCE_DIR=/opt/rustwide/workdir" "-e" "CARGO_TARGET_DIR=/opt/rustwide/target" "-e" "CARGO_INCREMENTAL=0" "-e" "RUST_BACKTRACE=full" "-e" "RUSTFLAGS=--cap-lints=warn" "-e" "RUSTDOCFLAGS=--cap-lints=warn" "-e" "CARGO_HOME=/opt/rustwide/cargo-home" "-e" "RUSTUP_HOME=/opt/rustwide/rustup-home" "-w" "/opt/rustwide/workdir" "-m" "1610612736" "--user" "0:0" "--network" "none" "ghcr.io/rust-lang/crates-build-env/linux@sha256:2788e3201cd34a07e3172128adcd8b3090168a8e3bcc40d7c032b9dda1df7d1c" "/opt/rustwide/cargo-home/bin/cargo" "+1.75.0" "doc" "--frozen" "--no-deps" "--document-private-items" "--message-format=json", kill_on_drop: false }`
[INFO] [stdout] 6f642adc57930ced9ede1283745b7e66b065419930e5d76714d1b34aa8cddc84
[INFO] running `Command { std: "docker" "start" "-a" "6f642adc57930ced9ede1283745b7e66b065419930e5d76714d1b34aa8cddc84", kill_on_drop: false }`
[INFO] [stderr]    Compiling proc-macro2 v1.0.56
[INFO] [stderr]    Compiling unicode-ident v1.0.8
[INFO] [stderr]    Compiling quote v1.0.26
[INFO] [stderr]    Compiling syn v1.0.109
[INFO] [stderr]    Compiling hashbrown v0.12.3
[INFO] [stderr]    Compiling toml_datetime v0.6.1
[INFO] [stderr]    Compiling log v0.4.17
[INFO] [stderr]    Compiling winnow v0.4.5
[INFO] [stderr]    Compiling libc v0.2.142
[INFO] [stderr]    Compiling thiserror v1.0.40
[INFO] [stderr]    Compiling anyhow v1.0.71
[INFO] [stderr]    Compiling once_cell v1.17.1
[INFO] [stderr]    Compiling indexmap v1.9.3
[INFO] [stderr]    Compiling syn v2.0.15
[INFO] [stderr]    Compiling toml_edit v0.19.8
[INFO] [stderr]    Compiling thiserror-impl v1.0.40
[INFO] [stderr]    Compiling proc-macro-crate v1.3.1
[INFO] [stderr]    Compiling ctor v0.1.26
[INFO] [stderr]    Compiling poggers-derive v0.1.4
[INFO] [stderr]     Checking poggers v0.4.0
[INFO] [stdout] error[E0433]: failed to resolve: unresolved import
[INFO] [stdout]  --> /opt/rustwide/cargo-home/registry/src/index.crates.io-6f17d22bba15001f/poggers-0.4.0/src/external/linux/process.rs:6:12
[INFO] [stdout]   |
[INFO] [stdout] 6 | use crate::mem::{traits::Mem, sigscan::SigScan};
[INFO] [stdout]   |            ^^^
[INFO] [stdout]   |            |
[INFO] [stdout]   |            unresolved import
[INFO] [stdout]   |            help: a similar path exists: `core::mem`
[INFO] [stdout] 
[INFO] [stdout] 
[INFO] [stdout] error: cannot find derive macro `Error` in this scope
[INFO] [stdout]    --> /opt/rustwide/cargo-home/registry/src/index.crates.io-6f17d22bba15001f/poggers-0.4.0/src/external/linux/process.rs:102:10
[INFO] [stdout]     |
[INFO] [stdout] 102 | #[derive(Error)]
[INFO] [stdout]     |          ^^^^^
[INFO] [stdout]     |
[INFO] [stdout] help: consider importing this derive macro
[INFO] [stdout]     |
[INFO] [stdout] 1   + use thiserror::Error;
[INFO] [stdout]     |
[INFO] [stdout] 
[INFO] [stdout] 
[INFO] [stdout] error[E0433]: failed to resolve: unresolved import
[INFO] [stdout]   --> /opt/rustwide/cargo-home/registry/src/index.crates.io-6f17d22bba15001f/poggers-0.4.0/src/external/linux/process.rs:97:77
[INFO] [stdout]    |
[INFO] [stdout] 97 |     unsafe fn alter_protection(&self, addr:usize, size: usize, prot: crate::mem::structures::Protections) -> Result<crate::mem::structure...
[INFO] [stdout]    |                                                                             ^^^ unresolved import
[INFO] [stdout]    |
[INFO] [stdout] help: a similar path exists
[INFO] [stdout]    |
[INFO] [stdout] 97 |     unsafe fn alter_protection(&self, addr:usize, size: usize, prot: crate::core::mem::structures::Protections) -> Result<crate::mem::structures::Protections> {
[INFO] [stdout]    |                                                                             ~~~~~~~~~
[INFO] [stdout] help: consider importing this module
[INFO] [stdout]    |
[INFO] [stdout] 1  + use crate::structures;
[INFO] [stdout]    |
[INFO] [stdout] help: if you import `structures`, refer to it directly
[INFO] [stdout]    |
[INFO] [stdout] 97 -     unsafe fn alter_protection(&self, addr:usize, size: usize, prot: crate::mem::structures::Protections) -> Result<crate::mem::structures::Protections> {
[INFO] [stdout] 97 +     unsafe fn alter_protection(&self, addr:usize, size: usize, prot: structures::Protections) -> Result<crate::mem::structures::Protections> {
[INFO] [stdout]    |
[INFO] [stdout] 
[INFO] [stdout] 
[INFO] [stdout] error[E0433]: failed to resolve: unresolved import
[INFO] [stdout]   --> /opt/rustwide/cargo-home/registry/src/index.crates.io-6f17d22bba15001f/poggers-0.4.0/src/external/linux/process.rs:97:124
[INFO] [stdout]    |
[INFO] [stdout] 97 | ...: crate::mem::structures::Protections) -> Result<crate::mem::structures::Protections> {
[INFO] [stdout]    |                                                            ^^^ unresolved import
[INFO] [stdout]    |
[INFO] [stdout] help: a similar path exists
[INFO] [stdout]    |
[INFO] [stdout] 97 |     unsafe fn alter_protection(&self, addr:usize, size: usize, prot: crate::mem::structures::Protections) -> Result<crate::core::mem::structures::Protections> {
[INFO] [stdout]    |                                                                                                                            ~~~~~~~~~
[INFO] [stdout] help: consider importing this module
[INFO] [stdout]    |
[INFO] [stdout] 1  + use crate::structures;
[INFO] [stdout]    |
[INFO] [stdout] help: if you import `structures`, refer to it directly
[INFO] [stdout]    |
[INFO] [stdout] 97 -     unsafe fn alter_protection(&self, addr:usize, size: usize, prot: crate::mem::structures::Protections) -> Result<crate::mem::structures::Protections> {
[INFO] [stdout] 97 +     unsafe fn alter_protection(&self, addr:usize, size: usize, prot: crate::mem::structures::Protections) -> Result<structures::Protections> {
[INFO] [stdout]    |
[INFO] [stdout] 
[INFO] [stdout] 
[INFO] [stdout] error[E0554]: `#![feature]` may not be used on the stable release channel
[INFO] [stdout]   --> /opt/rustwide/cargo-home/registry/src/index.crates.io-6f17d22bba15001f/poggers-0.4.0/src/lib.rs:39:1
[INFO] [stdout]    |
[INFO] [stdout] 39 | #![feature(generic_const_exprs)]
[INFO] [stdout]    | ^^^^^^^^^^^^^^^^^^^^^^^^^^^^^^^^
[INFO] [stdout] 
[INFO] [stdout] 
[INFO] [stdout] error: aborting due to 5 previous errors
[INFO] [stdout] 
[INFO] [stdout] 
[INFO] [stdout] Some errors have detailed explanations: E0433, E0554.
[INFO] [stdout] 
[INFO] [stdout] For more information about an error, try `rustc --explain E0433`.
[INFO] [stdout] 
[INFO] [stderr] error: could not compile `poggers` (lib) due to 6 previous errors
[INFO] [stderr] warning: build failed, waiting for other jobs to finish...
[INFO] running `Command { std: "docker" "inspect" "6f642adc57930ced9ede1283745b7e66b065419930e5d76714d1b34aa8cddc84", kill_on_drop: false }`
[INFO] running `Command { std: "docker" "rm" "-f" "6f642adc57930ced9ede1283745b7e66b065419930e5d76714d1b34aa8cddc84", kill_on_drop: false }`
[INFO] [stdout] 6f642adc57930ced9ede1283745b7e66b065419930e5d76714d1b34aa8cddc84
