[INFO] cloning repository https://github.com/Velfi/plotlings
[INFO] running `Command { std: "git" "-c" "credential.helper=" "-c" "credential.helper=/workspace/cargo-home/bin/git-credential-null" "clone" "--bare" "https://github.com/Velfi/plotlings" "/workspace/cache/git-repos/https%3A%2F%2Fgithub.com%2FVelfi%2Fplotlings", kill_on_drop: false }`
[INFO] [stderr] Cloning into bare repository '/workspace/cache/git-repos/https%3A%2F%2Fgithub.com%2FVelfi%2Fplotlings'...
[INFO] running `Command { std: "git" "rev-parse" "HEAD", kill_on_drop: false }`
[INFO] [stdout] 449cd627b32df9c63192edc9850ab5b4ffa3be5d
[INFO] documenting Velfi/plotlings against 1.75.0 for beta-1.76-rustdoc-1
[INFO] running `Command { std: "git" "clone" "/workspace/cache/git-repos/https%3A%2F%2Fgithub.com%2FVelfi%2Fplotlings" "/workspace/builds/worker-1-tc1/source", kill_on_drop: false }`
[INFO] [stderr] Cloning into '/workspace/builds/worker-1-tc1/source'...
[INFO] [stderr] done.
[INFO] validating manifest of git repo https://github.com/Velfi/plotlings on toolchain 1.75.0
[INFO] running `Command { std: CARGO_HOME="/workspace/cargo-home" RUSTUP_HOME="/workspace/rustup-home" "/workspace/cargo-home/bin/cargo" "+1.75.0" "metadata" "--manifest-path" "Cargo.toml" "--no-deps", kill_on_drop: false }`
[INFO] started tweaking git repo https://github.com/Velfi/plotlings
[INFO] finished tweaking git repo https://github.com/Velfi/plotlings
[INFO] tweaked toml for git repo https://github.com/Velfi/plotlings written to /workspace/builds/worker-1-tc1/source/Cargo.toml
[INFO] crate git repo https://github.com/Velfi/plotlings already has a lockfile, it will not be regenerated
[INFO] running `Command { std: CARGO_HOME="/workspace/cargo-home" RUSTUP_HOME="/workspace/rustup-home" "/workspace/cargo-home/bin/cargo" "+1.75.0" "fetch" "--manifest-path" "Cargo.toml", kill_on_drop: false }`
[INFO] [stderr]     Updating crates.io index
[INFO] [stderr]  Downloading crates ...
[INFO] [stderr]   Downloaded nannou_core v0.17.0
[INFO] [stderr]   Downloaded drm-fourcc v2.1.1
[INFO] [stderr]   Downloaded conrod_winit v0.74.0
[INFO] [stderr]   Downloaded conrod_core v0.74.0
[INFO] [stderr]   Downloaded poisson v0.10.1
[INFO] [stderr]   Downloaded splines v4.0.3
[INFO] [stderr]   Downloaded conrod_derive v0.74.0
[INFO] [stderr]   Downloaded d3d12 v0.4.0
[INFO] [stderr]   Downloaded sphere v0.3.0
[INFO] [stderr]   Downloaded kdtree v0.6.0
[INFO] [stderr]   Downloaded conrod_wgpu v0.74.0
[INFO] [stderr]   Downloaded alga v0.8.2
[INFO] [stderr]   Downloaded glam v0.16.0
[INFO] [stderr]   Downloaded nannou v0.17.1
[INFO] [stderr]   Downloaded metal v0.23.0
[INFO] running `Command { std: "docker" "create" "-v" "/var/lib/crater-agent-workspace/builds/worker-1-tc1/target:/opt/rustwide/target:rw,Z" "-v" "/var/lib/crater-agent-workspace/builds/worker-1-tc1/source:/opt/rustwide/workdir:ro,Z" "-v" "/var/lib/crater-agent-workspace/cargo-home:/opt/rustwide/cargo-home:ro,Z" "-v" "/var/lib/crater-agent-workspace/rustup-home:/opt/rustwide/rustup-home:ro,Z" "-e" "SOURCE_DIR=/opt/rustwide/workdir" "-e" "CARGO_TARGET_DIR=/opt/rustwide/target" "-e" "CARGO_HOME=/opt/rustwide/cargo-home" "-e" "RUSTUP_HOME=/opt/rustwide/rustup-home" "-w" "/opt/rustwide/workdir" "-m" "1610612736" "--user" "0:0" "--network" "none" "ghcr.io/rust-lang/crates-build-env/linux@sha256:2788e3201cd34a07e3172128adcd8b3090168a8e3bcc40d7c032b9dda1df7d1c" "/opt/rustwide/cargo-home/bin/cargo" "+1.75.0" "metadata" "--no-deps" "--format-version=1", kill_on_drop: false }`
[INFO] [stdout] 6ebfda6081d151b31762229640c6cebbae48bc41f3d6459ffe49eeca98ca38da
[INFO] running `Command { std: "docker" "start" "-a" "6ebfda6081d151b31762229640c6cebbae48bc41f3d6459ffe49eeca98ca38da", kill_on_drop: false }`
[INFO] running `Command { std: "docker" "inspect" "6ebfda6081d151b31762229640c6cebbae48bc41f3d6459ffe49eeca98ca38da", kill_on_drop: false }`
[INFO] running `Command { std: "docker" "rm" "-f" "6ebfda6081d151b31762229640c6cebbae48bc41f3d6459ffe49eeca98ca38da", kill_on_drop: false }`
[INFO] [stdout] 6ebfda6081d151b31762229640c6cebbae48bc41f3d6459ffe49eeca98ca38da
[INFO] running `Command { std: "docker" "create" "-v" "/var/lib/crater-agent-workspace/builds/worker-1-tc1/target:/opt/rustwide/target:rw,Z" "-v" "/var/lib/crater-agent-workspace/builds/worker-1-tc1/source:/opt/rustwide/workdir:ro,Z" "-v" "/var/lib/crater-agent-workspace/cargo-home:/opt/rustwide/cargo-home:ro,Z" "-v" "/var/lib/crater-agent-workspace/rustup-home:/opt/rustwide/rustup-home:ro,Z" "-e" "SOURCE_DIR=/opt/rustwide/workdir" "-e" "CARGO_TARGET_DIR=/opt/rustwide/target" "-e" "CARGO_INCREMENTAL=0" "-e" "RUST_BACKTRACE=full" "-e" "RUSTFLAGS=--cap-lints=warn" "-e" "RUSTDOCFLAGS=--cap-lints=warn" "-e" "CARGO_HOME=/opt/rustwide/cargo-home" "-e" "RUSTUP_HOME=/opt/rustwide/rustup-home" "-w" "/opt/rustwide/workdir" "-m" "1610612736" "--user" "0:0" "--network" "none" "ghcr.io/rust-lang/crates-build-env/linux@sha256:2788e3201cd34a07e3172128adcd8b3090168a8e3bcc40d7c032b9dda1df7d1c" "/opt/rustwide/cargo-home/bin/cargo" "+1.75.0" "doc" "--frozen" "--no-deps" "--document-private-items" "--message-format=json", kill_on_drop: false }`
[INFO] [stdout] d0a7a15b173a0882eabffa3cd9f696d02ee22e19211bd22e8676c1052c77b84b
[INFO] running `Command { std: "docker" "start" "-a" "d0a7a15b173a0882eabffa3cd9f696d02ee22e19211bd22e8676c1052c77b84b", kill_on_drop: false }`
[INFO] [stderr]    Compiling autocfg v1.0.1
[INFO] [stderr]    Compiling libc v0.2.98
[INFO] [stderr]    Compiling proc-macro2 v1.0.28
[INFO] [stderr]    Compiling bitflags v1.2.1
[INFO] [stderr]    Compiling unicode-xid v0.2.2
[INFO] [stderr]    Compiling syn v1.0.74
[INFO] [stderr]     Checking scopeguard v1.1.0
[INFO] [stderr]    Compiling xml-rs v0.8.4
[INFO] [stderr]    Compiling log v0.4.14
[INFO] [stderr]    Compiling serde_derive v1.0.127
[INFO] [stderr]     Checking cfg-if v0.1.10
[INFO] [stderr]    Compiling serde v1.0.127
[INFO] [stderr]    Compiling crossbeam-utils v0.8.5
[INFO] [stderr]     Checking libloading v0.7.0
[INFO] [stderr]    Compiling proc-macro2 v0.4.30
[INFO] [stderr]    Compiling maybe-uninit v2.0.0
[INFO] [stderr]    Compiling unicode-xid v0.1.0
[INFO] [stderr]     Checking smallvec v1.6.1
[INFO] [stderr]    Compiling memchr v2.4.0
[INFO] [stderr]     Checking libloading v0.6.7
[INFO] [stderr]    Compiling crossbeam-epoch v0.9.5
[INFO] [stderr]    Compiling pkg-config v0.3.19
[INFO] [stderr]     Checking dlib v0.4.2
[INFO] [stderr]     Checking hashbrown v0.11.2
[INFO] [stderr]     Checking termcolor v1.1.2
[INFO] [stderr]    Compiling num-traits v0.2.14
[INFO] [stderr]    Compiling memoffset v0.6.4
[INFO] [stderr]    Compiling indexmap v1.7.0
[INFO] [stderr]    Compiling crossbeam-utils v0.7.2
[INFO] [stderr]    Compiling memoffset v0.5.6
[INFO] [stderr]    Compiling num-integer v0.1.44
[INFO] [stderr]    Compiling crossbeam-epoch v0.8.2
[INFO] [stderr]    Compiling nix v0.14.1
[INFO] [stderr]    Compiling drm-fourcc v2.1.1
[INFO] [stderr]     Checking same-file v1.0.6
[INFO] [stderr]     Checking arrayvec v0.5.2
[INFO] [stderr]     Checking fixedbitset v0.2.0
[INFO] [stderr]     Checking crossbeam-channel v0.5.1
[INFO] [stderr]     Checking walkdir v2.3.2
[INFO] [stderr]     Checking instant v0.1.10
[INFO] [stderr]     Checking unicode-width v0.1.8
[INFO] [stderr]    Compiling quote v1.0.9
[INFO] [stderr]    Compiling autocfg v0.1.7
[INFO] [stderr]     Checking xdg v2.2.0
[INFO] [stderr]    Compiling quote v0.6.13
[INFO] [stderr]     Checking void v1.0.2
[INFO] [stderr]     Checking rand_core v0.4.2
[INFO] [stderr]    Compiling wayland-scanner v0.23.6
[INFO] [stderr]     Checking crossbeam-deque v0.8.1
[INFO] [stderr]    Compiling wayland-scanner v0.28.6
[INFO] [stderr]     Checking codespan-reporting v0.11.1
[INFO] [stderr]    Compiling wayland-sys v0.28.6
[INFO] [stderr]     Checking bit-set v0.5.2
[INFO] [stderr]     Checking petgraph v0.5.1
[INFO] [stderr]    Compiling num-bigint v0.3.2
[INFO] [stderr]     Checking wayland-sys v0.23.6
[INFO] [stderr]     Checking stb_truetype v0.3.1
[INFO] [stderr]     Checking fxhash v0.2.1
[INFO] [stderr]    Compiling rayon-core v1.9.1
[INFO] [stderr]     Checking linked-hash-map v0.5.4
[INFO] [stderr]    Compiling num-iter v0.1.42
[INFO] [stderr]    Compiling num-rational v0.3.2
[INFO] [stderr]     Checking crossbeam-deque v0.7.4
[INFO] [stderr]     Checking dlib v0.5.0
[INFO] [stderr]     Checking lock_api v0.4.4
[INFO] [stderr]     Checking ppv-lite86 v0.2.10
[INFO] [stderr]    Compiling version_check v0.9.3
[INFO] [stderr]    Compiling rayon v1.5.1
[INFO] [stderr]     Checking approx v0.3.2
[INFO] [stderr]     Checking spirv_headers v1.5.0
[INFO] [stderr]     Checking ordered-float v1.1.1
[INFO] [stderr]     Checking num_cpus v1.13.0
[INFO] [stderr]     Checking raw-window-handle v0.3.3
[INFO] [stderr]     Checking parking_lot_core v0.8.3
[INFO] [stderr]     Checking nix v0.20.0
[INFO] [stderr]     Checking line_drawing v0.7.0
[INFO] [stderr]     Checking rusttype v0.8.3
[INFO] [stderr]    Compiling proc-macro-hack v0.5.19
[INFO] [stderr]     Checking once_cell v1.8.0
[INFO] [stderr]    Compiling nom v6.1.2
[INFO] [stderr]    Compiling futures-core v0.3.16
[INFO] [stderr]     Checking parking_lot v0.11.1
[INFO] [stderr]     Checking getrandom v0.1.16
[INFO] [stderr]     Checking getrandom v0.2.3
[INFO] [stderr]     Checking memmap v0.7.0
[INFO] [stderr]     Checking euclid v0.20.14
[INFO] [stderr]     Checking rusttype v0.7.9
[INFO] [stderr]     Checking rand_core v0.3.1
[INFO] [stderr]     Checking andrew v0.2.1
[INFO] [stderr]    Compiling futures-macro v0.3.16
[INFO] [stderr]    Compiling miniz_oxide v0.4.4
[INFO] [stderr]    Compiling futures-channel v0.3.16
[INFO] [stderr]     Checking ahash v0.4.7
[INFO] [stderr]    Compiling crc32fast v1.2.1
[INFO] [stderr]    Compiling crossbeam-queue v0.3.2
[INFO] [stderr]     Checking scoped-tls v1.0.0
[INFO] [stderr]     Checking renderdoc-sys v0.7.1
[INFO] [stderr]    Compiling nix v0.18.0
[INFO] [stderr]    Compiling futures-task v0.3.16
[INFO] [stderr]     Checking ttf-parser v0.6.2
[INFO] [stderr]    Compiling proc-macro-nested v0.1.7
[INFO] [stderr]     Checking fixedbitset v0.1.9
[INFO] [stderr]     Checking rose_tree v0.2.0
[INFO] [stdout] error[E0308]: mismatched types
[INFO] [stdout]   --> /opt/rustwide/cargo-home/registry/src/index.crates.io-6f17d22bba15001f/num-bigint-0.3.2/src/biguint/convert.rs:70:19
[INFO] [stdout]    |
[INFO] [stdout] 70 |         .div_ceil(&big_digit::BITS.into())
[INFO] [stdout]    |          -------- ^^^^^^^^^^^^^^^^^^^^^^^ expected `u64`, found `&_`
[INFO] [stdout]    |          |
[INFO] [stdout]    |          arguments to this method are incorrect
[INFO] [stdout]    |
[INFO] [stdout]    = note:   expected type `u64`
[INFO] [stdout]            found reference `&_`
[INFO] [stdout] note: method defined here
[INFO] [stdout]   --> /rustc/82e1608dfa6e0b5569232559e3d385fea5a93112/library/core/src/num/mod.rs:1169:5
[INFO] [stdout]    = note: this error originates in the macro `uint_impl` (in Nightly builds, run with -Z macro-backtrace for more info)
[INFO] [stdout] help: consider removing the borrow
[INFO] [stdout]    |
[INFO] [stdout] 70 -         .div_ceil(&big_digit::BITS.into())
[INFO] [stdout] 70 +         .div_ceil(big_digit::BITS.into())
[INFO] [stdout]    |
[INFO] [stdout] 
[INFO] [stdout] 
[INFO] [stderr]     Checking either v1.6.1
[INFO] [stdout] error[E0308]: mismatched types
[INFO] [stdout]    --> /opt/rustwide/cargo-home/registry/src/index.crates.io-6f17d22bba15001f/num-bigint-0.3.2/src/biguint/convert.rs:585:19
[INFO] [stdout]     |
[INFO] [stdout] 585 |         .div_ceil(&u64::from(bits))
[INFO] [stdout]     |          -------- ^^^^^^^^^^^^^^^^ expected `u64`, found `&u64`
[INFO] [stdout]     |          |
[INFO] [stdout]     |          arguments to this method are incorrect
[INFO] [stdout]     |
[INFO] [stdout] note: method defined here
[INFO] [stdout]    --> /rustc/82e1608dfa6e0b5569232559e3d385fea5a93112/library/core/src/num/mod.rs:1169:5
[INFO] [stdout]     = note: this error originates in the macro `uint_impl` (in Nightly builds, run with -Z macro-backtrace for more info)
[INFO] [stdout] help: consider removing the borrow
[INFO] [stdout]     |
[INFO] [stdout] 585 -         .div_ceil(&u64::from(bits))
[INFO] [stdout] 585 +         .div_ceil(u64::from(bits))
[INFO] [stdout]     |
[INFO] [stdout] 
[INFO] [stdout] 
[INFO] [stdout] error[E0308]: mismatched types
[INFO] [stdout]    --> /opt/rustwide/cargo-home/registry/src/index.crates.io-6f17d22bba15001f/num-bigint-0.3.2/src/biguint/convert.rs:613:19
[INFO] [stdout]     |
[INFO] [stdout] 613 |         .div_ceil(&u64::from(bits))
[INFO] [stdout]     |          -------- ^^^^^^^^^^^^^^^^ expected `u64`, found `&u64`
[INFO] [stdout]     |          |
[INFO] [stdout]     |          arguments to this method are incorrect
[INFO] [stdout]     |
[INFO] [stdout] note: method defined here
[INFO] [stdout]    --> /rustc/82e1608dfa6e0b5569232559e3d385fea5a93112/library/core/src/num/mod.rs:1169:5
[INFO] [stdout]     = note: this error originates in the macro `uint_impl` (in Nightly builds, run with -Z macro-backtrace for more info)
[INFO] [stdout] help: consider removing the borrow
[INFO] [stdout]     |
[INFO] [stdout] 613 -         .div_ceil(&u64::from(bits))
[INFO] [stdout] 613 +         .div_ceil(u64::from(bits))
[INFO] [stdout]     |
[INFO] [stdout] 
[INFO] [stdout] 
[INFO] [stderr]    Compiling wgpu-core v0.9.2
[INFO] [stderr]     Checking petgraph v0.4.13
[INFO] [stdout] error[E0308]: mismatched types
[INFO] [stdout]    --> /opt/rustwide/cargo-home/registry/src/index.crates.io-6f17d22bba15001f/num-bigint-0.3.2/src/biguint.rs:393:54
[INFO] [stdout]     |
[INFO] [stdout] 393 |                 let root_scale = extra_bits.div_ceil(&n64);
[INFO] [stdout]     |                                             -------- ^^^^ expected `u64`, found `&u64`
[INFO] [stdout]     |                                             |
[INFO] [stdout]     |                                             arguments to this method are incorrect
[INFO] [stdout]     |
[INFO] [stdout] note: method defined here
[INFO] [stdout]    --> /rustc/82e1608dfa6e0b5569232559e3d385fea5a93112/library/core/src/num/mod.rs:1169:5
[INFO] [stdout]     = note: this error originates in the macro `uint_impl` (in Nightly builds, run with -Z macro-backtrace for more info)
[INFO] [stdout] help: consider removing the borrow
[INFO] [stdout]     |
[INFO] [stdout] 393 -                 let root_scale = extra_bits.div_ceil(&n64);
[INFO] [stdout] 393 +                 let root_scale = extra_bits.div_ceil(n64);
[INFO] [stdout]     |
[INFO] [stdout] 
[INFO] [stdout] 
[INFO] [stderr]    Compiling wayland-client v0.28.6
[INFO] [stdout] error: aborting due to 4 previous errors
[INFO] [stdout] 
[INFO] [stdout] 
[INFO] [stdout] For more information about this error, try `rustc --explain E0308`.
[INFO] [stdout] 
[INFO] [stderr]    Compiling wayland-protocols v0.28.6
[INFO] [stderr]     Checking gfx-renderdoc v0.1.0
[INFO] [stderr] error: could not compile `num-bigint` (lib) due to 5 previous errors
[INFO] [stderr] warning: build failed, waiting for other jobs to finish...
[INFO] running `Command { std: "docker" "inspect" "d0a7a15b173a0882eabffa3cd9f696d02ee22e19211bd22e8676c1052c77b84b", kill_on_drop: false }`
[INFO] running `Command { std: "docker" "rm" "-f" "d0a7a15b173a0882eabffa3cd9f696d02ee22e19211bd22e8676c1052c77b84b", kill_on_drop: false }`
[INFO] [stdout] d0a7a15b173a0882eabffa3cd9f696d02ee22e19211bd22e8676c1052c77b84b
[INFO] documenting Velfi/plotlings against beta-2023-12-22 for beta-1.76-rustdoc-1
[INFO] running `Command { std: "git" "clone" "/workspace/cache/git-repos/https%3A%2F%2Fgithub.com%2FVelfi%2Fplotlings" "/workspace/builds/worker-1-tc2/source", kill_on_drop: false }`
[INFO] [stderr] Cloning into '/workspace/builds/worker-1-tc2/source'...
[INFO] [stderr] done.
[INFO] validating manifest of git repo https://github.com/Velfi/plotlings on toolchain beta-2023-12-22
[INFO] running `Command { std: CARGO_HOME="/workspace/cargo-home" RUSTUP_HOME="/workspace/rustup-home" "/workspace/cargo-home/bin/cargo" "+beta-2023-12-22" "metadata" "--manifest-path" "Cargo.toml" "--no-deps", kill_on_drop: false }`
[INFO] started tweaking git repo https://github.com/Velfi/plotlings
[INFO] finished tweaking git repo https://github.com/Velfi/plotlings
[INFO] tweaked toml for git repo https://github.com/Velfi/plotlings written to /workspace/builds/worker-1-tc2/source/Cargo.toml
[INFO] crate git repo https://github.com/Velfi/plotlings already has a lockfile, it will not be regenerated
[INFO] running `Command { std: CARGO_HOME="/workspace/cargo-home" RUSTUP_HOME="/workspace/rustup-home" "/workspace/cargo-home/bin/cargo" "+beta-2023-12-22" "fetch" "--manifest-path" "Cargo.toml", kill_on_drop: false }`
[INFO] running `Command { std: "docker" "create" "-v" "/var/lib/crater-agent-workspace/builds/worker-1-tc2/target:/opt/rustwide/target:rw,Z" "-v" "/var/lib/crater-agent-workspace/builds/worker-1-tc2/source:/opt/rustwide/workdir:ro,Z" "-v" "/var/lib/crater-agent-workspace/cargo-home:/opt/rustwide/cargo-home:ro,Z" "-v" "/var/lib/crater-agent-workspace/rustup-home:/opt/rustwide/rustup-home:ro,Z" "-e" "SOURCE_DIR=/opt/rustwide/workdir" "-e" "CARGO_TARGET_DIR=/opt/rustwide/target" "-e" "CARGO_HOME=/opt/rustwide/cargo-home" "-e" "RUSTUP_HOME=/opt/rustwide/rustup-home" "-w" "/opt/rustwide/workdir" "-m" "1610612736" "--user" "0:0" "--network" "none" "ghcr.io/rust-lang/crates-build-env/linux@sha256:2788e3201cd34a07e3172128adcd8b3090168a8e3bcc40d7c032b9dda1df7d1c" "/opt/rustwide/cargo-home/bin/cargo" "+beta-2023-12-22" "metadata" "--no-deps" "--format-version=1", kill_on_drop: false }`
[INFO] [stdout] 28ecda2cb0711be20194a22b2f5264334489df13bcdef5d85d29c3ce64a5c52a
[INFO] running `Command { std: "docker" "start" "-a" "28ecda2cb0711be20194a22b2f5264334489df13bcdef5d85d29c3ce64a5c52a", kill_on_drop: false }`
[INFO] running `Command { std: "docker" "inspect" "28ecda2cb0711be20194a22b2f5264334489df13bcdef5d85d29c3ce64a5c52a", kill_on_drop: false }`
[INFO] running `Command { std: "docker" "rm" "-f" "28ecda2cb0711be20194a22b2f5264334489df13bcdef5d85d29c3ce64a5c52a", kill_on_drop: false }`
[INFO] [stdout] 28ecda2cb0711be20194a22b2f5264334489df13bcdef5d85d29c3ce64a5c52a
[INFO] running `Command { std: "docker" "create" "-v" "/var/lib/crater-agent-workspace/builds/worker-1-tc2/target:/opt/rustwide/target:rw,Z" "-v" "/var/lib/crater-agent-workspace/builds/worker-1-tc2/source:/opt/rustwide/workdir:ro,Z" "-v" "/var/lib/crater-agent-workspace/cargo-home:/opt/rustwide/cargo-home:ro,Z" "-v" "/var/lib/crater-agent-workspace/rustup-home:/opt/rustwide/rustup-home:ro,Z" "-e" "SOURCE_DIR=/opt/rustwide/workdir" "-e" "CARGO_TARGET_DIR=/opt/rustwide/target" "-e" "CARGO_INCREMENTAL=0" "-e" "RUST_BACKTRACE=full" "-e" "RUSTFLAGS=--cap-lints=warn" "-e" "RUSTDOCFLAGS=--cap-lints=warn" "-e" "CARGO_HOME=/opt/rustwide/cargo-home" "-e" "RUSTUP_HOME=/opt/rustwide/rustup-home" "-w" "/opt/rustwide/workdir" "-m" "1610612736" "--user" "0:0" "--network" "none" "ghcr.io/rust-lang/crates-build-env/linux@sha256:2788e3201cd34a07e3172128adcd8b3090168a8e3bcc40d7c032b9dda1df7d1c" "/opt/rustwide/cargo-home/bin/cargo" "+beta-2023-12-22" "doc" "--frozen" "--no-deps" "--document-private-items" "--message-format=json", kill_on_drop: false }`
[INFO] [stdout] ec8ca1f0848853898a03d96392180f916ad59e58de5f86498c83d7005a9bfa14
[INFO] running `Command { std: "docker" "start" "-a" "ec8ca1f0848853898a03d96392180f916ad59e58de5f86498c83d7005a9bfa14", kill_on_drop: false }`
[INFO] [stderr]    Compiling autocfg v1.0.1
[INFO] [stderr]    Compiling libc v0.2.98
[INFO] [stderr]    Compiling proc-macro2 v1.0.28
[INFO] [stderr]    Compiling bitflags v1.2.1
[INFO] [stderr]    Compiling unicode-xid v0.2.2
[INFO] [stderr]    Compiling syn v1.0.74
[INFO] [stderr]     Checking scopeguard v1.1.0
[INFO] [stderr]    Compiling xml-rs v0.8.4
[INFO] [stderr]    Compiling log v0.4.14
[INFO] [stderr]    Compiling serde_derive v1.0.127
[INFO] [stderr]     Checking cfg-if v0.1.10
[INFO] [stderr]    Compiling serde v1.0.127
[INFO] [stderr]    Compiling proc-macro2 v0.4.30
[INFO] [stderr]     Checking libloading v0.7.0
[INFO] [stderr]    Compiling crossbeam-utils v0.8.5
[INFO] [stderr]    Compiling maybe-uninit v2.0.0
[INFO] [stderr]    Compiling unicode-xid v0.1.0
[INFO] [stderr]     Checking smallvec v1.6.1
[INFO] [stderr]    Compiling memchr v2.4.0
[INFO] [stderr]     Checking libloading v0.6.7
[INFO] [stderr]    Compiling crossbeam-epoch v0.9.5
[INFO] [stderr]    Compiling pkg-config v0.3.19
[INFO] [stderr]     Checking dlib v0.4.2
[INFO] [stderr]     Checking hashbrown v0.11.2
[INFO] [stderr]     Checking arrayvec v0.5.2
[INFO] [stderr]     Checking same-file v1.0.6
[INFO] [stderr]     Checking termcolor v1.1.2
[INFO] [stderr]    Compiling drm-fourcc v2.1.1
[INFO] [stderr]    Compiling nix v0.14.1
[INFO] [stderr]     Checking fixedbitset v0.2.0
[INFO] [stderr]    Compiling num-traits v0.2.14
[INFO] [stderr]    Compiling memoffset v0.6.4
[INFO] [stderr]    Compiling memoffset v0.5.6
[INFO] [stderr]    Compiling crossbeam-utils v0.7.2
[INFO] [stderr]    Compiling indexmap v1.7.0
[INFO] [stderr]    Compiling num-integer v0.1.44
[INFO] [stderr]    Compiling crossbeam-epoch v0.8.2
[INFO] [stderr]     Checking crossbeam-channel v0.5.1
[INFO] [stderr]     Checking walkdir v2.3.2
[INFO] [stderr]    Compiling quote v0.6.13
[INFO] [stderr]     Checking instant v0.1.10
[INFO] [stderr]     Checking void v1.0.2
[INFO] [stderr]    Compiling quote v1.0.9
[INFO] [stderr]    Compiling autocfg v0.1.7
[INFO] [stderr]     Checking unicode-width v0.1.8
[INFO] [stderr]     Checking xdg v2.2.0
[INFO] [stderr]    Compiling wayland-scanner v0.23.6
[INFO] [stderr]     Checking rand_core v0.4.2
[INFO] [stderr]     Checking bit-set v0.5.2
[INFO] [stderr]     Checking codespan-reporting v0.11.1
[INFO] [stderr]     Checking crossbeam-deque v0.8.1
[INFO] [stderr]    Compiling wayland-scanner v0.28.6
[INFO] [stderr]    Compiling wayland-sys v0.28.6
[INFO] [stderr]    Compiling num-bigint v0.3.2
[INFO] [stderr]     Checking wayland-sys v0.23.6
[INFO] [stderr]     Checking fxhash v0.2.1
[INFO] [stderr]     Checking stb_truetype v0.3.1
[INFO] [stderr]     Checking linked-hash-map v0.5.4
[INFO] [stderr]    Compiling rayon-core v1.9.1
[INFO] [stderr]    Compiling num-iter v0.1.42
[INFO] [stderr]    Compiling num-rational v0.3.2
[INFO] [stderr]     Checking petgraph v0.5.1
[INFO] [stderr]     Checking dlib v0.5.0
[INFO] [stderr]     Checking lock_api v0.4.4
[INFO] [stderr]    Compiling version_check v0.9.3
[INFO] [stderr]     Checking ppv-lite86 v0.2.10
[INFO] [stderr]    Compiling rayon v1.5.1
[INFO] [stderr]    Compiling futures-core v0.3.16
[INFO] [stderr]     Checking num_cpus v1.13.0
[INFO] [stderr]     Checking raw-window-handle v0.3.3
[INFO] [stderr]     Checking approx v0.3.2
[INFO] [stderr]     Checking spirv_headers v1.5.0
[INFO] [stderr]     Checking crossbeam-deque v0.7.4
[INFO] [stderr]     Checking ordered-float v1.1.1
[INFO] [stderr]     Checking parking_lot_core v0.8.3
[INFO] [stderr]     Checking line_drawing v0.7.0
[INFO] [stderr]     Checking nix v0.20.0
[INFO] [stderr]    Compiling nom v6.1.2
[INFO] [stderr]     Checking once_cell v1.8.0
[INFO] [stderr]     Checking rusttype v0.8.3
[INFO] [stderr]    Compiling proc-macro-hack v0.5.19
[INFO] [stderr]     Checking parking_lot v0.11.1
[INFO] [stderr]     Checking euclid v0.20.14
[INFO] [stderr]     Checking memmap v0.7.0
[INFO] [stderr]     Checking getrandom v0.2.3
[INFO] [stderr]     Checking getrandom v0.1.16
[INFO] [stderr]     Checking rand_core v0.3.1
[INFO] [stderr]    Compiling miniz_oxide v0.4.4
[INFO] [stderr]     Checking rusttype v0.7.9
[INFO] [stderr]    Compiling futures-macro v0.3.16
[INFO] [stderr]     Checking andrew v0.2.1
[INFO] [stderr]    Compiling nix v0.18.0
[INFO] [stderr]     Checking scoped-tls v1.0.0
[INFO] [stderr]    Compiling futures-channel v0.3.16
[INFO] [stderr]    Compiling proc-macro-nested v0.1.7
[INFO] [stderr]    Compiling futures-task v0.3.16
[INFO] [stderr]     Checking ttf-parser v0.6.2
[INFO] [stderr]    Compiling crc32fast v1.2.1
[INFO] [stderr]    Compiling crossbeam-queue v0.3.2
[INFO] [stderr]     Checking fixedbitset v0.1.9
[INFO] [stderr]     Checking ahash v0.4.7
[INFO] [stderr]     Checking renderdoc-sys v0.7.1
[INFO] [stderr]     Checking rose_tree v0.2.0
[INFO] [stdout] error[E0308]: mismatched types
[INFO] [stdout]   --> /opt/rustwide/cargo-home/registry/src/index.crates.io-6f17d22bba15001f/num-bigint-0.3.2/src/biguint/convert.rs:70:19
[INFO] [stdout]    |
[INFO] [stdout] 70 |         .div_ceil(&big_digit::BITS.into())
[INFO] [stdout]    |          -------- ^^^^^^^^^^^^^^^^^^^^^^^ expected `u64`, found `&_`
[INFO] [stdout]    |          |
[INFO] [stdout]    |          arguments to this method are incorrect
[INFO] [stdout]    |
[INFO] [stdout]    = note:   expected type `u64`
[INFO] [stdout]            found reference `&_`
[INFO] [stdout] note: method defined here
[INFO] [stdout]   --> /rustc/0e09125c6c3c2fd70d7de961bcf0e51575235fad/library/core/src/num/mod.rs:1169:5
[INFO] [stdout]    = note: this error originates in the macro `uint_impl` (in Nightly builds, run with -Z macro-backtrace for more info)
[INFO] [stdout] help: consider removing the borrow
[INFO] [stdout]    |
[INFO] [stdout] 70 -         .div_ceil(&big_digit::BITS.into())
[INFO] [stdout] 70 +         .div_ceil(big_digit::BITS.into())
[INFO] [stdout]    |
[INFO] [stdout] 
[INFO] [stdout] 
[INFO] [stderr]     Checking either v1.6.1
[INFO] [stdout] error[E0308]: mismatched types
[INFO] [stdout]    --> /opt/rustwide/cargo-home/registry/src/index.crates.io-6f17d22bba15001f/num-bigint-0.3.2/src/biguint/convert.rs:585:19
[INFO] [stdout]     |
[INFO] [stdout] 585 |         .div_ceil(&u64::from(bits))
[INFO] [stdout]     |          -------- ^^^^^^^^^^^^^^^^ expected `u64`, found `&u64`
[INFO] [stdout]     |          |
[INFO] [stdout]     |          arguments to this method are incorrect
[INFO] [stdout]     |
[INFO] [stdout] note: method defined here
[INFO] [stdout]    --> /rustc/0e09125c6c3c2fd70d7de961bcf0e51575235fad/library/core/src/num/mod.rs:1169:5
[INFO] [stdout]     = note: this error originates in the macro `uint_impl` (in Nightly builds, run with -Z macro-backtrace for more info)
[INFO] [stdout] help: consider removing the borrow
[INFO] [stdout]     |
[INFO] [stdout] 585 -         .div_ceil(&u64::from(bits))
[INFO] [stdout] 585 +         .div_ceil(u64::from(bits))
[INFO] [stdout]     |
[INFO] [stdout] 
[INFO] [stdout] 
[INFO] [stderr]     Checking gfx-renderdoc v0.1.0
[INFO] [stderr]     Checking lyon_geom v0.15.3
[INFO] [stdout] error[E0308]: mismatched types
[INFO] [stdout]    --> /opt/rustwide/cargo-home/registry/src/index.crates.io-6f17d22bba15001f/num-bigint-0.3.2/src/biguint/convert.rs:613:19
[INFO] [stdout]     |
[INFO] [stdout] 613 |         .div_ceil(&u64::from(bits))
[INFO] [stdout]     |          -------- ^^^^^^^^^^^^^^^^ expected `u64`, found `&u64`
[INFO] [stdout]     |          |
[INFO] [stdout]     |          arguments to this method are incorrect
[INFO] [stdout]     |
[INFO] [stdout] note: method defined here
[INFO] [stdout]    --> /rustc/0e09125c6c3c2fd70d7de961bcf0e51575235fad/library/core/src/num/mod.rs:1169:5
[INFO] [stdout]     = note: this error originates in the macro `uint_impl` (in Nightly builds, run with -Z macro-backtrace for more info)
[INFO] [stdout] help: consider removing the borrow
[INFO] [stdout]     |
[INFO] [stdout] 613 -         .div_ceil(&u64::from(bits))
[INFO] [stdout] 613 +         .div_ceil(u64::from(bits))
[INFO] [stdout]     |
[INFO] [stdout] 
[INFO] [stdout] 
[INFO] [stderr]    Compiling wayland-client v0.28.6
[INFO] [stderr]    Compiling wayland-protocols v0.28.6
[INFO] [stderr]     Checking petgraph v0.4.13
[INFO] [stderr]     Checking hashbrown v0.9.1
[INFO] [stdout] error[E0308]: mismatched types
[INFO] [stdout]    --> /opt/rustwide/cargo-home/registry/src/index.crates.io-6f17d22bba15001f/num-bigint-0.3.2/src/biguint.rs:393:54
[INFO] [stdout]     |
[INFO] [stdout] 393 |                 let root_scale = extra_bits.div_ceil(&n64);
[INFO] [stdout]     |                                             -------- ^^^^ expected `u64`, found `&u64`
[INFO] [stdout]     |                                             |
[INFO] [stdout]     |                                             arguments to this method are incorrect
[INFO] [stdout]     |
[INFO] [stdout] note: method defined here
[INFO] [stdout]    --> /rustc/0e09125c6c3c2fd70d7de961bcf0e51575235fad/library/core/src/num/mod.rs:1169:5
[INFO] [stdout]     = note: this error originates in the macro `uint_impl` (in Nightly builds, run with -Z macro-backtrace for more info)
[INFO] [stdout] help: consider removing the borrow
[INFO] [stdout]     |
[INFO] [stdout] 393 -                 let root_scale = extra_bits.div_ceil(&n64);
[INFO] [stdout] 393 +                 let root_scale = extra_bits.div_ceil(n64);
[INFO] [stdout]     |
[INFO] [stdout] 
[INFO] [stdout] 
[INFO] [stdout] error: aborting due to 4 previous errors
[INFO] [stdout] 
[INFO] [stdout] 
[INFO] [stdout] For more information about this error, try `rustc --explain E0308`.
[INFO] [stdout] 
[INFO] [stderr] error: could not compile `num-bigint` (lib) due to 5 previous errors
[INFO] [stderr] warning: build failed, waiting for other jobs to finish...
[INFO] running `Command { std: "docker" "inspect" "ec8ca1f0848853898a03d96392180f916ad59e58de5f86498c83d7005a9bfa14", kill_on_drop: false }`
[INFO] running `Command { std: "docker" "rm" "-f" "ec8ca1f0848853898a03d96392180f916ad59e58de5f86498c83d7005a9bfa14", kill_on_drop: false }`
[INFO] [stdout] ec8ca1f0848853898a03d96392180f916ad59e58de5f86498c83d7005a9bfa14
