[INFO] cloning repository https://github.com/Var1377/day
[INFO] running `Command { std: "git" "-c" "credential.helper=" "-c" "credential.helper=/workspace/cargo-home/bin/git-credential-null" "clone" "--bare" "https://github.com/Var1377/day" "/workspace/cache/git-repos/https%3A%2F%2Fgithub.com%2FVar1377%2Fday", kill_on_drop: false }`
[INFO] [stderr] Cloning into bare repository '/workspace/cache/git-repos/https%3A%2F%2Fgithub.com%2FVar1377%2Fday'...
[INFO] running `Command { std: "git" "rev-parse" "HEAD", kill_on_drop: false }`
[INFO] [stdout] 858f68a2708b3b4e5180732c786dea384f978eff
[INFO] documenting Var1377/day against 1.75.0 for beta-1.76-rustdoc-1
[INFO] running `Command { std: "git" "clone" "/workspace/cache/git-repos/https%3A%2F%2Fgithub.com%2FVar1377%2Fday" "/workspace/builds/worker-3-tc1/source", kill_on_drop: false }`
[INFO] [stderr] Cloning into '/workspace/builds/worker-3-tc1/source'...
[INFO] [stderr] done.
[INFO] validating manifest of git repo https://github.com/Var1377/day on toolchain 1.75.0
[INFO] running `Command { std: CARGO_HOME="/workspace/cargo-home" RUSTUP_HOME="/workspace/rustup-home" "/workspace/cargo-home/bin/cargo" "+1.75.0" "metadata" "--manifest-path" "Cargo.toml" "--no-deps", kill_on_drop: false }`
[INFO] removed /workspace/builds/worker-3-tc1/source/.cargo/config.toml
[INFO] started tweaking git repo https://github.com/Var1377/day
[INFO] finished tweaking git repo https://github.com/Var1377/day
[INFO] tweaked toml for git repo https://github.com/Var1377/day written to /workspace/builds/worker-3-tc1/source/Cargo.toml
[INFO] crate git repo https://github.com/Var1377/day already has a lockfile, it will not be regenerated
[INFO] running `Command { std: CARGO_HOME="/workspace/cargo-home" RUSTUP_HOME="/workspace/rustup-home" "/workspace/cargo-home/bin/cargo" "+1.75.0" "fetch" "--manifest-path" "Cargo.toml", kill_on_drop: false }`
[INFO] [stderr]     Updating crates.io index
[INFO] [stderr]  Downloading crates ...
[INFO] [stderr]   Downloaded sscanf v0.4.1
[INFO] [stderr]   Downloaded tabled v0.12.2
[INFO] [stderr]   Downloaded ansi-str v0.8.0
[INFO] [stderr]   Downloaded extension-trait v1.0.2
[INFO] [stderr]   Downloaded sscanf_macro v0.4.1
[INFO] [stderr]   Downloaded icalendar v0.15.7
[INFO] [stderr]   Downloaded papergrid v0.9.1
[INFO] [stderr]   Downloaded serde-inline-default v0.1.1
[INFO] running `Command { std: "docker" "create" "-v" "/var/lib/crater-agent-workspace/builds/worker-3-tc1/target:/opt/rustwide/target:rw,Z" "-v" "/var/lib/crater-agent-workspace/builds/worker-3-tc1/source:/opt/rustwide/workdir:ro,Z" "-v" "/var/lib/crater-agent-workspace/cargo-home:/opt/rustwide/cargo-home:ro,Z" "-v" "/var/lib/crater-agent-workspace/rustup-home:/opt/rustwide/rustup-home:ro,Z" "-e" "SOURCE_DIR=/opt/rustwide/workdir" "-e" "CARGO_TARGET_DIR=/opt/rustwide/target" "-e" "CARGO_HOME=/opt/rustwide/cargo-home" "-e" "RUSTUP_HOME=/opt/rustwide/rustup-home" "-w" "/opt/rustwide/workdir" "-m" "1610612736" "--user" "0:0" "--network" "none" "ghcr.io/rust-lang/crates-build-env/linux@sha256:2788e3201cd34a07e3172128adcd8b3090168a8e3bcc40d7c032b9dda1df7d1c" "/opt/rustwide/cargo-home/bin/cargo" "+1.75.0" "metadata" "--no-deps" "--format-version=1", kill_on_drop: false }`
[INFO] [stdout] 13a0a7c54a9b7847445ee3086683c5d59db484c9f151b4117517ce2fb602a79d
[INFO] running `Command { std: "docker" "start" "-a" "13a0a7c54a9b7847445ee3086683c5d59db484c9f151b4117517ce2fb602a79d", kill_on_drop: false }`
[INFO] running `Command { std: "docker" "inspect" "13a0a7c54a9b7847445ee3086683c5d59db484c9f151b4117517ce2fb602a79d", kill_on_drop: false }`
[INFO] running `Command { std: "docker" "rm" "-f" "13a0a7c54a9b7847445ee3086683c5d59db484c9f151b4117517ce2fb602a79d", kill_on_drop: false }`
[INFO] [stdout] 13a0a7c54a9b7847445ee3086683c5d59db484c9f151b4117517ce2fb602a79d
[INFO] running `Command { std: "docker" "create" "-v" "/var/lib/crater-agent-workspace/builds/worker-3-tc1/target:/opt/rustwide/target:rw,Z" "-v" "/var/lib/crater-agent-workspace/builds/worker-3-tc1/source:/opt/rustwide/workdir:ro,Z" "-v" "/var/lib/crater-agent-workspace/cargo-home:/opt/rustwide/cargo-home:ro,Z" "-v" "/var/lib/crater-agent-workspace/rustup-home:/opt/rustwide/rustup-home:ro,Z" "-e" "SOURCE_DIR=/opt/rustwide/workdir" "-e" "CARGO_TARGET_DIR=/opt/rustwide/target" "-e" "CARGO_INCREMENTAL=0" "-e" "RUST_BACKTRACE=full" "-e" "RUSTFLAGS=--cap-lints=warn" "-e" "RUSTDOCFLAGS=--cap-lints=warn" "-e" "CARGO_HOME=/opt/rustwide/cargo-home" "-e" "RUSTUP_HOME=/opt/rustwide/rustup-home" "-w" "/opt/rustwide/workdir" "-m" "1610612736" "--user" "0:0" "--network" "none" "ghcr.io/rust-lang/crates-build-env/linux@sha256:2788e3201cd34a07e3172128adcd8b3090168a8e3bcc40d7c032b9dda1df7d1c" "/opt/rustwide/cargo-home/bin/cargo" "+1.75.0" "doc" "--frozen" "--no-deps" "--document-private-items" "--message-format=json", kill_on_drop: false }`
[INFO] [stdout] 717229a14658d6a1643d313282fde25570324e6e2cc39b17a5439798789e0aa6
[INFO] running `Command { std: "docker" "start" "-a" "717229a14658d6a1643d313282fde25570324e6e2cc39b17a5439798789e0aa6", kill_on_drop: false }`
[INFO] [stderr]    Compiling proc-macro2 v1.0.66
[INFO] [stderr]    Compiling unicode-ident v1.0.11
[INFO] [stderr]    Compiling libc v0.2.147
[INFO] [stderr]    Compiling memchr v2.5.0
[INFO] [stderr]    Compiling serde v1.0.178
[INFO] [stderr]     Checking cfg-if v1.0.0
[INFO] [stderr]    Compiling serde_derive v1.0.178
[INFO] [stderr]    Compiling version_check v0.9.4
[INFO] [stderr]    Compiling autocfg v1.1.0
[INFO] [stderr]     Checking log v0.4.19
[INFO] [stderr]    Compiling rustversion v1.0.14
[INFO] [stderr]    Compiling syn v1.0.109
[INFO] [stderr]     Checking utf8parse v0.2.1
[INFO] [stderr]    Compiling rustix v0.38.4
[INFO] [stderr]     Checking itoa v1.0.9
[INFO] [stderr]    Compiling futures-core v0.3.28
[INFO] [stderr]    Compiling typenum v1.16.0
[INFO] [stderr]     Checking minimal-lexical v0.2.1
[INFO] [stderr]     Checking bitflags v2.3.3
[INFO] [stderr]     Checking bitflags v1.3.2
[INFO] [stderr]     Checking linux-raw-sys v0.4.3
[INFO] [stderr]     Checking pin-project-lite v0.2.12
[INFO] [stderr]     Checking once_cell v1.18.0
[INFO] [stderr]     Checking fnv v1.0.7
[INFO] [stderr]     Checking lazy_static v1.4.0
[INFO] [stderr]    Compiling parking_lot_core v0.9.8
[INFO] [stderr]    Compiling signal-hook v0.3.17
[INFO] [stderr]    Compiling futures-task v0.3.28
[INFO] [stderr]    Compiling generic-array v0.14.7
[INFO] [stderr]    Compiling heck v0.4.1
[INFO] [stderr]    Compiling num-traits v0.2.16
[INFO] [stderr]    Compiling lock_api v0.4.10
[INFO] [stderr]     Checking unicode-width v0.1.10
[INFO] [stderr]    Compiling futures-util v0.3.28
[INFO] [stderr]     Checking smallvec v1.11.0
[INFO] [stderr]     Checking atomic v0.5.3
[INFO] [stderr]     Checking iana-time-zone v0.1.57
[INFO] [stderr]     Checking scopeguard v1.2.0
[INFO] [stderr]    Compiling proc-macro-error-attr v1.0.4
[INFO] [stderr]     Checking arrayvec v0.5.2
[INFO] [stderr]     Checking bytes v1.4.0
[INFO] [stderr]     Checking regex-syntax v0.7.4
[INFO] [stderr]    Compiling unicode-segmentation v1.10.1
[INFO] [stderr]     Checking nom v7.1.3
[INFO] [stderr]     Checking aho-corasick v1.0.2
[INFO] [stderr]     Checking pin-utils v0.1.0
[INFO] [stderr]    Compiling unicode-xid v0.2.4
[INFO] [stderr]    Compiling quote v1.0.32
[INFO] [stderr]     Checking tracing-core v0.1.31
[INFO] [stderr]    Compiling proc-macro-error v1.0.4
[INFO] [stderr]    Compiling syn v2.0.27
[INFO] [stderr]     Checking http v0.2.9
[INFO] [stderr]    Compiling convert_case v0.6.0
[INFO] [stderr]     Checking anstyle-parse v0.2.1
[INFO] [stderr]    Compiling vte_generate_state_changes v0.1.1
[INFO] [stderr]    Compiling const_format_proc_macros v0.2.31
[INFO] [stderr]     Checking colorchoice v1.0.0
[INFO] [stderr]     Checking tower-service v0.3.2
[INFO] [stderr]    Compiling cc v1.0.79
[INFO] [stderr]    Compiling io-lifetimes v1.0.11
[INFO] [stderr]     Checking subtle v2.5.0
[INFO] [stderr]     Checking mio v0.8.8
[INFO] [stderr]     Checking time v0.1.45
[INFO] [stderr]     Checking getrandom v0.2.10
[INFO] [stderr]     Checking signal-hook-registry v1.4.1
[INFO] [stderr]     Checking vte v0.10.1
[INFO] [stderr]     Checking socket2 v0.5.3
[INFO] [stderr]     Checking ryu v1.0.15
[INFO] [stderr]     Checking parking_lot v0.12.1
[INFO] [stderr]    Compiling async-trait v0.1.73
[INFO] [stderr]    Compiling regex-syntax v0.6.29
[INFO] [stderr]     Checking anstyle-query v1.0.0
[INFO] [stderr]     Checking signal-hook-mio v0.2.3
[INFO] [stderr]    Compiling strsim v0.10.0
[INFO] [stderr]     Checking equivalent v1.0.1
[INFO] [stderr]    Compiling httparse v1.8.0
[INFO] [stderr]     Checking anstyle v1.0.1
[INFO] [stderr]     Checking hashbrown v0.14.0
[INFO] [stderr]    Compiling serde_json v1.0.104
[INFO] [stderr]    Compiling futures-channel v0.3.28
[INFO] [stderr]     Checking tokio v1.31.0
[INFO] [stderr]     Checking crypto-common v0.1.6
[INFO] [stderr]     Checking block-buffer v0.10.4
[INFO] [stderr]     Checking regex-automata v0.3.4
[INFO] [stderr]     Checking is-terminal v0.4.9
[INFO] [stderr]     Checking anstream v0.3.2
[INFO] [stderr]     Checking http-body v0.4.5
[INFO] [stderr]    Compiling axum-core v0.3.4
[INFO] [stderr]     Checking tracing v0.1.37
[INFO] [stderr]     Checking const_format v0.2.31
[INFO] [stderr]     Checking ansitok v0.2.0
[INFO] [stderr]     Checking try-lock v0.2.4
[INFO] [stderr]     Checking tower-layer v0.3.2
[INFO] [stderr]     Checking indexmap v2.0.0
[INFO] [stderr]    Compiling backtrace v0.3.68
[INFO] [stderr]    Compiling thiserror v1.0.44
[INFO] [stderr]     Checking winnow v0.5.1
[INFO] [stderr]    Compiling rustix v0.37.23
[INFO] [stderr]     Checking gimli v0.27.3
[INFO] [stderr]    Compiling portable-atomic v1.4.2
[INFO] [stderr]     Checking adler v1.0.2
[INFO] [stderr]     Checking percent-encoding v2.3.0
[INFO] [stderr]     Checking miniz_oxide v0.7.1
[INFO] [stderr]     Checking ansi-str v0.8.0
[INFO] [stderr]     Checking want v0.3.1
[INFO] [stderr]     Checking form_urlencoded v1.2.0
[INFO] [stderr]     Checking digest v0.10.7
[INFO] [stderr]     Checking socket2 v0.4.9
[INFO] [stderr]     Checking console v0.15.7
[INFO] [stderr]    Compiling axum v0.6.20
[INFO] [stderr]     Checking object v0.31.1
[INFO] [stderr]     Checking option-ext v0.2.0
[INFO] [stderr]     Checking chrono v0.4.26
[INFO] [stderr]     Checking uuid v1.4.1
[INFO] [stderr]     Checking toml_datetime v0.6.3
[INFO] [stderr]     Checking serde_spanned v0.6.3
[INFO] [stderr]     Checking rustc-demangle v0.1.23
[INFO] [stderr]     Checking httpdate v1.0.3
[INFO] [stderr]     Checking bytecount v0.6.3
[INFO] [stderr]     Checking clap_lex v0.5.0
[INFO] [stderr]     Checking rand_core v0.6.4
[INFO] [stderr]     Checking mime v0.3.17
[INFO] [stderr]     Checking linux-raw-sys v0.3.8
[INFO] [stderr]     Checking base64ct v1.6.0
[INFO] [stderr]     Checking fastrand v2.0.0
[INFO] [stderr]    Compiling anyhow v1.0.72
[INFO] [stderr]     Checking clap_builder v4.3.19
[INFO] [stderr]     Checking papergrid v0.9.1
[INFO] [stderr]     Checking tempfile v3.7.0
[INFO] [stderr]     Checking password-hash v0.5.0
[INFO] [stderr]     Checking dirs-sys v0.4.1
[INFO] [stderr]     Checking blake2 v0.10.6
[INFO] [stderr]     Checking serde_urlencoded v0.7.1
[INFO] [stderr]     Checking toml_edit v0.19.14
[INFO] [stderr]     Checking serde_path_to_error v0.1.14
[INFO] [stderr]     Checking regex v1.9.1
[INFO] [stderr]     Checking os_info v3.7.0
[INFO] [stderr]     Checking newline-converter v0.2.2
[INFO] [stderr]     Checking crossterm v0.25.0
[INFO] [stderr]     Checking crossterm v0.26.1
[INFO] [stderr]     Checking iso8601 v0.6.1
[INFO] [stderr]     Checking matchit v0.7.2
[INFO] [stderr]     Checking sync_wrapper v0.1.2
[INFO] [stderr]     Checking dyn-clone v1.0.12
[INFO] [stderr]     Checking hyper v0.14.27
[INFO] [stderr]     Checking cpufeatures v0.2.9
[INFO] [stderr]     Checking strum v0.24.1
[INFO] [stderr]     Checking number_prefix v0.4.0
[INFO] [stderr]     Checking argon2 v0.5.1
[INFO] [stderr]     Checking dirs v5.0.1
[INFO] [stderr]     Checking icalendar v0.15.7
[INFO] [stderr]     Checking indicatif v0.17.5
[INFO] [stderr]     Checking addr2line v0.20.0
[INFO] [stderr]     Checking terminal_size v0.2.6
[INFO] [stderr]     Checking toml v0.7.6
[INFO] [stderr]    Compiling serde-inline-default v0.1.1
[INFO] [stderr]    Compiling tabled_derive v0.6.0
[INFO] [stderr]    Compiling strum_macros v0.24.3
[INFO] [stderr]    Compiling pin-project-internal v1.1.3
[INFO] [stderr]    Compiling enum-iterator-derive v1.2.1
[INFO] [stderr]    Compiling sscanf_macro v0.4.1
[INFO] [stderr]    Compiling thiserror-impl v1.0.44
[INFO] [stderr]    Compiling clap_derive v4.3.12
[INFO] [stderr]    Compiling extension-trait v1.0.2
[INFO] [stderr]     Checking human-panic v1.1.5
[INFO] [stderr]     Checking tabled v0.12.2
[INFO] [stderr]     Checking enum-iterator v1.4.1
[INFO] [stderr]     Checking pin-project v1.1.3
[INFO] [stderr]     Checking tower v0.4.13
[INFO] [stderr]     Checking comfy-table v7.0.1
[INFO] [stderr]     Checking inquire v0.6.2
[INFO] [stderr]     Checking sscanf v0.4.1
[INFO] [stderr]     Checking clap v4.3.19
[INFO] [stderr]     Checking day_core v0.1.0 (/opt/rustwide/workdir/day_core)
[INFO] [stderr]  Documenting day_core v0.1.0 (/opt/rustwide/workdir/day_core)
[INFO] [stdout] error[E0599]: no function or associated item named `now_v7` found for struct `Uuid` in the current scope
[INFO] [stdout]    --> day_core/src/event/mod.rs:29:23
[INFO] [stdout]     |
[INFO] [stdout] 29  |     #[serde(default = "Uuid::now_v7")]
[INFO] [stdout]     |                       ^^^^^^^^^^^^^^
[INFO] [stdout]     |                       |
[INFO] [stdout]     |                       function or associated item not found in `Uuid`
[INFO] [stdout]     |                       help: there is an associated function with a similar name: `new_v4`
[INFO] [stdout]     |
[INFO] [stdout] note: if you're trying to build a new `Uuid` consider using one of the following associated functions:
[INFO] [stdout]       uuid::builder::<impl Uuid>::nil
[INFO] [stdout]       uuid::builder::<impl Uuid>::from_fields
[INFO] [stdout]       uuid::builder::<impl Uuid>::from_fields_le
[INFO] [stdout]       uuid::builder::<impl Uuid>::from_u128
[INFO] [stdout]       and 10 others
[INFO] [stdout]    --> /opt/rustwide/cargo-home/registry/src/index.crates.io-6f17d22bba15001f/uuid-1.4.1/src/builder.rs:72:5
[INFO] [stdout]     |
[INFO] [stdout] 72  |     pub const fn nil() -> Self {
[INFO] [stdout]     |     ^^^^^^^^^^^^^^^^^^^^^^^^^^
[INFO] [stdout] ...
[INFO] [stdout] 123 |     pub const fn from_fields(d1: u32, d2: u16, d3: u16, d4: &[u8; 8]) -> Uuid {
[INFO] [stdout]     |     ^^^^^^^^^^^^^^^^^^^^^^^^^^^^^^^^^^^^^^^^^^^^^^^^^^^^^^^^^^^^^^^^^^^^^^^^^
[INFO] [stdout] ...
[INFO] [stdout] 169 |     pub const fn from_fields_le(d1: u32, d2: u16, d3: u16, d4: &[u8; 8]) -> Uuid {
[INFO] [stdout]     |     ^^^^^^^^^^^^^^^^^^^^^^^^^^^^^^^^^^^^^^^^^^^^^^^^^^^^^^^^^^^^^^^^^^^^^^^^^^^^
[INFO] [stdout] ...
[INFO] [stdout] 207 |     pub const fn from_u128(v: u128) -> Self {
[INFO] [stdout]     |     ^^^^^^^^^^^^^^^^^^^^^^^^^^^^^^^^^^^^^^^
[INFO] [stdout] 
[INFO] [stdout] 
[INFO] [stdout] error[E0599]: no function or associated item named `now_v7` found for struct `Uuid` in the current scope
[INFO] [stdout]    --> day_core/src/event/mod.rs:39:23
[INFO] [stdout]     |
[INFO] [stdout] 39  |             id: Uuid::now_v7(),
[INFO] [stdout]     |                       ^^^^^^
[INFO] [stdout]     |                       |
[INFO] [stdout]     |                       function or associated item not found in `Uuid`
[INFO] [stdout]     |                       help: there is an associated function with a similar name: `new_v4`
[INFO] [stdout]     |
[INFO] [stdout] note: if you're trying to build a new `Uuid` consider using one of the following associated functions:
[INFO] [stdout]       uuid::builder::<impl Uuid>::nil
[INFO] [stdout]       uuid::builder::<impl Uuid>::from_fields
[INFO] [stdout]       uuid::builder::<impl Uuid>::from_fields_le
[INFO] [stdout]       uuid::builder::<impl Uuid>::from_u128
[INFO] [stdout]       and 10 others
[INFO] [stdout]    --> /opt/rustwide/cargo-home/registry/src/index.crates.io-6f17d22bba15001f/uuid-1.4.1/src/builder.rs:72:5
[INFO] [stdout]     |
[INFO] [stdout] 72  |     pub const fn nil() -> Self {
[INFO] [stdout]     |     ^^^^^^^^^^^^^^^^^^^^^^^^^^
[INFO] [stdout] ...
[INFO] [stdout] 123 |     pub const fn from_fields(d1: u32, d2: u16, d3: u16, d4: &[u8; 8]) -> Uuid {
[INFO] [stdout]     |     ^^^^^^^^^^^^^^^^^^^^^^^^^^^^^^^^^^^^^^^^^^^^^^^^^^^^^^^^^^^^^^^^^^^^^^^^^
[INFO] [stdout] ...
[INFO] [stdout] 169 |     pub const fn from_fields_le(d1: u32, d2: u16, d3: u16, d4: &[u8; 8]) -> Uuid {
[INFO] [stdout]     |     ^^^^^^^^^^^^^^^^^^^^^^^^^^^^^^^^^^^^^^^^^^^^^^^^^^^^^^^^^^^^^^^^^^^^^^^^^^^^
[INFO] [stdout] ...
[INFO] [stdout] 207 |     pub const fn from_u128(v: u128) -> Self {
[INFO] [stdout]     |     ^^^^^^^^^^^^^^^^^^^^^^^^^^^^^^^^^^^^^^^
[INFO] [stdout] 
[INFO] [stdout] 
[INFO] [stdout] error: aborting due to 2 previous errors
[INFO] [stdout] 
[INFO] [stdout] 
[INFO] [stdout] For more information about this error, try `rustc --explain E0599`.
[INFO] [stdout] 
[INFO] [stderr] error: could not compile `day_core` (lib) due to 3 previous errors
[INFO] [stderr] warning: build failed, waiting for other jobs to finish...
[INFO] running `Command { std: "docker" "inspect" "717229a14658d6a1643d313282fde25570324e6e2cc39b17a5439798789e0aa6", kill_on_drop: false }`
[INFO] running `Command { std: "docker" "rm" "-f" "717229a14658d6a1643d313282fde25570324e6e2cc39b17a5439798789e0aa6", kill_on_drop: false }`
[INFO] [stdout] 717229a14658d6a1643d313282fde25570324e6e2cc39b17a5439798789e0aa6
[INFO] documenting Var1377/day against beta-2023-12-22 for beta-1.76-rustdoc-1
[INFO] running `Command { std: "git" "clone" "/workspace/cache/git-repos/https%3A%2F%2Fgithub.com%2FVar1377%2Fday" "/workspace/builds/worker-3-tc2/source", kill_on_drop: false }`
[INFO] [stderr] Cloning into '/workspace/builds/worker-3-tc2/source'...
[INFO] [stderr] done.
[INFO] validating manifest of git repo https://github.com/Var1377/day on toolchain beta-2023-12-22
[INFO] running `Command { std: CARGO_HOME="/workspace/cargo-home" RUSTUP_HOME="/workspace/rustup-home" "/workspace/cargo-home/bin/cargo" "+beta-2023-12-22" "metadata" "--manifest-path" "Cargo.toml" "--no-deps", kill_on_drop: false }`
[INFO] removed /workspace/builds/worker-3-tc2/source/.cargo/config.toml
[INFO] started tweaking git repo https://github.com/Var1377/day
[INFO] finished tweaking git repo https://github.com/Var1377/day
[INFO] tweaked toml for git repo https://github.com/Var1377/day written to /workspace/builds/worker-3-tc2/source/Cargo.toml
[INFO] crate git repo https://github.com/Var1377/day already has a lockfile, it will not be regenerated
[INFO] running `Command { std: CARGO_HOME="/workspace/cargo-home" RUSTUP_HOME="/workspace/rustup-home" "/workspace/cargo-home/bin/cargo" "+beta-2023-12-22" "fetch" "--manifest-path" "Cargo.toml", kill_on_drop: false }`
[INFO] running `Command { std: "docker" "create" "-v" "/var/lib/crater-agent-workspace/builds/worker-3-tc2/target:/opt/rustwide/target:rw,Z" "-v" "/var/lib/crater-agent-workspace/builds/worker-3-tc2/source:/opt/rustwide/workdir:ro,Z" "-v" "/var/lib/crater-agent-workspace/cargo-home:/opt/rustwide/cargo-home:ro,Z" "-v" "/var/lib/crater-agent-workspace/rustup-home:/opt/rustwide/rustup-home:ro,Z" "-e" "SOURCE_DIR=/opt/rustwide/workdir" "-e" "CARGO_TARGET_DIR=/opt/rustwide/target" "-e" "CARGO_HOME=/opt/rustwide/cargo-home" "-e" "RUSTUP_HOME=/opt/rustwide/rustup-home" "-w" "/opt/rustwide/workdir" "-m" "1610612736" "--user" "0:0" "--network" "none" "ghcr.io/rust-lang/crates-build-env/linux@sha256:2788e3201cd34a07e3172128adcd8b3090168a8e3bcc40d7c032b9dda1df7d1c" "/opt/rustwide/cargo-home/bin/cargo" "+beta-2023-12-22" "metadata" "--no-deps" "--format-version=1", kill_on_drop: false }`
[INFO] [stdout] 02e3620b47df9d7b729f5a8e2ce100036e1c3cfdc8d4743f64091637ed1712c3
[INFO] running `Command { std: "docker" "start" "-a" "02e3620b47df9d7b729f5a8e2ce100036e1c3cfdc8d4743f64091637ed1712c3", kill_on_drop: false }`
[INFO] running `Command { std: "docker" "inspect" "02e3620b47df9d7b729f5a8e2ce100036e1c3cfdc8d4743f64091637ed1712c3", kill_on_drop: false }`
[INFO] running `Command { std: "docker" "rm" "-f" "02e3620b47df9d7b729f5a8e2ce100036e1c3cfdc8d4743f64091637ed1712c3", kill_on_drop: false }`
[INFO] [stdout] 02e3620b47df9d7b729f5a8e2ce100036e1c3cfdc8d4743f64091637ed1712c3
[INFO] running `Command { std: "docker" "create" "-v" "/var/lib/crater-agent-workspace/builds/worker-3-tc2/target:/opt/rustwide/target:rw,Z" "-v" "/var/lib/crater-agent-workspace/builds/worker-3-tc2/source:/opt/rustwide/workdir:ro,Z" "-v" "/var/lib/crater-agent-workspace/cargo-home:/opt/rustwide/cargo-home:ro,Z" "-v" "/var/lib/crater-agent-workspace/rustup-home:/opt/rustwide/rustup-home:ro,Z" "-e" "SOURCE_DIR=/opt/rustwide/workdir" "-e" "CARGO_TARGET_DIR=/opt/rustwide/target" "-e" "CARGO_INCREMENTAL=0" "-e" "RUST_BACKTRACE=full" "-e" "RUSTFLAGS=--cap-lints=warn" "-e" "RUSTDOCFLAGS=--cap-lints=warn" "-e" "CARGO_HOME=/opt/rustwide/cargo-home" "-e" "RUSTUP_HOME=/opt/rustwide/rustup-home" "-w" "/opt/rustwide/workdir" "-m" "1610612736" "--user" "0:0" "--network" "none" "ghcr.io/rust-lang/crates-build-env/linux@sha256:2788e3201cd34a07e3172128adcd8b3090168a8e3bcc40d7c032b9dda1df7d1c" "/opt/rustwide/cargo-home/bin/cargo" "+beta-2023-12-22" "doc" "--frozen" "--no-deps" "--document-private-items" "--message-format=json", kill_on_drop: false }`
[INFO] [stdout] 1a79cd5157cd264510c353fee3f6760dedadfe04d3e7ac14ba872b9c171ce537
[INFO] running `Command { std: "docker" "start" "-a" "1a79cd5157cd264510c353fee3f6760dedadfe04d3e7ac14ba872b9c171ce537", kill_on_drop: false }`
[INFO] [stderr]    Compiling proc-macro2 v1.0.66
[INFO] [stderr]    Compiling unicode-ident v1.0.11
[INFO] [stderr]    Compiling libc v0.2.147
[INFO] [stderr]    Compiling memchr v2.5.0
[INFO] [stderr]    Compiling serde v1.0.178
[INFO] [stderr]     Checking cfg-if v1.0.0
[INFO] [stderr]    Compiling serde_derive v1.0.178
[INFO] [stderr]    Compiling version_check v0.9.4
[INFO] [stderr]    Compiling autocfg v1.1.0
[INFO] [stderr]     Checking log v0.4.19
[INFO] [stderr]    Compiling rustversion v1.0.14
[INFO] [stderr]    Compiling syn v1.0.109
[INFO] [stderr]     Checking utf8parse v0.2.1
[INFO] [stderr]    Compiling rustix v0.38.4
[INFO] [stderr]     Checking itoa v1.0.9
[INFO] [stderr]     Checking linux-raw-sys v0.4.3
[INFO] [stderr]     Checking fnv v1.0.7
[INFO] [stderr]     Checking minimal-lexical v0.2.1
[INFO] [stderr]     Checking once_cell v1.18.0
[INFO] [stderr]     Checking bitflags v1.3.2
[INFO] [stderr]    Compiling typenum v1.16.0
[INFO] [stderr]     Checking bitflags v2.3.3
[INFO] [stderr]     Checking pin-project-lite v0.2.12
[INFO] [stderr]    Compiling futures-core v0.3.28
[INFO] [stderr]    Compiling futures-task v0.3.28
[INFO] [stderr]    Compiling parking_lot_core v0.9.8
[INFO] [stderr]    Compiling generic-array v0.14.7
[INFO] [stderr]     Checking lazy_static v1.4.0
[INFO] [stderr]    Compiling signal-hook v0.3.17
[INFO] [stderr]    Compiling num-traits v0.2.16
[INFO] [stderr]    Compiling lock_api v0.4.10
[INFO] [stderr]     Checking atomic v0.5.3
[INFO] [stderr]     Checking unicode-width v0.1.10
[INFO] [stderr]     Checking iana-time-zone v0.1.57
[INFO] [stderr]     Checking smallvec v1.11.0
[INFO] [stderr]     Checking scopeguard v1.2.0
[INFO] [stderr]    Compiling heck v0.4.1
[INFO] [stderr]    Compiling futures-util v0.3.28
[INFO] [stderr]    Compiling proc-macro-error-attr v1.0.4
[INFO] [stderr]     Checking arrayvec v0.5.2
[INFO] [stderr]    Compiling unicode-xid v0.2.4
[INFO] [stderr]     Checking regex-syntax v0.7.4
[INFO] [stderr]     Checking pin-utils v0.1.0
[INFO] [stderr]     Checking nom v7.1.3
[INFO] [stderr]     Checking aho-corasick v1.0.2
[INFO] [stderr]     Checking bytes v1.4.0
[INFO] [stderr]    Compiling unicode-segmentation v1.10.1
[INFO] [stderr]    Compiling quote v1.0.32
[INFO] [stderr]    Compiling proc-macro-error v1.0.4
[INFO] [stderr]     Checking tracing-core v0.1.31
[INFO] [stderr]    Compiling syn v2.0.27
[INFO] [stderr]     Checking http v0.2.9
[INFO] [stderr]    Compiling vte_generate_state_changes v0.1.1
[INFO] [stderr]    Compiling const_format_proc_macros v0.2.31
[INFO] [stderr]    Compiling convert_case v0.6.0
[INFO] [stderr]     Checking anstyle-parse v0.2.1
[INFO] [stderr]     Checking anstyle v1.0.1
[INFO] [stderr]     Checking ryu v1.0.15
[INFO] [stderr]     Checking vte v0.10.1
[INFO] [stderr]     Checking tower-service v0.3.2
[INFO] [stderr]     Checking hashbrown v0.14.0
[INFO] [stderr]     Checking colorchoice v1.0.0
[INFO] [stderr]    Compiling serde_json v1.0.104
[INFO] [stderr]    Compiling io-lifetimes v1.0.11
[INFO] [stderr]     Checking mio v0.8.8
[INFO] [stderr]     Checking time v0.1.45
[INFO] [stderr]     Checking getrandom v0.2.10
[INFO] [stderr]     Checking signal-hook-registry v1.4.1
[INFO] [stderr]     Checking socket2 v0.5.3
[INFO] [stderr]     Checking equivalent v1.0.1
[INFO] [stderr]    Compiling async-trait v0.1.73
[INFO] [stderr]    Compiling httparse v1.8.0
[INFO] [stderr]     Checking anstyle-query v1.0.0
[INFO] [stderr]    Compiling strsim v0.10.0
[INFO] [stderr]     Checking parking_lot v0.12.1
[INFO] [stderr]     Checking subtle v2.5.0
[INFO] [stderr]    Compiling regex-syntax v0.6.29
[INFO] [stderr]    Compiling cc v1.0.79
[INFO] [stderr]     Checking signal-hook-mio v0.2.3
[INFO] [stderr]    Compiling futures-channel v0.3.28
[INFO] [stderr]     Checking ansitok v0.2.0
[INFO] [stderr]     Checking tokio v1.31.0
[INFO] [stderr]     Checking block-buffer v0.10.4
[INFO] [stderr]     Checking is-terminal v0.4.9
[INFO] [stderr]     Checking crypto-common v0.1.6
[INFO] [stderr]     Checking indexmap v2.0.0
[INFO] [stderr]     Checking anstream v0.3.2
[INFO] [stderr]     Checking const_format v0.2.31
[INFO] [stderr]     Checking http-body v0.4.5
[INFO] [stderr]     Checking tracing v0.1.37
[INFO] [stderr]     Checking regex-automata v0.3.4
[INFO] [stderr]    Compiling axum-core v0.3.4
[INFO] [stderr]    Compiling thiserror v1.0.44
[INFO] [stderr]     Checking gimli v0.27.3
[INFO] [stderr]     Checking adler v1.0.2
[INFO] [stderr]     Checking percent-encoding v2.3.0
[INFO] [stderr]     Checking winnow v0.5.1
[INFO] [stderr]     Checking try-lock v0.2.4
[INFO] [stderr]     Checking tower-layer v0.3.2
[INFO] [stderr]    Compiling portable-atomic v1.4.2
[INFO] [stderr]    Compiling rustix v0.37.23
[INFO] [stderr]     Checking want v0.3.1
[INFO] [stderr]     Checking form_urlencoded v1.2.0
[INFO] [stderr]     Checking miniz_oxide v0.7.1
[INFO] [stderr]     Checking ansi-str v0.8.0
[INFO] [stderr]     Checking digest v0.10.7
[INFO] [stderr]     Checking socket2 v0.4.9
[INFO] [stderr]     Checking console v0.15.7
[INFO] [stderr]    Compiling axum v0.6.20
[INFO] [stderr]     Checking chrono v0.4.26
[INFO] [stderr]     Checking uuid v1.4.1
[INFO] [stderr]     Checking toml_datetime v0.6.3
[INFO] [stderr]     Checking serde_spanned v0.6.3
[INFO] [stderr]     Checking object v0.31.1
[INFO] [stderr]     Checking httpdate v1.0.3
[INFO] [stderr]     Checking clap_lex v0.5.0
[INFO] [stderr]     Checking fastrand v2.0.0
[INFO] [stderr]     Checking base64ct v1.6.0
[INFO] [stderr]    Compiling backtrace v0.3.68
[INFO] [stderr]     Checking linux-raw-sys v0.3.8
[INFO] [stderr]     Checking mime v0.3.17
[INFO] [stderr]     Checking rand_core v0.6.4
[INFO] [stderr]    Compiling anyhow v1.0.72
[INFO] [stderr]     Checking bytecount v0.6.3
[INFO] [stderr]     Checking option-ext v0.2.0
[INFO] [stderr]     Checking rustc-demangle v0.1.23
[INFO] [stderr]     Checking papergrid v0.9.1
[INFO] [stderr]     Checking password-hash v0.5.0
[INFO] [stderr]     Checking dirs-sys v0.4.1
[INFO] [stderr]     Checking clap_builder v4.3.19
[INFO] [stderr]     Checking tempfile v3.7.0
[INFO] [stderr]     Checking blake2 v0.10.6
[INFO] [stderr]     Checking toml_edit v0.19.14
[INFO] [stderr]     Checking os_info v3.7.0
[INFO] [stderr]     Checking serde_path_to_error v0.1.14
[INFO] [stderr]     Checking serde_urlencoded v0.7.1
[INFO] [stderr]     Checking newline-converter v0.2.2
[INFO] [stderr]     Checking regex v1.9.1
[INFO] [stderr]     Checking crossterm v0.25.0
[INFO] [stderr]     Checking crossterm v0.26.1
[INFO] [stderr]     Checking iso8601 v0.6.1
[INFO] [stderr]     Checking matchit v0.7.2
[INFO] [stderr]     Checking hyper v0.14.27
[INFO] [stderr]     Checking number_prefix v0.4.0
[INFO] [stderr]     Checking dyn-clone v1.0.12
[INFO] [stderr]     Checking strum v0.24.1
[INFO] [stderr]     Checking cpufeatures v0.2.9
[INFO] [stderr]     Checking sync_wrapper v0.1.2
[INFO] [stderr]     Checking icalendar v0.15.7
[INFO] [stderr]     Checking addr2line v0.20.0
[INFO] [stderr]     Checking indicatif v0.17.5
[INFO] [stderr]     Checking argon2 v0.5.1
[INFO] [stderr]     Checking dirs v5.0.1
[INFO] [stderr]     Checking terminal_size v0.2.6
[INFO] [stderr]     Checking toml v0.7.6
[INFO] [stderr]    Compiling serde-inline-default v0.1.1
[INFO] [stderr]    Compiling tabled_derive v0.6.0
[INFO] [stderr]    Compiling strum_macros v0.24.3
[INFO] [stderr]    Compiling sscanf_macro v0.4.1
[INFO] [stderr]    Compiling enum-iterator-derive v1.2.1
[INFO] [stderr]    Compiling pin-project-internal v1.1.3
[INFO] [stderr]    Compiling thiserror-impl v1.0.44
[INFO] [stderr]    Compiling clap_derive v4.3.12
[INFO] [stderr]    Compiling extension-trait v1.0.2
[INFO] [stderr]     Checking human-panic v1.1.5
[INFO] [stderr]     Checking enum-iterator v1.4.1
[INFO] [stderr]     Checking tabled v0.12.2
[INFO] [stderr]     Checking inquire v0.6.2
[INFO] [stderr]     Checking pin-project v1.1.3
[INFO] [stderr]     Checking tower v0.4.13
[INFO] [stderr]     Checking comfy-table v7.0.1
[INFO] [stderr]     Checking sscanf v0.4.1
[INFO] [stderr]     Checking clap v4.3.19
[INFO] [stderr]     Checking day_core v0.1.0 (/opt/rustwide/workdir/day_core)
[INFO] [stderr]  Documenting day_core v0.1.0 (/opt/rustwide/workdir/day_core)
[INFO] [stdout] error[E0599]: no function or associated item named `now_v7` found for struct `Uuid` in the current scope
[INFO] [stdout]    --> day_core/src/event/mod.rs:29:23
[INFO] [stdout]     |
[INFO] [stdout] 29  |     #[serde(default = "Uuid::now_v7")]
[INFO] [stdout]     |                       ^^^^^^^^^^^^^^
[INFO] [stdout]     |                       |
[INFO] [stdout]     |                       function or associated item not found in `Uuid`
[INFO] [stdout]     |                       help: there is an associated function with a similar name: `new_v4`
[INFO] [stdout]     |
[INFO] [stdout] note: if you're trying to build a new `Uuid` consider using one of the following associated functions:
[INFO] [stdout]       uuid::builder::<impl Uuid>::nil
[INFO] [stdout]       uuid::builder::<impl Uuid>::from_fields
[INFO] [stdout]       uuid::builder::<impl Uuid>::from_fields_le
[INFO] [stdout]       uuid::builder::<impl Uuid>::from_u128
[INFO] [stdout]       and 10 others
[INFO] [stdout]    --> /opt/rustwide/cargo-home/registry/src/index.crates.io-6f17d22bba15001f/uuid-1.4.1/src/builder.rs:72:5
[INFO] [stdout]     |
[INFO] [stdout] 72  |     pub const fn nil() -> Self {
[INFO] [stdout]     |     ^^^^^^^^^^^^^^^^^^^^^^^^^^
[INFO] [stdout] ...
[INFO] [stdout] 123 |     pub const fn from_fields(d1: u32, d2: u16, d3: u16, d4: &[u8; 8]) -> Uuid {
[INFO] [stdout]     |     ^^^^^^^^^^^^^^^^^^^^^^^^^^^^^^^^^^^^^^^^^^^^^^^^^^^^^^^^^^^^^^^^^^^^^^^^^
[INFO] [stdout] ...
[INFO] [stdout] 169 |     pub const fn from_fields_le(d1: u32, d2: u16, d3: u16, d4: &[u8; 8]) -> Uuid {
[INFO] [stdout]     |     ^^^^^^^^^^^^^^^^^^^^^^^^^^^^^^^^^^^^^^^^^^^^^^^^^^^^^^^^^^^^^^^^^^^^^^^^^^^^
[INFO] [stdout] ...
[INFO] [stdout] 207 |     pub const fn from_u128(v: u128) -> Self {
[INFO] [stdout]     |     ^^^^^^^^^^^^^^^^^^^^^^^^^^^^^^^^^^^^^^^
[INFO] [stdout] 
[INFO] [stdout] 
[INFO] [stdout] error[E0599]: no function or associated item named `now_v7` found for struct `Uuid` in the current scope
[INFO] [stdout]    --> day_core/src/event/mod.rs:39:23
[INFO] [stdout]     |
[INFO] [stdout] 39  |             id: Uuid::now_v7(),
[INFO] [stdout]     |                       ^^^^^^
[INFO] [stdout]     |                       |
[INFO] [stdout]     |                       function or associated item not found in `Uuid`
[INFO] [stdout]     |                       help: there is an associated function with a similar name: `new_v4`
[INFO] [stdout]     |
[INFO] [stdout] note: if you're trying to build a new `Uuid` consider using one of the following associated functions:
[INFO] [stdout]       uuid::builder::<impl Uuid>::nil
[INFO] [stdout]       uuid::builder::<impl Uuid>::from_fields
[INFO] [stdout]       uuid::builder::<impl Uuid>::from_fields_le
[INFO] [stdout]       uuid::builder::<impl Uuid>::from_u128
[INFO] [stdout]       and 10 others
[INFO] [stdout]    --> /opt/rustwide/cargo-home/registry/src/index.crates.io-6f17d22bba15001f/uuid-1.4.1/src/builder.rs:72:5
[INFO] [stdout]     |
[INFO] [stdout] 72  |     pub const fn nil() -> Self {
[INFO] [stdout]     |     ^^^^^^^^^^^^^^^^^^^^^^^^^^
[INFO] [stdout] ...
[INFO] [stdout] 123 |     pub const fn from_fields(d1: u32, d2: u16, d3: u16, d4: &[u8; 8]) -> Uuid {
[INFO] [stdout]     |     ^^^^^^^^^^^^^^^^^^^^^^^^^^^^^^^^^^^^^^^^^^^^^^^^^^^^^^^^^^^^^^^^^^^^^^^^^
[INFO] [stdout] ...
[INFO] [stdout] 169 |     pub const fn from_fields_le(d1: u32, d2: u16, d3: u16, d4: &[u8; 8]) -> Uuid {
[INFO] [stdout]     |     ^^^^^^^^^^^^^^^^^^^^^^^^^^^^^^^^^^^^^^^^^^^^^^^^^^^^^^^^^^^^^^^^^^^^^^^^^^^^
[INFO] [stdout] ...
[INFO] [stdout] 207 |     pub const fn from_u128(v: u128) -> Self {
[INFO] [stdout]     |     ^^^^^^^^^^^^^^^^^^^^^^^^^^^^^^^^^^^^^^^
[INFO] [stdout] 
[INFO] [stdout] 
[INFO] [stdout] error: aborting due to 2 previous errors
[INFO] [stdout] 
[INFO] [stdout] 
[INFO] [stdout] For more information about this error, try `rustc --explain E0599`.
[INFO] [stdout] 
[INFO] [stderr] error: could not compile `day_core` (lib) due to 3 previous errors
[INFO] [stderr] warning: build failed, waiting for other jobs to finish...
[INFO] running `Command { std: "docker" "inspect" "1a79cd5157cd264510c353fee3f6760dedadfe04d3e7ac14ba872b9c171ce537", kill_on_drop: false }`
[INFO] running `Command { std: "docker" "rm" "-f" "1a79cd5157cd264510c353fee3f6760dedadfe04d3e7ac14ba872b9c171ce537", kill_on_drop: false }`
[INFO] [stdout] 1a79cd5157cd264510c353fee3f6760dedadfe04d3e7ac14ba872b9c171ce537
