[INFO] cloning repository https://github.com/Utuu123/RaamBaan
[INFO] running `Command { std: "git" "-c" "credential.helper=" "-c" "credential.helper=/workspace/cargo-home/bin/git-credential-null" "clone" "--bare" "https://github.com/Utuu123/RaamBaan" "/workspace/cache/git-repos/https%3A%2F%2Fgithub.com%2FUtuu123%2FRaamBaan", kill_on_drop: false }`
[INFO] [stderr] Cloning into bare repository '/workspace/cache/git-repos/https%3A%2F%2Fgithub.com%2FUtuu123%2FRaamBaan'...
[INFO] running `Command { std: "git" "rev-parse" "HEAD", kill_on_drop: false }`
[INFO] [stdout] 67debd19bf4ada8943366a646040cd39d07d013a
[INFO] documenting Utuu123/RaamBaan against 1.75.0 for beta-1.76-rustdoc-1
[INFO] running `Command { std: "git" "clone" "/workspace/cache/git-repos/https%3A%2F%2Fgithub.com%2FUtuu123%2FRaamBaan" "/workspace/builds/worker-2-tc1/source", kill_on_drop: false }`
[INFO] [stderr] Cloning into '/workspace/builds/worker-2-tc1/source'...
[INFO] [stderr] done.
[INFO] validating manifest of git repo https://github.com/Utuu123/RaamBaan on toolchain 1.75.0
[INFO] running `Command { std: CARGO_HOME="/workspace/cargo-home" RUSTUP_HOME="/workspace/rustup-home" "/workspace/cargo-home/bin/cargo" "+1.75.0" "metadata" "--manifest-path" "Cargo.toml" "--no-deps", kill_on_drop: false }`
[INFO] started tweaking git repo https://github.com/Utuu123/RaamBaan
[INFO] finished tweaking git repo https://github.com/Utuu123/RaamBaan
[INFO] tweaked toml for git repo https://github.com/Utuu123/RaamBaan written to /workspace/builds/worker-2-tc1/source/Cargo.toml
[INFO] crate git repo https://github.com/Utuu123/RaamBaan already has a lockfile, it will not be regenerated
[INFO] running `Command { std: CARGO_HOME="/workspace/cargo-home" RUSTUP_HOME="/workspace/rustup-home" "/workspace/cargo-home/bin/cargo" "+1.75.0" "fetch" "--manifest-path" "Cargo.toml", kill_on_drop: false }`
[INFO] [stderr]     Updating crates.io index
[INFO] [stderr]     Updating git repository `https://github.com/hpeebles/cdk-rs`
[INFO] [stderr]     Updating git repository `https://github.com/awslabs/aws-sdk-rust`
[INFO] [stderr]  Downloading crates ...
[INFO] [stderr]   Downloaded regex-cache v0.2.1
[INFO] [stderr]   Downloaded oncemutex v0.1.1
[INFO] [stderr]   Downloaded thiserror v1.0.28
[INFO] [stderr]   Downloaded ic-types v0.2.2
[INFO] [stderr]   Downloaded sha2 v0.9.6
[INFO] [stderr]   Downloaded logos-derive v0.12.0
[INFO] [stderr]   Downloaded thiserror-impl v1.0.28
[INFO] [stderr]   Downloaded garcon v0.2.3
[INFO] [stderr]   Downloaded tracing-core v0.1.19
[INFO] [stderr]   Downloaded num-bigint v0.4.1
[INFO] [stderr]   Downloaded ic-agent v0.6.0
[INFO] [stderr]   Downloaded tokio v1.11.0
[INFO] [stderr]   Downloaded phonenumber v0.3.1+8.12.9
[INFO] [stderr]   Downloaded tower v0.4.8
[INFO] [stderr]   Downloaded hyper v0.14.12
[INFO] [stderr]   Downloaded h2 v0.3.4
[INFO] [stderr]   Downloaded lalrpop v0.19.6
[INFO] [stderr]   Downloaded candid v0.7.6
[INFO] [stderr]   Downloaded logos v0.12.0
[INFO] [stderr]   Downloaded serde_tokenstream v0.1.2
[INFO] [stderr]   Downloaded bytes-utils v0.1.1
[INFO] [stderr]   Downloaded lalrpop-util v0.19.6
[INFO] running `Command { std: "docker" "create" "-v" "/var/lib/crater-agent-workspace/builds/worker-2-tc1/target:/opt/rustwide/target:rw,Z" "-v" "/var/lib/crater-agent-workspace/builds/worker-2-tc1/source:/opt/rustwide/workdir:ro,Z" "-v" "/var/lib/crater-agent-workspace/cargo-home:/opt/rustwide/cargo-home:ro,Z" "-v" "/var/lib/crater-agent-workspace/rustup-home:/opt/rustwide/rustup-home:ro,Z" "-e" "SOURCE_DIR=/opt/rustwide/workdir" "-e" "CARGO_TARGET_DIR=/opt/rustwide/target" "-e" "CARGO_HOME=/opt/rustwide/cargo-home" "-e" "RUSTUP_HOME=/opt/rustwide/rustup-home" "-w" "/opt/rustwide/workdir" "-m" "1610612736" "--user" "0:0" "--network" "none" "ghcr.io/rust-lang/crates-build-env/linux@sha256:2788e3201cd34a07e3172128adcd8b3090168a8e3bcc40d7c032b9dda1df7d1c" "/opt/rustwide/cargo-home/bin/cargo" "+1.75.0" "metadata" "--no-deps" "--format-version=1", kill_on_drop: false }`
[INFO] [stdout] 83417f32eec4b4f26fe3fe34f11e5d0820a9fbfab0772af3cba223903f45a411
[INFO] running `Command { std: "docker" "start" "-a" "83417f32eec4b4f26fe3fe34f11e5d0820a9fbfab0772af3cba223903f45a411", kill_on_drop: false }`
[INFO] running `Command { std: "docker" "inspect" "83417f32eec4b4f26fe3fe34f11e5d0820a9fbfab0772af3cba223903f45a411", kill_on_drop: false }`
[INFO] running `Command { std: "docker" "rm" "-f" "83417f32eec4b4f26fe3fe34f11e5d0820a9fbfab0772af3cba223903f45a411", kill_on_drop: false }`
[INFO] [stdout] 83417f32eec4b4f26fe3fe34f11e5d0820a9fbfab0772af3cba223903f45a411
[INFO] running `Command { std: "docker" "create" "-v" "/var/lib/crater-agent-workspace/builds/worker-2-tc1/target:/opt/rustwide/target:rw,Z" "-v" "/var/lib/crater-agent-workspace/builds/worker-2-tc1/source:/opt/rustwide/workdir:ro,Z" "-v" "/var/lib/crater-agent-workspace/cargo-home:/opt/rustwide/cargo-home:ro,Z" "-v" "/var/lib/crater-agent-workspace/rustup-home:/opt/rustwide/rustup-home:ro,Z" "-e" "SOURCE_DIR=/opt/rustwide/workdir" "-e" "CARGO_TARGET_DIR=/opt/rustwide/target" "-e" "CARGO_INCREMENTAL=0" "-e" "RUST_BACKTRACE=full" "-e" "RUSTFLAGS=--cap-lints=warn" "-e" "RUSTDOCFLAGS=--cap-lints=warn" "-e" "CARGO_HOME=/opt/rustwide/cargo-home" "-e" "RUSTUP_HOME=/opt/rustwide/rustup-home" "-w" "/opt/rustwide/workdir" "-m" "1610612736" "--user" "0:0" "--network" "none" "ghcr.io/rust-lang/crates-build-env/linux@sha256:2788e3201cd34a07e3172128adcd8b3090168a8e3bcc40d7c032b9dda1df7d1c" "/opt/rustwide/cargo-home/bin/cargo" "+1.75.0" "doc" "--frozen" "--no-deps" "--document-private-items" "--message-format=json", kill_on_drop: false }`
[INFO] [stdout] 89c32cf6b3cd70b67561be574ddc5a0e2feb7f4c622261909a0603e48081a10c
[INFO] running `Command { std: "docker" "start" "-a" "89c32cf6b3cd70b67561be574ddc5a0e2feb7f4c622261909a0603e48081a10c", kill_on_drop: false }`
[INFO] [stderr]    Compiling proc-macro2 v1.0.29
[INFO] [stderr]    Compiling syn v1.0.75
[INFO] [stderr]    Compiling autocfg v1.0.1
[INFO] [stderr]    Compiling libc v0.2.101
[INFO] [stderr]    Compiling memchr v2.4.1
[INFO] [stderr]    Compiling log v0.4.14
[INFO] [stderr]    Compiling serde_derive v1.0.130
[INFO] [stderr]    Compiling serde v1.0.130
[INFO] [stderr]    Compiling ryu v1.0.5
[INFO] [stderr]    Compiling crc32fast v1.2.1
[INFO] [stderr]    Compiling cc v1.0.70
[INFO] [stderr]    Compiling typenum v1.14.0
[INFO] [stderr]    Compiling futures-core v0.3.17
[INFO] [stderr]    Compiling generic-array v0.14.4
[INFO] [stderr]    Compiling cfg-if v1.0.0
[INFO] [stderr]     Checking once_cell v1.8.0
[INFO] [stderr]    Compiling proc-macro-nested v0.1.7
[INFO] [stderr]    Compiling futures-task v0.3.17
[INFO] [stderr]    Compiling futures-channel v0.3.17
[INFO] [stderr]     Checking futures-sink v0.3.17
[INFO] [stderr]    Compiling regex-syntax v0.6.25
[INFO] [stderr]    Compiling num-traits v0.2.14
[INFO] [stderr]    Compiling indexmap v1.7.0
[INFO] [stderr]    Compiling num-integer v0.1.44
[INFO] [stderr]    Compiling tokio v1.11.0
[INFO] [stderr]    Compiling futures-macro v0.3.17
[INFO] [stderr]    Compiling futures-util v0.3.17
[INFO] [stderr]     Checking futures-io v0.3.17
[INFO] [stderr]     Checking slab v0.4.4
[INFO] [stderr]     Checking tracing-core v0.1.19
[INFO] [stderr]    Compiling either v1.6.1
[INFO] [stderr]     Checking http v0.2.4
[INFO] [stderr]     Checking spin v0.5.2
[INFO] [stderr]     Checking untrusted v0.7.1
[INFO] [stderr]     Checking aho-corasick v0.7.18
[INFO] [stderr]    Compiling lazy_static v1.4.0
[INFO] [stderr]    Compiling crunchy v0.2.2
[INFO] [stderr]    Compiling quote v1.0.9
[INFO] [stderr]    Compiling siphasher v0.3.7
[INFO] [stderr]    Compiling httparse v1.5.1
[INFO] [stderr]    Compiling hashbrown v0.11.2
[INFO] [stderr]    Compiling tiny-keccak v2.0.2
[INFO] [stderr]     Checking mio v0.7.13
[INFO] [stderr]     Checking num_cpus v1.13.0
[INFO] [stderr]    Compiling phf_shared v0.8.0
[INFO] [stderr]    Compiling num-bigint v0.4.1
[INFO] [stderr]    Compiling fixedbitset v0.2.0
[INFO] [stderr]    Compiling rustversion v1.0.5
[INFO] [stderr]    Compiling dirs-sys-next v0.1.2
[INFO] [stderr]    Compiling bit-vec v0.6.3
[INFO] [stderr]    Compiling ring v0.16.20
[INFO] [stderr]    Compiling dirs-next v2.0.0
[INFO] [stderr]     Checking hex v0.4.3
[INFO] [stderr]     Checking regex v1.5.4
[INFO] [stderr]    Compiling term v0.7.0
[INFO] [stderr]     Checking try-lock v0.2.3
[INFO] [stderr]     Checking tower-service v0.3.1
[INFO] [stderr]    Compiling new_debug_unreachable v1.0.4
[INFO] [stderr]    Compiling precomputed-hash v0.1.1
[INFO] [stderr]     Checking want v0.3.0
[INFO] [stderr]    Compiling bit-set v0.5.2
[INFO] [stderr]    Compiling string_cache v0.8.1
[INFO] [stderr]    Compiling ena v0.14.0
[INFO] [stderr]    Compiling atty v0.2.14
[INFO] [stderr]     Checking socket2 v0.4.1
[INFO] [stderr]    Compiling itertools v0.10.1
[INFO] [stderr]    Compiling ascii-canvas v3.0.0
[INFO] [stderr]    Compiling anyhow v1.0.43
[INFO] [stderr]    Compiling pico-args v0.4.2
[INFO] [stderr]     Checking chrono v0.4.19
[INFO] [stderr]    Compiling petgraph v0.5.1
[INFO] [stderr]     Checking httpdate v1.0.1
[INFO] [stderr]    Compiling utf8-ranges v1.0.4
[INFO] [stderr]    Compiling diff v0.1.12
[INFO] [stderr]    Compiling beef v0.5.1
[INFO] [stderr]    Compiling fnv v1.0.7
[INFO] [stderr]     Checking arrayvec v0.5.2
[INFO] [stderr]    Compiling paste v1.0.5
[INFO] [stderr]     Checking cpufeatures v0.2.1
[INFO] [stderr]     Checking openssl-probe v0.1.4
[INFO] [stderr]    Compiling openssl-src v111.25.0+1.1.1t
[INFO] [stderr]    Compiling semver v1.0.4
[INFO] [stderr]    Compiling pkg-config v0.3.19
[INFO] [stderr]     Checking typed-arena v2.0.1
[INFO] [stderr]     Checking base32 v0.4.0
[INFO] [stderr]     Checking unicode-width v0.1.8
[INFO] [stderr]     Checking http-body v0.4.3
[INFO] [stderr]    Compiling lexical-core v0.7.6
[INFO] [stderr]     Checking codespan-reporting v0.11.1
[INFO] [stderr]     Checking pretty v0.10.0
[INFO] [stderr]     Checking lalrpop-util v0.19.6
[INFO] [stderr]     Checking smithy-types v0.0.1 (https://github.com/awslabs/aws-sdk-rust?tag=v0.0.16-alpha#dab3b0a9)
[INFO] [stderr]    Compiling openssl-sys v0.9.66
[INFO] [stderr]    Compiling quick-xml v0.18.1
[INFO] [stderr]    Compiling nom v5.1.2
[INFO] [stderr]     Checking static_assertions v1.1.0
[INFO] [stderr]     Checking leb128 v0.2.4
[INFO] [stdout] error[E0308]: mismatched types
[INFO] [stdout]   --> /opt/rustwide/cargo-home/registry/src/index.crates.io-6f17d22bba15001f/num-bigint-0.4.1/src/biguint/convert.rs:70:19
[INFO] [stdout]    |
[INFO] [stdout] 70 |         .div_ceil(&big_digit::BITS.into())
[INFO] [stdout]    |          -------- ^^^^^^^^^^^^^^^^^^^^^^^ expected `u64`, found `&_`
[INFO] [stdout]    |          |
[INFO] [stdout]    |          arguments to this method are incorrect
[INFO] [stdout]    |
[INFO] [stdout]    = note:   expected type `u64`
[INFO] [stdout]            found reference `&_`
[INFO] [stdout] note: method defined here
[INFO] [stdout]   --> /rustc/82e1608dfa6e0b5569232559e3d385fea5a93112/library/core/src/num/mod.rs:1169:5
[INFO] [stdout]    = note: this error originates in the macro `uint_impl` (in Nightly builds, run with -Z macro-backtrace for more info)
[INFO] [stdout] help: consider removing the borrow
[INFO] [stdout]    |
[INFO] [stdout] 70 -         .div_ceil(&big_digit::BITS.into())
[INFO] [stdout] 70 +         .div_ceil(big_digit::BITS.into())
[INFO] [stdout]    |
[INFO] [stdout] 
[INFO] [stdout] 
[INFO] [stderr]     Checking oncemutex v0.1.1
[INFO] [stdout] error[E0308]: mismatched types
[INFO] [stdout]    --> /opt/rustwide/cargo-home/registry/src/index.crates.io-6f17d22bba15001f/num-bigint-0.4.1/src/biguint/convert.rs:585:19
[INFO] [stdout]     |
[INFO] [stdout] 585 |         .div_ceil(&u64::from(bits))
[INFO] [stdout]     |          -------- ^^^^^^^^^^^^^^^^ expected `u64`, found `&u64`
[INFO] [stdout]     |          |
[INFO] [stdout]     |          arguments to this method are incorrect
[INFO] [stdout]     |
[INFO] [stdout] note: method defined here
[INFO] [stdout]    --> /rustc/82e1608dfa6e0b5569232559e3d385fea5a93112/library/core/src/num/mod.rs:1169:5
[INFO] [stdout]     = note: this error originates in the macro `uint_impl` (in Nightly builds, run with -Z macro-backtrace for more info)
[INFO] [stdout] help: consider removing the borrow
[INFO] [stdout]     |
[INFO] [stdout] 585 -         .div_ceil(&u64::from(bits))
[INFO] [stdout] 585 +         .div_ceil(u64::from(bits))
[INFO] [stdout]     |
[INFO] [stdout] 
[INFO] [stdout] 
[INFO] [stdout] error[E0308]: mismatched types
[INFO] [stdout]    --> /opt/rustwide/cargo-home/registry/src/index.crates.io-6f17d22bba15001f/num-bigint-0.4.1/src/biguint/convert.rs:613:19
[INFO] [stdout]     |
[INFO] [stdout] 613 |         .div_ceil(&u64::from(bits))
[INFO] [stdout]     |          -------- ^^^^^^^^^^^^^^^^ expected `u64`, found `&u64`
[INFO] [stdout]     |          |
[INFO] [stdout]     |          arguments to this method are incorrect
[INFO] [stdout]     |
[INFO] [stdout] note: method defined here
[INFO] [stdout]    --> /rustc/82e1608dfa6e0b5569232559e3d385fea5a93112/library/core/src/num/mod.rs:1169:5
[INFO] [stdout]     = note: this error originates in the macro `uint_impl` (in Nightly builds, run with -Z macro-backtrace for more info)
[INFO] [stdout] help: consider removing the borrow
[INFO] [stdout]     |
[INFO] [stdout] 613 -         .div_ceil(&u64::from(bits))
[INFO] [stdout] 613 +         .div_ceil(u64::from(bits))
[INFO] [stdout]     |
[INFO] [stdout] 
[INFO] [stdout] 
[INFO] [stderr]     Checking regex-cache v0.2.1
[INFO] [stderr]     Checking bytes-utils v0.1.1
[INFO] [stdout] error[E0308]: mismatched types
[INFO] [stdout]    --> /opt/rustwide/cargo-home/registry/src/index.crates.io-6f17d22bba15001f/num-bigint-0.4.1/src/biguint.rs:398:54
[INFO] [stdout]     |
[INFO] [stdout] 398 |                 let root_scale = extra_bits.div_ceil(&n64);
[INFO] [stdout]     |                                             -------- ^^^^ expected `u64`, found `&u64`
[INFO] [stdout]     |                                             |
[INFO] [stdout]     |                                             arguments to this method are incorrect
[INFO] [stdout]     |
[INFO] [stdout] note: method defined here
[INFO] [stdout]    --> /rustc/82e1608dfa6e0b5569232559e3d385fea5a93112/library/core/src/num/mod.rs:1169:5
[INFO] [stdout]     = note: this error originates in the macro `uint_impl` (in Nightly builds, run with -Z macro-backtrace for more info)
[INFO] [stdout] help: consider removing the borrow
[INFO] [stdout]     |
[INFO] [stdout] 398 -                 let root_scale = extra_bits.div_ceil(&n64);
[INFO] [stdout] 398 +                 let root_scale = extra_bits.div_ceil(n64);
[INFO] [stdout]     |
[INFO] [stdout] 
[INFO] [stdout] 
[INFO] [stdout] error: aborting due to 4 previous errors
[INFO] [stdout] 
[INFO] [stdout] 
[INFO] [stdout] For more information about this error, try `rustc --explain E0308`.
[INFO] [stdout] 
[INFO] [stderr] error: could not compile `num-bigint` (lib) due to 5 previous errors
[INFO] [stderr] warning: build failed, waiting for other jobs to finish...
[INFO] running `Command { std: "docker" "inspect" "89c32cf6b3cd70b67561be574ddc5a0e2feb7f4c622261909a0603e48081a10c", kill_on_drop: false }`
[INFO] running `Command { std: "docker" "rm" "-f" "89c32cf6b3cd70b67561be574ddc5a0e2feb7f4c622261909a0603e48081a10c", kill_on_drop: false }`
[INFO] [stdout] 89c32cf6b3cd70b67561be574ddc5a0e2feb7f4c622261909a0603e48081a10c
