[INFO] cloning repository https://github.com/UsedToBe97/snark-verifier
[INFO] running `Command { std: "git" "-c" "credential.helper=" "-c" "credential.helper=/workspace/cargo-home/bin/git-credential-null" "clone" "--bare" "https://github.com/UsedToBe97/snark-verifier" "/workspace/cache/git-repos/https%3A%2F%2Fgithub.com%2FUsedToBe97%2Fsnark-verifier", kill_on_drop: false }`
[INFO] [stderr] Cloning into bare repository '/workspace/cache/git-repos/https%3A%2F%2Fgithub.com%2FUsedToBe97%2Fsnark-verifier'...
[INFO] running `Command { std: "git" "rev-parse" "HEAD", kill_on_drop: false }`
[INFO] [stdout] 385a95fc6904a11311d75d7f57d8b2ba8aaa3d47
[INFO] documenting UsedToBe97/snark-verifier against 1.75.0 for beta-1.76-rustdoc-1
[INFO] running `Command { std: "git" "clone" "/workspace/cache/git-repos/https%3A%2F%2Fgithub.com%2FUsedToBe97%2Fsnark-verifier" "/workspace/builds/worker-3-tc1/source", kill_on_drop: false }`
[INFO] [stderr] Cloning into '/workspace/builds/worker-3-tc1/source'...
[INFO] [stderr] done.
[INFO] validating manifest of git repo https://github.com/UsedToBe97/snark-verifier on toolchain 1.75.0
[INFO] running `Command { std: CARGO_HOME="/workspace/cargo-home" RUSTUP_HOME="/workspace/rustup-home" "/workspace/cargo-home/bin/cargo" "+1.75.0" "metadata" "--manifest-path" "Cargo.toml" "--no-deps", kill_on_drop: false }`
[INFO] removed /workspace/builds/worker-3-tc1/source/rust-toolchain
[INFO] started tweaking git repo https://github.com/UsedToBe97/snark-verifier
[INFO] finished tweaking git repo https://github.com/UsedToBe97/snark-verifier
[INFO] tweaked toml for git repo https://github.com/UsedToBe97/snark-verifier written to /workspace/builds/worker-3-tc1/source/Cargo.toml
[INFO] crate git repo https://github.com/UsedToBe97/snark-verifier already has a lockfile, it will not be regenerated
[INFO] running `Command { std: CARGO_HOME="/workspace/cargo-home" RUSTUP_HOME="/workspace/rustup-home" "/workspace/cargo-home/bin/cargo" "+1.75.0" "fetch" "--manifest-path" "Cargo.toml", kill_on_drop: false }`
[INFO] [stderr] warning: virtual workspace defaulting to `resolver = "1"` despite one or more workspace members being on edition 2021 which implies `resolver = "2"`
[INFO] [stderr] note: to keep the current resolver, specify `workspace.resolver = "1"` in the workspace root's manifest
[INFO] [stderr] note: to use the edition 2021 resolver, specify `workspace.resolver = "2"` in the workspace root's manifest
[INFO] [stderr] note: for more details see https://doc.rust-lang.org/cargo/reference/resolver.html#resolver-versions
[INFO] [stderr]     Updating git repository `https://github.com/usedtobe97/halo2curves`
[INFO] [stderr]     Updating git repository `https://github.com/usedtobe97/halo2-lib.git`
[INFO] [stderr]     Updating git repository `https://github.com/scroll-tech/poseidon-circuit.git`
[INFO] [stderr]     Updating crates.io index
[INFO] [stderr]     Updating git repository `https://github.com/privacy-scaling-explorations/zkevm-circuits.git`
[INFO] [stderr]     Skipping git submodule `https://github.com/ethereum/tests` due to update strategy in .gitmodules
[INFO] [stderr]     Skipping git submodule `https://github.com/OpenZeppelin/openzeppelin-contracts` due to update strategy in .gitmodules
[INFO] [stderr]     Updating git repository `https://github.com/privacy-scaling-explorations/halo2.git`
[INFO] [stderr]     Updating git repository `https://github.com/privacy-scaling-explorations/halo2wrong`
[INFO] [stderr]     Updating git repository `https://github.com/privacy-scaling-explorations/snark-verifier`
[INFO] [stderr]     Updating git repository `https://github.com/privacy-scaling-explorations/poseidon.git`
[INFO] [stderr]  Downloading crates ...
[INFO] [stderr]   Downloaded pasta_curves v0.4.1
[INFO] [stderr]   Downloaded jemallocator v0.5.4
[INFO] [stderr]   Downloaded test-case-macros v3.2.1
[INFO] [stderr]   Downloaded coins-core v0.7.0
[INFO] [stderr]   Downloaded fastrlp-derive v0.1.5
[INFO] [stderr]   Downloaded gobuild v0.1.0-alpha.2
[INFO] [stderr]   Downloaded eth-keystore v0.4.2
[INFO] [stderr]   Downloaded coins-bip32 v0.7.0
[INFO] [stderr]   Downloaded test-case-core v3.2.1
[INFO] [stderr]   Downloaded fastrlp v0.1.3
[INFO] [stderr]   Downloaded pprof v0.11.1
[INFO] [stderr]   Downloaded rust_decimal v1.31.0
[INFO] [stderr]   Downloaded symbolic-demangle v10.2.1
[INFO] [stderr]   Downloaded jemalloc-sys v0.5.4+5.3.0-patched
[INFO] [stderr]   Downloaded inferno v0.11.15
[INFO] [stderr]   Downloaded ethers-core v0.17.0
[INFO] [stderr]   Downloaded rustls-webpki v0.101.3
[INFO] [stderr]   Downloaded cpp_demangle v0.4.2
[INFO] [stderr]   Downloaded revm_precompiles v1.1.2
[INFO] [stderr]   Downloaded revm v2.3.1
[INFO] [stderr]   Downloaded halo2_proofs v0.1.0
[INFO] [stderr]   Downloaded coins-bip39 v0.7.0
[INFO] [stderr]   Downloaded scrypt v0.8.1
[INFO] [stderr]   Downloaded ethers-signers v0.17.0
[INFO] [stderr]   Downloaded symbolic-common v10.2.1
[INFO] [stderr]   Downloaded ethers-providers v0.17.0
[INFO] running `Command { std: "docker" "create" "-v" "/var/lib/crater-agent-workspace/builds/worker-3-tc1/target:/opt/rustwide/target:rw,Z" "-v" "/var/lib/crater-agent-workspace/builds/worker-3-tc1/source:/opt/rustwide/workdir:ro,Z" "-v" "/var/lib/crater-agent-workspace/cargo-home:/opt/rustwide/cargo-home:ro,Z" "-v" "/var/lib/crater-agent-workspace/rustup-home:/opt/rustwide/rustup-home:ro,Z" "-e" "SOURCE_DIR=/opt/rustwide/workdir" "-e" "CARGO_TARGET_DIR=/opt/rustwide/target" "-e" "CARGO_HOME=/opt/rustwide/cargo-home" "-e" "RUSTUP_HOME=/opt/rustwide/rustup-home" "-w" "/opt/rustwide/workdir" "-m" "1610612736" "--user" "0:0" "--network" "none" "ghcr.io/rust-lang/crates-build-env/linux@sha256:2788e3201cd34a07e3172128adcd8b3090168a8e3bcc40d7c032b9dda1df7d1c" "/opt/rustwide/cargo-home/bin/cargo" "+1.75.0" "metadata" "--no-deps" "--format-version=1", kill_on_drop: false }`
[INFO] [stdout] 1df88506e7bf6f92d2e7f89d69b7594d56856fa29437113df7663d114d9b8e7d
[INFO] running `Command { std: "docker" "start" "-a" "1df88506e7bf6f92d2e7f89d69b7594d56856fa29437113df7663d114d9b8e7d", kill_on_drop: false }`
[INFO] running `Command { std: "docker" "inspect" "1df88506e7bf6f92d2e7f89d69b7594d56856fa29437113df7663d114d9b8e7d", kill_on_drop: false }`
[INFO] running `Command { std: "docker" "rm" "-f" "1df88506e7bf6f92d2e7f89d69b7594d56856fa29437113df7663d114d9b8e7d", kill_on_drop: false }`
[INFO] [stdout] 1df88506e7bf6f92d2e7f89d69b7594d56856fa29437113df7663d114d9b8e7d
[INFO] running `Command { std: "docker" "create" "-v" "/var/lib/crater-agent-workspace/builds/worker-3-tc1/target:/opt/rustwide/target:rw,Z" "-v" "/var/lib/crater-agent-workspace/builds/worker-3-tc1/source:/opt/rustwide/workdir:ro,Z" "-v" "/var/lib/crater-agent-workspace/cargo-home:/opt/rustwide/cargo-home:ro,Z" "-v" "/var/lib/crater-agent-workspace/rustup-home:/opt/rustwide/rustup-home:ro,Z" "-e" "SOURCE_DIR=/opt/rustwide/workdir" "-e" "CARGO_TARGET_DIR=/opt/rustwide/target" "-e" "CARGO_INCREMENTAL=0" "-e" "RUST_BACKTRACE=full" "-e" "RUSTFLAGS=--cap-lints=warn" "-e" "RUSTDOCFLAGS=--cap-lints=warn" "-e" "CARGO_HOME=/opt/rustwide/cargo-home" "-e" "RUSTUP_HOME=/opt/rustwide/rustup-home" "-w" "/opt/rustwide/workdir" "-m" "1610612736" "--user" "0:0" "--network" "none" "ghcr.io/rust-lang/crates-build-env/linux@sha256:2788e3201cd34a07e3172128adcd8b3090168a8e3bcc40d7c032b9dda1df7d1c" "/opt/rustwide/cargo-home/bin/cargo" "+1.75.0" "doc" "--frozen" "--no-deps" "--document-private-items" "--message-format=json", kill_on_drop: false }`
[INFO] [stdout] ef31e4cc513b62b590f64f5ee0d78adccf28f50163a57db40a189d60b54f0d21
[INFO] running `Command { std: "docker" "start" "-a" "ef31e4cc513b62b590f64f5ee0d78adccf28f50163a57db40a189d60b54f0d21", kill_on_drop: false }`
[INFO] [stderr] warning: virtual workspace defaulting to `resolver = "1"` despite one or more workspace members being on edition 2021 which implies `resolver = "2"`
[INFO] [stderr] note: to keep the current resolver, specify `workspace.resolver = "1"` in the workspace root's manifest
[INFO] [stderr] note: to use the edition 2021 resolver, specify `workspace.resolver = "2"` in the workspace root's manifest
[INFO] [stderr] note: for more details see https://doc.rust-lang.org/cargo/reference/resolver.html#resolver-versions
[INFO] [stderr]     Skipping git submodule `https://github.com/ethereum/tests` due to update strategy in .gitmodules
[INFO] [stderr]     Skipping git submodule `https://github.com/OpenZeppelin/openzeppelin-contracts` due to update strategy in .gitmodules
[INFO] [stderr]    Compiling libc v0.2.147
[INFO] [stderr]     Checking cfg-if v1.0.0
[INFO] [stderr]    Compiling version_check v0.9.4
[INFO] [stderr]    Compiling proc-macro2 v1.0.66
[INFO] [stderr]    Compiling unicode-ident v1.0.11
[INFO] [stderr]     Checking ppv-lite86 v0.2.17
[INFO] [stderr]    Compiling typenum v1.16.0
[INFO] [stderr]    Compiling num-traits v0.2.16
[INFO] [stderr]    Compiling num-integer v0.1.45
[INFO] [stderr]     Checking spin v0.5.2
[INFO] [stderr]     Checking static_assertions v1.1.0
[INFO] [stderr]     Checking lazy_static v1.4.0
[INFO] [stderr]    Compiling generic-array v0.14.7
[INFO] [stderr]    Compiling num-bigint v0.4.3
[INFO] [stderr]    Compiling radium v0.7.0
[INFO] [stderr]    Compiling crossbeam-utils v0.8.16
[INFO] [stderr]     Checking tap v1.0.1
[INFO] [stderr]     Checking wyz v0.5.1
[INFO] [stderr]    Compiling memoffset v0.9.0
[INFO] [stderr]    Compiling quote v1.0.32
[INFO] [stderr]     Checking once_cell v1.18.0
[INFO] [stderr]     Checking funty v2.0.0
[INFO] [stderr]    Compiling syn v1.0.109
[INFO] [stderr]    Compiling syn v2.0.28
[INFO] [stderr]    Compiling crossbeam-epoch v0.9.15
[INFO] [stderr]     Checking arrayref v0.3.7
[INFO] [stderr]     Checking subtle v2.4.1
[INFO] [stderr]     Checking getrandom v0.2.10
[INFO] [stderr]     Checking bitvec v1.0.1
[INFO] [stderr]    Compiling proc-macro-error-attr v1.0.4
[INFO] [stderr]     Checking constant_time_eq v0.2.6
[INFO] [stderr]     Checking rand_core v0.6.4
[INFO] [stderr]     Checking scopeguard v1.2.0
[INFO] [stderr]    Compiling serde v1.0.183
[INFO] [stderr]     Checking rand_chacha v0.3.1
[INFO] [stderr]    Compiling cc v1.0.82
[INFO] [stderr]     Checking arrayvec v0.7.4
[INFO] [stderr]    Compiling proc-macro-error v1.0.4
[INFO] [stderr]     Checking rand v0.8.5
[INFO] [stderr]     Checking blake2b_simd v1.0.1
[INFO] [stderr]    Compiling rayon-core v1.11.0
[INFO] [stderr]    Compiling crunchy v0.2.2
[INFO] [stderr]    Compiling serde_derive v1.0.183
[INFO] [stderr]     Checking rustc-hex v2.1.0
[INFO] [stderr]     Checking crossbeam-deque v0.8.3
[INFO] [stderr]     Checking num_cpus v1.16.0
[INFO] [stderr]     Checking crossbeam-channel v0.5.8
[INFO] [stderr]     Checking keccak v0.1.4
[INFO] [stderr]     Checking either v1.9.0
[INFO] [stderr]     Checking byteorder v1.4.3
[INFO] [stderr]     Checking block-buffer v0.10.4
[INFO] [stderr]     Checking crypto-common v0.1.6
[INFO] [stderr]     Checking tracing-core v0.1.31
[INFO] [stderr]     Checking bytes v1.4.0
[INFO] [stderr]    Compiling serde_json v1.0.104
[INFO] [stderr]     Checking ff v0.12.1
[INFO] [stderr]    Compiling hashbrown v0.14.0
[INFO] [stderr]    Compiling equivalent v1.0.1
[INFO] [stderr]     Checking pin-project-lite v0.2.12
[INFO] [stderr]     Checking rlp v0.5.2
[INFO] [stderr]     Checking group v0.12.1
[INFO] [stderr]     Checking digest v0.10.7
[INFO] [stderr]     Checking rayon v1.7.0
[INFO] [stderr]     Checking pasta_curves v0.4.1
[INFO] [stderr]    Compiling jemalloc-sys v0.5.4+5.3.0-patched
[INFO] [stderr]    Compiling secp256k1-sys v0.6.1
[INFO] [stderr]    Compiling ahash v0.8.3
[INFO] [stderr]    Compiling indexmap v2.0.0
[INFO] [stderr]    Compiling num-iter v0.1.43
[INFO] [stderr]    Compiling num-rational v0.4.1
[INFO] [stderr]     Checking hex v0.4.3
[INFO] [stderr]     Checking itoa v1.0.9
[INFO] [stderr]     Checking block-padding v0.2.1
[INFO] [stderr]    Compiling toml_datetime v0.6.3
[INFO] [stderr]    Compiling winnow v0.5.10
[INFO] [stderr]     Checking ryu v1.0.15
[INFO] [stderr]    Compiling halo2curves v0.3.1 (https://github.com/usedtobe97/halo2curves?branch=tz#d98a7354)
[INFO] [stderr]     Checking block-buffer v0.9.0
[INFO] [stderr]     Checking uint v0.9.5
[INFO] [stderr]     Checking impl-rlp v0.3.0
[INFO] [stderr]     Checking fixed-hash v0.8.0
[INFO] [stderr]     Checking digest v0.9.0
[INFO] [stderr]     Checking opaque-debug v0.3.0
[INFO] [stderr]     Checking sha3 v0.9.1
[INFO] [stderr]    Compiling test-case-core v3.2.1
[INFO] [stderr]     Checking primitive-types v0.12.1
[INFO] [stderr]    Compiling toml_edit v0.19.14
[INFO] [stderr]    Compiling tracing-attributes v0.1.26
[INFO] [stderr]     Checking num-complex v0.4.4
[INFO] [stderr]    Compiling fnv v1.0.7
[INFO] [stderr]     Checking cpufeatures v0.2.9
[INFO] [stderr]    Compiling rustix v0.38.8
[INFO] [stderr]    Compiling ident_case v1.0.1
[INFO] [stderr]    Compiling strsim v0.10.0
[INFO] [stderr]    Compiling thiserror v1.0.44
[INFO] [stderr]    Compiling darling_core v0.20.3
[INFO] [stderr]     Checking num v0.4.1
[INFO] [stderr]    Compiling test-case-macros v3.2.1
[INFO] [stderr]     Checking sha2 v0.10.7
[INFO] [stderr]     Checking hashbrown v0.13.2
[INFO] [stderr]    Compiling thiserror-impl v1.0.44
[INFO] [stderr]     Checking halo2curves v0.2.1 (https://github.com/privacy-scaling-explorations/halo2curves?tag=0.2.1#f75ed26c)
[INFO] [stdout] error[E0554]: `#![feature]` may not be used on the stable release channel
[INFO] [stdout]  --> /opt/rustwide/cargo-home/git/checkouts/halo2curves-8faaa2253bde9eba/f75ed26/src/lib.rs:1:1
[INFO] [stdout]   |
[INFO] [stdout] 1 | #![feature(asm)]
[INFO] [stdout]   | ^^^^^^^^^^^^^^^^
[INFO] [stdout] 
[INFO] [stdout] 
[INFO] [stdout] error[E0554]: `#![feature]` may not be used on the stable release channel
[INFO] [stdout]  --> /opt/rustwide/cargo-home/git/checkouts/halo2curves-8faaa2253bde9eba/f75ed26/src/lib.rs:2:1
[INFO] [stdout]   |
[INFO] [stdout] 2 | #![feature(asm_const)]
[INFO] [stdout]   | ^^^^^^^^^^^^^^^^^^^^^^
[INFO] [stdout] 
[INFO] [stdout] 
[INFO] [stdout] error[E0554]: `#![feature]` may not be used on the stable release channel
[INFO] [stdout]  --> /opt/rustwide/cargo-home/git/checkouts/halo2curves-8faaa2253bde9eba/f75ed26/src/lib.rs:1:12
[INFO] [stdout]   |
[INFO] [stdout] 1 | #![feature(asm)]
[INFO] [stdout]   |            ^^^
[INFO] [stdout] 
[INFO] [stdout] 
[INFO] [stderr]    Compiling proc-macro-crate v1.3.1
[INFO] [stdout] error: aborting due to 3 previous errors
[INFO] [stdout] 
[INFO] [stdout] 
[INFO] [stdout] For more information about this error, try `rustc --explain E0554`.
[INFO] [stdout] 
[INFO] [stderr] error: could not compile `halo2curves` (lib) due to 4 previous errors
[INFO] [stderr] warning: build failed, waiting for other jobs to finish...
[INFO] running `Command { std: "docker" "inspect" "ef31e4cc513b62b590f64f5ee0d78adccf28f50163a57db40a189d60b54f0d21", kill_on_drop: false }`
[INFO] running `Command { std: "docker" "rm" "-f" "ef31e4cc513b62b590f64f5ee0d78adccf28f50163a57db40a189d60b54f0d21", kill_on_drop: false }`
[INFO] [stdout] ef31e4cc513b62b590f64f5ee0d78adccf28f50163a57db40a189d60b54f0d21
